{"id":9915,"date":"2023-12-19T21:05:26","date_gmt":"2023-12-19T21:05:26","guid":{"rendered":"https:\/\/abaa.mx\/tienda\/?post_type=product&#038;p=9915"},"modified":"2023-12-19T21:05:50","modified_gmt":"2023-12-19T21:05:50","slug":"rc200-multimetro-con-pinzas-para-componentes-smd","status":"publish","type":"product","link":"https:\/\/abaa.mx\/tienda\/rc200-multimetro-con-pinzas-para-componentes-smd\/","title":{"rendered":"Rc200 \u2014 multimetro con pinzas para componentes smd"},"content":{"rendered":"<p>Rc200 \u2014 multimetro con pinzas para componentes smd.<\/p>\n","protected":false},"excerpt":{"rendered":"<h3>Caracter\u00edsticas:<\/h3>\n<p>Cables de prueba intercambiables para tensi\u00f3n y pinzas SMD para una identificaci\u00f3n y medici\u00f3n r\u00e1pidas y precisas de componentes de montaje en superficie.<\/p>\n<ul>\n<li>6000 cuentas LCD.<\/li>\n<li>Mediciones CA\/CD Voltaje, Resistencia, Capacitancia, Continuidad y prueba de Diodo.<\/li>\n<li>Rango Automatico\/manual.<\/li>\n<li>Indicadores de bater\u00eda baja y sobre rango.<\/li>\n<li>Apagado autom\u00e1tico.<\/li>\n<\/ul>\n<h4><strong>Aplicaciones:<\/strong><\/h4>\n<p>Industrial, Reparaci\u00f3n y Mantenimiento, Medici\u00f3n y Prueba.<\/p>\n<h4><strong>Contenido:<\/strong><\/h4>\n<p>Dos bater\u00edas AG13\/LR44, cables de prueba, SMD punta de pinza, y carcasa de transporte.<\/p>\n<p>&nbsp;<\/p>\n","protected":false},"featured_media":9916,"comment_status":"open","ping_status":"closed","template":"","meta":{"_joinchat":[]},"product_brand":[],"product_cat":[15],"product_tag":[],"class_list":{"0":"post-9915","1":"product","2":"type-product","3":"status-publish","4":"has-post-thumbnail","6":"product_cat-sin-categorizar","8":"first","9":"instock","10":"shipping-taxable","11":"product-type-simple"},"yoast_head":"<!-- This site is optimized with the Yoast SEO plugin v26.4 - https:\/\/yoast.com\/wordpress\/plugins\/seo\/ -->\n<title>Rc200 \u2014 multimetro con pinzas para componentes smd - Abaa tienda online<\/title>\n<meta name=\"robots\" content=\"index, follow, max-snippet:-1, max-image-preview:large, max-video-preview:-1\" \/>\n<link rel=\"canonical\" href=\"https:\/\/abaa.mx\/tienda\/rc200-multimetro-con-pinzas-para-componentes-smd\/\" \/>\n<meta property=\"og:locale\" content=\"es_MX\" \/>\n<meta property=\"og:type\" content=\"article\" \/>\n<meta property=\"og:title\" content=\"Rc200 \u2014 multimetro con pinzas para componentes smd - Abaa tienda online\" \/>\n<meta property=\"og:description\" content=\"Caracter\u00edsticas: Cables de prueba intercambiables para tensi\u00f3n y pinzas SMD para una identificaci\u00f3n y medici\u00f3n r\u00e1pidas y precisas de componentes de montaje en superficie.   6000 cuentas LCD.  Mediciones CA\/CD Voltaje, Resistencia, Capacitancia, Continuidad y prueba de Diodo.  Rango Automatico\/manual.  Indicadores de bater\u00eda baja y sobre rango.  Apagado autom\u00e1tico.  Aplicaciones: Industrial, Reparaci\u00f3n y Mantenimiento, Medici\u00f3n y Prueba. Contenido: Dos bater\u00edas AG13\/LR44, cables de prueba, SMD punta de pinza, y carcasa de transporte.  &nbsp;\" \/>\n<meta property=\"og:url\" content=\"https:\/\/abaa.mx\/tienda\/rc200-multimetro-con-pinzas-para-componentes-smd\/\" \/>\n<meta property=\"og:site_name\" content=\"Abaa tienda online\" \/>\n<meta property=\"article:modified_time\" content=\"2023-12-19T21:05:50+00:00\" \/>\n<meta property=\"og:image\" content=\"https:\/\/abaa.mx\/tienda\/wp-content\/uploads\/2023\/12\/EXTECH-DM220.jpg\" \/>\n\t<meta property=\"og:image:width\" content=\"345\" \/>\n\t<meta property=\"og:image:height\" content=\"456\" \/>\n\t<meta property=\"og:image:type\" content=\"image\/jpeg\" \/>\n<meta name=\"twitter:card\" content=\"summary_large_image\" \/>\n<meta name=\"twitter:label1\" content=\"Tiempo de lectura\" \/>\n\t<meta name=\"twitter:data1\" content=\"1 minuto\" \/>\n<script type=\"application\/ld+json\" class=\"yoast-schema-graph\">{\"@context\":\"https:\/\/schema.org\",\"@graph\":[{\"@type\":\"WebPage\",\"@id\":\"https:\/\/abaa.mx\/tienda\/rc200-multimetro-con-pinzas-para-componentes-smd\/\",\"url\":\"https:\/\/abaa.mx\/tienda\/rc200-multimetro-con-pinzas-para-componentes-smd\/\",\"name\":\"Rc200 \u2014 multimetro con pinzas para componentes smd - Abaa tienda online\",\"isPartOf\":{\"@id\":\"https:\/\/abaa.mx\/tienda\/#website\"},\"primaryImageOfPage\":{\"@id\":\"https:\/\/abaa.mx\/tienda\/rc200-multimetro-con-pinzas-para-componentes-smd\/#primaryimage\"},\"image\":{\"@id\":\"https:\/\/abaa.mx\/tienda\/rc200-multimetro-con-pinzas-para-componentes-smd\/#primaryimage\"},\"thumbnailUrl\":\"https:\/\/abaa.mx\/tienda\/wp-content\/uploads\/2023\/12\/EXTECH-DM220.jpg\",\"datePublished\":\"2023-12-19T21:05:26+00:00\",\"dateModified\":\"2023-12-19T21:05:50+00:00\",\"breadcrumb\":{\"@id\":\"https:\/\/abaa.mx\/tienda\/rc200-multimetro-con-pinzas-para-componentes-smd\/#breadcrumb\"},\"inLanguage\":\"es\",\"potentialAction\":[{\"@type\":\"ReadAction\",\"target\":[\"https:\/\/abaa.mx\/tienda\/rc200-multimetro-con-pinzas-para-componentes-smd\/\"]}]},{\"@type\":\"ImageObject\",\"inLanguage\":\"es\",\"@id\":\"https:\/\/abaa.mx\/tienda\/rc200-multimetro-con-pinzas-para-componentes-smd\/#primaryimage\",\"url\":\"https:\/\/abaa.mx\/tienda\/wp-content\/uploads\/2023\/12\/EXTECH-DM220.jpg\",\"contentUrl\":\"https:\/\/abaa.mx\/tienda\/wp-content\/uploads\/2023\/12\/EXTECH-DM220.jpg\",\"width\":345,\"height\":456,\"caption\":\"EXTECH-DM220\"},{\"@type\":\"BreadcrumbList\",\"@id\":\"https:\/\/abaa.mx\/tienda\/rc200-multimetro-con-pinzas-para-componentes-smd\/#breadcrumb\",\"itemListElement\":[{\"@type\":\"ListItem\",\"position\":1,\"name\":\"Inicio\",\"item\":\"https:\/\/abaa.mx\/tienda\/\"},{\"@type\":\"ListItem\",\"position\":2,\"name\":\"Tienda\",\"item\":\"https:\/\/abaa.mx\/tienda\/\"},{\"@type\":\"ListItem\",\"position\":3,\"name\":\"Rc200 \u2014 multimetro con pinzas para componentes smd\"}]},{\"@type\":\"WebSite\",\"@id\":\"https:\/\/abaa.mx\/tienda\/#website\",\"url\":\"https:\/\/abaa.mx\/tienda\/\",\"name\":\"Abaa tienda online\",\"description\":\"Instrumentos de medici\u00f3n\",\"publisher\":{\"@id\":\"https:\/\/abaa.mx\/tienda\/#organization\"},\"potentialAction\":[{\"@type\":\"SearchAction\",\"target\":{\"@type\":\"EntryPoint\",\"urlTemplate\":\"https:\/\/abaa.mx\/tienda\/?s={search_term_string}\"},\"query-input\":{\"@type\":\"PropertyValueSpecification\",\"valueRequired\":true,\"valueName\":\"search_term_string\"}}],\"inLanguage\":\"es\"},{\"@type\":\"Organization\",\"@id\":\"https:\/\/abaa.mx\/tienda\/#organization\",\"name\":\"Abaa tienda online\",\"url\":\"https:\/\/abaa.mx\/tienda\/\",\"logo\":{\"@type\":\"ImageObject\",\"inLanguage\":\"es\",\"@id\":\"https:\/\/abaa.mx\/tienda\/#\/schema\/logo\/image\/\",\"url\":\"https:\/\/abaa.mx\/tienda\/wp-content\/uploads\/2024\/01\/abaa-metrologia-tienda.png\",\"contentUrl\":\"https:\/\/abaa.mx\/tienda\/wp-content\/uploads\/2024\/01\/abaa-metrologia-tienda.png\",\"width\":300,\"height\":141,\"caption\":\"Abaa tienda online\"},\"image\":{\"@id\":\"https:\/\/abaa.mx\/tienda\/#\/schema\/logo\/image\/\"}}]}<\/script>\n<!-- \/ Yoast SEO plugin. -->","yoast_head_json":{"title":"Rc200 \u2014 multimetro con pinzas para componentes smd - Abaa tienda online","robots":{"index":"index","follow":"follow","max-snippet":"max-snippet:-1","max-image-preview":"max-image-preview:large","max-video-preview":"max-video-preview:-1"},"canonical":"https:\/\/abaa.mx\/tienda\/rc200-multimetro-con-pinzas-para-componentes-smd\/","og_locale":"es_MX","og_type":"article","og_title":"Rc200 \u2014 multimetro con pinzas para componentes smd - Abaa tienda online","og_description":"Caracter\u00edsticas: Cables de prueba intercambiables para tensi\u00f3n y pinzas SMD para una identificaci\u00f3n y medici\u00f3n r\u00e1pidas y precisas de componentes de montaje en superficie.   6000 cuentas LCD.  Mediciones CA\/CD Voltaje, Resistencia, Capacitancia, Continuidad y prueba de Diodo.  Rango Automatico\/manual.  Indicadores de bater\u00eda baja y sobre rango.  Apagado autom\u00e1tico.  Aplicaciones: Industrial, Reparaci\u00f3n y Mantenimiento, Medici\u00f3n y Prueba. Contenido: Dos bater\u00edas AG13\/LR44, cables de prueba, SMD punta de pinza, y carcasa de transporte.  &nbsp;","og_url":"https:\/\/abaa.mx\/tienda\/rc200-multimetro-con-pinzas-para-componentes-smd\/","og_site_name":"Abaa tienda online","article_modified_time":"2023-12-19T21:05:50+00:00","og_image":[{"width":345,"height":456,"url":"https:\/\/abaa.mx\/tienda\/wp-content\/uploads\/2023\/12\/EXTECH-DM220.jpg","type":"image\/jpeg"}],"twitter_card":"summary_large_image","twitter_misc":{"Tiempo de lectura":"1 minuto"},"schema":{"@context":"https:\/\/schema.org","@graph":[{"@type":"WebPage","@id":"https:\/\/abaa.mx\/tienda\/rc200-multimetro-con-pinzas-para-componentes-smd\/","url":"https:\/\/abaa.mx\/tienda\/rc200-multimetro-con-pinzas-para-componentes-smd\/","name":"Rc200 \u2014 multimetro con pinzas para componentes smd - Abaa tienda online","isPartOf":{"@id":"https:\/\/abaa.mx\/tienda\/#website"},"primaryImageOfPage":{"@id":"https:\/\/abaa.mx\/tienda\/rc200-multimetro-con-pinzas-para-componentes-smd\/#primaryimage"},"image":{"@id":"https:\/\/abaa.mx\/tienda\/rc200-multimetro-con-pinzas-para-componentes-smd\/#primaryimage"},"thumbnailUrl":"https:\/\/abaa.mx\/tienda\/wp-content\/uploads\/2023\/12\/EXTECH-DM220.jpg","datePublished":"2023-12-19T21:05:26+00:00","dateModified":"2023-12-19T21:05:50+00:00","breadcrumb":{"@id":"https:\/\/abaa.mx\/tienda\/rc200-multimetro-con-pinzas-para-componentes-smd\/#breadcrumb"},"inLanguage":"es","potentialAction":[{"@type":"ReadAction","target":["https:\/\/abaa.mx\/tienda\/rc200-multimetro-con-pinzas-para-componentes-smd\/"]}]},{"@type":"ImageObject","inLanguage":"es","@id":"https:\/\/abaa.mx\/tienda\/rc200-multimetro-con-pinzas-para-componentes-smd\/#primaryimage","url":"https:\/\/abaa.mx\/tienda\/wp-content\/uploads\/2023\/12\/EXTECH-DM220.jpg","contentUrl":"https:\/\/abaa.mx\/tienda\/wp-content\/uploads\/2023\/12\/EXTECH-DM220.jpg","width":345,"height":456,"caption":"EXTECH-DM220"},{"@type":"BreadcrumbList","@id":"https:\/\/abaa.mx\/tienda\/rc200-multimetro-con-pinzas-para-componentes-smd\/#breadcrumb","itemListElement":[{"@type":"ListItem","position":1,"name":"Inicio","item":"https:\/\/abaa.mx\/tienda\/"},{"@type":"ListItem","position":2,"name":"Tienda","item":"https:\/\/abaa.mx\/tienda\/"},{"@type":"ListItem","position":3,"name":"Rc200 \u2014 multimetro con pinzas para componentes smd"}]},{"@type":"WebSite","@id":"https:\/\/abaa.mx\/tienda\/#website","url":"https:\/\/abaa.mx\/tienda\/","name":"Abaa tienda online","description":"Instrumentos de medici\u00f3n","publisher":{"@id":"https:\/\/abaa.mx\/tienda\/#organization"},"potentialAction":[{"@type":"SearchAction","target":{"@type":"EntryPoint","urlTemplate":"https:\/\/abaa.mx\/tienda\/?s={search_term_string}"},"query-input":{"@type":"PropertyValueSpecification","valueRequired":true,"valueName":"search_term_string"}}],"inLanguage":"es"},{"@type":"Organization","@id":"https:\/\/abaa.mx\/tienda\/#organization","name":"Abaa tienda online","url":"https:\/\/abaa.mx\/tienda\/","logo":{"@type":"ImageObject","inLanguage":"es","@id":"https:\/\/abaa.mx\/tienda\/#\/schema\/logo\/image\/","url":"https:\/\/abaa.mx\/tienda\/wp-content\/uploads\/2024\/01\/abaa-metrologia-tienda.png","contentUrl":"https:\/\/abaa.mx\/tienda\/wp-content\/uploads\/2024\/01\/abaa-metrologia-tienda.png","width":300,"height":141,"caption":"Abaa tienda online"},"image":{"@id":"https:\/\/abaa.mx\/tienda\/#\/schema\/logo\/image\/"}}]}},"_links":{"self":[{"href":"https:\/\/abaa.mx\/tienda\/wp-json\/wp\/v2\/product\/9915","targetHints":{"allow":["GET"]}}],"collection":[{"href":"https:\/\/abaa.mx\/tienda\/wp-json\/wp\/v2\/product"}],"about":[{"href":"https:\/\/abaa.mx\/tienda\/wp-json\/wp\/v2\/types\/product"}],"replies":[{"embeddable":true,"href":"https:\/\/abaa.mx\/tienda\/wp-json\/wp\/v2\/comments?post=9915"}],"wp:featuredmedia":[{"embeddable":true,"href":"https:\/\/abaa.mx\/tienda\/wp-json\/wp\/v2\/media\/9916"}],"wp:attachment":[{"href":"https:\/\/abaa.mx\/tienda\/wp-json\/wp\/v2\/media?parent=9915"}],"wp:term":[{"taxonomy":"product_brand","embeddable":true,"href":"https:\/\/abaa.mx\/tienda\/wp-json\/wp\/v2\/product_brand?post=9915"},{"taxonomy":"product_cat","embeddable":true,"href":"https:\/\/abaa.mx\/tienda\/wp-json\/wp\/v2\/product_cat?post=9915"},{"taxonomy":"product_tag","embeddable":true,"href":"https:\/\/abaa.mx\/tienda\/wp-json\/wp\/v2\/product_tag?post=9915"}],"curies":[{"name":"wp","href":"https:\/\/api.w.org\/{rel}","templated":true}]}}