{"id":9729,"date":"2023-12-11T15:57:16","date_gmt":"2023-12-11T15:57:16","guid":{"rendered":"https:\/\/abaa.mx\/tienda\/?post_type=product&#038;p=9729"},"modified":"2023-12-11T15:57:16","modified_gmt":"2023-12-11T15:57:16","slug":"sonometro-sl400t-trotec","status":"publish","type":"product","link":"https:\/\/abaa.mx\/tienda\/sonometro-sl400t-trotec\/","title":{"rendered":"Son\u00f3metro sl400t trotec"},"content":{"rendered":"<p>La pantalla de valores de medici\u00f3n de cuatro d\u00edgitos con representaci\u00f3n adicional en gr\u00e1fico de barras se puede leer con claridad en cualquier entorno gracias a la iluminaci\u00f3n de fondo LCD. Adem\u00e1s, el SL400 permite realizar una evaluaci\u00f3n independiente de frecuencias A y C. Mientras que la frecuencia A se corresponde con la presi\u00f3n sonora que percibe el o\u00eddo humano, la frecuencia C se refiere a rangos de sonido de frecuencias bajas.<\/p>\n<p>Su formato manuable, el peso ligero y la disposici\u00f3n de las teclas optimizadas para el manejo con una sola mano hacen que el SL400 sea el equipamiento b\u00e1sico ideal para las mediciones est\u00e1ndar en el sector de la industria, el trabajo y la protecci\u00f3n medioambiental.<\/p>\n<p>El SL400 est\u00e1 dotado adicionalmente de una funci\u00f3n de registro en directo (live logging) y dispone de una memoria de datos para el registro de hasta 32.700 valores de medici\u00f3n. Los datos obtenidos se pueden transferir f\u00e1cilmente al ordenador por USB para su an\u00e1lisis mediante software. Adem\u00e1s, ofrece una opciones de conexi\u00f3n enchufe hembra de 3,5\u00a0mm integrados para analizadores de frecuencia o grabadora de X-Y.<\/p>\n<p>&nbsp;<\/p>\n<p><strong>Beneficios en la pr\u00e1ctica:<\/strong><\/p>\n<ul>\n<li>Clase de precisi\u00f3n 2 conforme a la norma IEC 61672.<\/li>\n<li>Ponderaci\u00f3n de frecuencia A y C.<\/li>\n<li>Funci\u00f3n Max, Min, Hold.<\/li>\n<li>Memoria para un m\u00e1ximo de 32.700 valores de medici\u00f3n.<\/li>\n<li>Ponderaci\u00f3n del tiempo conmutable (Fast\u2009\/\u2009Slow).<\/li>\n<li>Funci\u00f3n de registro de datos.<\/li>\n<li>Funci\u00f3n de alarma.<\/li>\n<li>Pantalla amplia y f\u00e1cil de leer con indicador adicional en gr\u00e1fico de barras.<\/li>\n<li>Iluminaci\u00f3n de fondo LCD.<\/li>\n<li>Desconexi\u00f3n autom\u00e1tica para ahorrar energ\u00eda.<\/li>\n<li>Rosca para el tr\u00edpode de 1\/4 pulgada.<\/li>\n<li>Software de an\u00e1lisis..<\/li>\n<li>Conexi\u00f3n USB y enchufe hembra de 3,5 mm..<\/li>\n<li>Incluye certificado de calibraci\u00f3n ISO.<\/li>\n<\/ul>\n<p>&nbsp;<\/p>\n<p><b>Especificaciones:<\/b><\/p>\n<ul>\n<li>Rango de medici\u00f3n: 30-130 dB.<\/li>\n<li>Precisi\u00f3n: IEC 61672-1 Clase 2, tipo ANSI S1.4 2.<\/li>\n<li>Resoluci\u00f3n: 0,1 dB.<\/li>\n<li>Rango de frecuencia: 31,5 Hz &#8211; 8 kHz.<\/li>\n<li>Rango din\u00e1mico: 50 dB.<\/li>\n<li>Sub rango (baja): 30 &#8230; 80 dB.<\/li>\n<li>El rango de Sub (medio): 50 &#8230; 100 dB.<\/li>\n<li>Sub rango (alta): 80 &#8230; 130 dB.<\/li>\n<li>Subrango (autom\u00e1tico): 30 &#8230; 130 dB.<\/li>\n<li>Tiempo de respuesta: 500 ms.<\/li>\n<li>Ponderaci\u00f3n de tiempo: Slow (S) 1 s, r\u00e1pido (F) de 125 ms.<\/li>\n<li>Micr\u00f3fono: micr\u00f3fono de condensador electret.<\/li>\n<li>Fuente de alimentaci\u00f3n: bater\u00eda de 9 V IEC 6LR61 \/ 6p22.<\/li>\n<li>Tiempo de funcionamiento sin cambio de bater\u00eda:&gt; 30 h.<\/li>\n<li>Condiciones de funcionamiento: 0 a 40 \u00b0 C, 10 a 90% de humedad relativa.<\/li>\n<li>Dimensiones (Largo x Ancho x Altura): 255 x 63 x 45\u00a0mm<\/li>\n<li>Peso: 305 g.<\/li>\n<\/ul>\n","protected":false},"excerpt":{"rendered":"<p>El SL400 cumple con los requisitos estipulados para los medidores del nivel de sonido de clase de precisi\u00f3n 2 conforme a las normas IEC 61672-1 y ANSI S1.4. Por ello, con este medidor dispondr\u00e1 en todo momento de la mejor herramienta posible para la documentaci\u00f3n del ruido de m\u00e1quinas o en labores medioambientales, o para las mediciones en puestos de trabajo o en peritaciones.<\/p>\n","protected":false},"featured_media":9731,"comment_status":"open","ping_status":"closed","template":"","meta":{"_joinchat":[]},"product_brand":[],"product_cat":[15],"product_tag":[],"class_list":{"0":"post-9729","1":"product","2":"type-product","3":"status-publish","4":"has-post-thumbnail","6":"product_cat-sin-categorizar","8":"first","9":"instock","10":"shipping-taxable","11":"product-type-simple"},"yoast_head":"<!-- This site is optimized with the Yoast SEO plugin v26.4 - https:\/\/yoast.com\/wordpress\/plugins\/seo\/ -->\n<title>Son\u00f3metro sl400t trotec - Abaa tienda online<\/title>\n<meta name=\"robots\" content=\"index, follow, max-snippet:-1, max-image-preview:large, max-video-preview:-1\" \/>\n<link rel=\"canonical\" href=\"https:\/\/abaa.mx\/tienda\/sonometro-sl400t-trotec\/\" \/>\n<meta property=\"og:locale\" content=\"es_MX\" \/>\n<meta property=\"og:type\" content=\"article\" \/>\n<meta property=\"og:title\" content=\"Son\u00f3metro sl400t trotec - Abaa tienda online\" \/>\n<meta property=\"og:description\" content=\"El SL400 cumple con los requisitos estipulados para los medidores del nivel de sonido de clase de precisi\u00f3n 2 conforme a las normas IEC 61672-1 y ANSI S1.4. Por ello, con este medidor dispondr\u00e1 en todo momento de la mejor herramienta posible para la documentaci\u00f3n del ruido de m\u00e1quinas o en labores medioambientales, o para las mediciones en puestos de trabajo o en peritaciones.\" \/>\n<meta property=\"og:url\" content=\"https:\/\/abaa.mx\/tienda\/sonometro-sl400t-trotec\/\" \/>\n<meta property=\"og:site_name\" content=\"Abaa tienda online\" \/>\n<meta property=\"og:image\" content=\"https:\/\/abaa.mx\/tienda\/wp-content\/uploads\/2023\/12\/Sonometro-sl400t-trotec.jpg\" \/>\n\t<meta property=\"og:image:width\" content=\"950\" \/>\n\t<meta property=\"og:image:height\" content=\"950\" \/>\n\t<meta property=\"og:image:type\" content=\"image\/jpeg\" \/>\n<meta name=\"twitter:card\" content=\"summary_large_image\" \/>\n<meta name=\"twitter:label1\" content=\"Tiempo de lectura\" \/>\n\t<meta name=\"twitter:data1\" content=\"2 minutos\" \/>\n<script type=\"application\/ld+json\" class=\"yoast-schema-graph\">{\"@context\":\"https:\/\/schema.org\",\"@graph\":[{\"@type\":\"WebPage\",\"@id\":\"https:\/\/abaa.mx\/tienda\/sonometro-sl400t-trotec\/\",\"url\":\"https:\/\/abaa.mx\/tienda\/sonometro-sl400t-trotec\/\",\"name\":\"Son\u00f3metro sl400t trotec - Abaa tienda online\",\"isPartOf\":{\"@id\":\"https:\/\/abaa.mx\/tienda\/#website\"},\"primaryImageOfPage\":{\"@id\":\"https:\/\/abaa.mx\/tienda\/sonometro-sl400t-trotec\/#primaryimage\"},\"image\":{\"@id\":\"https:\/\/abaa.mx\/tienda\/sonometro-sl400t-trotec\/#primaryimage\"},\"thumbnailUrl\":\"https:\/\/abaa.mx\/tienda\/wp-content\/uploads\/2023\/12\/Sonometro-sl400t-trotec.jpg\",\"datePublished\":\"2023-12-11T15:57:16+00:00\",\"breadcrumb\":{\"@id\":\"https:\/\/abaa.mx\/tienda\/sonometro-sl400t-trotec\/#breadcrumb\"},\"inLanguage\":\"es\",\"potentialAction\":[{\"@type\":\"ReadAction\",\"target\":[\"https:\/\/abaa.mx\/tienda\/sonometro-sl400t-trotec\/\"]}]},{\"@type\":\"ImageObject\",\"inLanguage\":\"es\",\"@id\":\"https:\/\/abaa.mx\/tienda\/sonometro-sl400t-trotec\/#primaryimage\",\"url\":\"https:\/\/abaa.mx\/tienda\/wp-content\/uploads\/2023\/12\/Sonometro-sl400t-trotec.jpg\",\"contentUrl\":\"https:\/\/abaa.mx\/tienda\/wp-content\/uploads\/2023\/12\/Sonometro-sl400t-trotec.jpg\",\"width\":950,\"height\":950,\"caption\":\"Son\u00f3metro sl400t trotec\"},{\"@type\":\"BreadcrumbList\",\"@id\":\"https:\/\/abaa.mx\/tienda\/sonometro-sl400t-trotec\/#breadcrumb\",\"itemListElement\":[{\"@type\":\"ListItem\",\"position\":1,\"name\":\"Inicio\",\"item\":\"https:\/\/abaa.mx\/tienda\/\"},{\"@type\":\"ListItem\",\"position\":2,\"name\":\"Tienda\",\"item\":\"https:\/\/abaa.mx\/tienda\/\"},{\"@type\":\"ListItem\",\"position\":3,\"name\":\"Son\u00f3metro sl400t trotec\"}]},{\"@type\":\"WebSite\",\"@id\":\"https:\/\/abaa.mx\/tienda\/#website\",\"url\":\"https:\/\/abaa.mx\/tienda\/\",\"name\":\"Abaa tienda online\",\"description\":\"Instrumentos de medici\u00f3n\",\"publisher\":{\"@id\":\"https:\/\/abaa.mx\/tienda\/#organization\"},\"potentialAction\":[{\"@type\":\"SearchAction\",\"target\":{\"@type\":\"EntryPoint\",\"urlTemplate\":\"https:\/\/abaa.mx\/tienda\/?s={search_term_string}\"},\"query-input\":{\"@type\":\"PropertyValueSpecification\",\"valueRequired\":true,\"valueName\":\"search_term_string\"}}],\"inLanguage\":\"es\"},{\"@type\":\"Organization\",\"@id\":\"https:\/\/abaa.mx\/tienda\/#organization\",\"name\":\"Abaa tienda online\",\"url\":\"https:\/\/abaa.mx\/tienda\/\",\"logo\":{\"@type\":\"ImageObject\",\"inLanguage\":\"es\",\"@id\":\"https:\/\/abaa.mx\/tienda\/#\/schema\/logo\/image\/\",\"url\":\"https:\/\/abaa.mx\/tienda\/wp-content\/uploads\/2024\/01\/abaa-metrologia-tienda.png\",\"contentUrl\":\"https:\/\/abaa.mx\/tienda\/wp-content\/uploads\/2024\/01\/abaa-metrologia-tienda.png\",\"width\":300,\"height\":141,\"caption\":\"Abaa tienda online\"},\"image\":{\"@id\":\"https:\/\/abaa.mx\/tienda\/#\/schema\/logo\/image\/\"}}]}<\/script>\n<!-- \/ Yoast SEO plugin. -->","yoast_head_json":{"title":"Son\u00f3metro sl400t trotec - Abaa tienda online","robots":{"index":"index","follow":"follow","max-snippet":"max-snippet:-1","max-image-preview":"max-image-preview:large","max-video-preview":"max-video-preview:-1"},"canonical":"https:\/\/abaa.mx\/tienda\/sonometro-sl400t-trotec\/","og_locale":"es_MX","og_type":"article","og_title":"Son\u00f3metro sl400t trotec - Abaa tienda online","og_description":"El SL400 cumple con los requisitos estipulados para los medidores del nivel de sonido de clase de precisi\u00f3n 2 conforme a las normas IEC 61672-1 y ANSI S1.4. Por ello, con este medidor dispondr\u00e1 en todo momento de la mejor herramienta posible para la documentaci\u00f3n del ruido de m\u00e1quinas o en labores medioambientales, o para las mediciones en puestos de trabajo o en peritaciones.","og_url":"https:\/\/abaa.mx\/tienda\/sonometro-sl400t-trotec\/","og_site_name":"Abaa tienda online","og_image":[{"width":950,"height":950,"url":"https:\/\/abaa.mx\/tienda\/wp-content\/uploads\/2023\/12\/Sonometro-sl400t-trotec.jpg","type":"image\/jpeg"}],"twitter_card":"summary_large_image","twitter_misc":{"Tiempo de lectura":"2 minutos"},"schema":{"@context":"https:\/\/schema.org","@graph":[{"@type":"WebPage","@id":"https:\/\/abaa.mx\/tienda\/sonometro-sl400t-trotec\/","url":"https:\/\/abaa.mx\/tienda\/sonometro-sl400t-trotec\/","name":"Son\u00f3metro sl400t trotec - Abaa tienda online","isPartOf":{"@id":"https:\/\/abaa.mx\/tienda\/#website"},"primaryImageOfPage":{"@id":"https:\/\/abaa.mx\/tienda\/sonometro-sl400t-trotec\/#primaryimage"},"image":{"@id":"https:\/\/abaa.mx\/tienda\/sonometro-sl400t-trotec\/#primaryimage"},"thumbnailUrl":"https:\/\/abaa.mx\/tienda\/wp-content\/uploads\/2023\/12\/Sonometro-sl400t-trotec.jpg","datePublished":"2023-12-11T15:57:16+00:00","breadcrumb":{"@id":"https:\/\/abaa.mx\/tienda\/sonometro-sl400t-trotec\/#breadcrumb"},"inLanguage":"es","potentialAction":[{"@type":"ReadAction","target":["https:\/\/abaa.mx\/tienda\/sonometro-sl400t-trotec\/"]}]},{"@type":"ImageObject","inLanguage":"es","@id":"https:\/\/abaa.mx\/tienda\/sonometro-sl400t-trotec\/#primaryimage","url":"https:\/\/abaa.mx\/tienda\/wp-content\/uploads\/2023\/12\/Sonometro-sl400t-trotec.jpg","contentUrl":"https:\/\/abaa.mx\/tienda\/wp-content\/uploads\/2023\/12\/Sonometro-sl400t-trotec.jpg","width":950,"height":950,"caption":"Son\u00f3metro sl400t trotec"},{"@type":"BreadcrumbList","@id":"https:\/\/abaa.mx\/tienda\/sonometro-sl400t-trotec\/#breadcrumb","itemListElement":[{"@type":"ListItem","position":1,"name":"Inicio","item":"https:\/\/abaa.mx\/tienda\/"},{"@type":"ListItem","position":2,"name":"Tienda","item":"https:\/\/abaa.mx\/tienda\/"},{"@type":"ListItem","position":3,"name":"Son\u00f3metro sl400t trotec"}]},{"@type":"WebSite","@id":"https:\/\/abaa.mx\/tienda\/#website","url":"https:\/\/abaa.mx\/tienda\/","name":"Abaa tienda online","description":"Instrumentos de medici\u00f3n","publisher":{"@id":"https:\/\/abaa.mx\/tienda\/#organization"},"potentialAction":[{"@type":"SearchAction","target":{"@type":"EntryPoint","urlTemplate":"https:\/\/abaa.mx\/tienda\/?s={search_term_string}"},"query-input":{"@type":"PropertyValueSpecification","valueRequired":true,"valueName":"search_term_string"}}],"inLanguage":"es"},{"@type":"Organization","@id":"https:\/\/abaa.mx\/tienda\/#organization","name":"Abaa tienda online","url":"https:\/\/abaa.mx\/tienda\/","logo":{"@type":"ImageObject","inLanguage":"es","@id":"https:\/\/abaa.mx\/tienda\/#\/schema\/logo\/image\/","url":"https:\/\/abaa.mx\/tienda\/wp-content\/uploads\/2024\/01\/abaa-metrologia-tienda.png","contentUrl":"https:\/\/abaa.mx\/tienda\/wp-content\/uploads\/2024\/01\/abaa-metrologia-tienda.png","width":300,"height":141,"caption":"Abaa tienda online"},"image":{"@id":"https:\/\/abaa.mx\/tienda\/#\/schema\/logo\/image\/"}}]}},"_links":{"self":[{"href":"https:\/\/abaa.mx\/tienda\/wp-json\/wp\/v2\/product\/9729","targetHints":{"allow":["GET"]}}],"collection":[{"href":"https:\/\/abaa.mx\/tienda\/wp-json\/wp\/v2\/product"}],"about":[{"href":"https:\/\/abaa.mx\/tienda\/wp-json\/wp\/v2\/types\/product"}],"replies":[{"embeddable":true,"href":"https:\/\/abaa.mx\/tienda\/wp-json\/wp\/v2\/comments?post=9729"}],"wp:featuredmedia":[{"embeddable":true,"href":"https:\/\/abaa.mx\/tienda\/wp-json\/wp\/v2\/media\/9731"}],"wp:attachment":[{"href":"https:\/\/abaa.mx\/tienda\/wp-json\/wp\/v2\/media?parent=9729"}],"wp:term":[{"taxonomy":"product_brand","embeddable":true,"href":"https:\/\/abaa.mx\/tienda\/wp-json\/wp\/v2\/product_brand?post=9729"},{"taxonomy":"product_cat","embeddable":true,"href":"https:\/\/abaa.mx\/tienda\/wp-json\/wp\/v2\/product_cat?post=9729"},{"taxonomy":"product_tag","embeddable":true,"href":"https:\/\/abaa.mx\/tienda\/wp-json\/wp\/v2\/product_tag?post=9729"}],"curies":[{"name":"wp","href":"https:\/\/api.w.org\/{rel}","templated":true}]}}