{"id":9717,"date":"2023-12-11T15:00:21","date_gmt":"2023-12-11T15:00:21","guid":{"rendered":"https:\/\/abaa.mx\/tienda\/?post_type=product&#038;p=9717"},"modified":"2023-12-11T15:00:22","modified_gmt":"2023-12-11T15:00:22","slug":"sonometro-sl300-trotec","status":"publish","type":"product","link":"https:\/\/abaa.mx\/tienda\/sonometro-sl300-trotec\/","title":{"rendered":"Son\u00f3metro sl300 trotec"},"content":{"rendered":"<p>&nbsp;<\/p>\n<p><span>Su pr\u00e1ctico formato, su bajo peso y su disposici\u00f3n de los botones optimizada para el manejo con una sola mano hacen del SL300 el equipo b\u00e1sico ideal para mediciones est\u00e1ndar en los \u00e1mbitos de la industria, el trabajo y la protecci\u00f3n del medio ambiente.<\/span><\/p>\n<p>&nbsp;<\/p>\n<p><strong>SL300 &#8211; Un son\u00f3metro f\u00e1cil de usar con una amplia gama de aplicaciones:<\/strong><\/p>\n<ul>\n<li>Mediciones de riesgos ac\u00fasticos para la salud y la seguridad en el trabajo.<\/li>\n<li>Mediciones de protecci\u00f3n ambiental para determinar los niveles de ruido ambiental.<\/li>\n<li>Determinaci\u00f3n de \u00e1reas de ruido para programas de reducci\u00f3n de ruido en empresas.<\/li>\n<li>Control y selecci\u00f3n de dispositivos de protecci\u00f3n auditiva.<\/li>\n<li>Control de cumplimiento de la normativa de protecci\u00f3n contra el ruido.<\/li>\n<li>Control de mediciones en sistemas de aire acondicionado y calefacci\u00f3n.<\/li>\n<\/ul>\n<p>&nbsp;<\/p>\n<p><span style=\"font-size: 21px;\"><b>Caracter\u00edsticas<\/b><\/span><b>:<\/b><\/p>\n<ul>\n<li>Corresponde a la clase de precisi\u00f3n 2.<\/li>\n<li>Evaluaci\u00f3n de la frecuencia seg\u00fan las caracter\u00edsticas A y C.<\/li>\n<li>Memoria de valores m\u00e1ximos y m\u00ednimos.<\/li>\n<li>Memoria para 50 valores medidos.<\/li>\n<li>Ponderaci\u00f3n de tiempo conmutable (R\u00e1pido \/ Lento).<\/li>\n<li>Iluminaci\u00f3n de la pantalla.<\/li>\n<li>Visualizaci\u00f3n de gr\u00e1fico de barras.<\/li>\n<li>Rosca de tr\u00edpode de 1\/4 de pulgada.<\/li>\n<\/ul>\n","protected":false},"excerpt":{"rendered":"<p>El SL300 es un aparato profesional de alta calidad y se usa al aire libre o en espacios cerrados con una alta precisi\u00f3n. Es ideal para medir el sonido y el ruido en diferentes lugares, como por ejemplo en el puesto de trabajo, en la obra, en discotecas etc.<\/p>\n","protected":false},"featured_media":9718,"comment_status":"open","ping_status":"closed","template":"","meta":{"_joinchat":[]},"product_brand":[],"product_cat":[15],"product_tag":[],"class_list":{"0":"post-9717","1":"product","2":"type-product","3":"status-publish","4":"has-post-thumbnail","6":"product_cat-sin-categorizar","8":"first","9":"instock","10":"shipping-taxable","11":"product-type-simple"},"yoast_head":"<!-- This site is optimized with the Yoast SEO plugin v26.4 - https:\/\/yoast.com\/wordpress\/plugins\/seo\/ -->\n<title>Son\u00f3metro sl300 trotec - Abaa tienda online<\/title>\n<meta name=\"robots\" content=\"index, follow, max-snippet:-1, max-image-preview:large, max-video-preview:-1\" \/>\n<link rel=\"canonical\" href=\"https:\/\/abaa.mx\/tienda\/sonometro-sl300-trotec\/\" \/>\n<meta property=\"og:locale\" content=\"es_MX\" \/>\n<meta property=\"og:type\" content=\"article\" \/>\n<meta property=\"og:title\" content=\"Son\u00f3metro sl300 trotec - Abaa tienda online\" \/>\n<meta property=\"og:description\" content=\"El SL300 es un aparato profesional de alta calidad y se usa al aire libre o en espacios cerrados con una alta precisi\u00f3n. Es ideal para medir el sonido y el ruido en diferentes lugares, como por ejemplo en el puesto de trabajo, en la obra, en discotecas etc.\" \/>\n<meta property=\"og:url\" content=\"https:\/\/abaa.mx\/tienda\/sonometro-sl300-trotec\/\" \/>\n<meta property=\"og:site_name\" content=\"Abaa tienda online\" \/>\n<meta property=\"article:modified_time\" content=\"2023-12-11T15:00:22+00:00\" \/>\n<meta property=\"og:image\" content=\"https:\/\/abaa.mx\/tienda\/wp-content\/uploads\/2023\/12\/Sonometro-sl300-trotec.jpg\" \/>\n\t<meta property=\"og:image:width\" content=\"950\" \/>\n\t<meta property=\"og:image:height\" content=\"950\" \/>\n\t<meta property=\"og:image:type\" content=\"image\/jpeg\" \/>\n<meta name=\"twitter:card\" content=\"summary_large_image\" \/>\n<meta name=\"twitter:label1\" content=\"Tiempo de lectura\" \/>\n\t<meta name=\"twitter:data1\" content=\"1 minuto\" \/>\n<script type=\"application\/ld+json\" class=\"yoast-schema-graph\">{\"@context\":\"https:\/\/schema.org\",\"@graph\":[{\"@type\":\"WebPage\",\"@id\":\"https:\/\/abaa.mx\/tienda\/sonometro-sl300-trotec\/\",\"url\":\"https:\/\/abaa.mx\/tienda\/sonometro-sl300-trotec\/\",\"name\":\"Son\u00f3metro sl300 trotec - Abaa tienda online\",\"isPartOf\":{\"@id\":\"https:\/\/abaa.mx\/tienda\/#website\"},\"primaryImageOfPage\":{\"@id\":\"https:\/\/abaa.mx\/tienda\/sonometro-sl300-trotec\/#primaryimage\"},\"image\":{\"@id\":\"https:\/\/abaa.mx\/tienda\/sonometro-sl300-trotec\/#primaryimage\"},\"thumbnailUrl\":\"https:\/\/abaa.mx\/tienda\/wp-content\/uploads\/2023\/12\/Sonometro-sl300-trotec.jpg\",\"datePublished\":\"2023-12-11T15:00:21+00:00\",\"dateModified\":\"2023-12-11T15:00:22+00:00\",\"breadcrumb\":{\"@id\":\"https:\/\/abaa.mx\/tienda\/sonometro-sl300-trotec\/#breadcrumb\"},\"inLanguage\":\"es\",\"potentialAction\":[{\"@type\":\"ReadAction\",\"target\":[\"https:\/\/abaa.mx\/tienda\/sonometro-sl300-trotec\/\"]}]},{\"@type\":\"ImageObject\",\"inLanguage\":\"es\",\"@id\":\"https:\/\/abaa.mx\/tienda\/sonometro-sl300-trotec\/#primaryimage\",\"url\":\"https:\/\/abaa.mx\/tienda\/wp-content\/uploads\/2023\/12\/Sonometro-sl300-trotec.jpg\",\"contentUrl\":\"https:\/\/abaa.mx\/tienda\/wp-content\/uploads\/2023\/12\/Sonometro-sl300-trotec.jpg\",\"width\":950,\"height\":950,\"caption\":\"Son\u00f3metro sl300 trotec\"},{\"@type\":\"BreadcrumbList\",\"@id\":\"https:\/\/abaa.mx\/tienda\/sonometro-sl300-trotec\/#breadcrumb\",\"itemListElement\":[{\"@type\":\"ListItem\",\"position\":1,\"name\":\"Inicio\",\"item\":\"https:\/\/abaa.mx\/tienda\/\"},{\"@type\":\"ListItem\",\"position\":2,\"name\":\"Tienda\",\"item\":\"https:\/\/abaa.mx\/tienda\/\"},{\"@type\":\"ListItem\",\"position\":3,\"name\":\"Son\u00f3metro sl300 trotec\"}]},{\"@type\":\"WebSite\",\"@id\":\"https:\/\/abaa.mx\/tienda\/#website\",\"url\":\"https:\/\/abaa.mx\/tienda\/\",\"name\":\"Abaa tienda online\",\"description\":\"Instrumentos de medici\u00f3n\",\"publisher\":{\"@id\":\"https:\/\/abaa.mx\/tienda\/#organization\"},\"potentialAction\":[{\"@type\":\"SearchAction\",\"target\":{\"@type\":\"EntryPoint\",\"urlTemplate\":\"https:\/\/abaa.mx\/tienda\/?s={search_term_string}\"},\"query-input\":{\"@type\":\"PropertyValueSpecification\",\"valueRequired\":true,\"valueName\":\"search_term_string\"}}],\"inLanguage\":\"es\"},{\"@type\":\"Organization\",\"@id\":\"https:\/\/abaa.mx\/tienda\/#organization\",\"name\":\"Abaa tienda online\",\"url\":\"https:\/\/abaa.mx\/tienda\/\",\"logo\":{\"@type\":\"ImageObject\",\"inLanguage\":\"es\",\"@id\":\"https:\/\/abaa.mx\/tienda\/#\/schema\/logo\/image\/\",\"url\":\"https:\/\/abaa.mx\/tienda\/wp-content\/uploads\/2024\/01\/abaa-metrologia-tienda.png\",\"contentUrl\":\"https:\/\/abaa.mx\/tienda\/wp-content\/uploads\/2024\/01\/abaa-metrologia-tienda.png\",\"width\":300,\"height\":141,\"caption\":\"Abaa tienda online\"},\"image\":{\"@id\":\"https:\/\/abaa.mx\/tienda\/#\/schema\/logo\/image\/\"}}]}<\/script>\n<!-- \/ Yoast SEO plugin. -->","yoast_head_json":{"title":"Son\u00f3metro sl300 trotec - Abaa tienda online","robots":{"index":"index","follow":"follow","max-snippet":"max-snippet:-1","max-image-preview":"max-image-preview:large","max-video-preview":"max-video-preview:-1"},"canonical":"https:\/\/abaa.mx\/tienda\/sonometro-sl300-trotec\/","og_locale":"es_MX","og_type":"article","og_title":"Son\u00f3metro sl300 trotec - Abaa tienda online","og_description":"El SL300 es un aparato profesional de alta calidad y se usa al aire libre o en espacios cerrados con una alta precisi\u00f3n. Es ideal para medir el sonido y el ruido en diferentes lugares, como por ejemplo en el puesto de trabajo, en la obra, en discotecas etc.","og_url":"https:\/\/abaa.mx\/tienda\/sonometro-sl300-trotec\/","og_site_name":"Abaa tienda online","article_modified_time":"2023-12-11T15:00:22+00:00","og_image":[{"width":950,"height":950,"url":"https:\/\/abaa.mx\/tienda\/wp-content\/uploads\/2023\/12\/Sonometro-sl300-trotec.jpg","type":"image\/jpeg"}],"twitter_card":"summary_large_image","twitter_misc":{"Tiempo de lectura":"1 minuto"},"schema":{"@context":"https:\/\/schema.org","@graph":[{"@type":"WebPage","@id":"https:\/\/abaa.mx\/tienda\/sonometro-sl300-trotec\/","url":"https:\/\/abaa.mx\/tienda\/sonometro-sl300-trotec\/","name":"Son\u00f3metro sl300 trotec - Abaa tienda online","isPartOf":{"@id":"https:\/\/abaa.mx\/tienda\/#website"},"primaryImageOfPage":{"@id":"https:\/\/abaa.mx\/tienda\/sonometro-sl300-trotec\/#primaryimage"},"image":{"@id":"https:\/\/abaa.mx\/tienda\/sonometro-sl300-trotec\/#primaryimage"},"thumbnailUrl":"https:\/\/abaa.mx\/tienda\/wp-content\/uploads\/2023\/12\/Sonometro-sl300-trotec.jpg","datePublished":"2023-12-11T15:00:21+00:00","dateModified":"2023-12-11T15:00:22+00:00","breadcrumb":{"@id":"https:\/\/abaa.mx\/tienda\/sonometro-sl300-trotec\/#breadcrumb"},"inLanguage":"es","potentialAction":[{"@type":"ReadAction","target":["https:\/\/abaa.mx\/tienda\/sonometro-sl300-trotec\/"]}]},{"@type":"ImageObject","inLanguage":"es","@id":"https:\/\/abaa.mx\/tienda\/sonometro-sl300-trotec\/#primaryimage","url":"https:\/\/abaa.mx\/tienda\/wp-content\/uploads\/2023\/12\/Sonometro-sl300-trotec.jpg","contentUrl":"https:\/\/abaa.mx\/tienda\/wp-content\/uploads\/2023\/12\/Sonometro-sl300-trotec.jpg","width":950,"height":950,"caption":"Son\u00f3metro sl300 trotec"},{"@type":"BreadcrumbList","@id":"https:\/\/abaa.mx\/tienda\/sonometro-sl300-trotec\/#breadcrumb","itemListElement":[{"@type":"ListItem","position":1,"name":"Inicio","item":"https:\/\/abaa.mx\/tienda\/"},{"@type":"ListItem","position":2,"name":"Tienda","item":"https:\/\/abaa.mx\/tienda\/"},{"@type":"ListItem","position":3,"name":"Son\u00f3metro sl300 trotec"}]},{"@type":"WebSite","@id":"https:\/\/abaa.mx\/tienda\/#website","url":"https:\/\/abaa.mx\/tienda\/","name":"Abaa tienda online","description":"Instrumentos de medici\u00f3n","publisher":{"@id":"https:\/\/abaa.mx\/tienda\/#organization"},"potentialAction":[{"@type":"SearchAction","target":{"@type":"EntryPoint","urlTemplate":"https:\/\/abaa.mx\/tienda\/?s={search_term_string}"},"query-input":{"@type":"PropertyValueSpecification","valueRequired":true,"valueName":"search_term_string"}}],"inLanguage":"es"},{"@type":"Organization","@id":"https:\/\/abaa.mx\/tienda\/#organization","name":"Abaa tienda online","url":"https:\/\/abaa.mx\/tienda\/","logo":{"@type":"ImageObject","inLanguage":"es","@id":"https:\/\/abaa.mx\/tienda\/#\/schema\/logo\/image\/","url":"https:\/\/abaa.mx\/tienda\/wp-content\/uploads\/2024\/01\/abaa-metrologia-tienda.png","contentUrl":"https:\/\/abaa.mx\/tienda\/wp-content\/uploads\/2024\/01\/abaa-metrologia-tienda.png","width":300,"height":141,"caption":"Abaa tienda online"},"image":{"@id":"https:\/\/abaa.mx\/tienda\/#\/schema\/logo\/image\/"}}]}},"_links":{"self":[{"href":"https:\/\/abaa.mx\/tienda\/wp-json\/wp\/v2\/product\/9717","targetHints":{"allow":["GET"]}}],"collection":[{"href":"https:\/\/abaa.mx\/tienda\/wp-json\/wp\/v2\/product"}],"about":[{"href":"https:\/\/abaa.mx\/tienda\/wp-json\/wp\/v2\/types\/product"}],"replies":[{"embeddable":true,"href":"https:\/\/abaa.mx\/tienda\/wp-json\/wp\/v2\/comments?post=9717"}],"wp:featuredmedia":[{"embeddable":true,"href":"https:\/\/abaa.mx\/tienda\/wp-json\/wp\/v2\/media\/9718"}],"wp:attachment":[{"href":"https:\/\/abaa.mx\/tienda\/wp-json\/wp\/v2\/media?parent=9717"}],"wp:term":[{"taxonomy":"product_brand","embeddable":true,"href":"https:\/\/abaa.mx\/tienda\/wp-json\/wp\/v2\/product_brand?post=9717"},{"taxonomy":"product_cat","embeddable":true,"href":"https:\/\/abaa.mx\/tienda\/wp-json\/wp\/v2\/product_cat?post=9717"},{"taxonomy":"product_tag","embeddable":true,"href":"https:\/\/abaa.mx\/tienda\/wp-json\/wp\/v2\/product_tag?post=9717"}],"curies":[{"name":"wp","href":"https:\/\/api.w.org\/{rel}","templated":true}]}}