{"id":9596,"date":"2023-12-04T17:32:54","date_gmt":"2023-12-04T17:32:54","guid":{"rendered":"https:\/\/abaa.mx\/tienda\/?post_type=product&#038;p=9596"},"modified":"2023-12-04T17:32:54","modified_gmt":"2023-12-04T17:32:54","slug":"gas-alert-extreme","status":"publish","type":"product","link":"https:\/\/abaa.mx\/tienda\/gas-alert-extreme\/","title":{"rendered":"Gas Alert Extreme"},"content":{"rendered":"<p>Gas Alert Extreme.<\/p>\n","protected":false},"excerpt":{"rendered":"<p><strong>Caracter\u00edsticas principales:<\/strong>\u00a0Alarma establecidas para l\u00edmites bajo\/alto y escenarios de exposici\u00f3n STEL, TWA (alarmas por exposici\u00f3n cr\u00f3nica y aguda). La lectura en pantalla exhibe a el mismo instante el valor de concentraci\u00f3n del gas. Es s\u00f3lido , ligero y f\u00e1cil de usar. Este modelo esta pensado en durabilidad, puede ser calibrado y sustituir sensores para alargar su vida \u00fatil por a\u00f1os. Resistente al agua.<\/p>\n<p><strong>Aplicaciones:<\/strong>\u00a0Trabajos a campo abierto o en espacios reclu\u00eddos en las industria petroqu\u00edmica, en operaciones de cuidado , limpieza de tanques, pipas y ca\u00f1er\u00edas.<\/p>\n<p><strong>Dimensiones y peso:<\/strong>\u00a028 x 50 x 95mm, 82 g. Rango: 0 &#8211; 400 ppm Precisi\u00f3n: Alarma nivel bajo 10ppm, alarma nivel prominente 15ppm.<\/p>\n<p><strong>Condiciones de Operaci\u00f3n:<\/strong>\u00a0Temperatura \u00e1mbito de -20 a +50 \u00b0C, Humedad relativa 15% al 95% (sin condensaci\u00f3n).<\/p>\n<p><strong>Unidades de medici\u00f3n:<\/strong>\u00a0Partes por mill\u00f3n.<\/p>\n","protected":false},"featured_media":9597,"comment_status":"open","ping_status":"closed","template":"","meta":{"_joinchat":[]},"product_brand":[],"product_cat":[15],"product_tag":[],"class_list":{"0":"post-9596","1":"product","2":"type-product","3":"status-publish","4":"has-post-thumbnail","6":"product_cat-sin-categorizar","8":"first","9":"instock","10":"shipping-taxable","11":"product-type-simple"},"yoast_head":"<!-- This site is optimized with the Yoast SEO plugin v26.4 - https:\/\/yoast.com\/wordpress\/plugins\/seo\/ -->\n<title>Gas Alert Extreme - Abaa tienda online<\/title>\n<meta name=\"robots\" content=\"index, follow, max-snippet:-1, max-image-preview:large, max-video-preview:-1\" \/>\n<link rel=\"canonical\" href=\"https:\/\/abaa.mx\/tienda\/gas-alert-extreme\/\" \/>\n<meta property=\"og:locale\" content=\"es_MX\" \/>\n<meta property=\"og:type\" content=\"article\" \/>\n<meta property=\"og:title\" content=\"Gas Alert Extreme - Abaa tienda online\" \/>\n<meta property=\"og:description\" content=\"Caracter\u00edsticas principales:\u00a0Alarma establecidas para l\u00edmites bajo\/alto y escenarios de exposici\u00f3n STEL, TWA (alarmas por exposici\u00f3n cr\u00f3nica y aguda). La lectura en pantalla exhibe a el mismo instante el valor de concentraci\u00f3n del gas. Es s\u00f3lido , ligero y f\u00e1cil de usar. Este modelo esta pensado en durabilidad, puede ser calibrado y sustituir sensores para alargar su vida \u00fatil por a\u00f1os. Resistente al agua.  Aplicaciones:\u00a0Trabajos a campo abierto o en espacios reclu\u00eddos en las industria petroqu\u00edmica, en operaciones de cuidado , limpieza de tanques, pipas y ca\u00f1er\u00edas.  Dimensiones y peso:\u00a028 x 50 x 95mm, 82 g. Rango: 0 - 400 ppm Precisi\u00f3n: Alarma nivel bajo 10ppm, alarma nivel prominente 15ppm.  Condiciones de Operaci\u00f3n:\u00a0Temperatura \u00e1mbito de -20 a +50 \u00b0C, Humedad relativa 15% al 95% (sin condensaci\u00f3n).  Unidades de medici\u00f3n:\u00a0Partes por mill\u00f3n.\" \/>\n<meta property=\"og:url\" content=\"https:\/\/abaa.mx\/tienda\/gas-alert-extreme\/\" \/>\n<meta property=\"og:site_name\" content=\"Abaa tienda online\" \/>\n<meta property=\"og:image\" content=\"https:\/\/abaa.mx\/tienda\/wp-content\/uploads\/2023\/12\/HONEWELL-BW-Gas-Alert-Extreme.jpg\" \/>\n\t<meta property=\"og:image:width\" content=\"255\" \/>\n\t<meta property=\"og:image:height\" content=\"409\" \/>\n\t<meta property=\"og:image:type\" content=\"image\/jpeg\" \/>\n<meta name=\"twitter:card\" content=\"summary_large_image\" \/>\n<meta name=\"twitter:label1\" content=\"Tiempo de lectura\" \/>\n\t<meta name=\"twitter:data1\" content=\"1 minuto\" \/>\n<script type=\"application\/ld+json\" class=\"yoast-schema-graph\">{\"@context\":\"https:\/\/schema.org\",\"@graph\":[{\"@type\":\"WebPage\",\"@id\":\"https:\/\/abaa.mx\/tienda\/gas-alert-extreme\/\",\"url\":\"https:\/\/abaa.mx\/tienda\/gas-alert-extreme\/\",\"name\":\"Gas Alert Extreme - Abaa tienda online\",\"isPartOf\":{\"@id\":\"https:\/\/abaa.mx\/tienda\/#website\"},\"primaryImageOfPage\":{\"@id\":\"https:\/\/abaa.mx\/tienda\/gas-alert-extreme\/#primaryimage\"},\"image\":{\"@id\":\"https:\/\/abaa.mx\/tienda\/gas-alert-extreme\/#primaryimage\"},\"thumbnailUrl\":\"https:\/\/abaa.mx\/tienda\/wp-content\/uploads\/2023\/12\/HONEWELL-BW-Gas-Alert-Extreme.jpg\",\"datePublished\":\"2023-12-04T17:32:54+00:00\",\"breadcrumb\":{\"@id\":\"https:\/\/abaa.mx\/tienda\/gas-alert-extreme\/#breadcrumb\"},\"inLanguage\":\"es\",\"potentialAction\":[{\"@type\":\"ReadAction\",\"target\":[\"https:\/\/abaa.mx\/tienda\/gas-alert-extreme\/\"]}]},{\"@type\":\"ImageObject\",\"inLanguage\":\"es\",\"@id\":\"https:\/\/abaa.mx\/tienda\/gas-alert-extreme\/#primaryimage\",\"url\":\"https:\/\/abaa.mx\/tienda\/wp-content\/uploads\/2023\/12\/HONEWELL-BW-Gas-Alert-Extreme.jpg\",\"contentUrl\":\"https:\/\/abaa.mx\/tienda\/wp-content\/uploads\/2023\/12\/HONEWELL-BW-Gas-Alert-Extreme.jpg\",\"width\":255,\"height\":409,\"caption\":\"HONEWELL BW - Gas Alert Extreme\"},{\"@type\":\"BreadcrumbList\",\"@id\":\"https:\/\/abaa.mx\/tienda\/gas-alert-extreme\/#breadcrumb\",\"itemListElement\":[{\"@type\":\"ListItem\",\"position\":1,\"name\":\"Inicio\",\"item\":\"https:\/\/abaa.mx\/tienda\/\"},{\"@type\":\"ListItem\",\"position\":2,\"name\":\"Tienda\",\"item\":\"https:\/\/abaa.mx\/tienda\/\"},{\"@type\":\"ListItem\",\"position\":3,\"name\":\"Gas Alert Extreme\"}]},{\"@type\":\"WebSite\",\"@id\":\"https:\/\/abaa.mx\/tienda\/#website\",\"url\":\"https:\/\/abaa.mx\/tienda\/\",\"name\":\"Abaa tienda online\",\"description\":\"Instrumentos de medici\u00f3n\",\"publisher\":{\"@id\":\"https:\/\/abaa.mx\/tienda\/#organization\"},\"potentialAction\":[{\"@type\":\"SearchAction\",\"target\":{\"@type\":\"EntryPoint\",\"urlTemplate\":\"https:\/\/abaa.mx\/tienda\/?s={search_term_string}\"},\"query-input\":{\"@type\":\"PropertyValueSpecification\",\"valueRequired\":true,\"valueName\":\"search_term_string\"}}],\"inLanguage\":\"es\"},{\"@type\":\"Organization\",\"@id\":\"https:\/\/abaa.mx\/tienda\/#organization\",\"name\":\"Abaa tienda online\",\"url\":\"https:\/\/abaa.mx\/tienda\/\",\"logo\":{\"@type\":\"ImageObject\",\"inLanguage\":\"es\",\"@id\":\"https:\/\/abaa.mx\/tienda\/#\/schema\/logo\/image\/\",\"url\":\"https:\/\/abaa.mx\/tienda\/wp-content\/uploads\/2024\/01\/abaa-metrologia-tienda.png\",\"contentUrl\":\"https:\/\/abaa.mx\/tienda\/wp-content\/uploads\/2024\/01\/abaa-metrologia-tienda.png\",\"width\":300,\"height\":141,\"caption\":\"Abaa tienda online\"},\"image\":{\"@id\":\"https:\/\/abaa.mx\/tienda\/#\/schema\/logo\/image\/\"}}]}<\/script>\n<!-- \/ Yoast SEO plugin. -->","yoast_head_json":{"title":"Gas Alert Extreme - Abaa tienda online","robots":{"index":"index","follow":"follow","max-snippet":"max-snippet:-1","max-image-preview":"max-image-preview:large","max-video-preview":"max-video-preview:-1"},"canonical":"https:\/\/abaa.mx\/tienda\/gas-alert-extreme\/","og_locale":"es_MX","og_type":"article","og_title":"Gas Alert Extreme - Abaa tienda online","og_description":"Caracter\u00edsticas principales:\u00a0Alarma establecidas para l\u00edmites bajo\/alto y escenarios de exposici\u00f3n STEL, TWA (alarmas por exposici\u00f3n cr\u00f3nica y aguda). La lectura en pantalla exhibe a el mismo instante el valor de concentraci\u00f3n del gas. Es s\u00f3lido , ligero y f\u00e1cil de usar. Este modelo esta pensado en durabilidad, puede ser calibrado y sustituir sensores para alargar su vida \u00fatil por a\u00f1os. Resistente al agua.  Aplicaciones:\u00a0Trabajos a campo abierto o en espacios reclu\u00eddos en las industria petroqu\u00edmica, en operaciones de cuidado , limpieza de tanques, pipas y ca\u00f1er\u00edas.  Dimensiones y peso:\u00a028 x 50 x 95mm, 82 g. Rango: 0 - 400 ppm Precisi\u00f3n: Alarma nivel bajo 10ppm, alarma nivel prominente 15ppm.  Condiciones de Operaci\u00f3n:\u00a0Temperatura \u00e1mbito de -20 a +50 \u00b0C, Humedad relativa 15% al 95% (sin condensaci\u00f3n).  Unidades de medici\u00f3n:\u00a0Partes por mill\u00f3n.","og_url":"https:\/\/abaa.mx\/tienda\/gas-alert-extreme\/","og_site_name":"Abaa tienda online","og_image":[{"width":255,"height":409,"url":"https:\/\/abaa.mx\/tienda\/wp-content\/uploads\/2023\/12\/HONEWELL-BW-Gas-Alert-Extreme.jpg","type":"image\/jpeg"}],"twitter_card":"summary_large_image","twitter_misc":{"Tiempo de lectura":"1 minuto"},"schema":{"@context":"https:\/\/schema.org","@graph":[{"@type":"WebPage","@id":"https:\/\/abaa.mx\/tienda\/gas-alert-extreme\/","url":"https:\/\/abaa.mx\/tienda\/gas-alert-extreme\/","name":"Gas Alert Extreme - Abaa tienda online","isPartOf":{"@id":"https:\/\/abaa.mx\/tienda\/#website"},"primaryImageOfPage":{"@id":"https:\/\/abaa.mx\/tienda\/gas-alert-extreme\/#primaryimage"},"image":{"@id":"https:\/\/abaa.mx\/tienda\/gas-alert-extreme\/#primaryimage"},"thumbnailUrl":"https:\/\/abaa.mx\/tienda\/wp-content\/uploads\/2023\/12\/HONEWELL-BW-Gas-Alert-Extreme.jpg","datePublished":"2023-12-04T17:32:54+00:00","breadcrumb":{"@id":"https:\/\/abaa.mx\/tienda\/gas-alert-extreme\/#breadcrumb"},"inLanguage":"es","potentialAction":[{"@type":"ReadAction","target":["https:\/\/abaa.mx\/tienda\/gas-alert-extreme\/"]}]},{"@type":"ImageObject","inLanguage":"es","@id":"https:\/\/abaa.mx\/tienda\/gas-alert-extreme\/#primaryimage","url":"https:\/\/abaa.mx\/tienda\/wp-content\/uploads\/2023\/12\/HONEWELL-BW-Gas-Alert-Extreme.jpg","contentUrl":"https:\/\/abaa.mx\/tienda\/wp-content\/uploads\/2023\/12\/HONEWELL-BW-Gas-Alert-Extreme.jpg","width":255,"height":409,"caption":"HONEWELL BW - Gas Alert Extreme"},{"@type":"BreadcrumbList","@id":"https:\/\/abaa.mx\/tienda\/gas-alert-extreme\/#breadcrumb","itemListElement":[{"@type":"ListItem","position":1,"name":"Inicio","item":"https:\/\/abaa.mx\/tienda\/"},{"@type":"ListItem","position":2,"name":"Tienda","item":"https:\/\/abaa.mx\/tienda\/"},{"@type":"ListItem","position":3,"name":"Gas Alert Extreme"}]},{"@type":"WebSite","@id":"https:\/\/abaa.mx\/tienda\/#website","url":"https:\/\/abaa.mx\/tienda\/","name":"Abaa tienda online","description":"Instrumentos de medici\u00f3n","publisher":{"@id":"https:\/\/abaa.mx\/tienda\/#organization"},"potentialAction":[{"@type":"SearchAction","target":{"@type":"EntryPoint","urlTemplate":"https:\/\/abaa.mx\/tienda\/?s={search_term_string}"},"query-input":{"@type":"PropertyValueSpecification","valueRequired":true,"valueName":"search_term_string"}}],"inLanguage":"es"},{"@type":"Organization","@id":"https:\/\/abaa.mx\/tienda\/#organization","name":"Abaa tienda online","url":"https:\/\/abaa.mx\/tienda\/","logo":{"@type":"ImageObject","inLanguage":"es","@id":"https:\/\/abaa.mx\/tienda\/#\/schema\/logo\/image\/","url":"https:\/\/abaa.mx\/tienda\/wp-content\/uploads\/2024\/01\/abaa-metrologia-tienda.png","contentUrl":"https:\/\/abaa.mx\/tienda\/wp-content\/uploads\/2024\/01\/abaa-metrologia-tienda.png","width":300,"height":141,"caption":"Abaa tienda online"},"image":{"@id":"https:\/\/abaa.mx\/tienda\/#\/schema\/logo\/image\/"}}]}},"_links":{"self":[{"href":"https:\/\/abaa.mx\/tienda\/wp-json\/wp\/v2\/product\/9596","targetHints":{"allow":["GET"]}}],"collection":[{"href":"https:\/\/abaa.mx\/tienda\/wp-json\/wp\/v2\/product"}],"about":[{"href":"https:\/\/abaa.mx\/tienda\/wp-json\/wp\/v2\/types\/product"}],"replies":[{"embeddable":true,"href":"https:\/\/abaa.mx\/tienda\/wp-json\/wp\/v2\/comments?post=9596"}],"wp:featuredmedia":[{"embeddable":true,"href":"https:\/\/abaa.mx\/tienda\/wp-json\/wp\/v2\/media\/9597"}],"wp:attachment":[{"href":"https:\/\/abaa.mx\/tienda\/wp-json\/wp\/v2\/media?parent=9596"}],"wp:term":[{"taxonomy":"product_brand","embeddable":true,"href":"https:\/\/abaa.mx\/tienda\/wp-json\/wp\/v2\/product_brand?post=9596"},{"taxonomy":"product_cat","embeddable":true,"href":"https:\/\/abaa.mx\/tienda\/wp-json\/wp\/v2\/product_cat?post=9596"},{"taxonomy":"product_tag","embeddable":true,"href":"https:\/\/abaa.mx\/tienda\/wp-json\/wp\/v2\/product_tag?post=9596"}],"curies":[{"name":"wp","href":"https:\/\/api.w.org\/{rel}","templated":true}]}}