{"id":9586,"date":"2023-12-04T16:55:47","date_gmt":"2023-12-04T16:55:47","guid":{"rendered":"https:\/\/abaa.mx\/tienda\/?post_type=product&#038;p=9586"},"modified":"2023-12-04T16:55:48","modified_gmt":"2023-12-04T16:55:48","slug":"gas-alert-micro-clip-xl-mcxlxwhmyna","status":"publish","type":"product","link":"https:\/\/abaa.mx\/tienda\/gas-alert-micro-clip-xl-mcxlxwhmyna\/","title":{"rendered":"Gas Alert Micro Clip XL-MCXLXWHMYNA"},"content":{"rendered":"<p>Gas Alert Micro Clip XL-MCXLXWHMYNA.<\/p>\n","protected":false},"excerpt":{"rendered":"<p>El GasAlertMicroClip de cuatro gases modelo BW-MCXLXWHMYNA es probablemente el detector multi-gas mucho m\u00e1s popular del mundo , y aparte de ser su compa\u00f1ero en entornos peligrosos, le mantiene seguro sin demandarle demasiado esfuerzo. Este aparato de protecci\u00f3n personal te deja monitorear simult\u00e1neamente 4 gases en una atm\u00f3sfera de un lugar de trabajo abierto o reclu\u00eddo. Cuenta con 3 g\u00e9neros de alarmas (visual, vibratoria y auditiva) que se activa en el momento en que cualquiera de los niveles de Ox\u00edgeno, H2S, CO y gases comburentes (%LEL) proporciona un riesgo a la salud e integridad del usuario o la cuadrilla de trabajo.<\/p>\n<p><strong>Caracter\u00edsticas principales:<\/strong>\u00a0Pila de larga duraci\u00f3n (hasta 18 horas continuas por 6 horas de recarga), Alarmas para limites bajo\/prominente y escenarios de exposici\u00f3n STEL, TWA. La lectura en pantalla exhibe a tiempo los escenarios de los gases. Opera en temperaturas extremas, protecci\u00f3n IP68.<\/p>\n<p><strong>Aplicaciones:<\/strong>\u00a0Trabajos a campo abierto o en espacios confinados en la industria petroqu\u00edmica, en operaciones de cuidado , limpieza de tanques, pipas y ca\u00f1er\u00edas. Dimensiones y peso: 145 x 74 x 38 mm, 370 g.<\/p>\n","protected":false},"featured_media":9587,"comment_status":"open","ping_status":"closed","template":"","meta":{"_joinchat":[]},"product_brand":[],"product_cat":[15],"product_tag":[],"class_list":{"0":"post-9586","1":"product","2":"type-product","3":"status-publish","4":"has-post-thumbnail","6":"product_cat-sin-categorizar","8":"first","9":"instock","10":"shipping-taxable","11":"product-type-simple"},"yoast_head":"<!-- This site is optimized with the Yoast SEO plugin v26.4 - https:\/\/yoast.com\/wordpress\/plugins\/seo\/ -->\n<title>Gas Alert Micro Clip XL-MCXLXWHMYNA - Abaa tienda online<\/title>\n<meta name=\"robots\" content=\"index, follow, max-snippet:-1, max-image-preview:large, max-video-preview:-1\" \/>\n<link rel=\"canonical\" href=\"https:\/\/abaa.mx\/tienda\/gas-alert-micro-clip-xl-mcxlxwhmyna\/\" \/>\n<meta property=\"og:locale\" content=\"es_MX\" \/>\n<meta property=\"og:type\" content=\"article\" \/>\n<meta property=\"og:title\" content=\"Gas Alert Micro Clip XL-MCXLXWHMYNA - Abaa tienda online\" \/>\n<meta property=\"og:description\" content=\"El GasAlertMicroClip de cuatro gases modelo BW-MCXLXWHMYNA es probablemente el detector multi-gas mucho m\u00e1s popular del mundo , y aparte de ser su compa\u00f1ero en entornos peligrosos, le mantiene seguro sin demandarle demasiado esfuerzo. Este aparato de protecci\u00f3n personal te deja monitorear simult\u00e1neamente 4 gases en una atm\u00f3sfera de un lugar de trabajo abierto o reclu\u00eddo. Cuenta con 3 g\u00e9neros de alarmas (visual, vibratoria y auditiva) que se activa en el momento en que cualquiera de los niveles de Ox\u00edgeno, H2S, CO y gases comburentes (%LEL) proporciona un riesgo a la salud e integridad del usuario o la cuadrilla de trabajo.  Caracter\u00edsticas principales:\u00a0Pila de larga duraci\u00f3n (hasta 18 horas continuas por 6 horas de recarga), Alarmas para limites bajo\/prominente y escenarios de exposici\u00f3n STEL, TWA. La lectura en pantalla exhibe a tiempo los escenarios de los gases. Opera en temperaturas extremas, protecci\u00f3n IP68.  Aplicaciones:\u00a0Trabajos a campo abierto o en espacios confinados en la industria petroqu\u00edmica, en operaciones de cuidado , limpieza de tanques, pipas y ca\u00f1er\u00edas. Dimensiones y peso: 145 x 74 x 38 mm, 370 g.\" \/>\n<meta property=\"og:url\" content=\"https:\/\/abaa.mx\/tienda\/gas-alert-micro-clip-xl-mcxlxwhmyna\/\" \/>\n<meta property=\"og:site_name\" content=\"Abaa tienda online\" \/>\n<meta property=\"article:modified_time\" content=\"2023-12-04T16:55:48+00:00\" \/>\n<meta property=\"og:image\" content=\"https:\/\/abaa.mx\/tienda\/wp-content\/uploads\/2023\/12\/HONEYWELL-BW-MCXLXWHMYNA.jpg\" \/>\n\t<meta property=\"og:image:width\" content=\"249\" \/>\n\t<meta property=\"og:image:height\" content=\"327\" \/>\n\t<meta property=\"og:image:type\" content=\"image\/jpeg\" \/>\n<meta name=\"twitter:card\" content=\"summary_large_image\" \/>\n<meta name=\"twitter:label1\" content=\"Tiempo de lectura\" \/>\n\t<meta name=\"twitter:data1\" content=\"1 minuto\" \/>\n<script type=\"application\/ld+json\" class=\"yoast-schema-graph\">{\"@context\":\"https:\/\/schema.org\",\"@graph\":[{\"@type\":\"WebPage\",\"@id\":\"https:\/\/abaa.mx\/tienda\/gas-alert-micro-clip-xl-mcxlxwhmyna\/\",\"url\":\"https:\/\/abaa.mx\/tienda\/gas-alert-micro-clip-xl-mcxlxwhmyna\/\",\"name\":\"Gas Alert Micro Clip XL-MCXLXWHMYNA - Abaa tienda online\",\"isPartOf\":{\"@id\":\"https:\/\/abaa.mx\/tienda\/#website\"},\"primaryImageOfPage\":{\"@id\":\"https:\/\/abaa.mx\/tienda\/gas-alert-micro-clip-xl-mcxlxwhmyna\/#primaryimage\"},\"image\":{\"@id\":\"https:\/\/abaa.mx\/tienda\/gas-alert-micro-clip-xl-mcxlxwhmyna\/#primaryimage\"},\"thumbnailUrl\":\"https:\/\/abaa.mx\/tienda\/wp-content\/uploads\/2023\/12\/HONEYWELL-BW-MCXLXWHMYNA.jpg\",\"datePublished\":\"2023-12-04T16:55:47+00:00\",\"dateModified\":\"2023-12-04T16:55:48+00:00\",\"breadcrumb\":{\"@id\":\"https:\/\/abaa.mx\/tienda\/gas-alert-micro-clip-xl-mcxlxwhmyna\/#breadcrumb\"},\"inLanguage\":\"es\",\"potentialAction\":[{\"@type\":\"ReadAction\",\"target\":[\"https:\/\/abaa.mx\/tienda\/gas-alert-micro-clip-xl-mcxlxwhmyna\/\"]}]},{\"@type\":\"ImageObject\",\"inLanguage\":\"es\",\"@id\":\"https:\/\/abaa.mx\/tienda\/gas-alert-micro-clip-xl-mcxlxwhmyna\/#primaryimage\",\"url\":\"https:\/\/abaa.mx\/tienda\/wp-content\/uploads\/2023\/12\/HONEYWELL-BW-MCXLXWHMYNA.jpg\",\"contentUrl\":\"https:\/\/abaa.mx\/tienda\/wp-content\/uploads\/2023\/12\/HONEYWELL-BW-MCXLXWHMYNA.jpg\",\"width\":249,\"height\":327,\"caption\":\"HONEYWELL BW-MCXLXWHMYNA\"},{\"@type\":\"BreadcrumbList\",\"@id\":\"https:\/\/abaa.mx\/tienda\/gas-alert-micro-clip-xl-mcxlxwhmyna\/#breadcrumb\",\"itemListElement\":[{\"@type\":\"ListItem\",\"position\":1,\"name\":\"Inicio\",\"item\":\"https:\/\/abaa.mx\/tienda\/\"},{\"@type\":\"ListItem\",\"position\":2,\"name\":\"Tienda\",\"item\":\"https:\/\/abaa.mx\/tienda\/\"},{\"@type\":\"ListItem\",\"position\":3,\"name\":\"Gas Alert Micro Clip XL-MCXLXWHMYNA\"}]},{\"@type\":\"WebSite\",\"@id\":\"https:\/\/abaa.mx\/tienda\/#website\",\"url\":\"https:\/\/abaa.mx\/tienda\/\",\"name\":\"Abaa tienda online\",\"description\":\"Instrumentos de medici\u00f3n\",\"publisher\":{\"@id\":\"https:\/\/abaa.mx\/tienda\/#organization\"},\"potentialAction\":[{\"@type\":\"SearchAction\",\"target\":{\"@type\":\"EntryPoint\",\"urlTemplate\":\"https:\/\/abaa.mx\/tienda\/?s={search_term_string}\"},\"query-input\":{\"@type\":\"PropertyValueSpecification\",\"valueRequired\":true,\"valueName\":\"search_term_string\"}}],\"inLanguage\":\"es\"},{\"@type\":\"Organization\",\"@id\":\"https:\/\/abaa.mx\/tienda\/#organization\",\"name\":\"Abaa tienda online\",\"url\":\"https:\/\/abaa.mx\/tienda\/\",\"logo\":{\"@type\":\"ImageObject\",\"inLanguage\":\"es\",\"@id\":\"https:\/\/abaa.mx\/tienda\/#\/schema\/logo\/image\/\",\"url\":\"https:\/\/abaa.mx\/tienda\/wp-content\/uploads\/2024\/01\/abaa-metrologia-tienda.png\",\"contentUrl\":\"https:\/\/abaa.mx\/tienda\/wp-content\/uploads\/2024\/01\/abaa-metrologia-tienda.png\",\"width\":300,\"height\":141,\"caption\":\"Abaa tienda online\"},\"image\":{\"@id\":\"https:\/\/abaa.mx\/tienda\/#\/schema\/logo\/image\/\"}}]}<\/script>\n<!-- \/ Yoast SEO plugin. -->","yoast_head_json":{"title":"Gas Alert Micro Clip XL-MCXLXWHMYNA - Abaa tienda online","robots":{"index":"index","follow":"follow","max-snippet":"max-snippet:-1","max-image-preview":"max-image-preview:large","max-video-preview":"max-video-preview:-1"},"canonical":"https:\/\/abaa.mx\/tienda\/gas-alert-micro-clip-xl-mcxlxwhmyna\/","og_locale":"es_MX","og_type":"article","og_title":"Gas Alert Micro Clip XL-MCXLXWHMYNA - Abaa tienda online","og_description":"El GasAlertMicroClip de cuatro gases modelo BW-MCXLXWHMYNA es probablemente el detector multi-gas mucho m\u00e1s popular del mundo , y aparte de ser su compa\u00f1ero en entornos peligrosos, le mantiene seguro sin demandarle demasiado esfuerzo. Este aparato de protecci\u00f3n personal te deja monitorear simult\u00e1neamente 4 gases en una atm\u00f3sfera de un lugar de trabajo abierto o reclu\u00eddo. Cuenta con 3 g\u00e9neros de alarmas (visual, vibratoria y auditiva) que se activa en el momento en que cualquiera de los niveles de Ox\u00edgeno, H2S, CO y gases comburentes (%LEL) proporciona un riesgo a la salud e integridad del usuario o la cuadrilla de trabajo.  Caracter\u00edsticas principales:\u00a0Pila de larga duraci\u00f3n (hasta 18 horas continuas por 6 horas de recarga), Alarmas para limites bajo\/prominente y escenarios de exposici\u00f3n STEL, TWA. La lectura en pantalla exhibe a tiempo los escenarios de los gases. Opera en temperaturas extremas, protecci\u00f3n IP68.  Aplicaciones:\u00a0Trabajos a campo abierto o en espacios confinados en la industria petroqu\u00edmica, en operaciones de cuidado , limpieza de tanques, pipas y ca\u00f1er\u00edas. Dimensiones y peso: 145 x 74 x 38 mm, 370 g.","og_url":"https:\/\/abaa.mx\/tienda\/gas-alert-micro-clip-xl-mcxlxwhmyna\/","og_site_name":"Abaa tienda online","article_modified_time":"2023-12-04T16:55:48+00:00","og_image":[{"width":249,"height":327,"url":"https:\/\/abaa.mx\/tienda\/wp-content\/uploads\/2023\/12\/HONEYWELL-BW-MCXLXWHMYNA.jpg","type":"image\/jpeg"}],"twitter_card":"summary_large_image","twitter_misc":{"Tiempo de lectura":"1 minuto"},"schema":{"@context":"https:\/\/schema.org","@graph":[{"@type":"WebPage","@id":"https:\/\/abaa.mx\/tienda\/gas-alert-micro-clip-xl-mcxlxwhmyna\/","url":"https:\/\/abaa.mx\/tienda\/gas-alert-micro-clip-xl-mcxlxwhmyna\/","name":"Gas Alert Micro Clip XL-MCXLXWHMYNA - Abaa tienda online","isPartOf":{"@id":"https:\/\/abaa.mx\/tienda\/#website"},"primaryImageOfPage":{"@id":"https:\/\/abaa.mx\/tienda\/gas-alert-micro-clip-xl-mcxlxwhmyna\/#primaryimage"},"image":{"@id":"https:\/\/abaa.mx\/tienda\/gas-alert-micro-clip-xl-mcxlxwhmyna\/#primaryimage"},"thumbnailUrl":"https:\/\/abaa.mx\/tienda\/wp-content\/uploads\/2023\/12\/HONEYWELL-BW-MCXLXWHMYNA.jpg","datePublished":"2023-12-04T16:55:47+00:00","dateModified":"2023-12-04T16:55:48+00:00","breadcrumb":{"@id":"https:\/\/abaa.mx\/tienda\/gas-alert-micro-clip-xl-mcxlxwhmyna\/#breadcrumb"},"inLanguage":"es","potentialAction":[{"@type":"ReadAction","target":["https:\/\/abaa.mx\/tienda\/gas-alert-micro-clip-xl-mcxlxwhmyna\/"]}]},{"@type":"ImageObject","inLanguage":"es","@id":"https:\/\/abaa.mx\/tienda\/gas-alert-micro-clip-xl-mcxlxwhmyna\/#primaryimage","url":"https:\/\/abaa.mx\/tienda\/wp-content\/uploads\/2023\/12\/HONEYWELL-BW-MCXLXWHMYNA.jpg","contentUrl":"https:\/\/abaa.mx\/tienda\/wp-content\/uploads\/2023\/12\/HONEYWELL-BW-MCXLXWHMYNA.jpg","width":249,"height":327,"caption":"HONEYWELL BW-MCXLXWHMYNA"},{"@type":"BreadcrumbList","@id":"https:\/\/abaa.mx\/tienda\/gas-alert-micro-clip-xl-mcxlxwhmyna\/#breadcrumb","itemListElement":[{"@type":"ListItem","position":1,"name":"Inicio","item":"https:\/\/abaa.mx\/tienda\/"},{"@type":"ListItem","position":2,"name":"Tienda","item":"https:\/\/abaa.mx\/tienda\/"},{"@type":"ListItem","position":3,"name":"Gas Alert Micro Clip XL-MCXLXWHMYNA"}]},{"@type":"WebSite","@id":"https:\/\/abaa.mx\/tienda\/#website","url":"https:\/\/abaa.mx\/tienda\/","name":"Abaa tienda online","description":"Instrumentos de medici\u00f3n","publisher":{"@id":"https:\/\/abaa.mx\/tienda\/#organization"},"potentialAction":[{"@type":"SearchAction","target":{"@type":"EntryPoint","urlTemplate":"https:\/\/abaa.mx\/tienda\/?s={search_term_string}"},"query-input":{"@type":"PropertyValueSpecification","valueRequired":true,"valueName":"search_term_string"}}],"inLanguage":"es"},{"@type":"Organization","@id":"https:\/\/abaa.mx\/tienda\/#organization","name":"Abaa tienda online","url":"https:\/\/abaa.mx\/tienda\/","logo":{"@type":"ImageObject","inLanguage":"es","@id":"https:\/\/abaa.mx\/tienda\/#\/schema\/logo\/image\/","url":"https:\/\/abaa.mx\/tienda\/wp-content\/uploads\/2024\/01\/abaa-metrologia-tienda.png","contentUrl":"https:\/\/abaa.mx\/tienda\/wp-content\/uploads\/2024\/01\/abaa-metrologia-tienda.png","width":300,"height":141,"caption":"Abaa tienda online"},"image":{"@id":"https:\/\/abaa.mx\/tienda\/#\/schema\/logo\/image\/"}}]}},"_links":{"self":[{"href":"https:\/\/abaa.mx\/tienda\/wp-json\/wp\/v2\/product\/9586","targetHints":{"allow":["GET"]}}],"collection":[{"href":"https:\/\/abaa.mx\/tienda\/wp-json\/wp\/v2\/product"}],"about":[{"href":"https:\/\/abaa.mx\/tienda\/wp-json\/wp\/v2\/types\/product"}],"replies":[{"embeddable":true,"href":"https:\/\/abaa.mx\/tienda\/wp-json\/wp\/v2\/comments?post=9586"}],"wp:featuredmedia":[{"embeddable":true,"href":"https:\/\/abaa.mx\/tienda\/wp-json\/wp\/v2\/media\/9587"}],"wp:attachment":[{"href":"https:\/\/abaa.mx\/tienda\/wp-json\/wp\/v2\/media?parent=9586"}],"wp:term":[{"taxonomy":"product_brand","embeddable":true,"href":"https:\/\/abaa.mx\/tienda\/wp-json\/wp\/v2\/product_brand?post=9586"},{"taxonomy":"product_cat","embeddable":true,"href":"https:\/\/abaa.mx\/tienda\/wp-json\/wp\/v2\/product_cat?post=9586"},{"taxonomy":"product_tag","embeddable":true,"href":"https:\/\/abaa.mx\/tienda\/wp-json\/wp\/v2\/product_tag?post=9586"}],"curies":[{"name":"wp","href":"https:\/\/api.w.org\/{rel}","templated":true}]}}