{"id":9303,"date":"2023-11-27T14:52:18","date_gmt":"2023-11-27T14:52:18","guid":{"rendered":"https:\/\/abaa.mx\/tienda\/?post_type=product&#038;p=9303"},"modified":"2023-11-27T14:52:18","modified_gmt":"2023-11-27T14:52:18","slug":"boroscopio-para-tuberia-con-camara-6mmsonda-de-20-metros-wp-wpsa1c7","status":"publish","type":"product","link":"https:\/\/abaa.mx\/tienda\/boroscopio-para-tuberia-con-camara-6mmsonda-de-20-metros-wp-wpsa1c7\/","title":{"rendered":"Boroscopio Para Tuberia con Camara 6mm,Sonda de 20 Metros WP-WPSA1C7"},"content":{"rendered":"<p>Boroscopio Para Tuberia con Camara 6mm,Sonda de 20 Metros WP-WPSA1C7.<\/p>\n","protected":false},"excerpt":{"rendered":"<ul>\n<li>Funci\u00f3n de zoom (8 niveles).<\/li>\n<li>Apoyo a la captura de im\u00e1genes durante la grabaci\u00f3n.<\/li>\n<li>Grabaci\u00f3n de video \/ audio con un solo toque y captura de imagen.<\/li>\n<li>Duraci\u00f3n de la bater\u00eda de 7 horas.<\/li>\n<li>Admite una tarjeta SD m\u00e1xima de 256G o una memoria USB.<\/li>\n<\/ul>\n<p><strong>Aplicaciones:<\/strong><\/p>\n<ul>\n<li>Ductos de cableado<\/li>\n<li>Aires acondicionados<\/li>\n<li>Instalaciones de edificios<\/li>\n<li>Plomer\u00eda<\/li>\n<li>Suministro y Tratamiento de Aguas<\/li>\n<li>Ductos de sistemas de vac\u00edo<\/li>\n<\/ul>\n<p><strong>Especificaciones t\u00e9cnicas:<\/strong><\/p>\n<ul>\n<li>\u00d85mm, carrete de cable de 20 m.<\/li>\n<li>ranura para tarjetas SD.<\/li>\n<li>Caja de control.<\/li>\n<li>Bater\u00eda integrada.<\/li>\n<li>memoria USB.<\/li>\n<li>Freno de cable.<\/li>\n<li>Pantalla a color TFT de 7 pulgadas.<\/li>\n<li>Caja de aluminio.<\/li>\n<li>Captura de imagen.<\/li>\n<li>Acercar (8 niveles).<\/li>\n<li>Cabeza de la c\u00e1mara.<\/li>\n<li>Disminuir el zoom.<\/li>\n<li>Interruptor de brillo.<\/li>\n<li>Grabar video \/ audio.<\/li>\n<\/ul>\n<p><strong>Accesorios:<\/strong><\/p>\n<ul>\n<li>Tama\u00f1o: 511*530*200.<\/li>\n<li>Tama\u00f1o del cable: \u00f8330*110 mm.<\/li>\n<li>Di\u00e1metro de tuber\u00eda adecuado: 30-200 mm.<\/li>\n<li>Formato de foto: JPEG.<\/li>\n<li>Di\u00e1metro del cable: \u00f85mm.<\/li>\n<li>Formato de pel\u00edcula: AVI.<\/li>\n<li>P\u00edxeles totales de DVR: 720*576.<\/li>\n<li>Longitud m\u00e1xima: 50 m.<\/li>\n<li>Zoom digital de 8 niveles.<\/li>\n<li>Longitud del cable: 20m.<\/li>\n<li>Leds: 4 piezas.<\/li>\n<li>Tiempo de funcionamiento: \u22657 horas.<\/li>\n<li>Resoluci\u00f3n de video: 720*625.<\/li>\n<li>Medio de almacenamiento: tarjeta SD de 8G (m\u00e1ximo 256G) y memoria USB.<\/li>\n<li>Tiempo de carga: 5 horas.<\/li>\n<li>P\u00edxeles totales: 800*480.<\/li>\n<li>Resistente al agua: IP66.<\/li>\n<li>Patines: 12mm.<\/li>\n<li>Material de la caja: pl\u00e1stico de ingenier\u00eda.<\/li>\n<li>\u00c1ngulo de visi\u00f3n: 60\u00b0.<\/li>\n<li>Tama\u00f1o de la c\u00e1mara: \u00f87mm*48mm.<\/li>\n<li>Tama\u00f1o de la pantalla: pantalla a color TFT de 7 pulgadas.<\/li>\n<\/ul>\n","protected":false},"featured_media":9310,"comment_status":"open","ping_status":"closed","template":"","meta":{"_joinchat":[]},"product_brand":[],"product_cat":[88],"product_tag":[],"class_list":{"0":"post-9303","1":"product","2":"type-product","3":"status-publish","4":"has-post-thumbnail","6":"product_cat-boroscopios","8":"first","9":"instock","10":"shipping-taxable","11":"product-type-simple"},"yoast_head":"<!-- This site is optimized with the Yoast SEO plugin v26.4 - https:\/\/yoast.com\/wordpress\/plugins\/seo\/ -->\n<title>Boroscopio Para Tuberia con Camara 6mm,Sonda de 20 Metros WP-WPSA1C7 - Abaa tienda online<\/title>\n<meta name=\"robots\" content=\"index, follow, max-snippet:-1, max-image-preview:large, max-video-preview:-1\" \/>\n<link rel=\"canonical\" href=\"https:\/\/abaa.mx\/tienda\/boroscopio-para-tuberia-con-camara-6mmsonda-de-20-metros-wp-wpsa1c7\/\" \/>\n<meta property=\"og:locale\" content=\"es_MX\" \/>\n<meta property=\"og:type\" content=\"article\" \/>\n<meta property=\"og:title\" content=\"Boroscopio Para Tuberia con Camara 6mm,Sonda de 20 Metros WP-WPSA1C7 - Abaa tienda online\" \/>\n<meta property=\"og:description\" content=\"Funci\u00f3n de zoom (8 niveles).  Apoyo a la captura de im\u00e1genes durante la grabaci\u00f3n.  Grabaci\u00f3n de video \/ audio con un solo toque y captura de imagen.  Duraci\u00f3n de la bater\u00eda de 7 horas.  Admite una tarjeta SD m\u00e1xima de 256G o una memoria USB.  Aplicaciones:   Ductos de cableado  Aires acondicionados  Instalaciones de edificios  Plomer\u00eda  Suministro y Tratamiento de Aguas  Ductos de sistemas de vac\u00edo  Especificaciones t\u00e9cnicas:   \u00d85mm, carrete de cable de 20 m.  ranura para tarjetas SD.  Caja de control.  Bater\u00eda integrada.  memoria USB.  Freno de cable.  Pantalla a color TFT de 7 pulgadas.  Caja de aluminio.  Captura de imagen.  Acercar (8 niveles).  Cabeza de la c\u00e1mara.  Disminuir el zoom.  Interruptor de brillo.  Grabar video \/ audio.  Accesorios:   Tama\u00f1o: 511*530*200.  Tama\u00f1o del cable: \u00f8330*110 mm.  Di\u00e1metro de tuber\u00eda adecuado: 30-200 mm.  Formato de foto: JPEG.  Di\u00e1metro del cable: \u00f85mm.  Formato de pel\u00edcula: AVI.  P\u00edxeles totales de DVR: 720*576.  Longitud m\u00e1xima: 50 m.  Zoom digital de 8 niveles.  Longitud del cable: 20m.  Leds: 4 piezas.  Tiempo de funcionamiento: \u22657 horas.  Resoluci\u00f3n de video: 720*625.  Medio de almacenamiento: tarjeta SD de 8G (m\u00e1ximo 256G) y memoria USB.  Tiempo de carga: 5 horas.  P\u00edxeles totales: 800*480.  Resistente al agua: IP66.  Patines: 12mm.  Material de la caja: pl\u00e1stico de ingenier\u00eda.  \u00c1ngulo de visi\u00f3n: 60\u00b0.  Tama\u00f1o de la c\u00e1mara: \u00f87mm*48mm.  Tama\u00f1o de la pantalla: pantalla a color TFT de 7 pulgadas.\" \/>\n<meta property=\"og:url\" content=\"https:\/\/abaa.mx\/tienda\/boroscopio-para-tuberia-con-camara-6mmsonda-de-20-metros-wp-wpsa1c7\/\" \/>\n<meta property=\"og:site_name\" content=\"Abaa tienda online\" \/>\n<meta property=\"og:image\" content=\"https:\/\/abaa.mx\/tienda\/wp-content\/uploads\/2023\/11\/WOPSON-WP-WPSA1CF.jpg\" \/>\n\t<meta property=\"og:image:width\" content=\"418\" \/>\n\t<meta property=\"og:image:height\" content=\"421\" \/>\n\t<meta property=\"og:image:type\" content=\"image\/jpeg\" \/>\n<meta name=\"twitter:card\" content=\"summary_large_image\" \/>\n<meta name=\"twitter:label1\" content=\"Tiempo de lectura\" \/>\n\t<meta name=\"twitter:data1\" content=\"1 minuto\" \/>\n<script type=\"application\/ld+json\" class=\"yoast-schema-graph\">{\"@context\":\"https:\/\/schema.org\",\"@graph\":[{\"@type\":\"WebPage\",\"@id\":\"https:\/\/abaa.mx\/tienda\/boroscopio-para-tuberia-con-camara-6mmsonda-de-20-metros-wp-wpsa1c7\/\",\"url\":\"https:\/\/abaa.mx\/tienda\/boroscopio-para-tuberia-con-camara-6mmsonda-de-20-metros-wp-wpsa1c7\/\",\"name\":\"Boroscopio Para Tuberia con Camara 6mm,Sonda de 20 Metros WP-WPSA1C7 - Abaa tienda online\",\"isPartOf\":{\"@id\":\"https:\/\/abaa.mx\/tienda\/#website\"},\"primaryImageOfPage\":{\"@id\":\"https:\/\/abaa.mx\/tienda\/boroscopio-para-tuberia-con-camara-6mmsonda-de-20-metros-wp-wpsa1c7\/#primaryimage\"},\"image\":{\"@id\":\"https:\/\/abaa.mx\/tienda\/boroscopio-para-tuberia-con-camara-6mmsonda-de-20-metros-wp-wpsa1c7\/#primaryimage\"},\"thumbnailUrl\":\"https:\/\/abaa.mx\/tienda\/wp-content\/uploads\/2023\/11\/WOPSON-WP-WPSA1CF.jpg\",\"datePublished\":\"2023-11-27T14:52:18+00:00\",\"breadcrumb\":{\"@id\":\"https:\/\/abaa.mx\/tienda\/boroscopio-para-tuberia-con-camara-6mmsonda-de-20-metros-wp-wpsa1c7\/#breadcrumb\"},\"inLanguage\":\"es\",\"potentialAction\":[{\"@type\":\"ReadAction\",\"target\":[\"https:\/\/abaa.mx\/tienda\/boroscopio-para-tuberia-con-camara-6mmsonda-de-20-metros-wp-wpsa1c7\/\"]}]},{\"@type\":\"ImageObject\",\"inLanguage\":\"es\",\"@id\":\"https:\/\/abaa.mx\/tienda\/boroscopio-para-tuberia-con-camara-6mmsonda-de-20-metros-wp-wpsa1c7\/#primaryimage\",\"url\":\"https:\/\/abaa.mx\/tienda\/wp-content\/uploads\/2023\/11\/WOPSON-WP-WPSA1CF.jpg\",\"contentUrl\":\"https:\/\/abaa.mx\/tienda\/wp-content\/uploads\/2023\/11\/WOPSON-WP-WPSA1CF.jpg\",\"width\":418,\"height\":421,\"caption\":\"WOPSON-WP-WPSA1CF\"},{\"@type\":\"BreadcrumbList\",\"@id\":\"https:\/\/abaa.mx\/tienda\/boroscopio-para-tuberia-con-camara-6mmsonda-de-20-metros-wp-wpsa1c7\/#breadcrumb\",\"itemListElement\":[{\"@type\":\"ListItem\",\"position\":1,\"name\":\"Inicio\",\"item\":\"https:\/\/abaa.mx\/tienda\/\"},{\"@type\":\"ListItem\",\"position\":2,\"name\":\"Tienda\",\"item\":\"https:\/\/abaa.mx\/tienda\/\"},{\"@type\":\"ListItem\",\"position\":3,\"name\":\"Boroscopio Para Tuberia con Camara 6mm,Sonda de 20 Metros WP-WPSA1C7\"}]},{\"@type\":\"WebSite\",\"@id\":\"https:\/\/abaa.mx\/tienda\/#website\",\"url\":\"https:\/\/abaa.mx\/tienda\/\",\"name\":\"Abaa tienda online\",\"description\":\"Instrumentos de medici\u00f3n\",\"publisher\":{\"@id\":\"https:\/\/abaa.mx\/tienda\/#organization\"},\"potentialAction\":[{\"@type\":\"SearchAction\",\"target\":{\"@type\":\"EntryPoint\",\"urlTemplate\":\"https:\/\/abaa.mx\/tienda\/?s={search_term_string}\"},\"query-input\":{\"@type\":\"PropertyValueSpecification\",\"valueRequired\":true,\"valueName\":\"search_term_string\"}}],\"inLanguage\":\"es\"},{\"@type\":\"Organization\",\"@id\":\"https:\/\/abaa.mx\/tienda\/#organization\",\"name\":\"Abaa tienda online\",\"url\":\"https:\/\/abaa.mx\/tienda\/\",\"logo\":{\"@type\":\"ImageObject\",\"inLanguage\":\"es\",\"@id\":\"https:\/\/abaa.mx\/tienda\/#\/schema\/logo\/image\/\",\"url\":\"https:\/\/abaa.mx\/tienda\/wp-content\/uploads\/2024\/01\/abaa-metrologia-tienda.png\",\"contentUrl\":\"https:\/\/abaa.mx\/tienda\/wp-content\/uploads\/2024\/01\/abaa-metrologia-tienda.png\",\"width\":300,\"height\":141,\"caption\":\"Abaa tienda online\"},\"image\":{\"@id\":\"https:\/\/abaa.mx\/tienda\/#\/schema\/logo\/image\/\"}}]}<\/script>\n<!-- \/ Yoast SEO plugin. -->","yoast_head_json":{"title":"Boroscopio Para Tuberia con Camara 6mm,Sonda de 20 Metros WP-WPSA1C7 - Abaa tienda online","robots":{"index":"index","follow":"follow","max-snippet":"max-snippet:-1","max-image-preview":"max-image-preview:large","max-video-preview":"max-video-preview:-1"},"canonical":"https:\/\/abaa.mx\/tienda\/boroscopio-para-tuberia-con-camara-6mmsonda-de-20-metros-wp-wpsa1c7\/","og_locale":"es_MX","og_type":"article","og_title":"Boroscopio Para Tuberia con Camara 6mm,Sonda de 20 Metros WP-WPSA1C7 - Abaa tienda online","og_description":"Funci\u00f3n de zoom (8 niveles).  Apoyo a la captura de im\u00e1genes durante la grabaci\u00f3n.  Grabaci\u00f3n de video \/ audio con un solo toque y captura de imagen.  Duraci\u00f3n de la bater\u00eda de 7 horas.  Admite una tarjeta SD m\u00e1xima de 256G o una memoria USB.  Aplicaciones:   Ductos de cableado  Aires acondicionados  Instalaciones de edificios  Plomer\u00eda  Suministro y Tratamiento de Aguas  Ductos de sistemas de vac\u00edo  Especificaciones t\u00e9cnicas:   \u00d85mm, carrete de cable de 20 m.  ranura para tarjetas SD.  Caja de control.  Bater\u00eda integrada.  memoria USB.  Freno de cable.  Pantalla a color TFT de 7 pulgadas.  Caja de aluminio.  Captura de imagen.  Acercar (8 niveles).  Cabeza de la c\u00e1mara.  Disminuir el zoom.  Interruptor de brillo.  Grabar video \/ audio.  Accesorios:   Tama\u00f1o: 511*530*200.  Tama\u00f1o del cable: \u00f8330*110 mm.  Di\u00e1metro de tuber\u00eda adecuado: 30-200 mm.  Formato de foto: JPEG.  Di\u00e1metro del cable: \u00f85mm.  Formato de pel\u00edcula: AVI.  P\u00edxeles totales de DVR: 720*576.  Longitud m\u00e1xima: 50 m.  Zoom digital de 8 niveles.  Longitud del cable: 20m.  Leds: 4 piezas.  Tiempo de funcionamiento: \u22657 horas.  Resoluci\u00f3n de video: 720*625.  Medio de almacenamiento: tarjeta SD de 8G (m\u00e1ximo 256G) y memoria USB.  Tiempo de carga: 5 horas.  P\u00edxeles totales: 800*480.  Resistente al agua: IP66.  Patines: 12mm.  Material de la caja: pl\u00e1stico de ingenier\u00eda.  \u00c1ngulo de visi\u00f3n: 60\u00b0.  Tama\u00f1o de la c\u00e1mara: \u00f87mm*48mm.  Tama\u00f1o de la pantalla: pantalla a color TFT de 7 pulgadas.","og_url":"https:\/\/abaa.mx\/tienda\/boroscopio-para-tuberia-con-camara-6mmsonda-de-20-metros-wp-wpsa1c7\/","og_site_name":"Abaa tienda online","og_image":[{"width":418,"height":421,"url":"https:\/\/abaa.mx\/tienda\/wp-content\/uploads\/2023\/11\/WOPSON-WP-WPSA1CF.jpg","type":"image\/jpeg"}],"twitter_card":"summary_large_image","twitter_misc":{"Tiempo de lectura":"1 minuto"},"schema":{"@context":"https:\/\/schema.org","@graph":[{"@type":"WebPage","@id":"https:\/\/abaa.mx\/tienda\/boroscopio-para-tuberia-con-camara-6mmsonda-de-20-metros-wp-wpsa1c7\/","url":"https:\/\/abaa.mx\/tienda\/boroscopio-para-tuberia-con-camara-6mmsonda-de-20-metros-wp-wpsa1c7\/","name":"Boroscopio Para Tuberia con Camara 6mm,Sonda de 20 Metros WP-WPSA1C7 - Abaa tienda online","isPartOf":{"@id":"https:\/\/abaa.mx\/tienda\/#website"},"primaryImageOfPage":{"@id":"https:\/\/abaa.mx\/tienda\/boroscopio-para-tuberia-con-camara-6mmsonda-de-20-metros-wp-wpsa1c7\/#primaryimage"},"image":{"@id":"https:\/\/abaa.mx\/tienda\/boroscopio-para-tuberia-con-camara-6mmsonda-de-20-metros-wp-wpsa1c7\/#primaryimage"},"thumbnailUrl":"https:\/\/abaa.mx\/tienda\/wp-content\/uploads\/2023\/11\/WOPSON-WP-WPSA1CF.jpg","datePublished":"2023-11-27T14:52:18+00:00","breadcrumb":{"@id":"https:\/\/abaa.mx\/tienda\/boroscopio-para-tuberia-con-camara-6mmsonda-de-20-metros-wp-wpsa1c7\/#breadcrumb"},"inLanguage":"es","potentialAction":[{"@type":"ReadAction","target":["https:\/\/abaa.mx\/tienda\/boroscopio-para-tuberia-con-camara-6mmsonda-de-20-metros-wp-wpsa1c7\/"]}]},{"@type":"ImageObject","inLanguage":"es","@id":"https:\/\/abaa.mx\/tienda\/boroscopio-para-tuberia-con-camara-6mmsonda-de-20-metros-wp-wpsa1c7\/#primaryimage","url":"https:\/\/abaa.mx\/tienda\/wp-content\/uploads\/2023\/11\/WOPSON-WP-WPSA1CF.jpg","contentUrl":"https:\/\/abaa.mx\/tienda\/wp-content\/uploads\/2023\/11\/WOPSON-WP-WPSA1CF.jpg","width":418,"height":421,"caption":"WOPSON-WP-WPSA1CF"},{"@type":"BreadcrumbList","@id":"https:\/\/abaa.mx\/tienda\/boroscopio-para-tuberia-con-camara-6mmsonda-de-20-metros-wp-wpsa1c7\/#breadcrumb","itemListElement":[{"@type":"ListItem","position":1,"name":"Inicio","item":"https:\/\/abaa.mx\/tienda\/"},{"@type":"ListItem","position":2,"name":"Tienda","item":"https:\/\/abaa.mx\/tienda\/"},{"@type":"ListItem","position":3,"name":"Boroscopio Para Tuberia con Camara 6mm,Sonda de 20 Metros WP-WPSA1C7"}]},{"@type":"WebSite","@id":"https:\/\/abaa.mx\/tienda\/#website","url":"https:\/\/abaa.mx\/tienda\/","name":"Abaa tienda online","description":"Instrumentos de medici\u00f3n","publisher":{"@id":"https:\/\/abaa.mx\/tienda\/#organization"},"potentialAction":[{"@type":"SearchAction","target":{"@type":"EntryPoint","urlTemplate":"https:\/\/abaa.mx\/tienda\/?s={search_term_string}"},"query-input":{"@type":"PropertyValueSpecification","valueRequired":true,"valueName":"search_term_string"}}],"inLanguage":"es"},{"@type":"Organization","@id":"https:\/\/abaa.mx\/tienda\/#organization","name":"Abaa tienda online","url":"https:\/\/abaa.mx\/tienda\/","logo":{"@type":"ImageObject","inLanguage":"es","@id":"https:\/\/abaa.mx\/tienda\/#\/schema\/logo\/image\/","url":"https:\/\/abaa.mx\/tienda\/wp-content\/uploads\/2024\/01\/abaa-metrologia-tienda.png","contentUrl":"https:\/\/abaa.mx\/tienda\/wp-content\/uploads\/2024\/01\/abaa-metrologia-tienda.png","width":300,"height":141,"caption":"Abaa tienda online"},"image":{"@id":"https:\/\/abaa.mx\/tienda\/#\/schema\/logo\/image\/"}}]}},"_links":{"self":[{"href":"https:\/\/abaa.mx\/tienda\/wp-json\/wp\/v2\/product\/9303","targetHints":{"allow":["GET"]}}],"collection":[{"href":"https:\/\/abaa.mx\/tienda\/wp-json\/wp\/v2\/product"}],"about":[{"href":"https:\/\/abaa.mx\/tienda\/wp-json\/wp\/v2\/types\/product"}],"replies":[{"embeddable":true,"href":"https:\/\/abaa.mx\/tienda\/wp-json\/wp\/v2\/comments?post=9303"}],"wp:featuredmedia":[{"embeddable":true,"href":"https:\/\/abaa.mx\/tienda\/wp-json\/wp\/v2\/media\/9310"}],"wp:attachment":[{"href":"https:\/\/abaa.mx\/tienda\/wp-json\/wp\/v2\/media?parent=9303"}],"wp:term":[{"taxonomy":"product_brand","embeddable":true,"href":"https:\/\/abaa.mx\/tienda\/wp-json\/wp\/v2\/product_brand?post=9303"},{"taxonomy":"product_cat","embeddable":true,"href":"https:\/\/abaa.mx\/tienda\/wp-json\/wp\/v2\/product_cat?post=9303"},{"taxonomy":"product_tag","embeddable":true,"href":"https:\/\/abaa.mx\/tienda\/wp-json\/wp\/v2\/product_tag?post=9303"}],"curies":[{"name":"wp","href":"https:\/\/api.w.org\/{rel}","templated":true}]}}