{"id":9297,"date":"2023-11-24T20:54:35","date_gmt":"2023-11-24T20:54:35","guid":{"rendered":"https:\/\/abaa.mx\/tienda\/?post_type=product&#038;p=9297"},"modified":"2023-11-24T20:54:35","modified_gmt":"2023-11-24T20:54:35","slug":"banco-de-pruebas-motorizado-mx2110","status":"publish","type":"product","link":"https:\/\/abaa.mx\/tienda\/banco-de-pruebas-motorizado-mx2110\/","title":{"rendered":"Banco de pruebas motorizado MX2110"},"content":{"rendered":"<p>Banco de pruebas motorizado MX2110.<\/p>\n","protected":false},"excerpt":{"rendered":"<h4>Caracter\u00edsticas est\u00e1ndar:<\/h4>\n<ul>\n<li>Un soporte para pruebas de compresi\u00f3n (empuje) y tensi\u00f3n (tracci\u00f3n).<\/li>\n<li>Temporizador programable de hasta 99\u2032 59,9 s en incrementos de 0,1 s.<\/li>\n<li>Prevenci\u00f3n de sobrecarga condicional.<\/li>\n<li>Dial de programa f\u00e1cil de usar y modo de control de pantallas de men\u00fa, velocidad, temporizador y ciclos.<\/li>\n<li>Medidor de distancia digital opcional disponible.<\/li>\n<li>Ultra r\u00edgido, deflexi\u00f3n de 0,5 mm con carga m\u00e1xima.<\/li>\n<li>Control manual, incremental, de ciclo \u00fanico, de ciclo continuo y de fuerza (con man\u00f3metros de la serie ZT) seleccionable.<\/li>\n<li>Operaci\u00f3n controlada por fuerza con medidores de fuerza de la serie Imada ZT.<\/li>\n<li>Espacio libre m\u00e1ximo 9\u2033 (con extensor 14\u2033).<\/li>\n<\/ul>\n<p>Los aguantes de prueba motorizados MX2 ofrecen funciones destacadas de prueba de fuerza, como control de velocidad digital, control de temporizador y contador de ciclos. El banco de pruebas de medici\u00f3n de fuerza MX2 incorpora una pantalla LCD f\u00e1cil de leer en la base. Utilice el dial de programa intuitivo para establecer el modo perfecto , la agilidad , el tiempo de duraci\u00f3n de la prueba, la proporci\u00f3n de ciclos y cambiar otras configuraciones de prueba disponibles. Con varias configuraciones de prueba editables , el banco de pruebas se puede utilizar para una variedad de pruebas que tienen dentro : pruebas destructivas y no destructivas , pruebas de l\u00edmite a un valor de fuerza, pruebas de ciclo y mucho m\u00e1s.<\/p>\n<h4>Capacidad de control de fuerza:<\/h4>\n<p>Las pruebas no destructivas controladas por fuerza tambi\u00e9n son f\u00e1ciles de configurar y programar.\u00a0Conecte un dinam\u00f3metro de la serie ZT de Imada al banco de pruebas MX2 para habilitar dos modos de control de fuerza y \u200b\u200bprevenci\u00f3n de sobrecarga condicional.\u00a0El control de fuerza permite a los usuarios programar el banco de pruebas para que se mueva hasta que se alcance un cierto valor de fuerza.\u00a0Para obtener m\u00e1s informaci\u00f3n, consulte la pesta\u00f1a de control de fuerza a continuaci\u00f3n.<\/p>\n<h4>Utilidad incomparable:<\/h4>\n<p>El MX2 acepta alguno de los dinam\u00f3metros Imada de la gama est\u00e1ndar. Imada sugiere usar man\u00f3metros de la serie ZT para explotar todas las caracter\u00edsticas del MX2. Los medidores de distancia digitales opcionales est\u00e1n libres en pluralidad est\u00e1ndar y de alta velocidad. Ambos medidores de distancia digitales tienen habilidades de salida de PC.<\/p>\n<p>La placa adaptadora AP-002 est\u00e1 libre para montar la mayor parte de los otros medidores de fuerza en bancos de prueba IMADA.<\/p>\n<p><strong>Mantener fuerza entre puntos de ajuste alto\/bajo:<\/strong><\/p>\n<p>La agilidad inicial de la cruceta se controla mediante el ajuste de agilidad de comienzo. El control de fuerza se activa cuando la fuerza aplicada sobrepasa el punto de ajuste bajo (y por debajo del punto de ajuste prominente ) en el dinam\u00f3metro de la serie ZT. La cruceta sostiene la fuerza entre el punto de ajuste bajo y alto durante el tiempo de espera concretado y despu\u00e9s vuelve a la situaci\u00f3n inicial.<\/p>\n<p><strong>Aumente la fuerza al punto de ajuste alto y det\u00e9ngase:<\/strong><\/p>\n<p>La velocidad inicial de la cruceta se controla a trav\u00e9s de el ajuste de velocidad de inicio. Cuando la fuerza aplicada consigue el punto de ajuste bajo del dinam\u00f3metro de la serie ZT, el banco de pruebas activa el ajuste de velocidad de medici\u00f3n. El medidor se detiene cuando la fuerza aplicada alcanza el punto de ajuste alto en el medidor de fuerza de la serie ZT. Perfecto para pruebas no destructivas o de fluencia. El per\u00edodo se reitera hasta el momento en que se alcanza el l\u00edmite del contador.<\/p>\n<h4 class=\"tablepress-table-name tablepress-table-name-id-34\">Especificaciones del medidor de distancia est\u00e1ndar:<\/h4>\n<div class=\"scrollable-wrapper\">\n<table id=\"tablepress-34\" class=\"tablepress tablepress-id-34 tablepress-responsive\" aria-describedby=\"tablepress-34-description\" aria-labelledby=\"tablepress-34-name\">\n<tbody class=\"row-hover\">\n<tr class=\"row-1 odd\">\n<td class=\"column-1\">Mostrar<\/td>\n<td class=\"column-2\">Pulsador para pulgadas\/mm, puesta a cero y encendido\/apagado<\/td>\n<\/tr>\n<tr class=\"row-2 even\">\n<td class=\"column-1\">Resoluci\u00f3n<\/td>\n<td class=\"column-2\">0,0005&#8243;\/0,01 mm<\/td>\n<\/tr>\n<tr class=\"row-3 odd\">\n<td class=\"column-1\">Exactitud<\/td>\n<td class=\"column-2\">0,1 % de la lectura o 0,005&#8243;\/0,1 mm, lo que sea mayor<\/td>\n<\/tr>\n<\/tbody>\n<\/table>\n<\/div>\n<p><strong>ESPECIFICACIONES DEL MEDIDOR DE DISTANCIA DE ALTA VELOCIDAD:<\/strong><\/p>\n<div class=\"scrollable-wrapper\">\n<table id=\"tablepress-90\" class=\"tablepress tablepress-id-90 tablepress-responsive\" aria-labelledby=\"tablepress-90-name\">\n<tbody class=\"row-hover\">\n<tr class=\"row-1 odd\">\n<td class=\"column-1\">Rango<\/td>\n<td class=\"column-2\">280,00 mm<\/td>\n<td class=\"column-3\">11.00&#8243;<\/td>\n<\/tr>\n<tr class=\"row-2 even\">\n<td class=\"column-1\">Resoluci\u00f3n<\/td>\n<td class=\"column-2\">0,01 mm<\/td>\n<td class=\"column-3\">0.0001&#8243;<\/td>\n<\/tr>\n<tr class=\"row-3 odd\">\n<td class=\"column-1\">Exactitud<\/td>\n<td class=\"column-2\">0,1 mm<\/td>\n<td class=\"column-3\">0.004&#8243;<\/td>\n<\/tr>\n<\/tbody>\n<\/table>\n<\/div>\n","protected":false},"featured_media":9300,"comment_status":"open","ping_status":"closed","template":"","meta":{"_joinchat":[]},"product_brand":[],"product_cat":[15],"product_tag":[],"class_list":{"0":"post-9297","1":"product","2":"type-product","3":"status-publish","4":"has-post-thumbnail","6":"product_cat-sin-categorizar","8":"first","9":"instock","10":"shipping-taxable","11":"product-type-simple"},"yoast_head":"<!-- This site is optimized with the Yoast SEO plugin v26.4 - https:\/\/yoast.com\/wordpress\/plugins\/seo\/ -->\n<title>Banco de pruebas motorizado MX2110 - Abaa tienda online<\/title>\n<meta name=\"robots\" content=\"index, follow, max-snippet:-1, max-image-preview:large, max-video-preview:-1\" \/>\n<link rel=\"canonical\" href=\"https:\/\/abaa.mx\/tienda\/banco-de-pruebas-motorizado-mx2110\/\" \/>\n<meta property=\"og:locale\" content=\"es_MX\" \/>\n<meta property=\"og:type\" content=\"article\" \/>\n<meta property=\"og:title\" content=\"Banco de pruebas motorizado MX2110 - Abaa tienda online\" \/>\n<meta property=\"og:description\" content=\"Caracter\u00edsticas est\u00e1ndar:   Un soporte para pruebas de compresi\u00f3n (empuje) y tensi\u00f3n (tracci\u00f3n).  Temporizador programable de hasta 99\u2032 59,9 s en incrementos de 0,1 s.  Prevenci\u00f3n de sobrecarga condicional.  Dial de programa f\u00e1cil de usar y modo de control de pantallas de men\u00fa, velocidad, temporizador y ciclos.  Medidor de distancia digital opcional disponible.  Ultra r\u00edgido, deflexi\u00f3n de 0,5 mm con carga m\u00e1xima.  Control manual, incremental, de ciclo \u00fanico, de ciclo continuo y de fuerza (con man\u00f3metros de la serie ZT) seleccionable.  Operaci\u00f3n controlada por fuerza con medidores de fuerza de la serie Imada ZT.  Espacio libre m\u00e1ximo 9\u2033 (con extensor 14\u2033).  Los aguantes de prueba motorizados MX2 ofrecen funciones destacadas de prueba de fuerza, como control de velocidad digital, control de temporizador y contador de ciclos. El banco de pruebas de medici\u00f3n de fuerza MX2 incorpora una pantalla LCD f\u00e1cil de leer en la base. Utilice el dial de programa intuitivo para establecer el modo perfecto , la agilidad , el tiempo de duraci\u00f3n de la prueba, la proporci\u00f3n de ciclos y cambiar otras configuraciones de prueba disponibles. Con varias configuraciones de prueba editables , el banco de pruebas se puede utilizar para una variedad de pruebas que tienen dentro : pruebas destructivas y no destructivas , pruebas de l\u00edmite a un valor de fuerza, pruebas de ciclo y mucho m\u00e1s. Capacidad de control de fuerza: Las pruebas no destructivas controladas por fuerza tambi\u00e9n son f\u00e1ciles de configurar y programar.\u00a0Conecte un dinam\u00f3metro de la serie ZT de Imada al banco de pruebas MX2 para habilitar dos modos de control de fuerza y \u200b\u200bprevenci\u00f3n de sobrecarga condicional.\u00a0El control de fuerza permite a los usuarios programar el banco de pruebas para que se mueva hasta que se alcance un cierto valor de fuerza.\u00a0Para obtener m\u00e1s informaci\u00f3n, consulte la pesta\u00f1a de control de fuerza a continuaci\u00f3n. Utilidad incomparable: El MX2 acepta alguno de los dinam\u00f3metros Imada de la gama est\u00e1ndar. Imada sugiere usar man\u00f3metros de la serie ZT para explotar todas las caracter\u00edsticas del MX2. Los medidores de distancia digitales opcionales est\u00e1n libres en pluralidad est\u00e1ndar y de alta velocidad. Ambos medidores de distancia digitales tienen habilidades de salida de PC.  La placa adaptadora AP-002 est\u00e1 libre para montar la mayor parte de los otros medidores de fuerza en bancos de prueba IMADA.  Mantener fuerza entre puntos de ajuste alto\/bajo:  La agilidad inicial de la cruceta se controla mediante el ajuste de agilidad de comienzo. El control de fuerza se activa cuando la fuerza aplicada sobrepasa el punto de ajuste bajo (y por debajo del punto de ajuste prominente ) en el dinam\u00f3metro de la serie ZT. La cruceta sostiene la fuerza entre el punto de ajuste bajo y alto durante el tiempo de espera concretado y despu\u00e9s vuelve a la situaci\u00f3n inicial.  Aumente la fuerza al punto de ajuste alto y det\u00e9ngase:  La velocidad inicial de la cruceta se controla a trav\u00e9s de el ajuste de velocidad de inicio. Cuando la fuerza aplicada consigue el punto de ajuste bajo del dinam\u00f3metro de la serie ZT, el banco de pruebas activa el ajuste de velocidad de medici\u00f3n. El medidor se detiene cuando la fuerza aplicada alcanza el punto de ajuste alto en el medidor de fuerza de la serie ZT. Perfecto para pruebas no destructivas o de fluencia. El per\u00edodo se reitera hasta el momento en que se alcanza el l\u00edmite del contador. Especificaciones del medidor de distancia est\u00e1ndar:     Mostrar Pulsador para pulgadas\/mm, puesta a cero y encendido\/apagado   Resoluci\u00f3n 0,0005&quot;\/0,01 mm   Exactitud 0,1 % de la lectura o 0,005&quot;\/0,1 mm, lo que sea mayor     ESPECIFICACIONES DEL MEDIDOR DE DISTANCIA DE ALTA VELOCIDAD:     Rango 280,00 mm 11.00&quot;   Resoluci\u00f3n 0,01 mm 0.0001&quot;   Exactitud 0,1 mm 0.004&quot;\" \/>\n<meta property=\"og:url\" content=\"https:\/\/abaa.mx\/tienda\/banco-de-pruebas-motorizado-mx2110\/\" \/>\n<meta property=\"og:site_name\" content=\"Abaa tienda online\" \/>\n<meta property=\"og:image\" content=\"https:\/\/abaa.mx\/tienda\/wp-content\/uploads\/2023\/11\/IMADA-MX2110.jpg\" \/>\n\t<meta property=\"og:image:width\" content=\"312\" \/>\n\t<meta property=\"og:image:height\" content=\"379\" \/>\n\t<meta property=\"og:image:type\" content=\"image\/jpeg\" \/>\n<meta name=\"twitter:card\" content=\"summary_large_image\" \/>\n<meta name=\"twitter:label1\" content=\"Tiempo de lectura\" \/>\n\t<meta name=\"twitter:data1\" content=\"1 minuto\" \/>\n<script type=\"application\/ld+json\" class=\"yoast-schema-graph\">{\"@context\":\"https:\/\/schema.org\",\"@graph\":[{\"@type\":\"WebPage\",\"@id\":\"https:\/\/abaa.mx\/tienda\/banco-de-pruebas-motorizado-mx2110\/\",\"url\":\"https:\/\/abaa.mx\/tienda\/banco-de-pruebas-motorizado-mx2110\/\",\"name\":\"Banco de pruebas motorizado MX2110 - Abaa tienda online\",\"isPartOf\":{\"@id\":\"https:\/\/abaa.mx\/tienda\/#website\"},\"primaryImageOfPage\":{\"@id\":\"https:\/\/abaa.mx\/tienda\/banco-de-pruebas-motorizado-mx2110\/#primaryimage\"},\"image\":{\"@id\":\"https:\/\/abaa.mx\/tienda\/banco-de-pruebas-motorizado-mx2110\/#primaryimage\"},\"thumbnailUrl\":\"https:\/\/abaa.mx\/tienda\/wp-content\/uploads\/2023\/11\/IMADA-MX2110.jpg\",\"datePublished\":\"2023-11-24T20:54:35+00:00\",\"breadcrumb\":{\"@id\":\"https:\/\/abaa.mx\/tienda\/banco-de-pruebas-motorizado-mx2110\/#breadcrumb\"},\"inLanguage\":\"es\",\"potentialAction\":[{\"@type\":\"ReadAction\",\"target\":[\"https:\/\/abaa.mx\/tienda\/banco-de-pruebas-motorizado-mx2110\/\"]}]},{\"@type\":\"ImageObject\",\"inLanguage\":\"es\",\"@id\":\"https:\/\/abaa.mx\/tienda\/banco-de-pruebas-motorizado-mx2110\/#primaryimage\",\"url\":\"https:\/\/abaa.mx\/tienda\/wp-content\/uploads\/2023\/11\/IMADA-MX2110.jpg\",\"contentUrl\":\"https:\/\/abaa.mx\/tienda\/wp-content\/uploads\/2023\/11\/IMADA-MX2110.jpg\",\"width\":312,\"height\":379,\"caption\":\"IMADA-MX2110\"},{\"@type\":\"BreadcrumbList\",\"@id\":\"https:\/\/abaa.mx\/tienda\/banco-de-pruebas-motorizado-mx2110\/#breadcrumb\",\"itemListElement\":[{\"@type\":\"ListItem\",\"position\":1,\"name\":\"Inicio\",\"item\":\"https:\/\/abaa.mx\/tienda\/\"},{\"@type\":\"ListItem\",\"position\":2,\"name\":\"Tienda\",\"item\":\"https:\/\/abaa.mx\/tienda\/\"},{\"@type\":\"ListItem\",\"position\":3,\"name\":\"Banco de pruebas motorizado MX2110\"}]},{\"@type\":\"WebSite\",\"@id\":\"https:\/\/abaa.mx\/tienda\/#website\",\"url\":\"https:\/\/abaa.mx\/tienda\/\",\"name\":\"Abaa tienda online\",\"description\":\"Instrumentos de medici\u00f3n\",\"publisher\":{\"@id\":\"https:\/\/abaa.mx\/tienda\/#organization\"},\"potentialAction\":[{\"@type\":\"SearchAction\",\"target\":{\"@type\":\"EntryPoint\",\"urlTemplate\":\"https:\/\/abaa.mx\/tienda\/?s={search_term_string}\"},\"query-input\":{\"@type\":\"PropertyValueSpecification\",\"valueRequired\":true,\"valueName\":\"search_term_string\"}}],\"inLanguage\":\"es\"},{\"@type\":\"Organization\",\"@id\":\"https:\/\/abaa.mx\/tienda\/#organization\",\"name\":\"Abaa tienda online\",\"url\":\"https:\/\/abaa.mx\/tienda\/\",\"logo\":{\"@type\":\"ImageObject\",\"inLanguage\":\"es\",\"@id\":\"https:\/\/abaa.mx\/tienda\/#\/schema\/logo\/image\/\",\"url\":\"https:\/\/abaa.mx\/tienda\/wp-content\/uploads\/2024\/01\/abaa-metrologia-tienda.png\",\"contentUrl\":\"https:\/\/abaa.mx\/tienda\/wp-content\/uploads\/2024\/01\/abaa-metrologia-tienda.png\",\"width\":300,\"height\":141,\"caption\":\"Abaa tienda online\"},\"image\":{\"@id\":\"https:\/\/abaa.mx\/tienda\/#\/schema\/logo\/image\/\"}}]}<\/script>\n<!-- \/ Yoast SEO plugin. -->","yoast_head_json":{"title":"Banco de pruebas motorizado MX2110 - Abaa tienda online","robots":{"index":"index","follow":"follow","max-snippet":"max-snippet:-1","max-image-preview":"max-image-preview:large","max-video-preview":"max-video-preview:-1"},"canonical":"https:\/\/abaa.mx\/tienda\/banco-de-pruebas-motorizado-mx2110\/","og_locale":"es_MX","og_type":"article","og_title":"Banco de pruebas motorizado MX2110 - Abaa tienda online","og_description":"Caracter\u00edsticas est\u00e1ndar:   Un soporte para pruebas de compresi\u00f3n (empuje) y tensi\u00f3n (tracci\u00f3n).  Temporizador programable de hasta 99\u2032 59,9 s en incrementos de 0,1 s.  Prevenci\u00f3n de sobrecarga condicional.  Dial de programa f\u00e1cil de usar y modo de control de pantallas de men\u00fa, velocidad, temporizador y ciclos.  Medidor de distancia digital opcional disponible.  Ultra r\u00edgido, deflexi\u00f3n de 0,5 mm con carga m\u00e1xima.  Control manual, incremental, de ciclo \u00fanico, de ciclo continuo y de fuerza (con man\u00f3metros de la serie ZT) seleccionable.  Operaci\u00f3n controlada por fuerza con medidores de fuerza de la serie Imada ZT.  Espacio libre m\u00e1ximo 9\u2033 (con extensor 14\u2033).  Los aguantes de prueba motorizados MX2 ofrecen funciones destacadas de prueba de fuerza, como control de velocidad digital, control de temporizador y contador de ciclos. El banco de pruebas de medici\u00f3n de fuerza MX2 incorpora una pantalla LCD f\u00e1cil de leer en la base. Utilice el dial de programa intuitivo para establecer el modo perfecto , la agilidad , el tiempo de duraci\u00f3n de la prueba, la proporci\u00f3n de ciclos y cambiar otras configuraciones de prueba disponibles. Con varias configuraciones de prueba editables , el banco de pruebas se puede utilizar para una variedad de pruebas que tienen dentro : pruebas destructivas y no destructivas , pruebas de l\u00edmite a un valor de fuerza, pruebas de ciclo y mucho m\u00e1s. Capacidad de control de fuerza: Las pruebas no destructivas controladas por fuerza tambi\u00e9n son f\u00e1ciles de configurar y programar.\u00a0Conecte un dinam\u00f3metro de la serie ZT de Imada al banco de pruebas MX2 para habilitar dos modos de control de fuerza y \u200b\u200bprevenci\u00f3n de sobrecarga condicional.\u00a0El control de fuerza permite a los usuarios programar el banco de pruebas para que se mueva hasta que se alcance un cierto valor de fuerza.\u00a0Para obtener m\u00e1s informaci\u00f3n, consulte la pesta\u00f1a de control de fuerza a continuaci\u00f3n. Utilidad incomparable: El MX2 acepta alguno de los dinam\u00f3metros Imada de la gama est\u00e1ndar. Imada sugiere usar man\u00f3metros de la serie ZT para explotar todas las caracter\u00edsticas del MX2. Los medidores de distancia digitales opcionales est\u00e1n libres en pluralidad est\u00e1ndar y de alta velocidad. Ambos medidores de distancia digitales tienen habilidades de salida de PC.  La placa adaptadora AP-002 est\u00e1 libre para montar la mayor parte de los otros medidores de fuerza en bancos de prueba IMADA.  Mantener fuerza entre puntos de ajuste alto\/bajo:  La agilidad inicial de la cruceta se controla mediante el ajuste de agilidad de comienzo. El control de fuerza se activa cuando la fuerza aplicada sobrepasa el punto de ajuste bajo (y por debajo del punto de ajuste prominente ) en el dinam\u00f3metro de la serie ZT. La cruceta sostiene la fuerza entre el punto de ajuste bajo y alto durante el tiempo de espera concretado y despu\u00e9s vuelve a la situaci\u00f3n inicial.  Aumente la fuerza al punto de ajuste alto y det\u00e9ngase:  La velocidad inicial de la cruceta se controla a trav\u00e9s de el ajuste de velocidad de inicio. Cuando la fuerza aplicada consigue el punto de ajuste bajo del dinam\u00f3metro de la serie ZT, el banco de pruebas activa el ajuste de velocidad de medici\u00f3n. El medidor se detiene cuando la fuerza aplicada alcanza el punto de ajuste alto en el medidor de fuerza de la serie ZT. Perfecto para pruebas no destructivas o de fluencia. El per\u00edodo se reitera hasta el momento en que se alcanza el l\u00edmite del contador. Especificaciones del medidor de distancia est\u00e1ndar:     Mostrar Pulsador para pulgadas\/mm, puesta a cero y encendido\/apagado   Resoluci\u00f3n 0,0005\"\/0,01 mm   Exactitud 0,1 % de la lectura o 0,005\"\/0,1 mm, lo que sea mayor     ESPECIFICACIONES DEL MEDIDOR DE DISTANCIA DE ALTA VELOCIDAD:     Rango 280,00 mm 11.00\"   Resoluci\u00f3n 0,01 mm 0.0001\"   Exactitud 0,1 mm 0.004\"","og_url":"https:\/\/abaa.mx\/tienda\/banco-de-pruebas-motorizado-mx2110\/","og_site_name":"Abaa tienda online","og_image":[{"width":312,"height":379,"url":"https:\/\/abaa.mx\/tienda\/wp-content\/uploads\/2023\/11\/IMADA-MX2110.jpg","type":"image\/jpeg"}],"twitter_card":"summary_large_image","twitter_misc":{"Tiempo de lectura":"1 minuto"},"schema":{"@context":"https:\/\/schema.org","@graph":[{"@type":"WebPage","@id":"https:\/\/abaa.mx\/tienda\/banco-de-pruebas-motorizado-mx2110\/","url":"https:\/\/abaa.mx\/tienda\/banco-de-pruebas-motorizado-mx2110\/","name":"Banco de pruebas motorizado MX2110 - Abaa tienda online","isPartOf":{"@id":"https:\/\/abaa.mx\/tienda\/#website"},"primaryImageOfPage":{"@id":"https:\/\/abaa.mx\/tienda\/banco-de-pruebas-motorizado-mx2110\/#primaryimage"},"image":{"@id":"https:\/\/abaa.mx\/tienda\/banco-de-pruebas-motorizado-mx2110\/#primaryimage"},"thumbnailUrl":"https:\/\/abaa.mx\/tienda\/wp-content\/uploads\/2023\/11\/IMADA-MX2110.jpg","datePublished":"2023-11-24T20:54:35+00:00","breadcrumb":{"@id":"https:\/\/abaa.mx\/tienda\/banco-de-pruebas-motorizado-mx2110\/#breadcrumb"},"inLanguage":"es","potentialAction":[{"@type":"ReadAction","target":["https:\/\/abaa.mx\/tienda\/banco-de-pruebas-motorizado-mx2110\/"]}]},{"@type":"ImageObject","inLanguage":"es","@id":"https:\/\/abaa.mx\/tienda\/banco-de-pruebas-motorizado-mx2110\/#primaryimage","url":"https:\/\/abaa.mx\/tienda\/wp-content\/uploads\/2023\/11\/IMADA-MX2110.jpg","contentUrl":"https:\/\/abaa.mx\/tienda\/wp-content\/uploads\/2023\/11\/IMADA-MX2110.jpg","width":312,"height":379,"caption":"IMADA-MX2110"},{"@type":"BreadcrumbList","@id":"https:\/\/abaa.mx\/tienda\/banco-de-pruebas-motorizado-mx2110\/#breadcrumb","itemListElement":[{"@type":"ListItem","position":1,"name":"Inicio","item":"https:\/\/abaa.mx\/tienda\/"},{"@type":"ListItem","position":2,"name":"Tienda","item":"https:\/\/abaa.mx\/tienda\/"},{"@type":"ListItem","position":3,"name":"Banco de pruebas motorizado MX2110"}]},{"@type":"WebSite","@id":"https:\/\/abaa.mx\/tienda\/#website","url":"https:\/\/abaa.mx\/tienda\/","name":"Abaa tienda online","description":"Instrumentos de medici\u00f3n","publisher":{"@id":"https:\/\/abaa.mx\/tienda\/#organization"},"potentialAction":[{"@type":"SearchAction","target":{"@type":"EntryPoint","urlTemplate":"https:\/\/abaa.mx\/tienda\/?s={search_term_string}"},"query-input":{"@type":"PropertyValueSpecification","valueRequired":true,"valueName":"search_term_string"}}],"inLanguage":"es"},{"@type":"Organization","@id":"https:\/\/abaa.mx\/tienda\/#organization","name":"Abaa tienda online","url":"https:\/\/abaa.mx\/tienda\/","logo":{"@type":"ImageObject","inLanguage":"es","@id":"https:\/\/abaa.mx\/tienda\/#\/schema\/logo\/image\/","url":"https:\/\/abaa.mx\/tienda\/wp-content\/uploads\/2024\/01\/abaa-metrologia-tienda.png","contentUrl":"https:\/\/abaa.mx\/tienda\/wp-content\/uploads\/2024\/01\/abaa-metrologia-tienda.png","width":300,"height":141,"caption":"Abaa tienda online"},"image":{"@id":"https:\/\/abaa.mx\/tienda\/#\/schema\/logo\/image\/"}}]}},"_links":{"self":[{"href":"https:\/\/abaa.mx\/tienda\/wp-json\/wp\/v2\/product\/9297","targetHints":{"allow":["GET"]}}],"collection":[{"href":"https:\/\/abaa.mx\/tienda\/wp-json\/wp\/v2\/product"}],"about":[{"href":"https:\/\/abaa.mx\/tienda\/wp-json\/wp\/v2\/types\/product"}],"replies":[{"embeddable":true,"href":"https:\/\/abaa.mx\/tienda\/wp-json\/wp\/v2\/comments?post=9297"}],"wp:featuredmedia":[{"embeddable":true,"href":"https:\/\/abaa.mx\/tienda\/wp-json\/wp\/v2\/media\/9300"}],"wp:attachment":[{"href":"https:\/\/abaa.mx\/tienda\/wp-json\/wp\/v2\/media?parent=9297"}],"wp:term":[{"taxonomy":"product_brand","embeddable":true,"href":"https:\/\/abaa.mx\/tienda\/wp-json\/wp\/v2\/product_brand?post=9297"},{"taxonomy":"product_cat","embeddable":true,"href":"https:\/\/abaa.mx\/tienda\/wp-json\/wp\/v2\/product_cat?post=9297"},{"taxonomy":"product_tag","embeddable":true,"href":"https:\/\/abaa.mx\/tienda\/wp-json\/wp\/v2\/product_tag?post=9297"}],"curies":[{"name":"wp","href":"https:\/\/api.w.org\/{rel}","templated":true}]}}