{"id":9292,"date":"2023-11-24T17:54:48","date_gmt":"2023-11-24T17:54:48","guid":{"rendered":"https:\/\/abaa.mx\/tienda\/?post_type=product&#038;p=9292"},"modified":"2023-11-28T16:24:12","modified_gmt":"2023-11-28T16:24:12","slug":"aplicador-de-tinta-automatico-bgd218-1-y-bgd219-pantalla-touch","status":"publish","type":"product","link":"https:\/\/abaa.mx\/tienda\/aplicador-de-tinta-automatico-bgd218-1-y-bgd219-pantalla-touch\/","title":{"rendered":"Aplicador de Tinta Autom\u00e1tico BGD218-1 y BGD219 Pantalla Touch"},"content":{"rendered":"<p>Aplicador de Tinta Autom\u00e1tico BGD218\/1 y BGD219 Pantalla Touch.<\/p>\n","protected":false},"excerpt":{"rendered":"<p><strong> Aplicador autom\u00e1tico de pel\u00edcula:\u00a0<\/strong> deja a los qu\u00edmicos experimentales dibujar convenientemente una pel\u00edcula de recubrimiento precisa sobre los distintos sustratos para achicar y eliminar los fallos ocasionados \u200b\u200bpor factores manuales. Los causantes que afectan la reducci\u00f3n son la tasa de corte y la fuerza hacia abajo aplicada a la herramienta aplicadora. Optimizaci\u00f3n en gran medida la reproducibilidad de la pel\u00edcula de pintura.<\/p>\n<p>BGD 218 y BGD 219 son los aplicadores autom\u00e1ticos de pel\u00edcula m\u00e1s nuevos, en\u00a0comparaci\u00f3n con los productos tradicionales, tienen:<\/p>\n<ul>\n<li>Puede establecer el punto de partida libremente, es adecuado para sustratos de diferentes tama\u00f1os.<\/li>\n<li>Barra de gu\u00eda lineal de alta precisi\u00f3n para garantizar que la velocidad de extracci\u00f3n sea m\u00e1s estable.<\/li>\n<li>Velocidad variable ajustable: 5 mm\/s~500 mm\/s.<\/li>\n<li>Se pueden seleccionar libremente cuatro tipos de distancia de aplicaci\u00f3n.<\/li>\n<li>La altura del empujador del aplicador se puede ajustar para adaptarse a diferentes sustratos.<\/li>\n<li>Soporte de dise\u00f1o razonable, f\u00e1cil y simple de operar, y puede agregar cualquier carga para aplicar en sustratos que se doblan f\u00e1cilmente.<\/li>\n<li>Aplicable a todos los aplicadores y barras de alambre de diferentes tipos y tama\u00f1os de Biuged.<\/li>\n<\/ul>\n<p><strong>Mejor repetibilidad para aplicar pel\u00edcula:<\/strong><\/p>\n<ul>\n<li>Para BGD 218: placa de gas de succi\u00f3n de vac\u00edo de mecanizado preciso especial con alta precisi\u00f3n suave (la planitud de toda la placa es inferior a 5 micras) y tratamiento de endurecimiento especial, asegura que todo tipo de sustrato se pueda adsorber sin problemas y firmemente.<\/li>\n<li>Para BGD 219: placa de vidrio de mecanizado preciso especial con alta precisi\u00f3n suave (la planitud de toda la placa es inferior a 20 micras), f\u00e1cil de limpiar.<\/li>\n<li>La bomba de vac\u00edo externa elimina todas las sacudidas provenientes de la estructura tradicional (coloque la bomba en la m\u00e1quina) (solo BGD 218).<\/li>\n<li>Dise\u00f1o \u00f3ptimo para la placa de vac\u00edo para garantizar que la potencia de succi\u00f3n se distribuya uniformemente (solo BGD 218).<\/li>\n<\/ul>\n<p><strong>PARAMETROS T\u00c9CNICOS:<\/strong><\/p>\n<div class=\"scrollable-wrapper\">\n<table width=\"686\">\n<tbody>\n<tr class=\"firstRow\">\n<td valign=\"bottom\" width=\"234\"><strong>Informaci\u00f3n de pedido \u2192<\/strong><\/p>\n<p><strong>Par\u00e1metros t\u00e9cnicos \u2193<\/strong><\/td>\n<td valign=\"center\" width=\"112\"><strong>BGD 218\/1<\/strong><\/td>\n<td valign=\"center\" width=\"109\"><strong>BGD 218\/2<\/strong><\/td>\n<td valign=\"center\" width=\"118\"><strong>BGD 218\/3<\/strong><\/p>\n<p><strong>\uff08Con<\/strong><strong>\u00a0alimentaci\u00f3n\u00a0<\/strong><strong>de\u00a0<\/strong><strong>calor<\/strong><strong>\uff09<\/strong><\/td>\n<td valign=\"center\" width=\"113\"><strong>B<\/strong><strong>\u00a0GD 219<\/strong><\/p>\n<p><strong>(\u00a0<\/strong><strong>Pantalla\u00a0<\/strong><strong>t\u00e1ctil<\/strong><strong>\u00a0)<\/strong><\/td>\n<\/tr>\n<tr>\n<td valign=\"bottom\" width=\"234\"><strong>M<\/strong><strong>\u00a0\u00e9todo de fijaci\u00f3n del sustrato<\/strong><\/td>\n<td colspan=\"3\" valign=\"center\" width=\"339\">Adsorci\u00f3n de\u00a0vac\u00edo<\/td>\n<td valign=\"center\" width=\"113\">L\u00e1mpara\u00a0C<\/td>\n<\/tr>\n<tr>\n<td valign=\"bottom\" width=\"234\"><strong>Plataforma<\/strong><strong>\u00a0de aplicaci\u00f3n<\/strong><\/td>\n<td colspan=\"3\" valign=\"center\" width=\"339\">Aluminio de oxidaci\u00f3n an\u00f3dica dura con orificios de vac\u00edo<\/td>\n<td valign=\"center\" width=\"113\">Vaso<\/td>\n<\/tr>\n<tr>\n<td valign=\"bottom\" width=\"234\"><strong>Tama\u00f1o de la cama de vac\u00edo de extracci\u00f3n<\/strong><\/td>\n<td valign=\"bottom\" width=\"112\">360 mm \u00d7 250 mm<\/td>\n<td valign=\"bottom\" width=\"109\">490 mm \u00d7 250 mm<\/td>\n<td valign=\"bottom\" width=\"118\">360 mm \u00d7 250 mm<\/td>\n<td valign=\"bottom\" width=\"113\">40\u00a00 mm \u00d7 2\u00a02\u00a00 mm<\/td>\n<\/tr>\n<tr>\n<td valign=\"bottom\" width=\"234\"><strong>Tama\u00f1o de la cama de vac\u00edo con orificio<\/strong><\/td>\n<td valign=\"bottom\" width=\"112\">2\u00a090\u00a0mm \u00d7\u00a0190\u00a0mm<\/td>\n<td valign=\"bottom\" width=\"109\">4\u00a01\u00a00 mm \u00d7 190 mm<\/td>\n<td valign=\"bottom\" width=\"118\">2\u00a090\u00a0mm \u00d7\u00a0190\u00a0mm<\/td>\n<td valign=\"bottom\" width=\"113\">&#8211;\u00a0&#8212;<\/td>\n<\/tr>\n<tr>\n<td valign=\"bottom\" width=\"234\"><strong>m\u00e1x.\u00a0longitud de aplicaci\u00f3n<\/strong><\/td>\n<td valign=\"bottom\" width=\"112\">250 mm<\/td>\n<td valign=\"bottom\" width=\"109\">375 mm<\/td>\n<td valign=\"bottom\" width=\"118\">250 mm<\/td>\n<td valign=\"bottom\" width=\"113\">2\u00a080 mm<\/td>\n<\/tr>\n<tr>\n<td valign=\"bottom\" width=\"234\"><strong>Velocidad<\/strong><strong>\u00a0de extracci\u00f3n ajustable<\/strong><\/td>\n<td colspan=\"2\" rowspan=\"1\" valign=\"bottom\">\u00a0 \u00a0 \u00a0 \u00a0 \u00a0 \u00a05 mm\/s~500 mm\/s<\/td>\n<td rowspan=\"1\" align=\"null\" valign=\"bottom\" width=\"100\">\u00a0\u00a02 mm\/s~100 mm\/s<\/td>\n<td valign=\"bottom\" width=\"113\">5 mm\/s~500 mm\/s<\/td>\n<\/tr>\n<tr>\n<td valign=\"bottom\" width=\"234\"><strong>Peso del soporte del carro<\/strong><\/td>\n<td colspan=\"4\" valign=\"bottom\" width=\"453\">500g\u00a0\u00d7\u00a02\u00a0uds\u00a0(\u00a01 KG o 1,25 KG es opcional\u00a0)<\/td>\n<\/tr>\n<tr>\n<td valign=\"bottom\" width=\"234\"><strong>Poder total<\/strong><\/td>\n<td colspan=\"2\" valign=\"bottom\" width=\"221\">370W<\/td>\n<td valign=\"top\" width=\"118\">7\u00a050W<\/td>\n<td valign=\"top\" width=\"113\">5\u00a00W<\/td>\n<\/tr>\n<tr>\n<td valign=\"bottom\" width=\"234\"><strong>Rango de\u00a0<\/strong><strong>temperatura<\/strong><\/td>\n<td colspan=\"2\" valign=\"bottom\" width=\"221\">&#8211;\u00a0&#8212;<\/td>\n<td valign=\"top\" width=\"118\">R\u00a0T+5\u00a0\u2103\uff5e100\u00a0\u2103<\/td>\n<td valign=\"top\" width=\"113\">&#8211;\u00a0&#8212;<\/td>\n<\/tr>\n<tr>\n<td valign=\"bottom\" width=\"234\"><strong>Uniformidad\u00a0<\/strong><strong>de temperatura<\/strong><\/td>\n<td colspan=\"2\" valign=\"bottom\" width=\"221\">&#8211;\u00a0&#8212;<\/td>\n<td valign=\"top\" width=\"118\">\u00b15\u00a0\u2103<\/td>\n<td valign=\"top\" width=\"113\">&#8211;\u00a0&#8212;<\/td>\n<\/tr>\n<tr>\n<td valign=\"bottom\" width=\"234\"><strong>Fuente de alimentaci\u00f3n<\/strong><\/td>\n<td colspan=\"4\" valign=\"bottom\" width=\"453\">220V\u00a0;\u00a050Hz<\/td>\n<\/tr>\n<tr>\n<td valign=\"bottom\" width=\"234\"><strong>Peso<\/strong><\/td>\n<td valign=\"bottom\" width=\"112\">40KG<\/td>\n<td valign=\"bottom\" width=\"109\">46KG<\/td>\n<td valign=\"top\" width=\"118\">4\u00a02 KG<\/td>\n<td valign=\"bottom\" width=\"113\">2\u00a05 KG<\/td>\n<\/tr>\n<tr>\n<td valign=\"bottom\" width=\"234\"><strong>Tama\u00f1o total\u00a0<\/strong><strong>(<\/strong><strong>\u00a0sin bomba de vac\u00edo\u00a0)<\/strong><\/p>\n<p><strong>(\u00a0L\u00d7An\u00d7Al, mm\u00a0)<\/strong><\/td>\n<td valign=\"center\" width=\"112\">500\u00d7345\u00d7340<\/td>\n<td valign=\"center\" width=\"109\">635\u00d7345\u00d7340<\/td>\n<td valign=\"center\" width=\"118\">500\u00d7345\u00d73<\/td>\n<\/tr>\n<\/tbody>\n<\/table>\n<\/div>\n","protected":false},"featured_media":9295,"comment_status":"open","ping_status":"closed","template":"","meta":{"_joinchat":[]},"product_brand":[],"product_cat":[15],"product_tag":[],"class_list":{"0":"post-9292","1":"product","2":"type-product","3":"status-publish","4":"has-post-thumbnail","6":"product_cat-sin-categorizar","8":"first","9":"instock","10":"shipping-taxable","11":"product-type-simple"},"yoast_head":"<!-- This site is optimized with the Yoast SEO plugin v26.4 - https:\/\/yoast.com\/wordpress\/plugins\/seo\/ -->\n<title>Aplicador de Tinta Autom\u00e1tico BGD218-1 y BGD219 Pantalla Touch - Abaa tienda online<\/title>\n<meta name=\"robots\" content=\"index, follow, max-snippet:-1, max-image-preview:large, max-video-preview:-1\" \/>\n<link rel=\"canonical\" href=\"https:\/\/abaa.mx\/tienda\/aplicador-de-tinta-automatico-bgd218-1-y-bgd219-pantalla-touch\/\" \/>\n<meta property=\"og:locale\" content=\"es_MX\" \/>\n<meta property=\"og:type\" content=\"article\" \/>\n<meta property=\"og:title\" content=\"Aplicador de Tinta Autom\u00e1tico BGD218-1 y BGD219 Pantalla Touch - Abaa tienda online\" \/>\n<meta property=\"og:description\" content=\"Aplicador autom\u00e1tico de pel\u00edcula:\u00a0 deja a los qu\u00edmicos experimentales dibujar convenientemente una pel\u00edcula de recubrimiento precisa sobre los distintos sustratos para achicar y eliminar los fallos ocasionados \u200b\u200bpor factores manuales. Los causantes que afectan la reducci\u00f3n son la tasa de corte y la fuerza hacia abajo aplicada a la herramienta aplicadora. Optimizaci\u00f3n en gran medida la reproducibilidad de la pel\u00edcula de pintura.  BGD 218 y BGD 219 son los aplicadores autom\u00e1ticos de pel\u00edcula m\u00e1s nuevos, en\u00a0comparaci\u00f3n con los productos tradicionales, tienen:   Puede establecer el punto de partida libremente, es adecuado para sustratos de diferentes tama\u00f1os.  Barra de gu\u00eda lineal de alta precisi\u00f3n para garantizar que la velocidad de extracci\u00f3n sea m\u00e1s estable.  Velocidad variable ajustable: 5 mm\/s~500 mm\/s.  Se pueden seleccionar libremente cuatro tipos de distancia de aplicaci\u00f3n.  La altura del empujador del aplicador se puede ajustar para adaptarse a diferentes sustratos.  Soporte de dise\u00f1o razonable, f\u00e1cil y simple de operar, y puede agregar cualquier carga para aplicar en sustratos que se doblan f\u00e1cilmente.  Aplicable a todos los aplicadores y barras de alambre de diferentes tipos y tama\u00f1os de Biuged.  Mejor repetibilidad para aplicar pel\u00edcula:   Para BGD 218: placa de gas de succi\u00f3n de vac\u00edo de mecanizado preciso especial con alta precisi\u00f3n suave (la planitud de toda la placa es inferior a 5 micras) y tratamiento de endurecimiento especial, asegura que todo tipo de sustrato se pueda adsorber sin problemas y firmemente.  Para BGD 219: placa de vidrio de mecanizado preciso especial con alta precisi\u00f3n suave (la planitud de toda la placa es inferior a 20 micras), f\u00e1cil de limpiar.  La bomba de vac\u00edo externa elimina todas las sacudidas provenientes de la estructura tradicional (coloque la bomba en la m\u00e1quina) (solo BGD 218).  Dise\u00f1o \u00f3ptimo para la placa de vac\u00edo para garantizar que la potencia de succi\u00f3n se distribuya uniformemente (solo BGD 218).  PARAMETROS T\u00c9CNICOS:     Informaci\u00f3n de pedido \u2192  Par\u00e1metros t\u00e9cnicos \u2193 BGD 218\/1 BGD 218\/2 BGD 218\/3  \uff08Con\u00a0alimentaci\u00f3n\u00a0de\u00a0calor\uff09 B\u00a0GD 219  (\u00a0Pantalla\u00a0t\u00e1ctil\u00a0)   M\u00a0\u00e9todo de fijaci\u00f3n del sustrato Adsorci\u00f3n de\u00a0vac\u00edo L\u00e1mpara\u00a0C   Plataforma\u00a0de aplicaci\u00f3n Aluminio de oxidaci\u00f3n an\u00f3dica dura con orificios de vac\u00edo Vaso   Tama\u00f1o de la cama de vac\u00edo de extracci\u00f3n 360 mm \u00d7 250 mm 490 mm \u00d7 250 mm 360 mm \u00d7 250 mm 40\u00a00 mm \u00d7 2\u00a02\u00a00 mm   Tama\u00f1o de la cama de vac\u00edo con orificio 2\u00a090\u00a0mm \u00d7\u00a0190\u00a0mm 4\u00a01\u00a00 mm \u00d7 190 mm 2\u00a090\u00a0mm \u00d7\u00a0190\u00a0mm -\u00a0---   m\u00e1x.\u00a0longitud de aplicaci\u00f3n 250 mm 375 mm 250 mm 2\u00a080 mm   Velocidad\u00a0de extracci\u00f3n ajustable \u00a0 \u00a0 \u00a0 \u00a0 \u00a0 \u00a05 mm\/s~500 mm\/s \u00a0\u00a02 mm\/s~100 mm\/s 5 mm\/s~500 mm\/s   Peso del soporte del carro 500g\u00a0\u00d7\u00a02\u00a0uds\u00a0(\u00a01 KG o 1,25 KG es opcional\u00a0)   Poder total 370W 7\u00a050W 5\u00a00W   Rango de\u00a0temperatura -\u00a0--- R\u00a0T+5\u00a0\u2103\uff5e100\u00a0\u2103 -\u00a0---   Uniformidad\u00a0de temperatura -\u00a0--- \u00b15\u00a0\u2103 -\u00a0---   Fuente de alimentaci\u00f3n 220V\u00a0;\u00a050Hz   Peso 40KG 46KG 4\u00a02 KG 2\u00a05 KG   Tama\u00f1o total\u00a0(\u00a0sin bomba de vac\u00edo\u00a0)  (\u00a0L\u00d7An\u00d7Al, mm\u00a0) 500\u00d7345\u00d7340 635\u00d7345\u00d7340 500\u00d7345\u00d73\" \/>\n<meta property=\"og:url\" content=\"https:\/\/abaa.mx\/tienda\/aplicador-de-tinta-automatico-bgd218-1-y-bgd219-pantalla-touch\/\" \/>\n<meta property=\"og:site_name\" content=\"Abaa tienda online\" \/>\n<meta property=\"article:modified_time\" content=\"2023-11-28T16:24:12+00:00\" \/>\n<meta property=\"og:image\" content=\"https:\/\/abaa.mx\/tienda\/wp-content\/uploads\/2023\/11\/BIUGED-BGD218-1-BGD219.jpg\" \/>\n\t<meta property=\"og:image:width\" content=\"540\" \/>\n\t<meta property=\"og:image:height\" content=\"375\" \/>\n\t<meta property=\"og:image:type\" content=\"image\/jpeg\" \/>\n<meta name=\"twitter:card\" content=\"summary_large_image\" \/>\n<meta name=\"twitter:label1\" content=\"Tiempo de lectura\" \/>\n\t<meta name=\"twitter:data1\" content=\"1 minuto\" \/>\n<script type=\"application\/ld+json\" class=\"yoast-schema-graph\">{\"@context\":\"https:\/\/schema.org\",\"@graph\":[{\"@type\":\"WebPage\",\"@id\":\"https:\/\/abaa.mx\/tienda\/aplicador-de-tinta-automatico-bgd218-1-y-bgd219-pantalla-touch\/\",\"url\":\"https:\/\/abaa.mx\/tienda\/aplicador-de-tinta-automatico-bgd218-1-y-bgd219-pantalla-touch\/\",\"name\":\"Aplicador de Tinta Autom\u00e1tico BGD218-1 y BGD219 Pantalla Touch - Abaa tienda online\",\"isPartOf\":{\"@id\":\"https:\/\/abaa.mx\/tienda\/#website\"},\"primaryImageOfPage\":{\"@id\":\"https:\/\/abaa.mx\/tienda\/aplicador-de-tinta-automatico-bgd218-1-y-bgd219-pantalla-touch\/#primaryimage\"},\"image\":{\"@id\":\"https:\/\/abaa.mx\/tienda\/aplicador-de-tinta-automatico-bgd218-1-y-bgd219-pantalla-touch\/#primaryimage\"},\"thumbnailUrl\":\"https:\/\/abaa.mx\/tienda\/wp-content\/uploads\/2023\/11\/BIUGED-BGD218-1-BGD219.jpg\",\"datePublished\":\"2023-11-24T17:54:48+00:00\",\"dateModified\":\"2023-11-28T16:24:12+00:00\",\"breadcrumb\":{\"@id\":\"https:\/\/abaa.mx\/tienda\/aplicador-de-tinta-automatico-bgd218-1-y-bgd219-pantalla-touch\/#breadcrumb\"},\"inLanguage\":\"es\",\"potentialAction\":[{\"@type\":\"ReadAction\",\"target\":[\"https:\/\/abaa.mx\/tienda\/aplicador-de-tinta-automatico-bgd218-1-y-bgd219-pantalla-touch\/\"]}]},{\"@type\":\"ImageObject\",\"inLanguage\":\"es\",\"@id\":\"https:\/\/abaa.mx\/tienda\/aplicador-de-tinta-automatico-bgd218-1-y-bgd219-pantalla-touch\/#primaryimage\",\"url\":\"https:\/\/abaa.mx\/tienda\/wp-content\/uploads\/2023\/11\/BIUGED-BGD218-1-BGD219.jpg\",\"contentUrl\":\"https:\/\/abaa.mx\/tienda\/wp-content\/uploads\/2023\/11\/BIUGED-BGD218-1-BGD219.jpg\",\"width\":540,\"height\":375,\"caption\":\"BIUGED-BGD218 1- BGD219\"},{\"@type\":\"BreadcrumbList\",\"@id\":\"https:\/\/abaa.mx\/tienda\/aplicador-de-tinta-automatico-bgd218-1-y-bgd219-pantalla-touch\/#breadcrumb\",\"itemListElement\":[{\"@type\":\"ListItem\",\"position\":1,\"name\":\"Inicio\",\"item\":\"https:\/\/abaa.mx\/tienda\/\"},{\"@type\":\"ListItem\",\"position\":2,\"name\":\"Tienda\",\"item\":\"https:\/\/abaa.mx\/tienda\/\"},{\"@type\":\"ListItem\",\"position\":3,\"name\":\"Aplicador de Tinta Autom\u00e1tico BGD218-1 y BGD219 Pantalla Touch\"}]},{\"@type\":\"WebSite\",\"@id\":\"https:\/\/abaa.mx\/tienda\/#website\",\"url\":\"https:\/\/abaa.mx\/tienda\/\",\"name\":\"Abaa tienda online\",\"description\":\"Instrumentos de medici\u00f3n\",\"publisher\":{\"@id\":\"https:\/\/abaa.mx\/tienda\/#organization\"},\"potentialAction\":[{\"@type\":\"SearchAction\",\"target\":{\"@type\":\"EntryPoint\",\"urlTemplate\":\"https:\/\/abaa.mx\/tienda\/?s={search_term_string}\"},\"query-input\":{\"@type\":\"PropertyValueSpecification\",\"valueRequired\":true,\"valueName\":\"search_term_string\"}}],\"inLanguage\":\"es\"},{\"@type\":\"Organization\",\"@id\":\"https:\/\/abaa.mx\/tienda\/#organization\",\"name\":\"Abaa tienda online\",\"url\":\"https:\/\/abaa.mx\/tienda\/\",\"logo\":{\"@type\":\"ImageObject\",\"inLanguage\":\"es\",\"@id\":\"https:\/\/abaa.mx\/tienda\/#\/schema\/logo\/image\/\",\"url\":\"https:\/\/abaa.mx\/tienda\/wp-content\/uploads\/2024\/01\/abaa-metrologia-tienda.png\",\"contentUrl\":\"https:\/\/abaa.mx\/tienda\/wp-content\/uploads\/2024\/01\/abaa-metrologia-tienda.png\",\"width\":300,\"height\":141,\"caption\":\"Abaa tienda online\"},\"image\":{\"@id\":\"https:\/\/abaa.mx\/tienda\/#\/schema\/logo\/image\/\"}}]}<\/script>\n<!-- \/ Yoast SEO plugin. -->","yoast_head_json":{"title":"Aplicador de Tinta Autom\u00e1tico BGD218-1 y BGD219 Pantalla Touch - Abaa tienda online","robots":{"index":"index","follow":"follow","max-snippet":"max-snippet:-1","max-image-preview":"max-image-preview:large","max-video-preview":"max-video-preview:-1"},"canonical":"https:\/\/abaa.mx\/tienda\/aplicador-de-tinta-automatico-bgd218-1-y-bgd219-pantalla-touch\/","og_locale":"es_MX","og_type":"article","og_title":"Aplicador de Tinta Autom\u00e1tico BGD218-1 y BGD219 Pantalla Touch - Abaa tienda online","og_description":"Aplicador autom\u00e1tico de pel\u00edcula:\u00a0 deja a los qu\u00edmicos experimentales dibujar convenientemente una pel\u00edcula de recubrimiento precisa sobre los distintos sustratos para achicar y eliminar los fallos ocasionados \u200b\u200bpor factores manuales. Los causantes que afectan la reducci\u00f3n son la tasa de corte y la fuerza hacia abajo aplicada a la herramienta aplicadora. Optimizaci\u00f3n en gran medida la reproducibilidad de la pel\u00edcula de pintura.  BGD 218 y BGD 219 son los aplicadores autom\u00e1ticos de pel\u00edcula m\u00e1s nuevos, en\u00a0comparaci\u00f3n con los productos tradicionales, tienen:   Puede establecer el punto de partida libremente, es adecuado para sustratos de diferentes tama\u00f1os.  Barra de gu\u00eda lineal de alta precisi\u00f3n para garantizar que la velocidad de extracci\u00f3n sea m\u00e1s estable.  Velocidad variable ajustable: 5 mm\/s~500 mm\/s.  Se pueden seleccionar libremente cuatro tipos de distancia de aplicaci\u00f3n.  La altura del empujador del aplicador se puede ajustar para adaptarse a diferentes sustratos.  Soporte de dise\u00f1o razonable, f\u00e1cil y simple de operar, y puede agregar cualquier carga para aplicar en sustratos que se doblan f\u00e1cilmente.  Aplicable a todos los aplicadores y barras de alambre de diferentes tipos y tama\u00f1os de Biuged.  Mejor repetibilidad para aplicar pel\u00edcula:   Para BGD 218: placa de gas de succi\u00f3n de vac\u00edo de mecanizado preciso especial con alta precisi\u00f3n suave (la planitud de toda la placa es inferior a 5 micras) y tratamiento de endurecimiento especial, asegura que todo tipo de sustrato se pueda adsorber sin problemas y firmemente.  Para BGD 219: placa de vidrio de mecanizado preciso especial con alta precisi\u00f3n suave (la planitud de toda la placa es inferior a 20 micras), f\u00e1cil de limpiar.  La bomba de vac\u00edo externa elimina todas las sacudidas provenientes de la estructura tradicional (coloque la bomba en la m\u00e1quina) (solo BGD 218).  Dise\u00f1o \u00f3ptimo para la placa de vac\u00edo para garantizar que la potencia de succi\u00f3n se distribuya uniformemente (solo BGD 218).  PARAMETROS T\u00c9CNICOS:     Informaci\u00f3n de pedido \u2192  Par\u00e1metros t\u00e9cnicos \u2193 BGD 218\/1 BGD 218\/2 BGD 218\/3  \uff08Con\u00a0alimentaci\u00f3n\u00a0de\u00a0calor\uff09 B\u00a0GD 219  (\u00a0Pantalla\u00a0t\u00e1ctil\u00a0)   M\u00a0\u00e9todo de fijaci\u00f3n del sustrato Adsorci\u00f3n de\u00a0vac\u00edo L\u00e1mpara\u00a0C   Plataforma\u00a0de aplicaci\u00f3n Aluminio de oxidaci\u00f3n an\u00f3dica dura con orificios de vac\u00edo Vaso   Tama\u00f1o de la cama de vac\u00edo de extracci\u00f3n 360 mm \u00d7 250 mm 490 mm \u00d7 250 mm 360 mm \u00d7 250 mm 40\u00a00 mm \u00d7 2\u00a02\u00a00 mm   Tama\u00f1o de la cama de vac\u00edo con orificio 2\u00a090\u00a0mm \u00d7\u00a0190\u00a0mm 4\u00a01\u00a00 mm \u00d7 190 mm 2\u00a090\u00a0mm \u00d7\u00a0190\u00a0mm -\u00a0---   m\u00e1x.\u00a0longitud de aplicaci\u00f3n 250 mm 375 mm 250 mm 2\u00a080 mm   Velocidad\u00a0de extracci\u00f3n ajustable \u00a0 \u00a0 \u00a0 \u00a0 \u00a0 \u00a05 mm\/s~500 mm\/s \u00a0\u00a02 mm\/s~100 mm\/s 5 mm\/s~500 mm\/s   Peso del soporte del carro 500g\u00a0\u00d7\u00a02\u00a0uds\u00a0(\u00a01 KG o 1,25 KG es opcional\u00a0)   Poder total 370W 7\u00a050W 5\u00a00W   Rango de\u00a0temperatura -\u00a0--- R\u00a0T+5\u00a0\u2103\uff5e100\u00a0\u2103 -\u00a0---   Uniformidad\u00a0de temperatura -\u00a0--- \u00b15\u00a0\u2103 -\u00a0---   Fuente de alimentaci\u00f3n 220V\u00a0;\u00a050Hz   Peso 40KG 46KG 4\u00a02 KG 2\u00a05 KG   Tama\u00f1o total\u00a0(\u00a0sin bomba de vac\u00edo\u00a0)  (\u00a0L\u00d7An\u00d7Al, mm\u00a0) 500\u00d7345\u00d7340 635\u00d7345\u00d7340 500\u00d7345\u00d73","og_url":"https:\/\/abaa.mx\/tienda\/aplicador-de-tinta-automatico-bgd218-1-y-bgd219-pantalla-touch\/","og_site_name":"Abaa tienda online","article_modified_time":"2023-11-28T16:24:12+00:00","og_image":[{"width":540,"height":375,"url":"https:\/\/abaa.mx\/tienda\/wp-content\/uploads\/2023\/11\/BIUGED-BGD218-1-BGD219.jpg","type":"image\/jpeg"}],"twitter_card":"summary_large_image","twitter_misc":{"Tiempo de lectura":"1 minuto"},"schema":{"@context":"https:\/\/schema.org","@graph":[{"@type":"WebPage","@id":"https:\/\/abaa.mx\/tienda\/aplicador-de-tinta-automatico-bgd218-1-y-bgd219-pantalla-touch\/","url":"https:\/\/abaa.mx\/tienda\/aplicador-de-tinta-automatico-bgd218-1-y-bgd219-pantalla-touch\/","name":"Aplicador de Tinta Autom\u00e1tico BGD218-1 y BGD219 Pantalla Touch - Abaa tienda online","isPartOf":{"@id":"https:\/\/abaa.mx\/tienda\/#website"},"primaryImageOfPage":{"@id":"https:\/\/abaa.mx\/tienda\/aplicador-de-tinta-automatico-bgd218-1-y-bgd219-pantalla-touch\/#primaryimage"},"image":{"@id":"https:\/\/abaa.mx\/tienda\/aplicador-de-tinta-automatico-bgd218-1-y-bgd219-pantalla-touch\/#primaryimage"},"thumbnailUrl":"https:\/\/abaa.mx\/tienda\/wp-content\/uploads\/2023\/11\/BIUGED-BGD218-1-BGD219.jpg","datePublished":"2023-11-24T17:54:48+00:00","dateModified":"2023-11-28T16:24:12+00:00","breadcrumb":{"@id":"https:\/\/abaa.mx\/tienda\/aplicador-de-tinta-automatico-bgd218-1-y-bgd219-pantalla-touch\/#breadcrumb"},"inLanguage":"es","potentialAction":[{"@type":"ReadAction","target":["https:\/\/abaa.mx\/tienda\/aplicador-de-tinta-automatico-bgd218-1-y-bgd219-pantalla-touch\/"]}]},{"@type":"ImageObject","inLanguage":"es","@id":"https:\/\/abaa.mx\/tienda\/aplicador-de-tinta-automatico-bgd218-1-y-bgd219-pantalla-touch\/#primaryimage","url":"https:\/\/abaa.mx\/tienda\/wp-content\/uploads\/2023\/11\/BIUGED-BGD218-1-BGD219.jpg","contentUrl":"https:\/\/abaa.mx\/tienda\/wp-content\/uploads\/2023\/11\/BIUGED-BGD218-1-BGD219.jpg","width":540,"height":375,"caption":"BIUGED-BGD218 1- BGD219"},{"@type":"BreadcrumbList","@id":"https:\/\/abaa.mx\/tienda\/aplicador-de-tinta-automatico-bgd218-1-y-bgd219-pantalla-touch\/#breadcrumb","itemListElement":[{"@type":"ListItem","position":1,"name":"Inicio","item":"https:\/\/abaa.mx\/tienda\/"},{"@type":"ListItem","position":2,"name":"Tienda","item":"https:\/\/abaa.mx\/tienda\/"},{"@type":"ListItem","position":3,"name":"Aplicador de Tinta Autom\u00e1tico BGD218-1 y BGD219 Pantalla Touch"}]},{"@type":"WebSite","@id":"https:\/\/abaa.mx\/tienda\/#website","url":"https:\/\/abaa.mx\/tienda\/","name":"Abaa tienda online","description":"Instrumentos de medici\u00f3n","publisher":{"@id":"https:\/\/abaa.mx\/tienda\/#organization"},"potentialAction":[{"@type":"SearchAction","target":{"@type":"EntryPoint","urlTemplate":"https:\/\/abaa.mx\/tienda\/?s={search_term_string}"},"query-input":{"@type":"PropertyValueSpecification","valueRequired":true,"valueName":"search_term_string"}}],"inLanguage":"es"},{"@type":"Organization","@id":"https:\/\/abaa.mx\/tienda\/#organization","name":"Abaa tienda online","url":"https:\/\/abaa.mx\/tienda\/","logo":{"@type":"ImageObject","inLanguage":"es","@id":"https:\/\/abaa.mx\/tienda\/#\/schema\/logo\/image\/","url":"https:\/\/abaa.mx\/tienda\/wp-content\/uploads\/2024\/01\/abaa-metrologia-tienda.png","contentUrl":"https:\/\/abaa.mx\/tienda\/wp-content\/uploads\/2024\/01\/abaa-metrologia-tienda.png","width":300,"height":141,"caption":"Abaa tienda online"},"image":{"@id":"https:\/\/abaa.mx\/tienda\/#\/schema\/logo\/image\/"}}]}},"_links":{"self":[{"href":"https:\/\/abaa.mx\/tienda\/wp-json\/wp\/v2\/product\/9292","targetHints":{"allow":["GET"]}}],"collection":[{"href":"https:\/\/abaa.mx\/tienda\/wp-json\/wp\/v2\/product"}],"about":[{"href":"https:\/\/abaa.mx\/tienda\/wp-json\/wp\/v2\/types\/product"}],"replies":[{"embeddable":true,"href":"https:\/\/abaa.mx\/tienda\/wp-json\/wp\/v2\/comments?post=9292"}],"wp:featuredmedia":[{"embeddable":true,"href":"https:\/\/abaa.mx\/tienda\/wp-json\/wp\/v2\/media\/9295"}],"wp:attachment":[{"href":"https:\/\/abaa.mx\/tienda\/wp-json\/wp\/v2\/media?parent=9292"}],"wp:term":[{"taxonomy":"product_brand","embeddable":true,"href":"https:\/\/abaa.mx\/tienda\/wp-json\/wp\/v2\/product_brand?post=9292"},{"taxonomy":"product_cat","embeddable":true,"href":"https:\/\/abaa.mx\/tienda\/wp-json\/wp\/v2\/product_cat?post=9292"},{"taxonomy":"product_tag","embeddable":true,"href":"https:\/\/abaa.mx\/tienda\/wp-json\/wp\/v2\/product_tag?post=9292"}],"curies":[{"name":"wp","href":"https:\/\/api.w.org\/{rel}","templated":true}]}}