{"id":9239,"date":"2023-11-23T19:56:47","date_gmt":"2023-11-23T19:56:47","guid":{"rendered":"https:\/\/abaa.mx\/tienda\/?post_type=product&#038;p=9239"},"modified":"2023-11-23T19:56:48","modified_gmt":"2023-11-23T19:56:48","slug":"refractometro-indice-de-refraccion-pal-ri","status":"publish","type":"product","link":"https:\/\/abaa.mx\/tienda\/refractometro-indice-de-refraccion-pal-ri\/","title":{"rendered":"Refractometro Indice de refracci\u00f3n &#8211; PAL-RI"},"content":{"rendered":"<p>Refractometro Indice de refracci\u00f3n &#8211; PAL-RI.<\/p>\n","protected":false},"excerpt":{"rendered":"<p>Refract\u00f3metro digital &#8220;Pocket&#8221; PAL-RI de tama\u00f1o s\u00f3lido. En el momento en que se aprieta el bot\u00f3n de medidas despu\u00e9s de colocar ciertas gotas de exhibe en el prisma, el \u00edndice de Refracci\u00f3n (resoluci\u00f3n 0.0001) de la muestra aparecer\u00e1n de manera continua. El PAL-RI tambi\u00e9n posee todas las caracter\u00edsticas de los otros instrumentos de la serie PAL.<\/p>\n<ul>\n<li>Exactitud de Medici\u00f3n:\u00cdndice de Refracci\u00f3n \u00b10.0003 (agua 20\u00b0C).<\/li>\n<li>\u00cdndice de Refracci\u00f3n:1.3306 a 1.5284 nD.<\/li>\n<li>Tiempo de Medici\u00f3n:3 segundos.<\/li>\n<li>Volumen de la Muestra:0.3 ml.<\/li>\n<li>Dimensiones y Peso:55\u00d731\u00d7109mm,100g (unidad principal solamente).<\/li>\n<li>Temperatura Ambiente:10 a 40\u00b0C.<\/li>\n<li>Escala de Medici\u00f3n: Rango de Medida.<\/li>\n<li>Clase de protecci\u00f3n internacional:IP65 &#8211; Protegido del polvo y de chorros de agua.<\/li>\n<li>Resoluci\u00f3n: \u00cdndice de Refracci\u00f3n 0.0001.<\/li>\n<li>Temperatura de la Muestra:5 a 45\u00b0C(resoluci\u00f3n 1\u00b0C ).<\/li>\n<li>Fuente de Poder:2 Bater\u00edas tipo AAA.<\/li>\n<\/ul>\n","protected":false},"featured_media":9240,"comment_status":"open","ping_status":"closed","template":"","meta":{"_joinchat":[]},"product_brand":[],"product_cat":[140],"product_tag":[],"class_list":{"0":"post-9239","1":"product","2":"type-product","3":"status-publish","4":"has-post-thumbnail","6":"product_cat-refractometros","8":"first","9":"instock","10":"shipping-taxable","11":"product-type-simple"},"yoast_head":"<!-- This site is optimized with the Yoast SEO plugin v26.4 - https:\/\/yoast.com\/wordpress\/plugins\/seo\/ -->\n<title>Refractometro Indice de refracci\u00f3n - PAL-RI - Abaa tienda online<\/title>\n<meta name=\"robots\" content=\"index, follow, max-snippet:-1, max-image-preview:large, max-video-preview:-1\" \/>\n<link rel=\"canonical\" href=\"https:\/\/abaa.mx\/tienda\/refractometro-indice-de-refraccion-pal-ri\/\" \/>\n<meta property=\"og:locale\" content=\"es_MX\" \/>\n<meta property=\"og:type\" content=\"article\" \/>\n<meta property=\"og:title\" content=\"Refractometro Indice de refracci\u00f3n - PAL-RI - Abaa tienda online\" \/>\n<meta property=\"og:description\" content=\"Refract\u00f3metro digital &quot;Pocket&quot; PAL-RI de tama\u00f1o s\u00f3lido. En el momento en que se aprieta el bot\u00f3n de medidas despu\u00e9s de colocar ciertas gotas de exhibe en el prisma, el \u00edndice de Refracci\u00f3n (resoluci\u00f3n 0.0001) de la muestra aparecer\u00e1n de manera continua. El PAL-RI tambi\u00e9n posee todas las caracter\u00edsticas de los otros instrumentos de la serie PAL.   Exactitud de Medici\u00f3n:\u00cdndice de Refracci\u00f3n \u00b10.0003 (agua 20\u00b0C).  \u00cdndice de Refracci\u00f3n:1.3306 a 1.5284 nD.  Tiempo de Medici\u00f3n:3 segundos.  Volumen de la Muestra:0.3 ml.  Dimensiones y Peso:55\u00d731\u00d7109mm,100g (unidad principal solamente).  Temperatura Ambiente:10 a 40\u00b0C.  Escala de Medici\u00f3n: Rango de Medida.  Clase de protecci\u00f3n internacional:IP65 - Protegido del polvo y de chorros de agua.  Resoluci\u00f3n: \u00cdndice de Refracci\u00f3n 0.0001.  Temperatura de la Muestra:5 a 45\u00b0C(resoluci\u00f3n 1\u00b0C ).  Fuente de Poder:2 Bater\u00edas tipo AAA.\" \/>\n<meta property=\"og:url\" content=\"https:\/\/abaa.mx\/tienda\/refractometro-indice-de-refraccion-pal-ri\/\" \/>\n<meta property=\"og:site_name\" content=\"Abaa tienda online\" \/>\n<meta property=\"article:modified_time\" content=\"2023-11-23T19:56:48+00:00\" \/>\n<meta property=\"og:image\" content=\"https:\/\/abaa.mx\/tienda\/wp-content\/uploads\/2023\/11\/ATAGO-PAL-RI.jpg\" \/>\n\t<meta property=\"og:image:width\" content=\"397\" \/>\n\t<meta property=\"og:image:height\" content=\"396\" \/>\n\t<meta property=\"og:image:type\" content=\"image\/jpeg\" \/>\n<meta name=\"twitter:card\" content=\"summary_large_image\" \/>\n<meta name=\"twitter:label1\" content=\"Tiempo de lectura\" \/>\n\t<meta name=\"twitter:data1\" content=\"1 minuto\" \/>\n<script type=\"application\/ld+json\" class=\"yoast-schema-graph\">{\"@context\":\"https:\/\/schema.org\",\"@graph\":[{\"@type\":\"WebPage\",\"@id\":\"https:\/\/abaa.mx\/tienda\/refractometro-indice-de-refraccion-pal-ri\/\",\"url\":\"https:\/\/abaa.mx\/tienda\/refractometro-indice-de-refraccion-pal-ri\/\",\"name\":\"Refractometro Indice de refracci\u00f3n - PAL-RI - Abaa tienda online\",\"isPartOf\":{\"@id\":\"https:\/\/abaa.mx\/tienda\/#website\"},\"primaryImageOfPage\":{\"@id\":\"https:\/\/abaa.mx\/tienda\/refractometro-indice-de-refraccion-pal-ri\/#primaryimage\"},\"image\":{\"@id\":\"https:\/\/abaa.mx\/tienda\/refractometro-indice-de-refraccion-pal-ri\/#primaryimage\"},\"thumbnailUrl\":\"https:\/\/abaa.mx\/tienda\/wp-content\/uploads\/2023\/11\/ATAGO-PAL-RI.jpg\",\"datePublished\":\"2023-11-23T19:56:47+00:00\",\"dateModified\":\"2023-11-23T19:56:48+00:00\",\"breadcrumb\":{\"@id\":\"https:\/\/abaa.mx\/tienda\/refractometro-indice-de-refraccion-pal-ri\/#breadcrumb\"},\"inLanguage\":\"es\",\"potentialAction\":[{\"@type\":\"ReadAction\",\"target\":[\"https:\/\/abaa.mx\/tienda\/refractometro-indice-de-refraccion-pal-ri\/\"]}]},{\"@type\":\"ImageObject\",\"inLanguage\":\"es\",\"@id\":\"https:\/\/abaa.mx\/tienda\/refractometro-indice-de-refraccion-pal-ri\/#primaryimage\",\"url\":\"https:\/\/abaa.mx\/tienda\/wp-content\/uploads\/2023\/11\/ATAGO-PAL-RI.jpg\",\"contentUrl\":\"https:\/\/abaa.mx\/tienda\/wp-content\/uploads\/2023\/11\/ATAGO-PAL-RI.jpg\",\"width\":397,\"height\":396,\"caption\":\"ATAGO-PAL-RI\"},{\"@type\":\"BreadcrumbList\",\"@id\":\"https:\/\/abaa.mx\/tienda\/refractometro-indice-de-refraccion-pal-ri\/#breadcrumb\",\"itemListElement\":[{\"@type\":\"ListItem\",\"position\":1,\"name\":\"Inicio\",\"item\":\"https:\/\/abaa.mx\/tienda\/\"},{\"@type\":\"ListItem\",\"position\":2,\"name\":\"Tienda\",\"item\":\"https:\/\/abaa.mx\/tienda\/\"},{\"@type\":\"ListItem\",\"position\":3,\"name\":\"Refractometro Indice de refracci\u00f3n &#8211; PAL-RI\"}]},{\"@type\":\"WebSite\",\"@id\":\"https:\/\/abaa.mx\/tienda\/#website\",\"url\":\"https:\/\/abaa.mx\/tienda\/\",\"name\":\"Abaa tienda online\",\"description\":\"Instrumentos de medici\u00f3n\",\"publisher\":{\"@id\":\"https:\/\/abaa.mx\/tienda\/#organization\"},\"potentialAction\":[{\"@type\":\"SearchAction\",\"target\":{\"@type\":\"EntryPoint\",\"urlTemplate\":\"https:\/\/abaa.mx\/tienda\/?s={search_term_string}\"},\"query-input\":{\"@type\":\"PropertyValueSpecification\",\"valueRequired\":true,\"valueName\":\"search_term_string\"}}],\"inLanguage\":\"es\"},{\"@type\":\"Organization\",\"@id\":\"https:\/\/abaa.mx\/tienda\/#organization\",\"name\":\"Abaa tienda online\",\"url\":\"https:\/\/abaa.mx\/tienda\/\",\"logo\":{\"@type\":\"ImageObject\",\"inLanguage\":\"es\",\"@id\":\"https:\/\/abaa.mx\/tienda\/#\/schema\/logo\/image\/\",\"url\":\"https:\/\/abaa.mx\/tienda\/wp-content\/uploads\/2024\/01\/abaa-metrologia-tienda.png\",\"contentUrl\":\"https:\/\/abaa.mx\/tienda\/wp-content\/uploads\/2024\/01\/abaa-metrologia-tienda.png\",\"width\":300,\"height\":141,\"caption\":\"Abaa tienda online\"},\"image\":{\"@id\":\"https:\/\/abaa.mx\/tienda\/#\/schema\/logo\/image\/\"}}]}<\/script>\n<!-- \/ Yoast SEO plugin. -->","yoast_head_json":{"title":"Refractometro Indice de refracci\u00f3n - PAL-RI - Abaa tienda online","robots":{"index":"index","follow":"follow","max-snippet":"max-snippet:-1","max-image-preview":"max-image-preview:large","max-video-preview":"max-video-preview:-1"},"canonical":"https:\/\/abaa.mx\/tienda\/refractometro-indice-de-refraccion-pal-ri\/","og_locale":"es_MX","og_type":"article","og_title":"Refractometro Indice de refracci\u00f3n - PAL-RI - Abaa tienda online","og_description":"Refract\u00f3metro digital \"Pocket\" PAL-RI de tama\u00f1o s\u00f3lido. En el momento en que se aprieta el bot\u00f3n de medidas despu\u00e9s de colocar ciertas gotas de exhibe en el prisma, el \u00edndice de Refracci\u00f3n (resoluci\u00f3n 0.0001) de la muestra aparecer\u00e1n de manera continua. El PAL-RI tambi\u00e9n posee todas las caracter\u00edsticas de los otros instrumentos de la serie PAL.   Exactitud de Medici\u00f3n:\u00cdndice de Refracci\u00f3n \u00b10.0003 (agua 20\u00b0C).  \u00cdndice de Refracci\u00f3n:1.3306 a 1.5284 nD.  Tiempo de Medici\u00f3n:3 segundos.  Volumen de la Muestra:0.3 ml.  Dimensiones y Peso:55\u00d731\u00d7109mm,100g (unidad principal solamente).  Temperatura Ambiente:10 a 40\u00b0C.  Escala de Medici\u00f3n: Rango de Medida.  Clase de protecci\u00f3n internacional:IP65 - Protegido del polvo y de chorros de agua.  Resoluci\u00f3n: \u00cdndice de Refracci\u00f3n 0.0001.  Temperatura de la Muestra:5 a 45\u00b0C(resoluci\u00f3n 1\u00b0C ).  Fuente de Poder:2 Bater\u00edas tipo AAA.","og_url":"https:\/\/abaa.mx\/tienda\/refractometro-indice-de-refraccion-pal-ri\/","og_site_name":"Abaa tienda online","article_modified_time":"2023-11-23T19:56:48+00:00","og_image":[{"width":397,"height":396,"url":"https:\/\/abaa.mx\/tienda\/wp-content\/uploads\/2023\/11\/ATAGO-PAL-RI.jpg","type":"image\/jpeg"}],"twitter_card":"summary_large_image","twitter_misc":{"Tiempo de lectura":"1 minuto"},"schema":{"@context":"https:\/\/schema.org","@graph":[{"@type":"WebPage","@id":"https:\/\/abaa.mx\/tienda\/refractometro-indice-de-refraccion-pal-ri\/","url":"https:\/\/abaa.mx\/tienda\/refractometro-indice-de-refraccion-pal-ri\/","name":"Refractometro Indice de refracci\u00f3n - PAL-RI - Abaa tienda online","isPartOf":{"@id":"https:\/\/abaa.mx\/tienda\/#website"},"primaryImageOfPage":{"@id":"https:\/\/abaa.mx\/tienda\/refractometro-indice-de-refraccion-pal-ri\/#primaryimage"},"image":{"@id":"https:\/\/abaa.mx\/tienda\/refractometro-indice-de-refraccion-pal-ri\/#primaryimage"},"thumbnailUrl":"https:\/\/abaa.mx\/tienda\/wp-content\/uploads\/2023\/11\/ATAGO-PAL-RI.jpg","datePublished":"2023-11-23T19:56:47+00:00","dateModified":"2023-11-23T19:56:48+00:00","breadcrumb":{"@id":"https:\/\/abaa.mx\/tienda\/refractometro-indice-de-refraccion-pal-ri\/#breadcrumb"},"inLanguage":"es","potentialAction":[{"@type":"ReadAction","target":["https:\/\/abaa.mx\/tienda\/refractometro-indice-de-refraccion-pal-ri\/"]}]},{"@type":"ImageObject","inLanguage":"es","@id":"https:\/\/abaa.mx\/tienda\/refractometro-indice-de-refraccion-pal-ri\/#primaryimage","url":"https:\/\/abaa.mx\/tienda\/wp-content\/uploads\/2023\/11\/ATAGO-PAL-RI.jpg","contentUrl":"https:\/\/abaa.mx\/tienda\/wp-content\/uploads\/2023\/11\/ATAGO-PAL-RI.jpg","width":397,"height":396,"caption":"ATAGO-PAL-RI"},{"@type":"BreadcrumbList","@id":"https:\/\/abaa.mx\/tienda\/refractometro-indice-de-refraccion-pal-ri\/#breadcrumb","itemListElement":[{"@type":"ListItem","position":1,"name":"Inicio","item":"https:\/\/abaa.mx\/tienda\/"},{"@type":"ListItem","position":2,"name":"Tienda","item":"https:\/\/abaa.mx\/tienda\/"},{"@type":"ListItem","position":3,"name":"Refractometro Indice de refracci\u00f3n &#8211; PAL-RI"}]},{"@type":"WebSite","@id":"https:\/\/abaa.mx\/tienda\/#website","url":"https:\/\/abaa.mx\/tienda\/","name":"Abaa tienda online","description":"Instrumentos de medici\u00f3n","publisher":{"@id":"https:\/\/abaa.mx\/tienda\/#organization"},"potentialAction":[{"@type":"SearchAction","target":{"@type":"EntryPoint","urlTemplate":"https:\/\/abaa.mx\/tienda\/?s={search_term_string}"},"query-input":{"@type":"PropertyValueSpecification","valueRequired":true,"valueName":"search_term_string"}}],"inLanguage":"es"},{"@type":"Organization","@id":"https:\/\/abaa.mx\/tienda\/#organization","name":"Abaa tienda online","url":"https:\/\/abaa.mx\/tienda\/","logo":{"@type":"ImageObject","inLanguage":"es","@id":"https:\/\/abaa.mx\/tienda\/#\/schema\/logo\/image\/","url":"https:\/\/abaa.mx\/tienda\/wp-content\/uploads\/2024\/01\/abaa-metrologia-tienda.png","contentUrl":"https:\/\/abaa.mx\/tienda\/wp-content\/uploads\/2024\/01\/abaa-metrologia-tienda.png","width":300,"height":141,"caption":"Abaa tienda online"},"image":{"@id":"https:\/\/abaa.mx\/tienda\/#\/schema\/logo\/image\/"}}]}},"_links":{"self":[{"href":"https:\/\/abaa.mx\/tienda\/wp-json\/wp\/v2\/product\/9239","targetHints":{"allow":["GET"]}}],"collection":[{"href":"https:\/\/abaa.mx\/tienda\/wp-json\/wp\/v2\/product"}],"about":[{"href":"https:\/\/abaa.mx\/tienda\/wp-json\/wp\/v2\/types\/product"}],"replies":[{"embeddable":true,"href":"https:\/\/abaa.mx\/tienda\/wp-json\/wp\/v2\/comments?post=9239"}],"wp:featuredmedia":[{"embeddable":true,"href":"https:\/\/abaa.mx\/tienda\/wp-json\/wp\/v2\/media\/9240"}],"wp:attachment":[{"href":"https:\/\/abaa.mx\/tienda\/wp-json\/wp\/v2\/media?parent=9239"}],"wp:term":[{"taxonomy":"product_brand","embeddable":true,"href":"https:\/\/abaa.mx\/tienda\/wp-json\/wp\/v2\/product_brand?post=9239"},{"taxonomy":"product_cat","embeddable":true,"href":"https:\/\/abaa.mx\/tienda\/wp-json\/wp\/v2\/product_cat?post=9239"},{"taxonomy":"product_tag","embeddable":true,"href":"https:\/\/abaa.mx\/tienda\/wp-json\/wp\/v2\/product_tag?post=9239"}],"curies":[{"name":"wp","href":"https:\/\/api.w.org\/{rel}","templated":true}]}}