{"id":9163,"date":"2023-11-22T15:30:20","date_gmt":"2023-11-22T15:30:20","guid":{"rendered":"https:\/\/abaa.mx\/tienda\/?post_type=product&#038;p=9163"},"modified":"2023-12-04T19:08:58","modified_gmt":"2023-12-04T19:08:58","slug":"vibrometro-acc-vel-desplazamiento-salida-usb-tenmars-st140d","status":"publish","type":"product","link":"https:\/\/abaa.mx\/tienda\/vibrometro-acc-vel-desplazamiento-salida-usb-tenmars-st140d\/","title":{"rendered":"Vibr\u00f3metro (acc-vel-desplazamiento), salida USB Tenmars &#8211; ST140D"},"content":{"rendered":"<p>Vibr\u00f3metro (acc\/vel\/desplazamiento), salida USB Tenmars &#8211; ST140D.<\/p>\n","protected":false},"excerpt":{"rendered":"<p><b>Caracter\u00edsticas:<\/b><\/p>\n<ul>\n<li>Amplio rango de frecuencia de 10Hz a 5KHz.<\/li>\n<li>Medida de aceleraci\u00f3n, velocidad y desplazamiento.<\/li>\n<li>Cumple con el sensor ISO2954 para una medici\u00f3n precisa.<\/li>\n<li>Sensor de vibraci\u00f3n con adaptador magn\u00e9tico en cable de 1.2M (47.2).<\/li>\n<li><\/li>\n<li>Rango bajo: 10Hz ~ 1KHz cumple con la medida ISO 2954.<\/li>\n<li>Hola rango: 10Hz ~ 5KHz.<\/li>\n<li>Registrador de datos con capacidad de 9999 registros.<\/li>\n<li>Interfaz USB (ST-140D \/ ST-141D).<\/li>\n<li>Ajuste de compensaci\u00f3n utilizado para la funci\u00f3n cero.<\/li>\n<li>Apagado autom\u00e1tico con funci\u00f3n de desactivaci\u00f3n.<\/li>\n<li>Resoluci\u00f3n: 0.1 m \/ s\u00b2, 0.01 g, 1 pie \/ s\u00b2, 0.1 mm \/ s, 0.01 cm \/ s, 0.01. pulgada \/ s, 0.001 mm, 0.001 pulgada.<\/li>\n<\/ul>\n<p><b>Especificaciones t\u00e9cnicas:<\/b><\/p>\n<ul>\n<li>Desplazamiento: 10Hz?1KHz.<\/li>\n<li>Aceleraci\u00f3n: 10Hz ? 1KHz (Lo)?10Hz?5KHz.<\/li>\n<li>Rango de frecuencia de medici\u00f3n.<\/li>\n<li>Velocidad: 10Hz?1KHz.<\/li>\n<\/ul>\n<p><b>Rango de medici\u00f3n:<\/b><\/p>\n<p>\u2022 Velocidad: 0.5?199.9mm \/ s, 0.05 ~ 19.99cm, 0.02 ~ 7.87inch \/ s.<br \/>\n\u2022 Datos almacenados: 9999 registros (ST-140D).<br \/>\n\u2022 Adaptador de CA: CA 100 ~ 240V a DC9V \/ 0.5\u00aa.<br \/>\n\u2022 Precisi\u00f3n: \u00b1 (5% de lectura \u00b1 5 d\u00edgitos), ref. 79.4 \/ 158Hz, 23 \u00b0 C, &lt;80% RH.<br \/>\n\u2022 Desplazamiento: 0.005?1.999mm, 0.002 ~ 0.078inch.<br \/>\n\u2022 Fuente de alimentaci\u00f3n: pila alcalina AAA de 1.5V x 6.<\/p>\n<p>\u2022 Dimensi\u00f3n: 156x73x35 (LxWxH).<br \/>\n\u2022 Desplazamiento: Peak-Peak, Max Hold, Hold.<br \/>\n\u2022 Funci\u00f3n Aceleraci\u00f3n \/ Velocidad: RMS, Pico, Max Hold, Hold.<br \/>\n\u2022 Aceleraci\u00f3n: 0.5?199.9m \/ s\u00b2, 0.05 ~ 20.39g, 2 ~ 656ft \/ s\u00b2.<\/p>\n","protected":false},"featured_media":9164,"comment_status":"open","ping_status":"closed","template":"","meta":{"_joinchat":[]},"product_brand":[],"product_cat":[139],"product_tag":[],"class_list":{"0":"post-9163","1":"product","2":"type-product","3":"status-publish","4":"has-post-thumbnail","6":"product_cat-vibrometros","8":"first","9":"instock","10":"shipping-taxable","11":"product-type-simple"},"yoast_head":"<!-- This site is optimized with the Yoast SEO plugin v26.4 - https:\/\/yoast.com\/wordpress\/plugins\/seo\/ -->\n<title>Vibr\u00f3metro (acc-vel-desplazamiento), salida USB Tenmars - ST140D - Abaa tienda online<\/title>\n<meta name=\"robots\" content=\"index, follow, max-snippet:-1, max-image-preview:large, max-video-preview:-1\" \/>\n<link rel=\"canonical\" href=\"https:\/\/abaa.mx\/tienda\/vibrometro-acc-vel-desplazamiento-salida-usb-tenmars-st140d\/\" \/>\n<meta property=\"og:locale\" content=\"es_MX\" \/>\n<meta property=\"og:type\" content=\"article\" \/>\n<meta property=\"og:title\" content=\"Vibr\u00f3metro (acc-vel-desplazamiento), salida USB Tenmars - ST140D - Abaa tienda online\" \/>\n<meta property=\"og:description\" content=\"Caracter\u00edsticas:   Amplio rango de frecuencia de 10Hz a 5KHz.  Medida de aceleraci\u00f3n, velocidad y desplazamiento.  Cumple con el sensor ISO2954 para una medici\u00f3n precisa.  Sensor de vibraci\u00f3n con adaptador magn\u00e9tico en cable de 1.2M (47.2).    Rango bajo: 10Hz ~ 1KHz cumple con la medida ISO 2954.  Hola rango: 10Hz ~ 5KHz.  Registrador de datos con capacidad de 9999 registros.  Interfaz USB (ST-140D \/ ST-141D).  Ajuste de compensaci\u00f3n utilizado para la funci\u00f3n cero.  Apagado autom\u00e1tico con funci\u00f3n de desactivaci\u00f3n.  Resoluci\u00f3n: 0.1 m \/ s\u00b2, 0.01 g, 1 pie \/ s\u00b2, 0.1 mm \/ s, 0.01 cm \/ s, 0.01. pulgada \/ s, 0.001 mm, 0.001 pulgada.  Especificaciones t\u00e9cnicas:   Desplazamiento: 10Hz?1KHz.  Aceleraci\u00f3n: 10Hz ? 1KHz (Lo)?10Hz?5KHz.  Rango de frecuencia de medici\u00f3n.  Velocidad: 10Hz?1KHz.  Rango de medici\u00f3n:  \u2022 Velocidad: 0.5?199.9mm \/ s, 0.05 ~ 19.99cm, 0.02 ~ 7.87inch \/ s. \u2022 Datos almacenados: 9999 registros (ST-140D). \u2022 Adaptador de CA: CA 100 ~ 240V a DC9V \/ 0.5\u00aa. \u2022 Precisi\u00f3n: \u00b1 (5% de lectura \u00b1 5 d\u00edgitos), ref. 79.4 \/ 158Hz, 23 \u00b0 C, &lt;80% RH. \u2022 Desplazamiento: 0.005?1.999mm, 0.002 ~ 0.078inch. \u2022 Fuente de alimentaci\u00f3n: pila alcalina AAA de 1.5V x 6.  \u2022 Dimensi\u00f3n: 156x73x35 (LxWxH). \u2022 Desplazamiento: Peak-Peak, Max Hold, Hold. \u2022 Funci\u00f3n Aceleraci\u00f3n \/ Velocidad: RMS, Pico, Max Hold, Hold. \u2022 Aceleraci\u00f3n: 0.5?199.9m \/ s\u00b2, 0.05 ~ 20.39g, 2 ~ 656ft \/ s\u00b2.\" \/>\n<meta property=\"og:url\" content=\"https:\/\/abaa.mx\/tienda\/vibrometro-acc-vel-desplazamiento-salida-usb-tenmars-st140d\/\" \/>\n<meta property=\"og:site_name\" content=\"Abaa tienda online\" \/>\n<meta property=\"article:modified_time\" content=\"2023-12-04T19:08:58+00:00\" \/>\n<meta property=\"og:image\" content=\"https:\/\/abaa.mx\/tienda\/wp-content\/uploads\/2023\/11\/TENMARS-ST140D.jpg\" \/>\n\t<meta property=\"og:image:width\" content=\"321\" \/>\n\t<meta property=\"og:image:height\" content=\"400\" \/>\n\t<meta property=\"og:image:type\" content=\"image\/jpeg\" \/>\n<meta name=\"twitter:card\" content=\"summary_large_image\" \/>\n<meta name=\"twitter:label1\" content=\"Tiempo de lectura\" \/>\n\t<meta name=\"twitter:data1\" content=\"1 minuto\" \/>\n<script type=\"application\/ld+json\" class=\"yoast-schema-graph\">{\"@context\":\"https:\/\/schema.org\",\"@graph\":[{\"@type\":\"WebPage\",\"@id\":\"https:\/\/abaa.mx\/tienda\/vibrometro-acc-vel-desplazamiento-salida-usb-tenmars-st140d\/\",\"url\":\"https:\/\/abaa.mx\/tienda\/vibrometro-acc-vel-desplazamiento-salida-usb-tenmars-st140d\/\",\"name\":\"Vibr\u00f3metro (acc-vel-desplazamiento), salida USB Tenmars - ST140D - Abaa tienda online\",\"isPartOf\":{\"@id\":\"https:\/\/abaa.mx\/tienda\/#website\"},\"primaryImageOfPage\":{\"@id\":\"https:\/\/abaa.mx\/tienda\/vibrometro-acc-vel-desplazamiento-salida-usb-tenmars-st140d\/#primaryimage\"},\"image\":{\"@id\":\"https:\/\/abaa.mx\/tienda\/vibrometro-acc-vel-desplazamiento-salida-usb-tenmars-st140d\/#primaryimage\"},\"thumbnailUrl\":\"https:\/\/abaa.mx\/tienda\/wp-content\/uploads\/2023\/11\/TENMARS-ST140D.jpg\",\"datePublished\":\"2023-11-22T15:30:20+00:00\",\"dateModified\":\"2023-12-04T19:08:58+00:00\",\"breadcrumb\":{\"@id\":\"https:\/\/abaa.mx\/tienda\/vibrometro-acc-vel-desplazamiento-salida-usb-tenmars-st140d\/#breadcrumb\"},\"inLanguage\":\"es\",\"potentialAction\":[{\"@type\":\"ReadAction\",\"target\":[\"https:\/\/abaa.mx\/tienda\/vibrometro-acc-vel-desplazamiento-salida-usb-tenmars-st140d\/\"]}]},{\"@type\":\"ImageObject\",\"inLanguage\":\"es\",\"@id\":\"https:\/\/abaa.mx\/tienda\/vibrometro-acc-vel-desplazamiento-salida-usb-tenmars-st140d\/#primaryimage\",\"url\":\"https:\/\/abaa.mx\/tienda\/wp-content\/uploads\/2023\/11\/TENMARS-ST140D.jpg\",\"contentUrl\":\"https:\/\/abaa.mx\/tienda\/wp-content\/uploads\/2023\/11\/TENMARS-ST140D.jpg\",\"width\":321,\"height\":400,\"caption\":\"TENMARS-ST140D\"},{\"@type\":\"BreadcrumbList\",\"@id\":\"https:\/\/abaa.mx\/tienda\/vibrometro-acc-vel-desplazamiento-salida-usb-tenmars-st140d\/#breadcrumb\",\"itemListElement\":[{\"@type\":\"ListItem\",\"position\":1,\"name\":\"Inicio\",\"item\":\"https:\/\/abaa.mx\/tienda\/\"},{\"@type\":\"ListItem\",\"position\":2,\"name\":\"Tienda\",\"item\":\"https:\/\/abaa.mx\/tienda\/\"},{\"@type\":\"ListItem\",\"position\":3,\"name\":\"Vibr\u00f3metro (acc-vel-desplazamiento), salida USB Tenmars &#8211; ST140D\"}]},{\"@type\":\"WebSite\",\"@id\":\"https:\/\/abaa.mx\/tienda\/#website\",\"url\":\"https:\/\/abaa.mx\/tienda\/\",\"name\":\"Abaa tienda online\",\"description\":\"Instrumentos de medici\u00f3n\",\"publisher\":{\"@id\":\"https:\/\/abaa.mx\/tienda\/#organization\"},\"potentialAction\":[{\"@type\":\"SearchAction\",\"target\":{\"@type\":\"EntryPoint\",\"urlTemplate\":\"https:\/\/abaa.mx\/tienda\/?s={search_term_string}\"},\"query-input\":{\"@type\":\"PropertyValueSpecification\",\"valueRequired\":true,\"valueName\":\"search_term_string\"}}],\"inLanguage\":\"es\"},{\"@type\":\"Organization\",\"@id\":\"https:\/\/abaa.mx\/tienda\/#organization\",\"name\":\"Abaa tienda online\",\"url\":\"https:\/\/abaa.mx\/tienda\/\",\"logo\":{\"@type\":\"ImageObject\",\"inLanguage\":\"es\",\"@id\":\"https:\/\/abaa.mx\/tienda\/#\/schema\/logo\/image\/\",\"url\":\"https:\/\/abaa.mx\/tienda\/wp-content\/uploads\/2024\/01\/abaa-metrologia-tienda.png\",\"contentUrl\":\"https:\/\/abaa.mx\/tienda\/wp-content\/uploads\/2024\/01\/abaa-metrologia-tienda.png\",\"width\":300,\"height\":141,\"caption\":\"Abaa tienda online\"},\"image\":{\"@id\":\"https:\/\/abaa.mx\/tienda\/#\/schema\/logo\/image\/\"}}]}<\/script>\n<!-- \/ Yoast SEO plugin. -->","yoast_head_json":{"title":"Vibr\u00f3metro (acc-vel-desplazamiento), salida USB Tenmars - ST140D - Abaa tienda online","robots":{"index":"index","follow":"follow","max-snippet":"max-snippet:-1","max-image-preview":"max-image-preview:large","max-video-preview":"max-video-preview:-1"},"canonical":"https:\/\/abaa.mx\/tienda\/vibrometro-acc-vel-desplazamiento-salida-usb-tenmars-st140d\/","og_locale":"es_MX","og_type":"article","og_title":"Vibr\u00f3metro (acc-vel-desplazamiento), salida USB Tenmars - ST140D - Abaa tienda online","og_description":"Caracter\u00edsticas:   Amplio rango de frecuencia de 10Hz a 5KHz.  Medida de aceleraci\u00f3n, velocidad y desplazamiento.  Cumple con el sensor ISO2954 para una medici\u00f3n precisa.  Sensor de vibraci\u00f3n con adaptador magn\u00e9tico en cable de 1.2M (47.2).    Rango bajo: 10Hz ~ 1KHz cumple con la medida ISO 2954.  Hola rango: 10Hz ~ 5KHz.  Registrador de datos con capacidad de 9999 registros.  Interfaz USB (ST-140D \/ ST-141D).  Ajuste de compensaci\u00f3n utilizado para la funci\u00f3n cero.  Apagado autom\u00e1tico con funci\u00f3n de desactivaci\u00f3n.  Resoluci\u00f3n: 0.1 m \/ s\u00b2, 0.01 g, 1 pie \/ s\u00b2, 0.1 mm \/ s, 0.01 cm \/ s, 0.01. pulgada \/ s, 0.001 mm, 0.001 pulgada.  Especificaciones t\u00e9cnicas:   Desplazamiento: 10Hz?1KHz.  Aceleraci\u00f3n: 10Hz ? 1KHz (Lo)?10Hz?5KHz.  Rango de frecuencia de medici\u00f3n.  Velocidad: 10Hz?1KHz.  Rango de medici\u00f3n:  \u2022 Velocidad: 0.5?199.9mm \/ s, 0.05 ~ 19.99cm, 0.02 ~ 7.87inch \/ s. \u2022 Datos almacenados: 9999 registros (ST-140D). \u2022 Adaptador de CA: CA 100 ~ 240V a DC9V \/ 0.5\u00aa. \u2022 Precisi\u00f3n: \u00b1 (5% de lectura \u00b1 5 d\u00edgitos), ref. 79.4 \/ 158Hz, 23 \u00b0 C, &lt;80% RH. \u2022 Desplazamiento: 0.005?1.999mm, 0.002 ~ 0.078inch. \u2022 Fuente de alimentaci\u00f3n: pila alcalina AAA de 1.5V x 6.  \u2022 Dimensi\u00f3n: 156x73x35 (LxWxH). \u2022 Desplazamiento: Peak-Peak, Max Hold, Hold. \u2022 Funci\u00f3n Aceleraci\u00f3n \/ Velocidad: RMS, Pico, Max Hold, Hold. \u2022 Aceleraci\u00f3n: 0.5?199.9m \/ s\u00b2, 0.05 ~ 20.39g, 2 ~ 656ft \/ s\u00b2.","og_url":"https:\/\/abaa.mx\/tienda\/vibrometro-acc-vel-desplazamiento-salida-usb-tenmars-st140d\/","og_site_name":"Abaa tienda online","article_modified_time":"2023-12-04T19:08:58+00:00","og_image":[{"width":321,"height":400,"url":"https:\/\/abaa.mx\/tienda\/wp-content\/uploads\/2023\/11\/TENMARS-ST140D.jpg","type":"image\/jpeg"}],"twitter_card":"summary_large_image","twitter_misc":{"Tiempo de lectura":"1 minuto"},"schema":{"@context":"https:\/\/schema.org","@graph":[{"@type":"WebPage","@id":"https:\/\/abaa.mx\/tienda\/vibrometro-acc-vel-desplazamiento-salida-usb-tenmars-st140d\/","url":"https:\/\/abaa.mx\/tienda\/vibrometro-acc-vel-desplazamiento-salida-usb-tenmars-st140d\/","name":"Vibr\u00f3metro (acc-vel-desplazamiento), salida USB Tenmars - ST140D - Abaa tienda online","isPartOf":{"@id":"https:\/\/abaa.mx\/tienda\/#website"},"primaryImageOfPage":{"@id":"https:\/\/abaa.mx\/tienda\/vibrometro-acc-vel-desplazamiento-salida-usb-tenmars-st140d\/#primaryimage"},"image":{"@id":"https:\/\/abaa.mx\/tienda\/vibrometro-acc-vel-desplazamiento-salida-usb-tenmars-st140d\/#primaryimage"},"thumbnailUrl":"https:\/\/abaa.mx\/tienda\/wp-content\/uploads\/2023\/11\/TENMARS-ST140D.jpg","datePublished":"2023-11-22T15:30:20+00:00","dateModified":"2023-12-04T19:08:58+00:00","breadcrumb":{"@id":"https:\/\/abaa.mx\/tienda\/vibrometro-acc-vel-desplazamiento-salida-usb-tenmars-st140d\/#breadcrumb"},"inLanguage":"es","potentialAction":[{"@type":"ReadAction","target":["https:\/\/abaa.mx\/tienda\/vibrometro-acc-vel-desplazamiento-salida-usb-tenmars-st140d\/"]}]},{"@type":"ImageObject","inLanguage":"es","@id":"https:\/\/abaa.mx\/tienda\/vibrometro-acc-vel-desplazamiento-salida-usb-tenmars-st140d\/#primaryimage","url":"https:\/\/abaa.mx\/tienda\/wp-content\/uploads\/2023\/11\/TENMARS-ST140D.jpg","contentUrl":"https:\/\/abaa.mx\/tienda\/wp-content\/uploads\/2023\/11\/TENMARS-ST140D.jpg","width":321,"height":400,"caption":"TENMARS-ST140D"},{"@type":"BreadcrumbList","@id":"https:\/\/abaa.mx\/tienda\/vibrometro-acc-vel-desplazamiento-salida-usb-tenmars-st140d\/#breadcrumb","itemListElement":[{"@type":"ListItem","position":1,"name":"Inicio","item":"https:\/\/abaa.mx\/tienda\/"},{"@type":"ListItem","position":2,"name":"Tienda","item":"https:\/\/abaa.mx\/tienda\/"},{"@type":"ListItem","position":3,"name":"Vibr\u00f3metro (acc-vel-desplazamiento), salida USB Tenmars &#8211; ST140D"}]},{"@type":"WebSite","@id":"https:\/\/abaa.mx\/tienda\/#website","url":"https:\/\/abaa.mx\/tienda\/","name":"Abaa tienda online","description":"Instrumentos de medici\u00f3n","publisher":{"@id":"https:\/\/abaa.mx\/tienda\/#organization"},"potentialAction":[{"@type":"SearchAction","target":{"@type":"EntryPoint","urlTemplate":"https:\/\/abaa.mx\/tienda\/?s={search_term_string}"},"query-input":{"@type":"PropertyValueSpecification","valueRequired":true,"valueName":"search_term_string"}}],"inLanguage":"es"},{"@type":"Organization","@id":"https:\/\/abaa.mx\/tienda\/#organization","name":"Abaa tienda online","url":"https:\/\/abaa.mx\/tienda\/","logo":{"@type":"ImageObject","inLanguage":"es","@id":"https:\/\/abaa.mx\/tienda\/#\/schema\/logo\/image\/","url":"https:\/\/abaa.mx\/tienda\/wp-content\/uploads\/2024\/01\/abaa-metrologia-tienda.png","contentUrl":"https:\/\/abaa.mx\/tienda\/wp-content\/uploads\/2024\/01\/abaa-metrologia-tienda.png","width":300,"height":141,"caption":"Abaa tienda online"},"image":{"@id":"https:\/\/abaa.mx\/tienda\/#\/schema\/logo\/image\/"}}]}},"_links":{"self":[{"href":"https:\/\/abaa.mx\/tienda\/wp-json\/wp\/v2\/product\/9163","targetHints":{"allow":["GET"]}}],"collection":[{"href":"https:\/\/abaa.mx\/tienda\/wp-json\/wp\/v2\/product"}],"about":[{"href":"https:\/\/abaa.mx\/tienda\/wp-json\/wp\/v2\/types\/product"}],"replies":[{"embeddable":true,"href":"https:\/\/abaa.mx\/tienda\/wp-json\/wp\/v2\/comments?post=9163"}],"wp:featuredmedia":[{"embeddable":true,"href":"https:\/\/abaa.mx\/tienda\/wp-json\/wp\/v2\/media\/9164"}],"wp:attachment":[{"href":"https:\/\/abaa.mx\/tienda\/wp-json\/wp\/v2\/media?parent=9163"}],"wp:term":[{"taxonomy":"product_brand","embeddable":true,"href":"https:\/\/abaa.mx\/tienda\/wp-json\/wp\/v2\/product_brand?post=9163"},{"taxonomy":"product_cat","embeddable":true,"href":"https:\/\/abaa.mx\/tienda\/wp-json\/wp\/v2\/product_cat?post=9163"},{"taxonomy":"product_tag","embeddable":true,"href":"https:\/\/abaa.mx\/tienda\/wp-json\/wp\/v2\/product_tag?post=9163"}],"curies":[{"name":"wp","href":"https:\/\/api.w.org\/{rel}","templated":true}]}}