{"id":9158,"date":"2023-11-22T14:49:12","date_gmt":"2023-11-22T14:49:12","guid":{"rendered":"https:\/\/abaa.mx\/tienda\/?post_type=product&#038;p=9158"},"modified":"2023-11-22T14:49:13","modified_gmt":"2023-11-22T14:49:13","slug":"medidor-de-vibraciones-3d-vm-6380","status":"publish","type":"product","link":"https:\/\/abaa.mx\/tienda\/medidor-de-vibraciones-3d-vm-6380\/","title":{"rendered":"Medidor de Vibraciones 3D VM-6380"},"content":{"rendered":"<p>VM-6380 (medidor de vibraciones 3D).<\/p>\n","protected":false},"excerpt":{"rendered":"<p>&nbsp;<\/p>\n<p><strong>Aplicaciones:<\/strong><\/p>\n<ul>\n<li>Aceler\u00f3metro individual de alta calidad para mediciones precisas y repetibles.<\/li>\n<li>Con la detecci\u00f3n de 3 dimensiones, el medidor de vibraciones 3D VM-6380 es el m\u00e1s cient\u00edfico y completo<\/li>\n<li>Medidor de vibraciones en el campo de detecci\u00f3n de vibraciones.<\/li>\n<li>Aud\u00edfonos opcionales para uso como estetoscopio electr\u00f3nico.<\/li>\n<li>VM-6380 puede mostrar 3 mismos par\u00e1metros en una pantalla para medici\u00f3n tridimensional.<\/li>\n<li>Use la salida de datos RS-232 para conectarse con la PC.<\/li>\n<li>Proporcione la opci\u00f3n de salida de datos Bluetooth.<\/li>\n<li>vibraci\u00f3n mec\u00e1nica. A fin de proporcionar los datos para el control de calidad, el tiempo de ejecuci\u00f3n y el mantenimiento del equipo.<\/li>\n<li>De acuerdo con ISO 2954, utilizado para mediciones peri\u00f3dicas, para detectar desequilibrios, desalineaciones y otras fallas mec\u00e1nicas en m\u00e1quinas rotativas.<\/li>\n<li>Se utiliza para medir el movimiento peri\u00f3dico, para comprobar el desequilibrio y la desviaci\u00f3n de la maquinaria en movimiento.<\/li>\n<li>Amplio rango de frecuencia (10Hz~10kHz) en modo aceleraci\u00f3n.<\/li>\n<li>Espec\u00edficamente dise\u00f1ado para la medici\u00f3n actual de varios<\/li>\n<li>Especialmente dise\u00f1ado para medir f\u00e1cilmente las vibraciones in situ de toda la maquinaria rotativa con fines de control de calidad, puesta en marcha y mantenimiento predictivo.<\/li>\n<\/ul>\n<p><strong>Especificaciones:<\/strong><\/p>\n<div class=\"scrollable-wrapper\">\n<table>\n<tbody>\n<tr>\n<td colspan=\"2\" width=\"307\">Modelo<\/td>\n<td width=\"281\">VM-6380<\/td>\n<\/tr>\n<tr>\n<td colspan=\"2\" width=\"307\">Sensor<\/td>\n<td width=\"281\">Aceler\u00f3metro piezoel\u00e9ctrico de 3 ejes<\/td>\n<\/tr>\n<tr>\n<td rowspan=\"3\" width=\"150\">Rango de Medici\u00f3n<\/td>\n<td width=\"158\">Aceleraci\u00f3n<\/td>\n<td width=\"281\">0.1~400 m\/s2 0.3~1312 pies\/s2 0.0~40 g Pico equivalente<\/td>\n<\/tr>\n<tr>\n<td width=\"158\">Velocidad<\/td>\n<td width=\"281\">0.01~400 mm\/s 0.004~16.0 pulgadas\/s RMS verdadero<\/td>\n<\/tr>\n<tr>\n<td width=\"158\">Desplazamiento<\/td>\n<td width=\"281\">0.001~4.0 mm 0.04~160.0 mil Equivalente pico a pico<\/td>\n<\/tr>\n<tr>\n<td rowspan=\"3\" width=\"150\">Rango de frecuencia<\/td>\n<td width=\"158\">Aceleraci\u00f3n<\/td>\n<td width=\"281\">10Hz~10kHz<\/td>\n<\/tr>\n<tr>\n<td width=\"158\">Velocidad<\/td>\n<td width=\"281\">10Hz~1kHz<\/td>\n<\/tr>\n<tr>\n<td width=\"158\">Desplazamiento<\/td>\n<td width=\"281\">10Hz~1kHz<\/td>\n<\/tr>\n<tr>\n<td colspan=\"2\" width=\"307\">Precision<\/td>\n<td width=\"281\">5% de lectura + 2 d\u00edgitos<\/td>\n<\/tr>\n<tr>\n<td rowspan=\"2\" width=\"150\">Condiciones de operaci\u00f3n<\/td>\n<td width=\"158\">Temperatura<\/td>\n<td width=\"281\">0~50 \u00b0C<\/td>\n<\/tr>\n<tr>\n<td width=\"158\">Humedad<\/td>\n<td width=\"281\">&lt;90 %RH<\/td>\n<\/tr>\n<tr>\n<td colspan=\"2\" width=\"307\">Fuente de alimentaci\u00f3n<\/td>\n<td width=\"281\">Bater\u00eda 2&#215;1.5V AA (UM-3)<\/td>\n<\/tr>\n<tr>\n<td colspan=\"2\" width=\"307\">Dimensiones<\/td>\n<td width=\"281\">130x76x32mm<\/td>\n<\/tr>\n<tr>\n<td colspan=\"2\" width=\"307\">Peso<\/td>\n<td width=\"281\">340 g (Sin incluir bater\u00edas)<\/td>\n<\/tr>\n<tr>\n<td colspan=\"2\" rowspan=\"6\" width=\"307\">Accesorios est\u00e1ndar<\/td>\n<td width=\"281\">Unidad principal<\/td>\n<\/tr>\n<tr>\n<td width=\"281\">Aceler\u00f3metro piezoel\u00e9ctrico de 3 ejes<\/td>\n<\/tr>\n<tr>\n<td width=\"281\">Potente Base Magn\u00e9tica<\/td>\n<\/tr>\n<tr>\n<td width=\"281\">Sonda (Cono) y Sonda (Esf\u00e9rica)<\/td>\n<\/tr>\n<tr>\n<td width=\"281\">Estuche de transporte (B04)<\/td>\n<\/tr>\n<tr>\n<td width=\"281\">Libro de instrucciones<\/td>\n<\/tr>\n<\/tbody>\n<\/table>\n<\/div>\n","protected":false},"featured_media":9159,"comment_status":"open","ping_status":"closed","template":"","meta":{"_joinchat":[]},"product_brand":[],"product_cat":[139],"product_tag":[],"class_list":{"0":"post-9158","1":"product","2":"type-product","3":"status-publish","4":"has-post-thumbnail","6":"product_cat-vibrometros","8":"first","9":"instock","10":"shipping-taxable","11":"product-type-simple"},"yoast_head":"<!-- This site is optimized with the Yoast SEO plugin v26.4 - https:\/\/yoast.com\/wordpress\/plugins\/seo\/ -->\n<title>Medidor de Vibraciones 3D VM-6380 - Abaa tienda online<\/title>\n<meta name=\"robots\" content=\"index, follow, max-snippet:-1, max-image-preview:large, max-video-preview:-1\" \/>\n<link rel=\"canonical\" href=\"https:\/\/abaa.mx\/tienda\/medidor-de-vibraciones-3d-vm-6380\/\" \/>\n<meta property=\"og:locale\" content=\"es_MX\" \/>\n<meta property=\"og:type\" content=\"article\" \/>\n<meta property=\"og:title\" content=\"Medidor de Vibraciones 3D VM-6380 - Abaa tienda online\" \/>\n<meta property=\"og:description\" content=\"&nbsp;  Aplicaciones:   Aceler\u00f3metro individual de alta calidad para mediciones precisas y repetibles.  Con la detecci\u00f3n de 3 dimensiones, el medidor de vibraciones 3D VM-6380 es el m\u00e1s cient\u00edfico y completo  Medidor de vibraciones en el campo de detecci\u00f3n de vibraciones.  Aud\u00edfonos opcionales para uso como estetoscopio electr\u00f3nico.  VM-6380 puede mostrar 3 mismos par\u00e1metros en una pantalla para medici\u00f3n tridimensional.  Use la salida de datos RS-232 para conectarse con la PC.  Proporcione la opci\u00f3n de salida de datos Bluetooth.  vibraci\u00f3n mec\u00e1nica. A fin de proporcionar los datos para el control de calidad, el tiempo de ejecuci\u00f3n y el mantenimiento del equipo.  De acuerdo con ISO 2954, utilizado para mediciones peri\u00f3dicas, para detectar desequilibrios, desalineaciones y otras fallas mec\u00e1nicas en m\u00e1quinas rotativas.  Se utiliza para medir el movimiento peri\u00f3dico, para comprobar el desequilibrio y la desviaci\u00f3n de la maquinaria en movimiento.  Amplio rango de frecuencia (10Hz~10kHz) en modo aceleraci\u00f3n.  Espec\u00edficamente dise\u00f1ado para la medici\u00f3n actual de varios  Especialmente dise\u00f1ado para medir f\u00e1cilmente las vibraciones in situ de toda la maquinaria rotativa con fines de control de calidad, puesta en marcha y mantenimiento predictivo.  Especificaciones:     Modelo VM-6380   Sensor Aceler\u00f3metro piezoel\u00e9ctrico de 3 ejes   Rango de Medici\u00f3n Aceleraci\u00f3n 0.1~400 m\/s2 0.3~1312 pies\/s2 0.0~40 g Pico equivalente   Velocidad 0.01~400 mm\/s 0.004~16.0 pulgadas\/s RMS verdadero   Desplazamiento 0.001~4.0 mm 0.04~160.0 mil Equivalente pico a pico   Rango de frecuencia Aceleraci\u00f3n 10Hz~10kHz   Velocidad 10Hz~1kHz   Desplazamiento 10Hz~1kHz   Precision 5% de lectura + 2 d\u00edgitos   Condiciones de operaci\u00f3n Temperatura 0~50 \u00b0C   Humedad &lt;90 %RH   Fuente de alimentaci\u00f3n Bater\u00eda 2x1.5V AA (UM-3)   Dimensiones 130x76x32mm   Peso 340 g (Sin incluir bater\u00edas)   Accesorios est\u00e1ndar Unidad principal   Aceler\u00f3metro piezoel\u00e9ctrico de 3 ejes   Potente Base Magn\u00e9tica   Sonda (Cono) y Sonda (Esf\u00e9rica)   Estuche de transporte (B04)   Libro de instrucciones\" \/>\n<meta property=\"og:url\" content=\"https:\/\/abaa.mx\/tienda\/medidor-de-vibraciones-3d-vm-6380\/\" \/>\n<meta property=\"og:site_name\" content=\"Abaa tienda online\" \/>\n<meta property=\"article:modified_time\" content=\"2023-11-22T14:49:13+00:00\" \/>\n<meta property=\"og:image\" content=\"https:\/\/abaa.mx\/tienda\/wp-content\/uploads\/2023\/11\/LANDTECK-VM-6380.jpg\" \/>\n\t<meta property=\"og:image:width\" content=\"441\" \/>\n\t<meta property=\"og:image:height\" content=\"490\" \/>\n\t<meta property=\"og:image:type\" content=\"image\/jpeg\" \/>\n<meta name=\"twitter:card\" content=\"summary_large_image\" \/>\n<meta name=\"twitter:label1\" content=\"Tiempo de lectura\" \/>\n\t<meta name=\"twitter:data1\" content=\"1 minuto\" \/>\n<script type=\"application\/ld+json\" class=\"yoast-schema-graph\">{\"@context\":\"https:\/\/schema.org\",\"@graph\":[{\"@type\":\"WebPage\",\"@id\":\"https:\/\/abaa.mx\/tienda\/medidor-de-vibraciones-3d-vm-6380\/\",\"url\":\"https:\/\/abaa.mx\/tienda\/medidor-de-vibraciones-3d-vm-6380\/\",\"name\":\"Medidor de Vibraciones 3D VM-6380 - Abaa tienda online\",\"isPartOf\":{\"@id\":\"https:\/\/abaa.mx\/tienda\/#website\"},\"primaryImageOfPage\":{\"@id\":\"https:\/\/abaa.mx\/tienda\/medidor-de-vibraciones-3d-vm-6380\/#primaryimage\"},\"image\":{\"@id\":\"https:\/\/abaa.mx\/tienda\/medidor-de-vibraciones-3d-vm-6380\/#primaryimage\"},\"thumbnailUrl\":\"https:\/\/abaa.mx\/tienda\/wp-content\/uploads\/2023\/11\/LANDTECK-VM-6380.jpg\",\"datePublished\":\"2023-11-22T14:49:12+00:00\",\"dateModified\":\"2023-11-22T14:49:13+00:00\",\"breadcrumb\":{\"@id\":\"https:\/\/abaa.mx\/tienda\/medidor-de-vibraciones-3d-vm-6380\/#breadcrumb\"},\"inLanguage\":\"es\",\"potentialAction\":[{\"@type\":\"ReadAction\",\"target\":[\"https:\/\/abaa.mx\/tienda\/medidor-de-vibraciones-3d-vm-6380\/\"]}]},{\"@type\":\"ImageObject\",\"inLanguage\":\"es\",\"@id\":\"https:\/\/abaa.mx\/tienda\/medidor-de-vibraciones-3d-vm-6380\/#primaryimage\",\"url\":\"https:\/\/abaa.mx\/tienda\/wp-content\/uploads\/2023\/11\/LANDTECK-VM-6380.jpg\",\"contentUrl\":\"https:\/\/abaa.mx\/tienda\/wp-content\/uploads\/2023\/11\/LANDTECK-VM-6380.jpg\",\"width\":441,\"height\":490,\"caption\":\"LANDTECK-VM-6380\"},{\"@type\":\"BreadcrumbList\",\"@id\":\"https:\/\/abaa.mx\/tienda\/medidor-de-vibraciones-3d-vm-6380\/#breadcrumb\",\"itemListElement\":[{\"@type\":\"ListItem\",\"position\":1,\"name\":\"Inicio\",\"item\":\"https:\/\/abaa.mx\/tienda\/\"},{\"@type\":\"ListItem\",\"position\":2,\"name\":\"Tienda\",\"item\":\"https:\/\/abaa.mx\/tienda\/\"},{\"@type\":\"ListItem\",\"position\":3,\"name\":\"Medidor de Vibraciones 3D VM-6380\"}]},{\"@type\":\"WebSite\",\"@id\":\"https:\/\/abaa.mx\/tienda\/#website\",\"url\":\"https:\/\/abaa.mx\/tienda\/\",\"name\":\"Abaa tienda online\",\"description\":\"Instrumentos de medici\u00f3n\",\"publisher\":{\"@id\":\"https:\/\/abaa.mx\/tienda\/#organization\"},\"potentialAction\":[{\"@type\":\"SearchAction\",\"target\":{\"@type\":\"EntryPoint\",\"urlTemplate\":\"https:\/\/abaa.mx\/tienda\/?s={search_term_string}\"},\"query-input\":{\"@type\":\"PropertyValueSpecification\",\"valueRequired\":true,\"valueName\":\"search_term_string\"}}],\"inLanguage\":\"es\"},{\"@type\":\"Organization\",\"@id\":\"https:\/\/abaa.mx\/tienda\/#organization\",\"name\":\"Abaa tienda online\",\"url\":\"https:\/\/abaa.mx\/tienda\/\",\"logo\":{\"@type\":\"ImageObject\",\"inLanguage\":\"es\",\"@id\":\"https:\/\/abaa.mx\/tienda\/#\/schema\/logo\/image\/\",\"url\":\"https:\/\/abaa.mx\/tienda\/wp-content\/uploads\/2024\/01\/abaa-metrologia-tienda.png\",\"contentUrl\":\"https:\/\/abaa.mx\/tienda\/wp-content\/uploads\/2024\/01\/abaa-metrologia-tienda.png\",\"width\":300,\"height\":141,\"caption\":\"Abaa tienda online\"},\"image\":{\"@id\":\"https:\/\/abaa.mx\/tienda\/#\/schema\/logo\/image\/\"}}]}<\/script>\n<!-- \/ Yoast SEO plugin. -->","yoast_head_json":{"title":"Medidor de Vibraciones 3D VM-6380 - Abaa tienda online","robots":{"index":"index","follow":"follow","max-snippet":"max-snippet:-1","max-image-preview":"max-image-preview:large","max-video-preview":"max-video-preview:-1"},"canonical":"https:\/\/abaa.mx\/tienda\/medidor-de-vibraciones-3d-vm-6380\/","og_locale":"es_MX","og_type":"article","og_title":"Medidor de Vibraciones 3D VM-6380 - Abaa tienda online","og_description":"&nbsp;  Aplicaciones:   Aceler\u00f3metro individual de alta calidad para mediciones precisas y repetibles.  Con la detecci\u00f3n de 3 dimensiones, el medidor de vibraciones 3D VM-6380 es el m\u00e1s cient\u00edfico y completo  Medidor de vibraciones en el campo de detecci\u00f3n de vibraciones.  Aud\u00edfonos opcionales para uso como estetoscopio electr\u00f3nico.  VM-6380 puede mostrar 3 mismos par\u00e1metros en una pantalla para medici\u00f3n tridimensional.  Use la salida de datos RS-232 para conectarse con la PC.  Proporcione la opci\u00f3n de salida de datos Bluetooth.  vibraci\u00f3n mec\u00e1nica. A fin de proporcionar los datos para el control de calidad, el tiempo de ejecuci\u00f3n y el mantenimiento del equipo.  De acuerdo con ISO 2954, utilizado para mediciones peri\u00f3dicas, para detectar desequilibrios, desalineaciones y otras fallas mec\u00e1nicas en m\u00e1quinas rotativas.  Se utiliza para medir el movimiento peri\u00f3dico, para comprobar el desequilibrio y la desviaci\u00f3n de la maquinaria en movimiento.  Amplio rango de frecuencia (10Hz~10kHz) en modo aceleraci\u00f3n.  Espec\u00edficamente dise\u00f1ado para la medici\u00f3n actual de varios  Especialmente dise\u00f1ado para medir f\u00e1cilmente las vibraciones in situ de toda la maquinaria rotativa con fines de control de calidad, puesta en marcha y mantenimiento predictivo.  Especificaciones:     Modelo VM-6380   Sensor Aceler\u00f3metro piezoel\u00e9ctrico de 3 ejes   Rango de Medici\u00f3n Aceleraci\u00f3n 0.1~400 m\/s2 0.3~1312 pies\/s2 0.0~40 g Pico equivalente   Velocidad 0.01~400 mm\/s 0.004~16.0 pulgadas\/s RMS verdadero   Desplazamiento 0.001~4.0 mm 0.04~160.0 mil Equivalente pico a pico   Rango de frecuencia Aceleraci\u00f3n 10Hz~10kHz   Velocidad 10Hz~1kHz   Desplazamiento 10Hz~1kHz   Precision 5% de lectura + 2 d\u00edgitos   Condiciones de operaci\u00f3n Temperatura 0~50 \u00b0C   Humedad &lt;90 %RH   Fuente de alimentaci\u00f3n Bater\u00eda 2x1.5V AA (UM-3)   Dimensiones 130x76x32mm   Peso 340 g (Sin incluir bater\u00edas)   Accesorios est\u00e1ndar Unidad principal   Aceler\u00f3metro piezoel\u00e9ctrico de 3 ejes   Potente Base Magn\u00e9tica   Sonda (Cono) y Sonda (Esf\u00e9rica)   Estuche de transporte (B04)   Libro de instrucciones","og_url":"https:\/\/abaa.mx\/tienda\/medidor-de-vibraciones-3d-vm-6380\/","og_site_name":"Abaa tienda online","article_modified_time":"2023-11-22T14:49:13+00:00","og_image":[{"width":441,"height":490,"url":"https:\/\/abaa.mx\/tienda\/wp-content\/uploads\/2023\/11\/LANDTECK-VM-6380.jpg","type":"image\/jpeg"}],"twitter_card":"summary_large_image","twitter_misc":{"Tiempo de lectura":"1 minuto"},"schema":{"@context":"https:\/\/schema.org","@graph":[{"@type":"WebPage","@id":"https:\/\/abaa.mx\/tienda\/medidor-de-vibraciones-3d-vm-6380\/","url":"https:\/\/abaa.mx\/tienda\/medidor-de-vibraciones-3d-vm-6380\/","name":"Medidor de Vibraciones 3D VM-6380 - Abaa tienda online","isPartOf":{"@id":"https:\/\/abaa.mx\/tienda\/#website"},"primaryImageOfPage":{"@id":"https:\/\/abaa.mx\/tienda\/medidor-de-vibraciones-3d-vm-6380\/#primaryimage"},"image":{"@id":"https:\/\/abaa.mx\/tienda\/medidor-de-vibraciones-3d-vm-6380\/#primaryimage"},"thumbnailUrl":"https:\/\/abaa.mx\/tienda\/wp-content\/uploads\/2023\/11\/LANDTECK-VM-6380.jpg","datePublished":"2023-11-22T14:49:12+00:00","dateModified":"2023-11-22T14:49:13+00:00","breadcrumb":{"@id":"https:\/\/abaa.mx\/tienda\/medidor-de-vibraciones-3d-vm-6380\/#breadcrumb"},"inLanguage":"es","potentialAction":[{"@type":"ReadAction","target":["https:\/\/abaa.mx\/tienda\/medidor-de-vibraciones-3d-vm-6380\/"]}]},{"@type":"ImageObject","inLanguage":"es","@id":"https:\/\/abaa.mx\/tienda\/medidor-de-vibraciones-3d-vm-6380\/#primaryimage","url":"https:\/\/abaa.mx\/tienda\/wp-content\/uploads\/2023\/11\/LANDTECK-VM-6380.jpg","contentUrl":"https:\/\/abaa.mx\/tienda\/wp-content\/uploads\/2023\/11\/LANDTECK-VM-6380.jpg","width":441,"height":490,"caption":"LANDTECK-VM-6380"},{"@type":"BreadcrumbList","@id":"https:\/\/abaa.mx\/tienda\/medidor-de-vibraciones-3d-vm-6380\/#breadcrumb","itemListElement":[{"@type":"ListItem","position":1,"name":"Inicio","item":"https:\/\/abaa.mx\/tienda\/"},{"@type":"ListItem","position":2,"name":"Tienda","item":"https:\/\/abaa.mx\/tienda\/"},{"@type":"ListItem","position":3,"name":"Medidor de Vibraciones 3D VM-6380"}]},{"@type":"WebSite","@id":"https:\/\/abaa.mx\/tienda\/#website","url":"https:\/\/abaa.mx\/tienda\/","name":"Abaa tienda online","description":"Instrumentos de medici\u00f3n","publisher":{"@id":"https:\/\/abaa.mx\/tienda\/#organization"},"potentialAction":[{"@type":"SearchAction","target":{"@type":"EntryPoint","urlTemplate":"https:\/\/abaa.mx\/tienda\/?s={search_term_string}"},"query-input":{"@type":"PropertyValueSpecification","valueRequired":true,"valueName":"search_term_string"}}],"inLanguage":"es"},{"@type":"Organization","@id":"https:\/\/abaa.mx\/tienda\/#organization","name":"Abaa tienda online","url":"https:\/\/abaa.mx\/tienda\/","logo":{"@type":"ImageObject","inLanguage":"es","@id":"https:\/\/abaa.mx\/tienda\/#\/schema\/logo\/image\/","url":"https:\/\/abaa.mx\/tienda\/wp-content\/uploads\/2024\/01\/abaa-metrologia-tienda.png","contentUrl":"https:\/\/abaa.mx\/tienda\/wp-content\/uploads\/2024\/01\/abaa-metrologia-tienda.png","width":300,"height":141,"caption":"Abaa tienda online"},"image":{"@id":"https:\/\/abaa.mx\/tienda\/#\/schema\/logo\/image\/"}}]}},"_links":{"self":[{"href":"https:\/\/abaa.mx\/tienda\/wp-json\/wp\/v2\/product\/9158","targetHints":{"allow":["GET"]}}],"collection":[{"href":"https:\/\/abaa.mx\/tienda\/wp-json\/wp\/v2\/product"}],"about":[{"href":"https:\/\/abaa.mx\/tienda\/wp-json\/wp\/v2\/types\/product"}],"replies":[{"embeddable":true,"href":"https:\/\/abaa.mx\/tienda\/wp-json\/wp\/v2\/comments?post=9158"}],"wp:featuredmedia":[{"embeddable":true,"href":"https:\/\/abaa.mx\/tienda\/wp-json\/wp\/v2\/media\/9159"}],"wp:attachment":[{"href":"https:\/\/abaa.mx\/tienda\/wp-json\/wp\/v2\/media?parent=9158"}],"wp:term":[{"taxonomy":"product_brand","embeddable":true,"href":"https:\/\/abaa.mx\/tienda\/wp-json\/wp\/v2\/product_brand?post=9158"},{"taxonomy":"product_cat","embeddable":true,"href":"https:\/\/abaa.mx\/tienda\/wp-json\/wp\/v2\/product_cat?post=9158"},{"taxonomy":"product_tag","embeddable":true,"href":"https:\/\/abaa.mx\/tienda\/wp-json\/wp\/v2\/product_tag?post=9158"}],"curies":[{"name":"wp","href":"https:\/\/api.w.org\/{rel}","templated":true}]}}