{"id":9122,"date":"2023-11-21T17:56:58","date_gmt":"2023-11-21T17:56:58","guid":{"rendered":"https:\/\/abaa.mx\/tienda\/?post_type=product&#038;p=9122"},"modified":"2023-11-21T17:59:24","modified_gmt":"2023-11-21T17:59:24","slug":"medidor-de-vacio-vc9200","status":"publish","type":"product","link":"https:\/\/abaa.mx\/tienda\/medidor-de-vacio-vc9200\/","title":{"rendered":"Medidor de Vac\u00edo &#8211; VC9200"},"content":{"rendered":"<p>Medidor de Vac\u00edo &#8211; VC9200.<\/p>\n","protected":false},"excerpt":{"rendered":"<p>El Medidor de vac\u00edo o vacu\u00f3metro modelo LT-VC9200 es una herramienta adecuada par el ambiente industrial.<\/p>\n<p><strong>Caracter\u00edsticas principales :<\/strong> Medici\u00f3n de vac\u00edo absoluto y de presi\u00f3n absoluta. Protecci\u00f3n de sobre carga arriba de 2000 mbar max. Sonda separada de simple manejo. Apagado autom\u00e1tico, ahorra bater\u00eda. Sensor de alta duraci\u00f3n usado para aire, petr\u00f3leo, l\u00edquido. El instrumento emplea el bajo PPM base de cristal para ofrecer una alta eficiencia de medici\u00f3n. El circuito microprocesador afirma la m\u00e1xima efectividad posible , provee funcionalidades particulares. Guarda las lecturas m\u00e1ximas y m\u00ednimas con recolecci\u00f3n de exactamente las mismas. Retenci\u00f3n del dato esperado en pantalla.<\/p>\n<p><strong>Aplicaiones:<\/strong> Automotriz, Industrial y laboratorio.<\/p>\n<p><strong>Dimensiones y peso: Medidor:<\/strong> 180 x 72 x 32 mm Sonda sensor: 55 mm x 30 mm de di\u00e1metro instrumento: 220 g, sonda <strong>sensor:<\/strong> 175 g <strong>Contenido de la Caja:<\/strong> Medidor de vac\u00edo, sonda con cable, manual de instrucci\u00f3n, estuche de transporte. <strong>Condiciones de Operaci\u00f3n:<\/strong> 0\u00b0C a 50\u00b0C (32\u00b0F a 122\u00b0F), Menos de 80% RH.<\/p>\n","protected":false},"featured_media":9125,"comment_status":"open","ping_status":"closed","template":"","meta":{"_joinchat":[]},"product_brand":[],"product_cat":[137],"product_tag":[],"class_list":{"0":"post-9122","1":"product","2":"type-product","3":"status-publish","4":"has-post-thumbnail","6":"product_cat-vacuometro","8":"first","9":"instock","10":"shipping-taxable","11":"product-type-simple"},"yoast_head":"<!-- This site is optimized with the Yoast SEO plugin v26.4 - https:\/\/yoast.com\/wordpress\/plugins\/seo\/ -->\n<title>Medidor de Vac\u00edo - VC9200 - Abaa tienda online<\/title>\n<meta name=\"robots\" content=\"index, follow, max-snippet:-1, max-image-preview:large, max-video-preview:-1\" \/>\n<link rel=\"canonical\" href=\"https:\/\/abaa.mx\/tienda\/medidor-de-vacio-vc9200\/\" \/>\n<meta property=\"og:locale\" content=\"es_MX\" \/>\n<meta property=\"og:type\" content=\"article\" \/>\n<meta property=\"og:title\" content=\"Medidor de Vac\u00edo - VC9200 - Abaa tienda online\" \/>\n<meta property=\"og:description\" content=\"El Medidor de vac\u00edo o vacu\u00f3metro modelo LT-VC9200 es una herramienta adecuada par el ambiente industrial.  Caracter\u00edsticas principales : Medici\u00f3n de vac\u00edo absoluto y de presi\u00f3n absoluta. Protecci\u00f3n de sobre carga arriba de 2000 mbar max. Sonda separada de simple manejo. Apagado autom\u00e1tico, ahorra bater\u00eda. Sensor de alta duraci\u00f3n usado para aire, petr\u00f3leo, l\u00edquido. El instrumento emplea el bajo PPM base de cristal para ofrecer una alta eficiencia de medici\u00f3n. El circuito microprocesador afirma la m\u00e1xima efectividad posible , provee funcionalidades particulares. Guarda las lecturas m\u00e1ximas y m\u00ednimas con recolecci\u00f3n de exactamente las mismas. Retenci\u00f3n del dato esperado en pantalla.  Aplicaiones: Automotriz, Industrial y laboratorio.  Dimensiones y peso: Medidor: 180 x 72 x 32 mm Sonda sensor: 55 mm x 30 mm de di\u00e1metro instrumento: 220 g, sonda sensor: 175 g Contenido de la Caja: Medidor de vac\u00edo, sonda con cable, manual de instrucci\u00f3n, estuche de transporte. Condiciones de Operaci\u00f3n: 0\u00b0C a 50\u00b0C (32\u00b0F a 122\u00b0F), Menos de 80% RH.\" \/>\n<meta property=\"og:url\" content=\"https:\/\/abaa.mx\/tienda\/medidor-de-vacio-vc9200\/\" \/>\n<meta property=\"og:site_name\" content=\"Abaa tienda online\" \/>\n<meta property=\"article:modified_time\" content=\"2023-11-21T17:59:24+00:00\" \/>\n<meta property=\"og:image\" content=\"https:\/\/abaa.mx\/tienda\/wp-content\/uploads\/2023\/11\/LUTRON-VC9200.jpg\" \/>\n\t<meta property=\"og:image:width\" content=\"462\" \/>\n\t<meta property=\"og:image:height\" content=\"381\" \/>\n\t<meta property=\"og:image:type\" content=\"image\/jpeg\" \/>\n<meta name=\"twitter:card\" content=\"summary_large_image\" \/>\n<meta name=\"twitter:label1\" content=\"Tiempo de lectura\" \/>\n\t<meta name=\"twitter:data1\" content=\"1 minuto\" \/>\n<script type=\"application\/ld+json\" class=\"yoast-schema-graph\">{\"@context\":\"https:\/\/schema.org\",\"@graph\":[{\"@type\":\"WebPage\",\"@id\":\"https:\/\/abaa.mx\/tienda\/medidor-de-vacio-vc9200\/\",\"url\":\"https:\/\/abaa.mx\/tienda\/medidor-de-vacio-vc9200\/\",\"name\":\"Medidor de Vac\u00edo - VC9200 - Abaa tienda online\",\"isPartOf\":{\"@id\":\"https:\/\/abaa.mx\/tienda\/#website\"},\"primaryImageOfPage\":{\"@id\":\"https:\/\/abaa.mx\/tienda\/medidor-de-vacio-vc9200\/#primaryimage\"},\"image\":{\"@id\":\"https:\/\/abaa.mx\/tienda\/medidor-de-vacio-vc9200\/#primaryimage\"},\"thumbnailUrl\":\"https:\/\/abaa.mx\/tienda\/wp-content\/uploads\/2023\/11\/LUTRON-VC9200.jpg\",\"datePublished\":\"2023-11-21T17:56:58+00:00\",\"dateModified\":\"2023-11-21T17:59:24+00:00\",\"breadcrumb\":{\"@id\":\"https:\/\/abaa.mx\/tienda\/medidor-de-vacio-vc9200\/#breadcrumb\"},\"inLanguage\":\"es\",\"potentialAction\":[{\"@type\":\"ReadAction\",\"target\":[\"https:\/\/abaa.mx\/tienda\/medidor-de-vacio-vc9200\/\"]}]},{\"@type\":\"ImageObject\",\"inLanguage\":\"es\",\"@id\":\"https:\/\/abaa.mx\/tienda\/medidor-de-vacio-vc9200\/#primaryimage\",\"url\":\"https:\/\/abaa.mx\/tienda\/wp-content\/uploads\/2023\/11\/LUTRON-VC9200.jpg\",\"contentUrl\":\"https:\/\/abaa.mx\/tienda\/wp-content\/uploads\/2023\/11\/LUTRON-VC9200.jpg\",\"width\":462,\"height\":381,\"caption\":\"LUTRON-VC9200\"},{\"@type\":\"BreadcrumbList\",\"@id\":\"https:\/\/abaa.mx\/tienda\/medidor-de-vacio-vc9200\/#breadcrumb\",\"itemListElement\":[{\"@type\":\"ListItem\",\"position\":1,\"name\":\"Inicio\",\"item\":\"https:\/\/abaa.mx\/tienda\/\"},{\"@type\":\"ListItem\",\"position\":2,\"name\":\"Tienda\",\"item\":\"https:\/\/abaa.mx\/tienda\/\"},{\"@type\":\"ListItem\",\"position\":3,\"name\":\"Medidor de Vac\u00edo &#8211; VC9200\"}]},{\"@type\":\"WebSite\",\"@id\":\"https:\/\/abaa.mx\/tienda\/#website\",\"url\":\"https:\/\/abaa.mx\/tienda\/\",\"name\":\"Abaa tienda online\",\"description\":\"Instrumentos de medici\u00f3n\",\"publisher\":{\"@id\":\"https:\/\/abaa.mx\/tienda\/#organization\"},\"potentialAction\":[{\"@type\":\"SearchAction\",\"target\":{\"@type\":\"EntryPoint\",\"urlTemplate\":\"https:\/\/abaa.mx\/tienda\/?s={search_term_string}\"},\"query-input\":{\"@type\":\"PropertyValueSpecification\",\"valueRequired\":true,\"valueName\":\"search_term_string\"}}],\"inLanguage\":\"es\"},{\"@type\":\"Organization\",\"@id\":\"https:\/\/abaa.mx\/tienda\/#organization\",\"name\":\"Abaa tienda online\",\"url\":\"https:\/\/abaa.mx\/tienda\/\",\"logo\":{\"@type\":\"ImageObject\",\"inLanguage\":\"es\",\"@id\":\"https:\/\/abaa.mx\/tienda\/#\/schema\/logo\/image\/\",\"url\":\"https:\/\/abaa.mx\/tienda\/wp-content\/uploads\/2024\/01\/abaa-metrologia-tienda.png\",\"contentUrl\":\"https:\/\/abaa.mx\/tienda\/wp-content\/uploads\/2024\/01\/abaa-metrologia-tienda.png\",\"width\":300,\"height\":141,\"caption\":\"Abaa tienda online\"},\"image\":{\"@id\":\"https:\/\/abaa.mx\/tienda\/#\/schema\/logo\/image\/\"}}]}<\/script>\n<!-- \/ Yoast SEO plugin. -->","yoast_head_json":{"title":"Medidor de Vac\u00edo - VC9200 - Abaa tienda online","robots":{"index":"index","follow":"follow","max-snippet":"max-snippet:-1","max-image-preview":"max-image-preview:large","max-video-preview":"max-video-preview:-1"},"canonical":"https:\/\/abaa.mx\/tienda\/medidor-de-vacio-vc9200\/","og_locale":"es_MX","og_type":"article","og_title":"Medidor de Vac\u00edo - VC9200 - Abaa tienda online","og_description":"El Medidor de vac\u00edo o vacu\u00f3metro modelo LT-VC9200 es una herramienta adecuada par el ambiente industrial.  Caracter\u00edsticas principales : Medici\u00f3n de vac\u00edo absoluto y de presi\u00f3n absoluta. Protecci\u00f3n de sobre carga arriba de 2000 mbar max. Sonda separada de simple manejo. Apagado autom\u00e1tico, ahorra bater\u00eda. Sensor de alta duraci\u00f3n usado para aire, petr\u00f3leo, l\u00edquido. El instrumento emplea el bajo PPM base de cristal para ofrecer una alta eficiencia de medici\u00f3n. El circuito microprocesador afirma la m\u00e1xima efectividad posible , provee funcionalidades particulares. Guarda las lecturas m\u00e1ximas y m\u00ednimas con recolecci\u00f3n de exactamente las mismas. Retenci\u00f3n del dato esperado en pantalla.  Aplicaiones: Automotriz, Industrial y laboratorio.  Dimensiones y peso: Medidor: 180 x 72 x 32 mm Sonda sensor: 55 mm x 30 mm de di\u00e1metro instrumento: 220 g, sonda sensor: 175 g Contenido de la Caja: Medidor de vac\u00edo, sonda con cable, manual de instrucci\u00f3n, estuche de transporte. Condiciones de Operaci\u00f3n: 0\u00b0C a 50\u00b0C (32\u00b0F a 122\u00b0F), Menos de 80% RH.","og_url":"https:\/\/abaa.mx\/tienda\/medidor-de-vacio-vc9200\/","og_site_name":"Abaa tienda online","article_modified_time":"2023-11-21T17:59:24+00:00","og_image":[{"width":462,"height":381,"url":"https:\/\/abaa.mx\/tienda\/wp-content\/uploads\/2023\/11\/LUTRON-VC9200.jpg","type":"image\/jpeg"}],"twitter_card":"summary_large_image","twitter_misc":{"Tiempo de lectura":"1 minuto"},"schema":{"@context":"https:\/\/schema.org","@graph":[{"@type":"WebPage","@id":"https:\/\/abaa.mx\/tienda\/medidor-de-vacio-vc9200\/","url":"https:\/\/abaa.mx\/tienda\/medidor-de-vacio-vc9200\/","name":"Medidor de Vac\u00edo - VC9200 - Abaa tienda online","isPartOf":{"@id":"https:\/\/abaa.mx\/tienda\/#website"},"primaryImageOfPage":{"@id":"https:\/\/abaa.mx\/tienda\/medidor-de-vacio-vc9200\/#primaryimage"},"image":{"@id":"https:\/\/abaa.mx\/tienda\/medidor-de-vacio-vc9200\/#primaryimage"},"thumbnailUrl":"https:\/\/abaa.mx\/tienda\/wp-content\/uploads\/2023\/11\/LUTRON-VC9200.jpg","datePublished":"2023-11-21T17:56:58+00:00","dateModified":"2023-11-21T17:59:24+00:00","breadcrumb":{"@id":"https:\/\/abaa.mx\/tienda\/medidor-de-vacio-vc9200\/#breadcrumb"},"inLanguage":"es","potentialAction":[{"@type":"ReadAction","target":["https:\/\/abaa.mx\/tienda\/medidor-de-vacio-vc9200\/"]}]},{"@type":"ImageObject","inLanguage":"es","@id":"https:\/\/abaa.mx\/tienda\/medidor-de-vacio-vc9200\/#primaryimage","url":"https:\/\/abaa.mx\/tienda\/wp-content\/uploads\/2023\/11\/LUTRON-VC9200.jpg","contentUrl":"https:\/\/abaa.mx\/tienda\/wp-content\/uploads\/2023\/11\/LUTRON-VC9200.jpg","width":462,"height":381,"caption":"LUTRON-VC9200"},{"@type":"BreadcrumbList","@id":"https:\/\/abaa.mx\/tienda\/medidor-de-vacio-vc9200\/#breadcrumb","itemListElement":[{"@type":"ListItem","position":1,"name":"Inicio","item":"https:\/\/abaa.mx\/tienda\/"},{"@type":"ListItem","position":2,"name":"Tienda","item":"https:\/\/abaa.mx\/tienda\/"},{"@type":"ListItem","position":3,"name":"Medidor de Vac\u00edo &#8211; VC9200"}]},{"@type":"WebSite","@id":"https:\/\/abaa.mx\/tienda\/#website","url":"https:\/\/abaa.mx\/tienda\/","name":"Abaa tienda online","description":"Instrumentos de medici\u00f3n","publisher":{"@id":"https:\/\/abaa.mx\/tienda\/#organization"},"potentialAction":[{"@type":"SearchAction","target":{"@type":"EntryPoint","urlTemplate":"https:\/\/abaa.mx\/tienda\/?s={search_term_string}"},"query-input":{"@type":"PropertyValueSpecification","valueRequired":true,"valueName":"search_term_string"}}],"inLanguage":"es"},{"@type":"Organization","@id":"https:\/\/abaa.mx\/tienda\/#organization","name":"Abaa tienda online","url":"https:\/\/abaa.mx\/tienda\/","logo":{"@type":"ImageObject","inLanguage":"es","@id":"https:\/\/abaa.mx\/tienda\/#\/schema\/logo\/image\/","url":"https:\/\/abaa.mx\/tienda\/wp-content\/uploads\/2024\/01\/abaa-metrologia-tienda.png","contentUrl":"https:\/\/abaa.mx\/tienda\/wp-content\/uploads\/2024\/01\/abaa-metrologia-tienda.png","width":300,"height":141,"caption":"Abaa tienda online"},"image":{"@id":"https:\/\/abaa.mx\/tienda\/#\/schema\/logo\/image\/"}}]}},"_links":{"self":[{"href":"https:\/\/abaa.mx\/tienda\/wp-json\/wp\/v2\/product\/9122","targetHints":{"allow":["GET"]}}],"collection":[{"href":"https:\/\/abaa.mx\/tienda\/wp-json\/wp\/v2\/product"}],"about":[{"href":"https:\/\/abaa.mx\/tienda\/wp-json\/wp\/v2\/types\/product"}],"replies":[{"embeddable":true,"href":"https:\/\/abaa.mx\/tienda\/wp-json\/wp\/v2\/comments?post=9122"}],"wp:featuredmedia":[{"embeddable":true,"href":"https:\/\/abaa.mx\/tienda\/wp-json\/wp\/v2\/media\/9125"}],"wp:attachment":[{"href":"https:\/\/abaa.mx\/tienda\/wp-json\/wp\/v2\/media?parent=9122"}],"wp:term":[{"taxonomy":"product_brand","embeddable":true,"href":"https:\/\/abaa.mx\/tienda\/wp-json\/wp\/v2\/product_brand?post=9122"},{"taxonomy":"product_cat","embeddable":true,"href":"https:\/\/abaa.mx\/tienda\/wp-json\/wp\/v2\/product_cat?post=9122"},{"taxonomy":"product_tag","embeddable":true,"href":"https:\/\/abaa.mx\/tienda\/wp-json\/wp\/v2\/product_tag?post=9122"}],"curies":[{"name":"wp","href":"https:\/\/api.w.org\/{rel}","templated":true}]}}