{"id":9094,"date":"2023-11-21T16:26:20","date_gmt":"2023-11-21T16:26:20","guid":{"rendered":"https:\/\/abaa.mx\/tienda\/?post_type=product&#038;p=9094"},"modified":"2023-12-04T17:51:40","modified_gmt":"2023-12-04T17:51:40","slug":"torquimetro-de-ratchet-30-n-m-3-8-gek030c3e","status":"publish","type":"product","link":"https:\/\/abaa.mx\/tienda\/torquimetro-de-ratchet-30-n-m-3-8-gek030c3e\/","title":{"rendered":"Torquimetro de Ratchet, 30 N-m, 3-8 &#8211; GEK030C3E"},"content":{"rendered":"<p>Torquimetro de Ratchet, 30 N-m, 3\/8 &#8211; GEK030C3E.<\/p>\n","protected":false},"excerpt":{"rendered":"<p>Las llaves de Torque Ratchet digital modelo GEK030C3E tiene una cabeza de trinquete (ratchet) construida en acero forjado. Cuenta dem\u00e1s con un poderoso sensor individual en el mango ergon\u00f3mico. Su dise\u00f1o adelantado mantiene el punto de torque centrado en su mano. Su sensor integrado detectar y investigar con precisi\u00f3n sin importar la situaci\u00f3n de la mano o la capacidad del usuario.<\/p>\n<p><strong>Caracter\u00edsticas principales :<\/strong> El cabezal del ratchet tiene un seguro positivo que sostiene los dados en situaci\u00f3n. Tiene adem\u00e1s un engrane de 32 dientes con doble mand\u00edbula que permite un menor movimiento entre clicks. M\u00e9todos de medici\u00f3n torque : modo de pico, modo de pico con puesta a cero y reinicio autom\u00e1tico cero, modo a el mismo instante. Dispone de cinco memorias para grabar configuraciones de pasa\/no-pasa programados por el usuario. Ahorra tiempo de configuraci\u00f3n en operaciones efectuadas con cierta frecuencia. Los ajustes preestablecidos alertan al usuario con una se\u00f1al intermitente en 90% y una se\u00f1al continua a cien % del valor preestablecido a trav\u00e9s de luz LED e indicadores de sonido que dejan a los individuos ajustar en el 10 % del valor de un ajuste torque. En modo Pasa\/No-pasa cuenta el n\u00famero de sujetadores ajustados en los limites de torque programados en altas y bajas. Se conforma a la regla en todo el mundo ISO-6789.<\/p>\n<p><strong>Aplicaciones<\/strong>: Ensamble y ajuste de sujetadores en l\u00edneas de producci\u00f3n, ensamble y talleres de cuidado.<\/p>\n<p><strong>Modos de operaci\u00f3n<\/strong><\/p>\n<p>Las llaves dinamom\u00e9tricas digitales KTC miden en modo pico, pico con reinicio autom\u00e1tico a cero y en el mismo instante. Cinco preajustes de par programables guardados en la memoria dejan al usuario revisar los valores utilizados frecuentemente. Los preajustes alertan al usuario con una se\u00f1al intermitente al 90 % y una se\u00f1al continua al cien % del valor de par preestablecido mediante indicadores LED y sonoros (los preajustes no se pueden modificar a menos del 10 % de la aptitud ). Entidades seleccionables de lbf-in, lbf-ft, kgf-m y Nm.<\/p>\n<h4 class=\"nitro-offscreen\">\u00bfQu\u00e9 est\u00e1 incluido?<\/h4>\n<p class=\"nitro-offscreen\">Todas las llaves incluyen un certificado de 3 puntos rastreable a NIST.<\/p>\n<h4 class=\"nitro-offscreen\">Especificaciones T\u00e9cnicas<\/h4>\n<div class=\"scrollable-wrapper\">\n<table id=\"tablepress-49\" class=\"tablepress tablepress-id-49\">\n<tbody class=\"row-hover\">\n<tr class=\"row-2 even\">\n<td class=\"column-1\">Precisi\u00f3n<\/td>\n<td class=\"column-2\">\u00b11,5 % fondo de escala<\/td>\n<\/tr>\n<tr class=\"row-3 odd\">\n<td class=\"column-1\">Direcci\u00f3n de medici\u00f3n<\/td>\n<td class=\"column-2\">CW y CCW<\/td>\n<\/tr>\n<tr class=\"row-4 even\">\n<td class=\"column-1\">Unidad de medida<\/td>\n<td class=\"column-2\">Seleccionable lbf-in, lbf-ft, kgf-m, Nm<\/td>\n<\/tr>\n<tr class=\"row-5 odd\">\n<td class=\"column-1\">Memoria de datos<\/td>\n<td class=\"column-2\">5 (valores de torque objetivo almacenables), 1 (modo de aprobaci\u00f3n\/rechazo)<\/td>\n<\/tr>\n<tr class=\"row-6 even\">\n<td class=\"column-1\">Apagado autom\u00e1tico<\/td>\n<td class=\"column-2\">La energ\u00eda se apaga autom\u00e1ticamente despu\u00e9s de 2 minutos sin uso<\/td>\n<\/tr>\n<tr class=\"row-7 odd\">\n<td class=\"column-1\">Bater\u00eda<\/td>\n<td class=\"column-2\">Bater\u00eda de moneda de litio CR2354<\/td>\n<\/tr>\n<tr class=\"row-8 even\">\n<td class=\"column-1\">Duraci\u00f3n de la bater\u00eda<\/td>\n<td class=\"column-2\">Aprox.\u00a02 meses (100 usos por d\u00eda)<\/td>\n<\/tr>\n<\/tbody>\n<\/table>\n<\/div>\n<h4 class=\"nitro-offscreen\">Rangos<\/h4>\n<div class=\"scrollable-wrapper\">\n<table id=\"tablepress-334\" class=\"tablepress tablepress-id-334\" aria-describedby=\"tablepress-334-description\" aria-labelledby=\"tablepress-334-name\">\n<tbody class=\"row-hover\">\n<tr class=\"row-1 odd\">\n<td class=\"column-1\"><strong>Modelo<\/strong><\/td>\n<td class=\"column-2\" colspan=\"5\"><strong>Capacidad<\/strong><\/td>\n<\/tr>\n<tr class=\"row-2 even\">\n<td class=\"column-1\"><\/td>\n<td class=\"column-2\">lbf-in<\/td>\n<td class=\"column-3\">lbf-ft<\/td>\n<td class=\"column-4\">kgf-m<\/td>\n<td class=\"column-5\">Nuevo M\u00e9jico<\/td>\n<td class=\"column-6\">Conducir<\/td>\n<\/tr>\n<tr class=\"row-3 odd\">\n<td class=\"column-1\"><strong>GEK030C3E<\/strong><\/td>\n<td class=\"column-2\">13,4~265,4<\/td>\n<td class=\"column-3\">1,12 ~ 22,12<\/td>\n<td class=\"column-4\">0.160~3.060<\/td>\n<td class=\"column-5\">1.50~30.00<\/td>\n<td class=\"column-6\">3\/8&#8243;<\/td>\n<\/tr>\n<\/tbody>\n<\/table>\n<\/div>\n","protected":false},"featured_media":9095,"comment_status":"open","ping_status":"closed","template":"","meta":{"_joinchat":[]},"product_brand":[],"product_cat":[136],"product_tag":[],"class_list":{"0":"post-9094","1":"product","2":"type-product","3":"status-publish","4":"has-post-thumbnail","6":"product_cat-torquimetro","8":"first","9":"instock","10":"shipping-taxable","11":"product-type-simple"},"yoast_head":"<!-- This site is optimized with the Yoast SEO plugin v26.4 - https:\/\/yoast.com\/wordpress\/plugins\/seo\/ -->\n<title>Torquimetro de Ratchet, 30 N-m, 3-8 - GEK030C3E - Abaa tienda online<\/title>\n<meta name=\"robots\" content=\"index, follow, max-snippet:-1, max-image-preview:large, max-video-preview:-1\" \/>\n<link rel=\"canonical\" href=\"https:\/\/abaa.mx\/tienda\/torquimetro-de-ratchet-30-n-m-3-8-gek030c3e\/\" \/>\n<meta property=\"og:locale\" content=\"es_MX\" \/>\n<meta property=\"og:type\" content=\"article\" \/>\n<meta property=\"og:title\" content=\"Torquimetro de Ratchet, 30 N-m, 3-8 - GEK030C3E - Abaa tienda online\" \/>\n<meta property=\"og:description\" content=\"Las llaves de Torque Ratchet digital modelo GEK030C3E tiene una cabeza de trinquete (ratchet) construida en acero forjado. Cuenta dem\u00e1s con un poderoso sensor individual en el mango ergon\u00f3mico. Su dise\u00f1o adelantado mantiene el punto de torque centrado en su mano. Su sensor integrado detectar y investigar con precisi\u00f3n sin importar la situaci\u00f3n de la mano o la capacidad del usuario.  Caracter\u00edsticas principales : El cabezal del ratchet tiene un seguro positivo que sostiene los dados en situaci\u00f3n. Tiene adem\u00e1s un engrane de 32 dientes con doble mand\u00edbula que permite un menor movimiento entre clicks. M\u00e9todos de medici\u00f3n torque : modo de pico, modo de pico con puesta a cero y reinicio autom\u00e1tico cero, modo a el mismo instante. Dispone de cinco memorias para grabar configuraciones de pasa\/no-pasa programados por el usuario. Ahorra tiempo de configuraci\u00f3n en operaciones efectuadas con cierta frecuencia. Los ajustes preestablecidos alertan al usuario con una se\u00f1al intermitente en 90% y una se\u00f1al continua a cien % del valor preestablecido a trav\u00e9s de luz LED e indicadores de sonido que dejan a los individuos ajustar en el 10 % del valor de un ajuste torque. En modo Pasa\/No-pasa cuenta el n\u00famero de sujetadores ajustados en los limites de torque programados en altas y bajas. Se conforma a la regla en todo el mundo ISO-6789.  Aplicaciones: Ensamble y ajuste de sujetadores en l\u00edneas de producci\u00f3n, ensamble y talleres de cuidado.  Modos de operaci\u00f3n  Las llaves dinamom\u00e9tricas digitales KTC miden en modo pico, pico con reinicio autom\u00e1tico a cero y en el mismo instante. Cinco preajustes de par programables guardados en la memoria dejan al usuario revisar los valores utilizados frecuentemente. Los preajustes alertan al usuario con una se\u00f1al intermitente al 90 % y una se\u00f1al continua al cien % del valor de par preestablecido mediante indicadores LED y sonoros (los preajustes no se pueden modificar a menos del 10 % de la aptitud ). Entidades seleccionables de lbf-in, lbf-ft, kgf-m y Nm. \u00bfQu\u00e9 est\u00e1 incluido? Todas las llaves incluyen un certificado de 3 puntos rastreable a NIST.  Especificaciones T\u00e9cnicas     Precisi\u00f3n \u00b11,5 % fondo de escala   Direcci\u00f3n de medici\u00f3n CW y CCW   Unidad de medida Seleccionable lbf-in, lbf-ft, kgf-m, Nm   Memoria de datos 5 (valores de torque objetivo almacenables), 1 (modo de aprobaci\u00f3n\/rechazo)   Apagado autom\u00e1tico La energ\u00eda se apaga autom\u00e1ticamente despu\u00e9s de 2 minutos sin uso   Bater\u00eda Bater\u00eda de moneda de litio CR2354   Duraci\u00f3n de la bater\u00eda Aprox.\u00a02 meses (100 usos por d\u00eda)     Rangos     Modelo Capacidad    lbf-in lbf-ft kgf-m Nuevo M\u00e9jico Conducir   GEK030C3E 13,4~265,4 1,12 ~ 22,12 0.160~3.060 1.50~30.00 3\/8&quot;\" \/>\n<meta property=\"og:url\" content=\"https:\/\/abaa.mx\/tienda\/torquimetro-de-ratchet-30-n-m-3-8-gek030c3e\/\" \/>\n<meta property=\"og:site_name\" content=\"Abaa tienda online\" \/>\n<meta property=\"article:modified_time\" content=\"2023-12-04T17:51:40+00:00\" \/>\n<meta property=\"og:image\" content=\"https:\/\/abaa.mx\/tienda\/wp-content\/uploads\/2023\/11\/IMADA-GEK030C3E.jpg\" \/>\n\t<meta property=\"og:image:width\" content=\"429\" \/>\n\t<meta property=\"og:image:height\" content=\"353\" \/>\n\t<meta property=\"og:image:type\" content=\"image\/jpeg\" \/>\n<meta name=\"twitter:card\" content=\"summary_large_image\" \/>\n<meta name=\"twitter:label1\" content=\"Tiempo de lectura\" \/>\n\t<meta name=\"twitter:data1\" content=\"1 minuto\" \/>\n<script type=\"application\/ld+json\" class=\"yoast-schema-graph\">{\"@context\":\"https:\/\/schema.org\",\"@graph\":[{\"@type\":\"WebPage\",\"@id\":\"https:\/\/abaa.mx\/tienda\/torquimetro-de-ratchet-30-n-m-3-8-gek030c3e\/\",\"url\":\"https:\/\/abaa.mx\/tienda\/torquimetro-de-ratchet-30-n-m-3-8-gek030c3e\/\",\"name\":\"Torquimetro de Ratchet, 30 N-m, 3-8 - GEK030C3E - Abaa tienda online\",\"isPartOf\":{\"@id\":\"https:\/\/abaa.mx\/tienda\/#website\"},\"primaryImageOfPage\":{\"@id\":\"https:\/\/abaa.mx\/tienda\/torquimetro-de-ratchet-30-n-m-3-8-gek030c3e\/#primaryimage\"},\"image\":{\"@id\":\"https:\/\/abaa.mx\/tienda\/torquimetro-de-ratchet-30-n-m-3-8-gek030c3e\/#primaryimage\"},\"thumbnailUrl\":\"https:\/\/abaa.mx\/tienda\/wp-content\/uploads\/2023\/11\/IMADA-GEK030C3E.jpg\",\"datePublished\":\"2023-11-21T16:26:20+00:00\",\"dateModified\":\"2023-12-04T17:51:40+00:00\",\"breadcrumb\":{\"@id\":\"https:\/\/abaa.mx\/tienda\/torquimetro-de-ratchet-30-n-m-3-8-gek030c3e\/#breadcrumb\"},\"inLanguage\":\"es\",\"potentialAction\":[{\"@type\":\"ReadAction\",\"target\":[\"https:\/\/abaa.mx\/tienda\/torquimetro-de-ratchet-30-n-m-3-8-gek030c3e\/\"]}]},{\"@type\":\"ImageObject\",\"inLanguage\":\"es\",\"@id\":\"https:\/\/abaa.mx\/tienda\/torquimetro-de-ratchet-30-n-m-3-8-gek030c3e\/#primaryimage\",\"url\":\"https:\/\/abaa.mx\/tienda\/wp-content\/uploads\/2023\/11\/IMADA-GEK030C3E.jpg\",\"contentUrl\":\"https:\/\/abaa.mx\/tienda\/wp-content\/uploads\/2023\/11\/IMADA-GEK030C3E.jpg\",\"width\":429,\"height\":353,\"caption\":\"IMADA-GEK030C3E\"},{\"@type\":\"BreadcrumbList\",\"@id\":\"https:\/\/abaa.mx\/tienda\/torquimetro-de-ratchet-30-n-m-3-8-gek030c3e\/#breadcrumb\",\"itemListElement\":[{\"@type\":\"ListItem\",\"position\":1,\"name\":\"Inicio\",\"item\":\"https:\/\/abaa.mx\/tienda\/\"},{\"@type\":\"ListItem\",\"position\":2,\"name\":\"Tienda\",\"item\":\"https:\/\/abaa.mx\/tienda\/\"},{\"@type\":\"ListItem\",\"position\":3,\"name\":\"Torquimetro de Ratchet, 30 N-m, 3-8 &#8211; GEK030C3E\"}]},{\"@type\":\"WebSite\",\"@id\":\"https:\/\/abaa.mx\/tienda\/#website\",\"url\":\"https:\/\/abaa.mx\/tienda\/\",\"name\":\"Abaa tienda online\",\"description\":\"Instrumentos de medici\u00f3n\",\"publisher\":{\"@id\":\"https:\/\/abaa.mx\/tienda\/#organization\"},\"potentialAction\":[{\"@type\":\"SearchAction\",\"target\":{\"@type\":\"EntryPoint\",\"urlTemplate\":\"https:\/\/abaa.mx\/tienda\/?s={search_term_string}\"},\"query-input\":{\"@type\":\"PropertyValueSpecification\",\"valueRequired\":true,\"valueName\":\"search_term_string\"}}],\"inLanguage\":\"es\"},{\"@type\":\"Organization\",\"@id\":\"https:\/\/abaa.mx\/tienda\/#organization\",\"name\":\"Abaa tienda online\",\"url\":\"https:\/\/abaa.mx\/tienda\/\",\"logo\":{\"@type\":\"ImageObject\",\"inLanguage\":\"es\",\"@id\":\"https:\/\/abaa.mx\/tienda\/#\/schema\/logo\/image\/\",\"url\":\"https:\/\/abaa.mx\/tienda\/wp-content\/uploads\/2024\/01\/abaa-metrologia-tienda.png\",\"contentUrl\":\"https:\/\/abaa.mx\/tienda\/wp-content\/uploads\/2024\/01\/abaa-metrologia-tienda.png\",\"width\":300,\"height\":141,\"caption\":\"Abaa tienda online\"},\"image\":{\"@id\":\"https:\/\/abaa.mx\/tienda\/#\/schema\/logo\/image\/\"}}]}<\/script>\n<!-- \/ Yoast SEO plugin. -->","yoast_head_json":{"title":"Torquimetro de Ratchet, 30 N-m, 3-8 - GEK030C3E - Abaa tienda online","robots":{"index":"index","follow":"follow","max-snippet":"max-snippet:-1","max-image-preview":"max-image-preview:large","max-video-preview":"max-video-preview:-1"},"canonical":"https:\/\/abaa.mx\/tienda\/torquimetro-de-ratchet-30-n-m-3-8-gek030c3e\/","og_locale":"es_MX","og_type":"article","og_title":"Torquimetro de Ratchet, 30 N-m, 3-8 - GEK030C3E - Abaa tienda online","og_description":"Las llaves de Torque Ratchet digital modelo GEK030C3E tiene una cabeza de trinquete (ratchet) construida en acero forjado. Cuenta dem\u00e1s con un poderoso sensor individual en el mango ergon\u00f3mico. Su dise\u00f1o adelantado mantiene el punto de torque centrado en su mano. Su sensor integrado detectar y investigar con precisi\u00f3n sin importar la situaci\u00f3n de la mano o la capacidad del usuario.  Caracter\u00edsticas principales : El cabezal del ratchet tiene un seguro positivo que sostiene los dados en situaci\u00f3n. Tiene adem\u00e1s un engrane de 32 dientes con doble mand\u00edbula que permite un menor movimiento entre clicks. M\u00e9todos de medici\u00f3n torque : modo de pico, modo de pico con puesta a cero y reinicio autom\u00e1tico cero, modo a el mismo instante. Dispone de cinco memorias para grabar configuraciones de pasa\/no-pasa programados por el usuario. Ahorra tiempo de configuraci\u00f3n en operaciones efectuadas con cierta frecuencia. Los ajustes preestablecidos alertan al usuario con una se\u00f1al intermitente en 90% y una se\u00f1al continua a cien % del valor preestablecido a trav\u00e9s de luz LED e indicadores de sonido que dejan a los individuos ajustar en el 10 % del valor de un ajuste torque. En modo Pasa\/No-pasa cuenta el n\u00famero de sujetadores ajustados en los limites de torque programados en altas y bajas. Se conforma a la regla en todo el mundo ISO-6789.  Aplicaciones: Ensamble y ajuste de sujetadores en l\u00edneas de producci\u00f3n, ensamble y talleres de cuidado.  Modos de operaci\u00f3n  Las llaves dinamom\u00e9tricas digitales KTC miden en modo pico, pico con reinicio autom\u00e1tico a cero y en el mismo instante. Cinco preajustes de par programables guardados en la memoria dejan al usuario revisar los valores utilizados frecuentemente. Los preajustes alertan al usuario con una se\u00f1al intermitente al 90 % y una se\u00f1al continua al cien % del valor de par preestablecido mediante indicadores LED y sonoros (los preajustes no se pueden modificar a menos del 10 % de la aptitud ). Entidades seleccionables de lbf-in, lbf-ft, kgf-m y Nm. \u00bfQu\u00e9 est\u00e1 incluido? Todas las llaves incluyen un certificado de 3 puntos rastreable a NIST.  Especificaciones T\u00e9cnicas     Precisi\u00f3n \u00b11,5 % fondo de escala   Direcci\u00f3n de medici\u00f3n CW y CCW   Unidad de medida Seleccionable lbf-in, lbf-ft, kgf-m, Nm   Memoria de datos 5 (valores de torque objetivo almacenables), 1 (modo de aprobaci\u00f3n\/rechazo)   Apagado autom\u00e1tico La energ\u00eda se apaga autom\u00e1ticamente despu\u00e9s de 2 minutos sin uso   Bater\u00eda Bater\u00eda de moneda de litio CR2354   Duraci\u00f3n de la bater\u00eda Aprox.\u00a02 meses (100 usos por d\u00eda)     Rangos     Modelo Capacidad    lbf-in lbf-ft kgf-m Nuevo M\u00e9jico Conducir   GEK030C3E 13,4~265,4 1,12 ~ 22,12 0.160~3.060 1.50~30.00 3\/8\"","og_url":"https:\/\/abaa.mx\/tienda\/torquimetro-de-ratchet-30-n-m-3-8-gek030c3e\/","og_site_name":"Abaa tienda online","article_modified_time":"2023-12-04T17:51:40+00:00","og_image":[{"width":429,"height":353,"url":"https:\/\/abaa.mx\/tienda\/wp-content\/uploads\/2023\/11\/IMADA-GEK030C3E.jpg","type":"image\/jpeg"}],"twitter_card":"summary_large_image","twitter_misc":{"Tiempo de lectura":"1 minuto"},"schema":{"@context":"https:\/\/schema.org","@graph":[{"@type":"WebPage","@id":"https:\/\/abaa.mx\/tienda\/torquimetro-de-ratchet-30-n-m-3-8-gek030c3e\/","url":"https:\/\/abaa.mx\/tienda\/torquimetro-de-ratchet-30-n-m-3-8-gek030c3e\/","name":"Torquimetro de Ratchet, 30 N-m, 3-8 - GEK030C3E - Abaa tienda online","isPartOf":{"@id":"https:\/\/abaa.mx\/tienda\/#website"},"primaryImageOfPage":{"@id":"https:\/\/abaa.mx\/tienda\/torquimetro-de-ratchet-30-n-m-3-8-gek030c3e\/#primaryimage"},"image":{"@id":"https:\/\/abaa.mx\/tienda\/torquimetro-de-ratchet-30-n-m-3-8-gek030c3e\/#primaryimage"},"thumbnailUrl":"https:\/\/abaa.mx\/tienda\/wp-content\/uploads\/2023\/11\/IMADA-GEK030C3E.jpg","datePublished":"2023-11-21T16:26:20+00:00","dateModified":"2023-12-04T17:51:40+00:00","breadcrumb":{"@id":"https:\/\/abaa.mx\/tienda\/torquimetro-de-ratchet-30-n-m-3-8-gek030c3e\/#breadcrumb"},"inLanguage":"es","potentialAction":[{"@type":"ReadAction","target":["https:\/\/abaa.mx\/tienda\/torquimetro-de-ratchet-30-n-m-3-8-gek030c3e\/"]}]},{"@type":"ImageObject","inLanguage":"es","@id":"https:\/\/abaa.mx\/tienda\/torquimetro-de-ratchet-30-n-m-3-8-gek030c3e\/#primaryimage","url":"https:\/\/abaa.mx\/tienda\/wp-content\/uploads\/2023\/11\/IMADA-GEK030C3E.jpg","contentUrl":"https:\/\/abaa.mx\/tienda\/wp-content\/uploads\/2023\/11\/IMADA-GEK030C3E.jpg","width":429,"height":353,"caption":"IMADA-GEK030C3E"},{"@type":"BreadcrumbList","@id":"https:\/\/abaa.mx\/tienda\/torquimetro-de-ratchet-30-n-m-3-8-gek030c3e\/#breadcrumb","itemListElement":[{"@type":"ListItem","position":1,"name":"Inicio","item":"https:\/\/abaa.mx\/tienda\/"},{"@type":"ListItem","position":2,"name":"Tienda","item":"https:\/\/abaa.mx\/tienda\/"},{"@type":"ListItem","position":3,"name":"Torquimetro de Ratchet, 30 N-m, 3-8 &#8211; GEK030C3E"}]},{"@type":"WebSite","@id":"https:\/\/abaa.mx\/tienda\/#website","url":"https:\/\/abaa.mx\/tienda\/","name":"Abaa tienda online","description":"Instrumentos de medici\u00f3n","publisher":{"@id":"https:\/\/abaa.mx\/tienda\/#organization"},"potentialAction":[{"@type":"SearchAction","target":{"@type":"EntryPoint","urlTemplate":"https:\/\/abaa.mx\/tienda\/?s={search_term_string}"},"query-input":{"@type":"PropertyValueSpecification","valueRequired":true,"valueName":"search_term_string"}}],"inLanguage":"es"},{"@type":"Organization","@id":"https:\/\/abaa.mx\/tienda\/#organization","name":"Abaa tienda online","url":"https:\/\/abaa.mx\/tienda\/","logo":{"@type":"ImageObject","inLanguage":"es","@id":"https:\/\/abaa.mx\/tienda\/#\/schema\/logo\/image\/","url":"https:\/\/abaa.mx\/tienda\/wp-content\/uploads\/2024\/01\/abaa-metrologia-tienda.png","contentUrl":"https:\/\/abaa.mx\/tienda\/wp-content\/uploads\/2024\/01\/abaa-metrologia-tienda.png","width":300,"height":141,"caption":"Abaa tienda online"},"image":{"@id":"https:\/\/abaa.mx\/tienda\/#\/schema\/logo\/image\/"}}]}},"_links":{"self":[{"href":"https:\/\/abaa.mx\/tienda\/wp-json\/wp\/v2\/product\/9094","targetHints":{"allow":["GET"]}}],"collection":[{"href":"https:\/\/abaa.mx\/tienda\/wp-json\/wp\/v2\/product"}],"about":[{"href":"https:\/\/abaa.mx\/tienda\/wp-json\/wp\/v2\/types\/product"}],"replies":[{"embeddable":true,"href":"https:\/\/abaa.mx\/tienda\/wp-json\/wp\/v2\/comments?post=9094"}],"wp:featuredmedia":[{"embeddable":true,"href":"https:\/\/abaa.mx\/tienda\/wp-json\/wp\/v2\/media\/9095"}],"wp:attachment":[{"href":"https:\/\/abaa.mx\/tienda\/wp-json\/wp\/v2\/media?parent=9094"}],"wp:term":[{"taxonomy":"product_brand","embeddable":true,"href":"https:\/\/abaa.mx\/tienda\/wp-json\/wp\/v2\/product_brand?post=9094"},{"taxonomy":"product_cat","embeddable":true,"href":"https:\/\/abaa.mx\/tienda\/wp-json\/wp\/v2\/product_cat?post=9094"},{"taxonomy":"product_tag","embeddable":true,"href":"https:\/\/abaa.mx\/tienda\/wp-json\/wp\/v2\/product_tag?post=9094"}],"curies":[{"name":"wp","href":"https:\/\/api.w.org\/{rel}","templated":true}]}}