{"id":9084,"date":"2023-11-21T15:56:15","date_gmt":"2023-11-21T15:56:15","guid":{"rendered":"https:\/\/abaa.mx\/tienda\/?post_type=product&#038;p=9084"},"modified":"2023-11-21T15:56:16","modified_gmt":"2023-11-21T15:56:16","slug":"torquimetro-digital-0-a-15-kg-cm-tq8800","status":"publish","type":"product","link":"https:\/\/abaa.mx\/tienda\/torquimetro-digital-0-a-15-kg-cm-tq8800\/","title":{"rendered":"Torqu\u00edmetro Digital 0 a 15 kg-cm &#8211; TQ8800"},"content":{"rendered":"<p>Torqu\u00edmetro Digital 0 a 15 kg-cm &#8211; TQ8800.<\/p>\n","protected":false},"excerpt":{"rendered":"<p><b>Caracter\u00edsticas:<\/b><\/p>\n<ul>\n<li>Bot\u00f3n de retenci\u00f3n de datos para congelar la lectura deseada.<\/li>\n<li>El apagado autom\u00e1tico ahorra bater\u00eda.<\/li>\n<li>Pico mantenga la medici\u00f3n para mantener el valor de pico.<\/li>\n<li>Caja resistente y compacta.<\/li>\n<li>Indicador de bater\u00eda baja incorporado.<\/li>\n<li>Juego completo con el malet\u00edn duro.<\/li>\n<li>Circuito de microordenador, alto rendimiento.<\/li>\n<li>Selecci\u00f3n de alta \/ baja resoluci\u00f3n mediante pulsador.<\/li>\n<li>Medidor de par profesional con sonda de par de 15 Kg-cm, juego completo.<\/li>\n<li>3 tipo de unidad de visualizaci\u00f3n bot\u00f3n de selecci\u00f3n de Kg-cm, LB-pulgadas y Newton-cm en el panel frontal.<\/li>\n<li>Sonda de par separado, operaci\u00f3n f\u00e1cil.<\/li>\n<li>Medici\u00f3n del valor m\u00e1ximo.<\/li>\n<li>Interfaz de la computadora RS 232.<\/li>\n<li>Registre las lecturas M\u00e1xima y M\u00ednima con recordatorio.<\/li>\n<li>Selecci\u00f3n de muestreo r\u00e1pido \/ bajo mediante pulsador.<\/li>\n<li>Super gran pantalla LCD, f\u00e1cil de leer.<\/li>\n<\/ul>\n","protected":false},"featured_media":9085,"comment_status":"open","ping_status":"closed","template":"","meta":{"_joinchat":[]},"product_brand":[],"product_cat":[136],"product_tag":[],"class_list":{"0":"post-9084","1":"product","2":"type-product","3":"status-publish","4":"has-post-thumbnail","6":"product_cat-torquimetro","8":"first","9":"instock","10":"shipping-taxable","11":"product-type-simple"},"yoast_head":"<!-- This site is optimized with the Yoast SEO plugin v26.4 - https:\/\/yoast.com\/wordpress\/plugins\/seo\/ -->\n<title>Torqu\u00edmetro Digital 0 a 15 kg-cm - TQ8800 - Abaa tienda online<\/title>\n<meta name=\"robots\" content=\"index, follow, max-snippet:-1, max-image-preview:large, max-video-preview:-1\" \/>\n<link rel=\"canonical\" href=\"https:\/\/abaa.mx\/tienda\/torquimetro-digital-0-a-15-kg-cm-tq8800\/\" \/>\n<meta property=\"og:locale\" content=\"es_MX\" \/>\n<meta property=\"og:type\" content=\"article\" \/>\n<meta property=\"og:title\" content=\"Torqu\u00edmetro Digital 0 a 15 kg-cm - TQ8800 - Abaa tienda online\" \/>\n<meta property=\"og:description\" content=\"Caracter\u00edsticas:   Bot\u00f3n de retenci\u00f3n de datos para congelar la lectura deseada.  El apagado autom\u00e1tico ahorra bater\u00eda.  Pico mantenga la medici\u00f3n para mantener el valor de pico.  Caja resistente y compacta.  Indicador de bater\u00eda baja incorporado.  Juego completo con el malet\u00edn duro.  Circuito de microordenador, alto rendimiento.  Selecci\u00f3n de alta \/ baja resoluci\u00f3n mediante pulsador.  Medidor de par profesional con sonda de par de 15 Kg-cm, juego completo.  3 tipo de unidad de visualizaci\u00f3n bot\u00f3n de selecci\u00f3n de Kg-cm, LB-pulgadas y Newton-cm en el panel frontal.  Sonda de par separado, operaci\u00f3n f\u00e1cil.  Medici\u00f3n del valor m\u00e1ximo.  Interfaz de la computadora RS 232.  Registre las lecturas M\u00e1xima y M\u00ednima con recordatorio.  Selecci\u00f3n de muestreo r\u00e1pido \/ bajo mediante pulsador.  Super gran pantalla LCD, f\u00e1cil de leer.\" \/>\n<meta property=\"og:url\" content=\"https:\/\/abaa.mx\/tienda\/torquimetro-digital-0-a-15-kg-cm-tq8800\/\" \/>\n<meta property=\"og:site_name\" content=\"Abaa tienda online\" \/>\n<meta property=\"article:modified_time\" content=\"2023-11-21T15:56:16+00:00\" \/>\n<meta property=\"og:image\" content=\"https:\/\/abaa.mx\/tienda\/wp-content\/uploads\/2023\/11\/IMADA-TQ8800.jpg\" \/>\n\t<meta property=\"og:image:width\" content=\"384\" \/>\n\t<meta property=\"og:image:height\" content=\"452\" \/>\n\t<meta property=\"og:image:type\" content=\"image\/jpeg\" \/>\n<meta name=\"twitter:card\" content=\"summary_large_image\" \/>\n<meta name=\"twitter:label1\" content=\"Tiempo de lectura\" \/>\n\t<meta name=\"twitter:data1\" content=\"1 minuto\" \/>\n<script type=\"application\/ld+json\" class=\"yoast-schema-graph\">{\"@context\":\"https:\/\/schema.org\",\"@graph\":[{\"@type\":\"WebPage\",\"@id\":\"https:\/\/abaa.mx\/tienda\/torquimetro-digital-0-a-15-kg-cm-tq8800\/\",\"url\":\"https:\/\/abaa.mx\/tienda\/torquimetro-digital-0-a-15-kg-cm-tq8800\/\",\"name\":\"Torqu\u00edmetro Digital 0 a 15 kg-cm - TQ8800 - Abaa tienda online\",\"isPartOf\":{\"@id\":\"https:\/\/abaa.mx\/tienda\/#website\"},\"primaryImageOfPage\":{\"@id\":\"https:\/\/abaa.mx\/tienda\/torquimetro-digital-0-a-15-kg-cm-tq8800\/#primaryimage\"},\"image\":{\"@id\":\"https:\/\/abaa.mx\/tienda\/torquimetro-digital-0-a-15-kg-cm-tq8800\/#primaryimage\"},\"thumbnailUrl\":\"https:\/\/abaa.mx\/tienda\/wp-content\/uploads\/2023\/11\/IMADA-TQ8800.jpg\",\"datePublished\":\"2023-11-21T15:56:15+00:00\",\"dateModified\":\"2023-11-21T15:56:16+00:00\",\"breadcrumb\":{\"@id\":\"https:\/\/abaa.mx\/tienda\/torquimetro-digital-0-a-15-kg-cm-tq8800\/#breadcrumb\"},\"inLanguage\":\"es\",\"potentialAction\":[{\"@type\":\"ReadAction\",\"target\":[\"https:\/\/abaa.mx\/tienda\/torquimetro-digital-0-a-15-kg-cm-tq8800\/\"]}]},{\"@type\":\"ImageObject\",\"inLanguage\":\"es\",\"@id\":\"https:\/\/abaa.mx\/tienda\/torquimetro-digital-0-a-15-kg-cm-tq8800\/#primaryimage\",\"url\":\"https:\/\/abaa.mx\/tienda\/wp-content\/uploads\/2023\/11\/IMADA-TQ8800.jpg\",\"contentUrl\":\"https:\/\/abaa.mx\/tienda\/wp-content\/uploads\/2023\/11\/IMADA-TQ8800.jpg\",\"width\":384,\"height\":452,\"caption\":\"IMADA-TQ8800\"},{\"@type\":\"BreadcrumbList\",\"@id\":\"https:\/\/abaa.mx\/tienda\/torquimetro-digital-0-a-15-kg-cm-tq8800\/#breadcrumb\",\"itemListElement\":[{\"@type\":\"ListItem\",\"position\":1,\"name\":\"Inicio\",\"item\":\"https:\/\/abaa.mx\/tienda\/\"},{\"@type\":\"ListItem\",\"position\":2,\"name\":\"Tienda\",\"item\":\"https:\/\/abaa.mx\/tienda\/\"},{\"@type\":\"ListItem\",\"position\":3,\"name\":\"Torqu\u00edmetro Digital 0 a 15 kg-cm &#8211; TQ8800\"}]},{\"@type\":\"WebSite\",\"@id\":\"https:\/\/abaa.mx\/tienda\/#website\",\"url\":\"https:\/\/abaa.mx\/tienda\/\",\"name\":\"Abaa tienda online\",\"description\":\"Instrumentos de medici\u00f3n\",\"publisher\":{\"@id\":\"https:\/\/abaa.mx\/tienda\/#organization\"},\"potentialAction\":[{\"@type\":\"SearchAction\",\"target\":{\"@type\":\"EntryPoint\",\"urlTemplate\":\"https:\/\/abaa.mx\/tienda\/?s={search_term_string}\"},\"query-input\":{\"@type\":\"PropertyValueSpecification\",\"valueRequired\":true,\"valueName\":\"search_term_string\"}}],\"inLanguage\":\"es\"},{\"@type\":\"Organization\",\"@id\":\"https:\/\/abaa.mx\/tienda\/#organization\",\"name\":\"Abaa tienda online\",\"url\":\"https:\/\/abaa.mx\/tienda\/\",\"logo\":{\"@type\":\"ImageObject\",\"inLanguage\":\"es\",\"@id\":\"https:\/\/abaa.mx\/tienda\/#\/schema\/logo\/image\/\",\"url\":\"https:\/\/abaa.mx\/tienda\/wp-content\/uploads\/2024\/01\/abaa-metrologia-tienda.png\",\"contentUrl\":\"https:\/\/abaa.mx\/tienda\/wp-content\/uploads\/2024\/01\/abaa-metrologia-tienda.png\",\"width\":300,\"height\":141,\"caption\":\"Abaa tienda online\"},\"image\":{\"@id\":\"https:\/\/abaa.mx\/tienda\/#\/schema\/logo\/image\/\"}}]}<\/script>\n<!-- \/ Yoast SEO plugin. -->","yoast_head_json":{"title":"Torqu\u00edmetro Digital 0 a 15 kg-cm - TQ8800 - Abaa tienda online","robots":{"index":"index","follow":"follow","max-snippet":"max-snippet:-1","max-image-preview":"max-image-preview:large","max-video-preview":"max-video-preview:-1"},"canonical":"https:\/\/abaa.mx\/tienda\/torquimetro-digital-0-a-15-kg-cm-tq8800\/","og_locale":"es_MX","og_type":"article","og_title":"Torqu\u00edmetro Digital 0 a 15 kg-cm - TQ8800 - Abaa tienda online","og_description":"Caracter\u00edsticas:   Bot\u00f3n de retenci\u00f3n de datos para congelar la lectura deseada.  El apagado autom\u00e1tico ahorra bater\u00eda.  Pico mantenga la medici\u00f3n para mantener el valor de pico.  Caja resistente y compacta.  Indicador de bater\u00eda baja incorporado.  Juego completo con el malet\u00edn duro.  Circuito de microordenador, alto rendimiento.  Selecci\u00f3n de alta \/ baja resoluci\u00f3n mediante pulsador.  Medidor de par profesional con sonda de par de 15 Kg-cm, juego completo.  3 tipo de unidad de visualizaci\u00f3n bot\u00f3n de selecci\u00f3n de Kg-cm, LB-pulgadas y Newton-cm en el panel frontal.  Sonda de par separado, operaci\u00f3n f\u00e1cil.  Medici\u00f3n del valor m\u00e1ximo.  Interfaz de la computadora RS 232.  Registre las lecturas M\u00e1xima y M\u00ednima con recordatorio.  Selecci\u00f3n de muestreo r\u00e1pido \/ bajo mediante pulsador.  Super gran pantalla LCD, f\u00e1cil de leer.","og_url":"https:\/\/abaa.mx\/tienda\/torquimetro-digital-0-a-15-kg-cm-tq8800\/","og_site_name":"Abaa tienda online","article_modified_time":"2023-11-21T15:56:16+00:00","og_image":[{"width":384,"height":452,"url":"https:\/\/abaa.mx\/tienda\/wp-content\/uploads\/2023\/11\/IMADA-TQ8800.jpg","type":"image\/jpeg"}],"twitter_card":"summary_large_image","twitter_misc":{"Tiempo de lectura":"1 minuto"},"schema":{"@context":"https:\/\/schema.org","@graph":[{"@type":"WebPage","@id":"https:\/\/abaa.mx\/tienda\/torquimetro-digital-0-a-15-kg-cm-tq8800\/","url":"https:\/\/abaa.mx\/tienda\/torquimetro-digital-0-a-15-kg-cm-tq8800\/","name":"Torqu\u00edmetro Digital 0 a 15 kg-cm - TQ8800 - Abaa tienda online","isPartOf":{"@id":"https:\/\/abaa.mx\/tienda\/#website"},"primaryImageOfPage":{"@id":"https:\/\/abaa.mx\/tienda\/torquimetro-digital-0-a-15-kg-cm-tq8800\/#primaryimage"},"image":{"@id":"https:\/\/abaa.mx\/tienda\/torquimetro-digital-0-a-15-kg-cm-tq8800\/#primaryimage"},"thumbnailUrl":"https:\/\/abaa.mx\/tienda\/wp-content\/uploads\/2023\/11\/IMADA-TQ8800.jpg","datePublished":"2023-11-21T15:56:15+00:00","dateModified":"2023-11-21T15:56:16+00:00","breadcrumb":{"@id":"https:\/\/abaa.mx\/tienda\/torquimetro-digital-0-a-15-kg-cm-tq8800\/#breadcrumb"},"inLanguage":"es","potentialAction":[{"@type":"ReadAction","target":["https:\/\/abaa.mx\/tienda\/torquimetro-digital-0-a-15-kg-cm-tq8800\/"]}]},{"@type":"ImageObject","inLanguage":"es","@id":"https:\/\/abaa.mx\/tienda\/torquimetro-digital-0-a-15-kg-cm-tq8800\/#primaryimage","url":"https:\/\/abaa.mx\/tienda\/wp-content\/uploads\/2023\/11\/IMADA-TQ8800.jpg","contentUrl":"https:\/\/abaa.mx\/tienda\/wp-content\/uploads\/2023\/11\/IMADA-TQ8800.jpg","width":384,"height":452,"caption":"IMADA-TQ8800"},{"@type":"BreadcrumbList","@id":"https:\/\/abaa.mx\/tienda\/torquimetro-digital-0-a-15-kg-cm-tq8800\/#breadcrumb","itemListElement":[{"@type":"ListItem","position":1,"name":"Inicio","item":"https:\/\/abaa.mx\/tienda\/"},{"@type":"ListItem","position":2,"name":"Tienda","item":"https:\/\/abaa.mx\/tienda\/"},{"@type":"ListItem","position":3,"name":"Torqu\u00edmetro Digital 0 a 15 kg-cm &#8211; TQ8800"}]},{"@type":"WebSite","@id":"https:\/\/abaa.mx\/tienda\/#website","url":"https:\/\/abaa.mx\/tienda\/","name":"Abaa tienda online","description":"Instrumentos de medici\u00f3n","publisher":{"@id":"https:\/\/abaa.mx\/tienda\/#organization"},"potentialAction":[{"@type":"SearchAction","target":{"@type":"EntryPoint","urlTemplate":"https:\/\/abaa.mx\/tienda\/?s={search_term_string}"},"query-input":{"@type":"PropertyValueSpecification","valueRequired":true,"valueName":"search_term_string"}}],"inLanguage":"es"},{"@type":"Organization","@id":"https:\/\/abaa.mx\/tienda\/#organization","name":"Abaa tienda online","url":"https:\/\/abaa.mx\/tienda\/","logo":{"@type":"ImageObject","inLanguage":"es","@id":"https:\/\/abaa.mx\/tienda\/#\/schema\/logo\/image\/","url":"https:\/\/abaa.mx\/tienda\/wp-content\/uploads\/2024\/01\/abaa-metrologia-tienda.png","contentUrl":"https:\/\/abaa.mx\/tienda\/wp-content\/uploads\/2024\/01\/abaa-metrologia-tienda.png","width":300,"height":141,"caption":"Abaa tienda online"},"image":{"@id":"https:\/\/abaa.mx\/tienda\/#\/schema\/logo\/image\/"}}]}},"_links":{"self":[{"href":"https:\/\/abaa.mx\/tienda\/wp-json\/wp\/v2\/product\/9084","targetHints":{"allow":["GET"]}}],"collection":[{"href":"https:\/\/abaa.mx\/tienda\/wp-json\/wp\/v2\/product"}],"about":[{"href":"https:\/\/abaa.mx\/tienda\/wp-json\/wp\/v2\/types\/product"}],"replies":[{"embeddable":true,"href":"https:\/\/abaa.mx\/tienda\/wp-json\/wp\/v2\/comments?post=9084"}],"wp:featuredmedia":[{"embeddable":true,"href":"https:\/\/abaa.mx\/tienda\/wp-json\/wp\/v2\/media\/9085"}],"wp:attachment":[{"href":"https:\/\/abaa.mx\/tienda\/wp-json\/wp\/v2\/media?parent=9084"}],"wp:term":[{"taxonomy":"product_brand","embeddable":true,"href":"https:\/\/abaa.mx\/tienda\/wp-json\/wp\/v2\/product_brand?post=9084"},{"taxonomy":"product_cat","embeddable":true,"href":"https:\/\/abaa.mx\/tienda\/wp-json\/wp\/v2\/product_cat?post=9084"},{"taxonomy":"product_tag","embeddable":true,"href":"https:\/\/abaa.mx\/tienda\/wp-json\/wp\/v2\/product_tag?post=9084"}],"curies":[{"name":"wp","href":"https:\/\/api.w.org\/{rel}","templated":true}]}}