{"id":9076,"date":"2023-11-21T15:41:01","date_gmt":"2023-11-21T15:41:01","guid":{"rendered":"https:\/\/abaa.mx\/tienda\/?post_type=product&#038;p=9076"},"modified":"2023-12-04T17:56:23","modified_gmt":"2023-12-04T17:56:23","slug":"probador-de-llaves-de-torque-drive-1-2-disip200","status":"publish","type":"product","link":"https:\/\/abaa.mx\/tienda\/probador-de-llaves-de-torque-drive-1-2-disip200\/","title":{"rendered":"Probador de Llaves de Torque, Drive 1-2 &#8211; DISIP200"},"content":{"rendered":"<p>Probador de Llaves de Torque, Drive 1\/2 &#8211; DISIP200.<\/p>\n","protected":false},"excerpt":{"rendered":"<p><b>Caracter\u00edsticas est\u00e1ndar de DIS-IP:<\/b><\/p>\n<ul>\n<li>Punto de consigna alto \/ bajo programable con indicadores LED GO \/ NO GO y pitido audible.<\/li>\n<li>Pico, Real Time y Peak Down (seleccionable).<\/li>\n<li>Unidades seleccionables lbf-in, kgf-cm, N-cm, o lbf-ft, kgf-m, N-m.<\/li>\n<li>El puerto COM virtual USB env\u00eda datos de pico (1 datos) o continuos (12 o 180 datos \/ segundo).<\/li>\n<li>Estad\u00edsticas: n\u00famero de datos, Max, Min, Avg.<\/li>\n<li>800 memoria de datos para recordar o para descargar SPC.<\/li>\n<li>Precisi\u00f3n: \u00b1 0,5% F.S. \u00b1 1 LSD (32 \u00b0 a 100 \u00b0 F).<\/li>\n<li>Tanto en sentido horario como antihorario.<\/li>\n<li>Construcci\u00f3n de metal resistente.<\/li>\n<li>Funciona con bater\u00edas internas de NiMH (8 horas de uso).<\/li>\n<li>Adaptador de CA \/ cargador incluido.<\/li>\n<li>Precisi\u00f3n:\u00b10.5% F.S. \u00b11 LSD.<\/li>\n<li>Condiciones de Operaci\u00f3n:0\u00b0 a 37\u00b0 C.<\/li>\n<\/ul>\n","protected":false},"featured_media":9077,"comment_status":"open","ping_status":"closed","template":"","meta":{"_joinchat":[]},"product_brand":[],"product_cat":[136],"product_tag":[],"class_list":{"0":"post-9076","1":"product","2":"type-product","3":"status-publish","4":"has-post-thumbnail","6":"product_cat-torquimetro","8":"first","9":"instock","10":"shipping-taxable","11":"product-type-simple"},"yoast_head":"<!-- This site is optimized with the Yoast SEO plugin v26.4 - https:\/\/yoast.com\/wordpress\/plugins\/seo\/ -->\n<title>Probador de Llaves de Torque, Drive 1-2 - DISIP200 - Abaa tienda online<\/title>\n<meta name=\"robots\" content=\"index, follow, max-snippet:-1, max-image-preview:large, max-video-preview:-1\" \/>\n<link rel=\"canonical\" href=\"https:\/\/abaa.mx\/tienda\/probador-de-llaves-de-torque-drive-1-2-disip200\/\" \/>\n<meta property=\"og:locale\" content=\"es_MX\" \/>\n<meta property=\"og:type\" content=\"article\" \/>\n<meta property=\"og:title\" content=\"Probador de Llaves de Torque, Drive 1-2 - DISIP200 - Abaa tienda online\" \/>\n<meta property=\"og:description\" content=\"Caracter\u00edsticas est\u00e1ndar de DIS-IP:   Punto de consigna alto \/ bajo programable con indicadores LED GO \/ NO GO y pitido audible.  Pico, Real Time y Peak Down (seleccionable).  Unidades seleccionables lbf-in, kgf-cm, N-cm, o lbf-ft, kgf-m, N-m.  El puerto COM virtual USB env\u00eda datos de pico (1 datos) o continuos (12 o 180 datos \/ segundo).  Estad\u00edsticas: n\u00famero de datos, Max, Min, Avg.  800 memoria de datos para recordar o para descargar SPC.  Precisi\u00f3n: \u00b1 0,5% F.S. \u00b1 1 LSD (32 \u00b0 a 100 \u00b0 F).  Tanto en sentido horario como antihorario.  Construcci\u00f3n de metal resistente.  Funciona con bater\u00edas internas de NiMH (8 horas de uso).  Adaptador de CA \/ cargador incluido.  Precisi\u00f3n:\u00b10.5% F.S. \u00b11 LSD.  Condiciones de Operaci\u00f3n:0\u00b0 a 37\u00b0 C.\" \/>\n<meta property=\"og:url\" content=\"https:\/\/abaa.mx\/tienda\/probador-de-llaves-de-torque-drive-1-2-disip200\/\" \/>\n<meta property=\"og:site_name\" content=\"Abaa tienda online\" \/>\n<meta property=\"article:modified_time\" content=\"2023-12-04T17:56:23+00:00\" \/>\n<meta property=\"og:image\" content=\"https:\/\/abaa.mx\/tienda\/wp-content\/uploads\/2023\/11\/IMADA-DISIP200.jpg\" \/>\n\t<meta property=\"og:image:width\" content=\"299\" \/>\n\t<meta property=\"og:image:height\" content=\"335\" \/>\n\t<meta property=\"og:image:type\" content=\"image\/jpeg\" \/>\n<meta name=\"twitter:card\" content=\"summary_large_image\" \/>\n<meta name=\"twitter:label1\" content=\"Tiempo de lectura\" \/>\n\t<meta name=\"twitter:data1\" content=\"1 minuto\" \/>\n<script type=\"application\/ld+json\" class=\"yoast-schema-graph\">{\"@context\":\"https:\/\/schema.org\",\"@graph\":[{\"@type\":\"WebPage\",\"@id\":\"https:\/\/abaa.mx\/tienda\/probador-de-llaves-de-torque-drive-1-2-disip200\/\",\"url\":\"https:\/\/abaa.mx\/tienda\/probador-de-llaves-de-torque-drive-1-2-disip200\/\",\"name\":\"Probador de Llaves de Torque, Drive 1-2 - DISIP200 - Abaa tienda online\",\"isPartOf\":{\"@id\":\"https:\/\/abaa.mx\/tienda\/#website\"},\"primaryImageOfPage\":{\"@id\":\"https:\/\/abaa.mx\/tienda\/probador-de-llaves-de-torque-drive-1-2-disip200\/#primaryimage\"},\"image\":{\"@id\":\"https:\/\/abaa.mx\/tienda\/probador-de-llaves-de-torque-drive-1-2-disip200\/#primaryimage\"},\"thumbnailUrl\":\"https:\/\/abaa.mx\/tienda\/wp-content\/uploads\/2023\/11\/IMADA-DISIP200.jpg\",\"datePublished\":\"2023-11-21T15:41:01+00:00\",\"dateModified\":\"2023-12-04T17:56:23+00:00\",\"breadcrumb\":{\"@id\":\"https:\/\/abaa.mx\/tienda\/probador-de-llaves-de-torque-drive-1-2-disip200\/#breadcrumb\"},\"inLanguage\":\"es\",\"potentialAction\":[{\"@type\":\"ReadAction\",\"target\":[\"https:\/\/abaa.mx\/tienda\/probador-de-llaves-de-torque-drive-1-2-disip200\/\"]}]},{\"@type\":\"ImageObject\",\"inLanguage\":\"es\",\"@id\":\"https:\/\/abaa.mx\/tienda\/probador-de-llaves-de-torque-drive-1-2-disip200\/#primaryimage\",\"url\":\"https:\/\/abaa.mx\/tienda\/wp-content\/uploads\/2023\/11\/IMADA-DISIP200.jpg\",\"contentUrl\":\"https:\/\/abaa.mx\/tienda\/wp-content\/uploads\/2023\/11\/IMADA-DISIP200.jpg\",\"width\":299,\"height\":335,\"caption\":\"IMADA-DISIP200\"},{\"@type\":\"BreadcrumbList\",\"@id\":\"https:\/\/abaa.mx\/tienda\/probador-de-llaves-de-torque-drive-1-2-disip200\/#breadcrumb\",\"itemListElement\":[{\"@type\":\"ListItem\",\"position\":1,\"name\":\"Inicio\",\"item\":\"https:\/\/abaa.mx\/tienda\/\"},{\"@type\":\"ListItem\",\"position\":2,\"name\":\"Tienda\",\"item\":\"https:\/\/abaa.mx\/tienda\/\"},{\"@type\":\"ListItem\",\"position\":3,\"name\":\"Probador de Llaves de Torque, Drive 1-2 &#8211; DISIP200\"}]},{\"@type\":\"WebSite\",\"@id\":\"https:\/\/abaa.mx\/tienda\/#website\",\"url\":\"https:\/\/abaa.mx\/tienda\/\",\"name\":\"Abaa tienda online\",\"description\":\"Instrumentos de medici\u00f3n\",\"publisher\":{\"@id\":\"https:\/\/abaa.mx\/tienda\/#organization\"},\"potentialAction\":[{\"@type\":\"SearchAction\",\"target\":{\"@type\":\"EntryPoint\",\"urlTemplate\":\"https:\/\/abaa.mx\/tienda\/?s={search_term_string}\"},\"query-input\":{\"@type\":\"PropertyValueSpecification\",\"valueRequired\":true,\"valueName\":\"search_term_string\"}}],\"inLanguage\":\"es\"},{\"@type\":\"Organization\",\"@id\":\"https:\/\/abaa.mx\/tienda\/#organization\",\"name\":\"Abaa tienda online\",\"url\":\"https:\/\/abaa.mx\/tienda\/\",\"logo\":{\"@type\":\"ImageObject\",\"inLanguage\":\"es\",\"@id\":\"https:\/\/abaa.mx\/tienda\/#\/schema\/logo\/image\/\",\"url\":\"https:\/\/abaa.mx\/tienda\/wp-content\/uploads\/2024\/01\/abaa-metrologia-tienda.png\",\"contentUrl\":\"https:\/\/abaa.mx\/tienda\/wp-content\/uploads\/2024\/01\/abaa-metrologia-tienda.png\",\"width\":300,\"height\":141,\"caption\":\"Abaa tienda online\"},\"image\":{\"@id\":\"https:\/\/abaa.mx\/tienda\/#\/schema\/logo\/image\/\"}}]}<\/script>\n<!-- \/ Yoast SEO plugin. -->","yoast_head_json":{"title":"Probador de Llaves de Torque, Drive 1-2 - DISIP200 - Abaa tienda online","robots":{"index":"index","follow":"follow","max-snippet":"max-snippet:-1","max-image-preview":"max-image-preview:large","max-video-preview":"max-video-preview:-1"},"canonical":"https:\/\/abaa.mx\/tienda\/probador-de-llaves-de-torque-drive-1-2-disip200\/","og_locale":"es_MX","og_type":"article","og_title":"Probador de Llaves de Torque, Drive 1-2 - DISIP200 - Abaa tienda online","og_description":"Caracter\u00edsticas est\u00e1ndar de DIS-IP:   Punto de consigna alto \/ bajo programable con indicadores LED GO \/ NO GO y pitido audible.  Pico, Real Time y Peak Down (seleccionable).  Unidades seleccionables lbf-in, kgf-cm, N-cm, o lbf-ft, kgf-m, N-m.  El puerto COM virtual USB env\u00eda datos de pico (1 datos) o continuos (12 o 180 datos \/ segundo).  Estad\u00edsticas: n\u00famero de datos, Max, Min, Avg.  800 memoria de datos para recordar o para descargar SPC.  Precisi\u00f3n: \u00b1 0,5% F.S. \u00b1 1 LSD (32 \u00b0 a 100 \u00b0 F).  Tanto en sentido horario como antihorario.  Construcci\u00f3n de metal resistente.  Funciona con bater\u00edas internas de NiMH (8 horas de uso).  Adaptador de CA \/ cargador incluido.  Precisi\u00f3n:\u00b10.5% F.S. \u00b11 LSD.  Condiciones de Operaci\u00f3n:0\u00b0 a 37\u00b0 C.","og_url":"https:\/\/abaa.mx\/tienda\/probador-de-llaves-de-torque-drive-1-2-disip200\/","og_site_name":"Abaa tienda online","article_modified_time":"2023-12-04T17:56:23+00:00","og_image":[{"width":299,"height":335,"url":"https:\/\/abaa.mx\/tienda\/wp-content\/uploads\/2023\/11\/IMADA-DISIP200.jpg","type":"image\/jpeg"}],"twitter_card":"summary_large_image","twitter_misc":{"Tiempo de lectura":"1 minuto"},"schema":{"@context":"https:\/\/schema.org","@graph":[{"@type":"WebPage","@id":"https:\/\/abaa.mx\/tienda\/probador-de-llaves-de-torque-drive-1-2-disip200\/","url":"https:\/\/abaa.mx\/tienda\/probador-de-llaves-de-torque-drive-1-2-disip200\/","name":"Probador de Llaves de Torque, Drive 1-2 - DISIP200 - Abaa tienda online","isPartOf":{"@id":"https:\/\/abaa.mx\/tienda\/#website"},"primaryImageOfPage":{"@id":"https:\/\/abaa.mx\/tienda\/probador-de-llaves-de-torque-drive-1-2-disip200\/#primaryimage"},"image":{"@id":"https:\/\/abaa.mx\/tienda\/probador-de-llaves-de-torque-drive-1-2-disip200\/#primaryimage"},"thumbnailUrl":"https:\/\/abaa.mx\/tienda\/wp-content\/uploads\/2023\/11\/IMADA-DISIP200.jpg","datePublished":"2023-11-21T15:41:01+00:00","dateModified":"2023-12-04T17:56:23+00:00","breadcrumb":{"@id":"https:\/\/abaa.mx\/tienda\/probador-de-llaves-de-torque-drive-1-2-disip200\/#breadcrumb"},"inLanguage":"es","potentialAction":[{"@type":"ReadAction","target":["https:\/\/abaa.mx\/tienda\/probador-de-llaves-de-torque-drive-1-2-disip200\/"]}]},{"@type":"ImageObject","inLanguage":"es","@id":"https:\/\/abaa.mx\/tienda\/probador-de-llaves-de-torque-drive-1-2-disip200\/#primaryimage","url":"https:\/\/abaa.mx\/tienda\/wp-content\/uploads\/2023\/11\/IMADA-DISIP200.jpg","contentUrl":"https:\/\/abaa.mx\/tienda\/wp-content\/uploads\/2023\/11\/IMADA-DISIP200.jpg","width":299,"height":335,"caption":"IMADA-DISIP200"},{"@type":"BreadcrumbList","@id":"https:\/\/abaa.mx\/tienda\/probador-de-llaves-de-torque-drive-1-2-disip200\/#breadcrumb","itemListElement":[{"@type":"ListItem","position":1,"name":"Inicio","item":"https:\/\/abaa.mx\/tienda\/"},{"@type":"ListItem","position":2,"name":"Tienda","item":"https:\/\/abaa.mx\/tienda\/"},{"@type":"ListItem","position":3,"name":"Probador de Llaves de Torque, Drive 1-2 &#8211; DISIP200"}]},{"@type":"WebSite","@id":"https:\/\/abaa.mx\/tienda\/#website","url":"https:\/\/abaa.mx\/tienda\/","name":"Abaa tienda online","description":"Instrumentos de medici\u00f3n","publisher":{"@id":"https:\/\/abaa.mx\/tienda\/#organization"},"potentialAction":[{"@type":"SearchAction","target":{"@type":"EntryPoint","urlTemplate":"https:\/\/abaa.mx\/tienda\/?s={search_term_string}"},"query-input":{"@type":"PropertyValueSpecification","valueRequired":true,"valueName":"search_term_string"}}],"inLanguage":"es"},{"@type":"Organization","@id":"https:\/\/abaa.mx\/tienda\/#organization","name":"Abaa tienda online","url":"https:\/\/abaa.mx\/tienda\/","logo":{"@type":"ImageObject","inLanguage":"es","@id":"https:\/\/abaa.mx\/tienda\/#\/schema\/logo\/image\/","url":"https:\/\/abaa.mx\/tienda\/wp-content\/uploads\/2024\/01\/abaa-metrologia-tienda.png","contentUrl":"https:\/\/abaa.mx\/tienda\/wp-content\/uploads\/2024\/01\/abaa-metrologia-tienda.png","width":300,"height":141,"caption":"Abaa tienda online"},"image":{"@id":"https:\/\/abaa.mx\/tienda\/#\/schema\/logo\/image\/"}}]}},"_links":{"self":[{"href":"https:\/\/abaa.mx\/tienda\/wp-json\/wp\/v2\/product\/9076","targetHints":{"allow":["GET"]}}],"collection":[{"href":"https:\/\/abaa.mx\/tienda\/wp-json\/wp\/v2\/product"}],"about":[{"href":"https:\/\/abaa.mx\/tienda\/wp-json\/wp\/v2\/types\/product"}],"replies":[{"embeddable":true,"href":"https:\/\/abaa.mx\/tienda\/wp-json\/wp\/v2\/comments?post=9076"}],"wp:featuredmedia":[{"embeddable":true,"href":"https:\/\/abaa.mx\/tienda\/wp-json\/wp\/v2\/media\/9077"}],"wp:attachment":[{"href":"https:\/\/abaa.mx\/tienda\/wp-json\/wp\/v2\/media?parent=9076"}],"wp:term":[{"taxonomy":"product_brand","embeddable":true,"href":"https:\/\/abaa.mx\/tienda\/wp-json\/wp\/v2\/product_brand?post=9076"},{"taxonomy":"product_cat","embeddable":true,"href":"https:\/\/abaa.mx\/tienda\/wp-json\/wp\/v2\/product_cat?post=9076"},{"taxonomy":"product_tag","embeddable":true,"href":"https:\/\/abaa.mx\/tienda\/wp-json\/wp\/v2\/product_tag?post=9076"}],"curies":[{"name":"wp","href":"https:\/\/api.w.org\/{rel}","templated":true}]}}