{"id":9046,"date":"2023-11-17T19:31:17","date_gmt":"2023-11-17T19:31:17","guid":{"rendered":"https:\/\/abaa.mx\/tienda\/?post_type=product&#038;p=9046"},"modified":"2023-11-17T19:31:17","modified_gmt":"2023-11-17T19:31:17","slug":"terrometro-multifuncion-de-2-varillas-4234er","status":"publish","type":"product","link":"https:\/\/abaa.mx\/tienda\/terrometro-multifuncion-de-2-varillas-4234er\/","title":{"rendered":"Terr\u00f3metro Multifunci\u00f3n de 2 Varillas &#8211; 4234ER"},"content":{"rendered":"<p>Terr\u00f3metro Multifunci\u00f3n de 2 Varillas &#8211; 4234ER.<\/p>\n","protected":false},"excerpt":{"rendered":"<p>Terr\u00f3metro de 2 varillas. Cumple con la norma &#8220;NOM-022- STPS-2015&#8221;.<\/p>\n<p><b>Caracter\u00edsticas principales:<\/b><\/p>\n<ul>\n<li>Ajuste autom\u00e1tico de rangos.<\/li>\n<li>Prueba autom\u00e1tica de la varilla \u201cP\u201d.<\/li>\n<li>Robusto, compacto, sencillo de transportar.<\/li>\n<li>Retenci\u00f3n de datos.<\/li>\n<li>Pantalla de cristal l\u00edquido.<\/li>\n<li>Controlado por un microprocesador con caracter\u00edsticas de seguridad avanzadas<\/li>\n<li>Prueba a 3-cables.<\/li>\n<li>Apagado autom\u00e1tico.<\/li>\n<li>Cumple con los est\u00e1ndares de seguridad EN 310110-1 CAT IV 300V, EN 61326-1, EN 61557-1, EN 61557-5.<\/li>\n<li>Medici\u00f3n de voltaje a tierra: 0-300 VCA.<\/li>\n<li>Prueba a 2-cables.<\/li>\n<li>Prueba a 4-cables.<\/li>\n<li>Probador de resistencia a tierra a 0-2?, 0-20?, 0-200?, 0-2k ?.<\/li>\n<li>Prueba autom\u00e1tica de la varilla \u201cC\u201d.<\/li>\n<\/ul>\n<p><strong>Especificaciones: <\/strong><\/p>\n<ul>\n<li><strong>Dimensiones y peso:<\/strong>250 mm (largo) x 190 mm (ancho) x 110 mm (alto).<\/li>\n<li><strong>Contenido de la Caja:<\/strong>4 cables de prueba (negro, amarillo, rojo y verde), 2 varillas de tierra auxiliares, manual de instrucciones, estuche r\u00edgido, fusible (0.1 A \/ 250 V 5 x 20 mm).<\/li>\n<li><strong>Rango:<\/strong>0-2?, 0-20?, 0-200?, 0-2k ?.<\/li>\n<li><strong>Precisi\u00f3n:<\/strong>\u00b12%.<\/li>\n<li><strong>Condiciones de operaci\u00f3n:<\/strong>0 oC &#8211; 50 oC y d80 %HR.<\/li>\n<\/ul>\n","protected":false},"featured_media":9049,"comment_status":"open","ping_status":"closed","template":"","meta":{"_joinchat":[]},"product_brand":[],"product_cat":[135],"product_tag":[],"class_list":{"0":"post-9046","1":"product","2":"type-product","3":"status-publish","4":"has-post-thumbnail","6":"product_cat-terrometros","8":"first","9":"instock","10":"shipping-taxable","11":"product-type-simple"},"yoast_head":"<!-- This site is optimized with the Yoast SEO plugin v26.4 - https:\/\/yoast.com\/wordpress\/plugins\/seo\/ -->\n<title>Terr\u00f3metro Multifunci\u00f3n de 2 Varillas - 4234ER - Abaa tienda online<\/title>\n<meta name=\"robots\" content=\"index, follow, max-snippet:-1, max-image-preview:large, max-video-preview:-1\" \/>\n<link rel=\"canonical\" href=\"https:\/\/abaa.mx\/tienda\/terrometro-multifuncion-de-2-varillas-4234er\/\" \/>\n<meta property=\"og:locale\" content=\"es_MX\" \/>\n<meta property=\"og:type\" content=\"article\" \/>\n<meta property=\"og:title\" content=\"Terr\u00f3metro Multifunci\u00f3n de 2 Varillas - 4234ER - Abaa tienda online\" \/>\n<meta property=\"og:description\" content=\"Terr\u00f3metro de 2 varillas. Cumple con la norma &quot;NOM-022- STPS-2015&quot;.  Caracter\u00edsticas principales:   Ajuste autom\u00e1tico de rangos.  Prueba autom\u00e1tica de la varilla \u201cP\u201d.  Robusto, compacto, sencillo de transportar.  Retenci\u00f3n de datos.  Pantalla de cristal l\u00edquido.  Controlado por un microprocesador con caracter\u00edsticas de seguridad avanzadas  Prueba a 3-cables.  Apagado autom\u00e1tico.  Cumple con los est\u00e1ndares de seguridad EN 310110-1 CAT IV 300V, EN 61326-1, EN 61557-1, EN 61557-5.  Medici\u00f3n de voltaje a tierra: 0-300 VCA.  Prueba a 2-cables.  Prueba a 4-cables.  Probador de resistencia a tierra a 0-2?, 0-20?, 0-200?, 0-2k ?.  Prueba autom\u00e1tica de la varilla \u201cC\u201d.  Especificaciones:    Dimensiones y peso:250 mm (largo) x 190 mm (ancho) x 110 mm (alto).  Contenido de la Caja:4 cables de prueba (negro, amarillo, rojo y verde), 2 varillas de tierra auxiliares, manual de instrucciones, estuche r\u00edgido, fusible (0.1 A \/ 250 V 5 x 20 mm).  Rango:0-2?, 0-20?, 0-200?, 0-2k ?.  Precisi\u00f3n:\u00b12%.  Condiciones de operaci\u00f3n:0 oC - 50 oC y d80 %HR.\" \/>\n<meta property=\"og:url\" content=\"https:\/\/abaa.mx\/tienda\/terrometro-multifuncion-de-2-varillas-4234er\/\" \/>\n<meta property=\"og:site_name\" content=\"Abaa tienda online\" \/>\n<meta property=\"og:image\" content=\"https:\/\/abaa.mx\/tienda\/wp-content\/uploads\/2023\/11\/SEW-4234ER-1.jpg\" \/>\n\t<meta property=\"og:image:width\" content=\"467\" \/>\n\t<meta property=\"og:image:height\" content=\"516\" \/>\n\t<meta property=\"og:image:type\" content=\"image\/jpeg\" \/>\n<meta name=\"twitter:card\" content=\"summary_large_image\" \/>\n<meta name=\"twitter:label1\" content=\"Tiempo de lectura\" \/>\n\t<meta name=\"twitter:data1\" content=\"1 minuto\" \/>\n<script type=\"application\/ld+json\" class=\"yoast-schema-graph\">{\"@context\":\"https:\/\/schema.org\",\"@graph\":[{\"@type\":\"WebPage\",\"@id\":\"https:\/\/abaa.mx\/tienda\/terrometro-multifuncion-de-2-varillas-4234er\/\",\"url\":\"https:\/\/abaa.mx\/tienda\/terrometro-multifuncion-de-2-varillas-4234er\/\",\"name\":\"Terr\u00f3metro Multifunci\u00f3n de 2 Varillas - 4234ER - Abaa tienda online\",\"isPartOf\":{\"@id\":\"https:\/\/abaa.mx\/tienda\/#website\"},\"primaryImageOfPage\":{\"@id\":\"https:\/\/abaa.mx\/tienda\/terrometro-multifuncion-de-2-varillas-4234er\/#primaryimage\"},\"image\":{\"@id\":\"https:\/\/abaa.mx\/tienda\/terrometro-multifuncion-de-2-varillas-4234er\/#primaryimage\"},\"thumbnailUrl\":\"https:\/\/abaa.mx\/tienda\/wp-content\/uploads\/2023\/11\/SEW-4234ER-1.jpg\",\"datePublished\":\"2023-11-17T19:31:17+00:00\",\"breadcrumb\":{\"@id\":\"https:\/\/abaa.mx\/tienda\/terrometro-multifuncion-de-2-varillas-4234er\/#breadcrumb\"},\"inLanguage\":\"es\",\"potentialAction\":[{\"@type\":\"ReadAction\",\"target\":[\"https:\/\/abaa.mx\/tienda\/terrometro-multifuncion-de-2-varillas-4234er\/\"]}]},{\"@type\":\"ImageObject\",\"inLanguage\":\"es\",\"@id\":\"https:\/\/abaa.mx\/tienda\/terrometro-multifuncion-de-2-varillas-4234er\/#primaryimage\",\"url\":\"https:\/\/abaa.mx\/tienda\/wp-content\/uploads\/2023\/11\/SEW-4234ER-1.jpg\",\"contentUrl\":\"https:\/\/abaa.mx\/tienda\/wp-content\/uploads\/2023\/11\/SEW-4234ER-1.jpg\",\"width\":467,\"height\":516,\"caption\":\"SEW-4234ER\"},{\"@type\":\"BreadcrumbList\",\"@id\":\"https:\/\/abaa.mx\/tienda\/terrometro-multifuncion-de-2-varillas-4234er\/#breadcrumb\",\"itemListElement\":[{\"@type\":\"ListItem\",\"position\":1,\"name\":\"Inicio\",\"item\":\"https:\/\/abaa.mx\/tienda\/\"},{\"@type\":\"ListItem\",\"position\":2,\"name\":\"Tienda\",\"item\":\"https:\/\/abaa.mx\/tienda\/\"},{\"@type\":\"ListItem\",\"position\":3,\"name\":\"Terr\u00f3metro Multifunci\u00f3n de 2 Varillas &#8211; 4234ER\"}]},{\"@type\":\"WebSite\",\"@id\":\"https:\/\/abaa.mx\/tienda\/#website\",\"url\":\"https:\/\/abaa.mx\/tienda\/\",\"name\":\"Abaa tienda online\",\"description\":\"Instrumentos de medici\u00f3n\",\"publisher\":{\"@id\":\"https:\/\/abaa.mx\/tienda\/#organization\"},\"potentialAction\":[{\"@type\":\"SearchAction\",\"target\":{\"@type\":\"EntryPoint\",\"urlTemplate\":\"https:\/\/abaa.mx\/tienda\/?s={search_term_string}\"},\"query-input\":{\"@type\":\"PropertyValueSpecification\",\"valueRequired\":true,\"valueName\":\"search_term_string\"}}],\"inLanguage\":\"es\"},{\"@type\":\"Organization\",\"@id\":\"https:\/\/abaa.mx\/tienda\/#organization\",\"name\":\"Abaa tienda online\",\"url\":\"https:\/\/abaa.mx\/tienda\/\",\"logo\":{\"@type\":\"ImageObject\",\"inLanguage\":\"es\",\"@id\":\"https:\/\/abaa.mx\/tienda\/#\/schema\/logo\/image\/\",\"url\":\"https:\/\/abaa.mx\/tienda\/wp-content\/uploads\/2024\/01\/abaa-metrologia-tienda.png\",\"contentUrl\":\"https:\/\/abaa.mx\/tienda\/wp-content\/uploads\/2024\/01\/abaa-metrologia-tienda.png\",\"width\":300,\"height\":141,\"caption\":\"Abaa tienda online\"},\"image\":{\"@id\":\"https:\/\/abaa.mx\/tienda\/#\/schema\/logo\/image\/\"}}]}<\/script>\n<!-- \/ Yoast SEO plugin. -->","yoast_head_json":{"title":"Terr\u00f3metro Multifunci\u00f3n de 2 Varillas - 4234ER - Abaa tienda online","robots":{"index":"index","follow":"follow","max-snippet":"max-snippet:-1","max-image-preview":"max-image-preview:large","max-video-preview":"max-video-preview:-1"},"canonical":"https:\/\/abaa.mx\/tienda\/terrometro-multifuncion-de-2-varillas-4234er\/","og_locale":"es_MX","og_type":"article","og_title":"Terr\u00f3metro Multifunci\u00f3n de 2 Varillas - 4234ER - Abaa tienda online","og_description":"Terr\u00f3metro de 2 varillas. Cumple con la norma \"NOM-022- STPS-2015\".  Caracter\u00edsticas principales:   Ajuste autom\u00e1tico de rangos.  Prueba autom\u00e1tica de la varilla \u201cP\u201d.  Robusto, compacto, sencillo de transportar.  Retenci\u00f3n de datos.  Pantalla de cristal l\u00edquido.  Controlado por un microprocesador con caracter\u00edsticas de seguridad avanzadas  Prueba a 3-cables.  Apagado autom\u00e1tico.  Cumple con los est\u00e1ndares de seguridad EN 310110-1 CAT IV 300V, EN 61326-1, EN 61557-1, EN 61557-5.  Medici\u00f3n de voltaje a tierra: 0-300 VCA.  Prueba a 2-cables.  Prueba a 4-cables.  Probador de resistencia a tierra a 0-2?, 0-20?, 0-200?, 0-2k ?.  Prueba autom\u00e1tica de la varilla \u201cC\u201d.  Especificaciones:    Dimensiones y peso:250 mm (largo) x 190 mm (ancho) x 110 mm (alto).  Contenido de la Caja:4 cables de prueba (negro, amarillo, rojo y verde), 2 varillas de tierra auxiliares, manual de instrucciones, estuche r\u00edgido, fusible (0.1 A \/ 250 V 5 x 20 mm).  Rango:0-2?, 0-20?, 0-200?, 0-2k ?.  Precisi\u00f3n:\u00b12%.  Condiciones de operaci\u00f3n:0 oC - 50 oC y d80 %HR.","og_url":"https:\/\/abaa.mx\/tienda\/terrometro-multifuncion-de-2-varillas-4234er\/","og_site_name":"Abaa tienda online","og_image":[{"width":467,"height":516,"url":"https:\/\/abaa.mx\/tienda\/wp-content\/uploads\/2023\/11\/SEW-4234ER-1.jpg","type":"image\/jpeg"}],"twitter_card":"summary_large_image","twitter_misc":{"Tiempo de lectura":"1 minuto"},"schema":{"@context":"https:\/\/schema.org","@graph":[{"@type":"WebPage","@id":"https:\/\/abaa.mx\/tienda\/terrometro-multifuncion-de-2-varillas-4234er\/","url":"https:\/\/abaa.mx\/tienda\/terrometro-multifuncion-de-2-varillas-4234er\/","name":"Terr\u00f3metro Multifunci\u00f3n de 2 Varillas - 4234ER - Abaa tienda online","isPartOf":{"@id":"https:\/\/abaa.mx\/tienda\/#website"},"primaryImageOfPage":{"@id":"https:\/\/abaa.mx\/tienda\/terrometro-multifuncion-de-2-varillas-4234er\/#primaryimage"},"image":{"@id":"https:\/\/abaa.mx\/tienda\/terrometro-multifuncion-de-2-varillas-4234er\/#primaryimage"},"thumbnailUrl":"https:\/\/abaa.mx\/tienda\/wp-content\/uploads\/2023\/11\/SEW-4234ER-1.jpg","datePublished":"2023-11-17T19:31:17+00:00","breadcrumb":{"@id":"https:\/\/abaa.mx\/tienda\/terrometro-multifuncion-de-2-varillas-4234er\/#breadcrumb"},"inLanguage":"es","potentialAction":[{"@type":"ReadAction","target":["https:\/\/abaa.mx\/tienda\/terrometro-multifuncion-de-2-varillas-4234er\/"]}]},{"@type":"ImageObject","inLanguage":"es","@id":"https:\/\/abaa.mx\/tienda\/terrometro-multifuncion-de-2-varillas-4234er\/#primaryimage","url":"https:\/\/abaa.mx\/tienda\/wp-content\/uploads\/2023\/11\/SEW-4234ER-1.jpg","contentUrl":"https:\/\/abaa.mx\/tienda\/wp-content\/uploads\/2023\/11\/SEW-4234ER-1.jpg","width":467,"height":516,"caption":"SEW-4234ER"},{"@type":"BreadcrumbList","@id":"https:\/\/abaa.mx\/tienda\/terrometro-multifuncion-de-2-varillas-4234er\/#breadcrumb","itemListElement":[{"@type":"ListItem","position":1,"name":"Inicio","item":"https:\/\/abaa.mx\/tienda\/"},{"@type":"ListItem","position":2,"name":"Tienda","item":"https:\/\/abaa.mx\/tienda\/"},{"@type":"ListItem","position":3,"name":"Terr\u00f3metro Multifunci\u00f3n de 2 Varillas &#8211; 4234ER"}]},{"@type":"WebSite","@id":"https:\/\/abaa.mx\/tienda\/#website","url":"https:\/\/abaa.mx\/tienda\/","name":"Abaa tienda online","description":"Instrumentos de medici\u00f3n","publisher":{"@id":"https:\/\/abaa.mx\/tienda\/#organization"},"potentialAction":[{"@type":"SearchAction","target":{"@type":"EntryPoint","urlTemplate":"https:\/\/abaa.mx\/tienda\/?s={search_term_string}"},"query-input":{"@type":"PropertyValueSpecification","valueRequired":true,"valueName":"search_term_string"}}],"inLanguage":"es"},{"@type":"Organization","@id":"https:\/\/abaa.mx\/tienda\/#organization","name":"Abaa tienda online","url":"https:\/\/abaa.mx\/tienda\/","logo":{"@type":"ImageObject","inLanguage":"es","@id":"https:\/\/abaa.mx\/tienda\/#\/schema\/logo\/image\/","url":"https:\/\/abaa.mx\/tienda\/wp-content\/uploads\/2024\/01\/abaa-metrologia-tienda.png","contentUrl":"https:\/\/abaa.mx\/tienda\/wp-content\/uploads\/2024\/01\/abaa-metrologia-tienda.png","width":300,"height":141,"caption":"Abaa tienda online"},"image":{"@id":"https:\/\/abaa.mx\/tienda\/#\/schema\/logo\/image\/"}}]}},"_links":{"self":[{"href":"https:\/\/abaa.mx\/tienda\/wp-json\/wp\/v2\/product\/9046","targetHints":{"allow":["GET"]}}],"collection":[{"href":"https:\/\/abaa.mx\/tienda\/wp-json\/wp\/v2\/product"}],"about":[{"href":"https:\/\/abaa.mx\/tienda\/wp-json\/wp\/v2\/types\/product"}],"replies":[{"embeddable":true,"href":"https:\/\/abaa.mx\/tienda\/wp-json\/wp\/v2\/comments?post=9046"}],"wp:featuredmedia":[{"embeddable":true,"href":"https:\/\/abaa.mx\/tienda\/wp-json\/wp\/v2\/media\/9049"}],"wp:attachment":[{"href":"https:\/\/abaa.mx\/tienda\/wp-json\/wp\/v2\/media?parent=9046"}],"wp:term":[{"taxonomy":"product_brand","embeddable":true,"href":"https:\/\/abaa.mx\/tienda\/wp-json\/wp\/v2\/product_brand?post=9046"},{"taxonomy":"product_cat","embeddable":true,"href":"https:\/\/abaa.mx\/tienda\/wp-json\/wp\/v2\/product_cat?post=9046"},{"taxonomy":"product_tag","embeddable":true,"href":"https:\/\/abaa.mx\/tienda\/wp-json\/wp\/v2\/product_tag?post=9046"}],"curies":[{"name":"wp","href":"https:\/\/api.w.org\/{rel}","templated":true}]}}