{"id":9005,"date":"2023-11-17T16:04:51","date_gmt":"2023-11-17T16:04:51","guid":{"rendered":"https:\/\/abaa.mx\/tienda\/?post_type=product&#038;p=9005"},"modified":"2023-11-17T16:06:03","modified_gmt":"2023-11-17T16:06:03","slug":"termometro-bimetalico-digital-150oc-11050","status":"publish","type":"product","link":"https:\/\/abaa.mx\/tienda\/termometro-bimetalico-digital-150oc-11050\/","title":{"rendered":"Term\u00f3metro Bimet\u00e1lico Digital 150\u00baC &#8211; 11050"},"content":{"rendered":"<p>Term\u00f3metro Bimet\u00e1lico Digital 150\u00baC &#8211; 11050.<\/p>\n","protected":false},"excerpt":{"rendered":"<p>El Term\u00f3metro Bimet\u00e1lico TK-11050 tipo paleta. Es un term\u00f3metro impermeable que registra la temperatura mucho m\u00e1s alta, hasta en un lavaplatos de alta temperatura para verificar que se ha alcanzado la temperatura correcta de desinfecci\u00f3n.<br \/>\n<strong>Caracter\u00edsticas principales :<\/strong> Es un aparato port\u00e1til, de bolsillo, de alta precisi\u00f3n que puede ser calibrado con una preparaci\u00f3n de agua y hielo picado de simple operaci\u00f3n. tiene d\u00edgitos enormes y una car\u00e1tula que deja conseguir la indicaci\u00f3n de temperatura sin contrariedad. cumple las reglas FDA Food Code 4-302.12 (B), HACCP, NSF, CE.<\/p>\n<p><strong>Aplicaciones :<\/strong> En especial desarrollado par la industria alimenticia como por servirnos de un ejemplo procesos de templado de chocolate, empleo industrial por norma general. Poner en el lavaplatos antes de empezar y remover al final del lavado. Introduzca la sonda en los modelos de comida y espere a que la lectura se estabilice. Para enfriar la temperatura de los alimentos, primero introduzca la sonda en el producto, despu\u00e9s restituya la memoria. MIN \/ MAX exhibe la temperatura mucho m\u00e1s baja alcanzada. Perfecto para mediciones de masas delgadas como en filetes de pollo y pescado.<\/p>\n","protected":false},"featured_media":9008,"comment_status":"open","ping_status":"closed","template":"","meta":{"_joinchat":[]},"product_brand":[],"product_cat":[134],"product_tag":[],"class_list":{"0":"post-9005","1":"product","2":"type-product","3":"status-publish","4":"has-post-thumbnail","6":"product_cat-termometros-para-temperatura","8":"first","9":"instock","10":"shipping-taxable","11":"product-type-simple"},"yoast_head":"<!-- This site is optimized with the Yoast SEO plugin v26.4 - https:\/\/yoast.com\/wordpress\/plugins\/seo\/ -->\n<title>Term\u00f3metro Bimet\u00e1lico Digital 150\u00baC - 11050 - Abaa tienda online<\/title>\n<meta name=\"robots\" content=\"index, follow, max-snippet:-1, max-image-preview:large, max-video-preview:-1\" \/>\n<link rel=\"canonical\" href=\"https:\/\/abaa.mx\/tienda\/termometro-bimetalico-digital-150oc-11050\/\" \/>\n<meta property=\"og:locale\" content=\"es_MX\" \/>\n<meta property=\"og:type\" content=\"article\" \/>\n<meta property=\"og:title\" content=\"Term\u00f3metro Bimet\u00e1lico Digital 150\u00baC - 11050 - Abaa tienda online\" \/>\n<meta property=\"og:description\" content=\"El Term\u00f3metro Bimet\u00e1lico TK-11050 tipo paleta. Es un term\u00f3metro impermeable que registra la temperatura mucho m\u00e1s alta, hasta en un lavaplatos de alta temperatura para verificar que se ha alcanzado la temperatura correcta de desinfecci\u00f3n. Caracter\u00edsticas principales : Es un aparato port\u00e1til, de bolsillo, de alta precisi\u00f3n que puede ser calibrado con una preparaci\u00f3n de agua y hielo picado de simple operaci\u00f3n. tiene d\u00edgitos enormes y una car\u00e1tula que deja conseguir la indicaci\u00f3n de temperatura sin contrariedad. cumple las reglas FDA Food Code 4-302.12 (B), HACCP, NSF, CE.  Aplicaciones : En especial desarrollado par la industria alimenticia como por servirnos de un ejemplo procesos de templado de chocolate, empleo industrial por norma general. Poner en el lavaplatos antes de empezar y remover al final del lavado. Introduzca la sonda en los modelos de comida y espere a que la lectura se estabilice. Para enfriar la temperatura de los alimentos, primero introduzca la sonda en el producto, despu\u00e9s restituya la memoria. MIN \/ MAX exhibe la temperatura mucho m\u00e1s baja alcanzada. Perfecto para mediciones de masas delgadas como en filetes de pollo y pescado.\" \/>\n<meta property=\"og:url\" content=\"https:\/\/abaa.mx\/tienda\/termometro-bimetalico-digital-150oc-11050\/\" \/>\n<meta property=\"og:site_name\" content=\"Abaa tienda online\" \/>\n<meta property=\"article:modified_time\" content=\"2023-11-17T16:06:03+00:00\" \/>\n<meta property=\"og:image\" content=\"https:\/\/abaa.mx\/tienda\/wp-content\/uploads\/2023\/11\/DELTA-TRAK-11050.jpg\" \/>\n\t<meta property=\"og:image:width\" content=\"311\" \/>\n\t<meta property=\"og:image:height\" content=\"380\" \/>\n\t<meta property=\"og:image:type\" content=\"image\/jpeg\" \/>\n<meta name=\"twitter:card\" content=\"summary_large_image\" \/>\n<meta name=\"twitter:label1\" content=\"Tiempo de lectura\" \/>\n\t<meta name=\"twitter:data1\" content=\"1 minuto\" \/>\n<script type=\"application\/ld+json\" class=\"yoast-schema-graph\">{\"@context\":\"https:\/\/schema.org\",\"@graph\":[{\"@type\":\"WebPage\",\"@id\":\"https:\/\/abaa.mx\/tienda\/termometro-bimetalico-digital-150oc-11050\/\",\"url\":\"https:\/\/abaa.mx\/tienda\/termometro-bimetalico-digital-150oc-11050\/\",\"name\":\"Term\u00f3metro Bimet\u00e1lico Digital 150\u00baC - 11050 - Abaa tienda online\",\"isPartOf\":{\"@id\":\"https:\/\/abaa.mx\/tienda\/#website\"},\"primaryImageOfPage\":{\"@id\":\"https:\/\/abaa.mx\/tienda\/termometro-bimetalico-digital-150oc-11050\/#primaryimage\"},\"image\":{\"@id\":\"https:\/\/abaa.mx\/tienda\/termometro-bimetalico-digital-150oc-11050\/#primaryimage\"},\"thumbnailUrl\":\"https:\/\/abaa.mx\/tienda\/wp-content\/uploads\/2023\/11\/DELTA-TRAK-11050.jpg\",\"datePublished\":\"2023-11-17T16:04:51+00:00\",\"dateModified\":\"2023-11-17T16:06:03+00:00\",\"breadcrumb\":{\"@id\":\"https:\/\/abaa.mx\/tienda\/termometro-bimetalico-digital-150oc-11050\/#breadcrumb\"},\"inLanguage\":\"es\",\"potentialAction\":[{\"@type\":\"ReadAction\",\"target\":[\"https:\/\/abaa.mx\/tienda\/termometro-bimetalico-digital-150oc-11050\/\"]}]},{\"@type\":\"ImageObject\",\"inLanguage\":\"es\",\"@id\":\"https:\/\/abaa.mx\/tienda\/termometro-bimetalico-digital-150oc-11050\/#primaryimage\",\"url\":\"https:\/\/abaa.mx\/tienda\/wp-content\/uploads\/2023\/11\/DELTA-TRAK-11050.jpg\",\"contentUrl\":\"https:\/\/abaa.mx\/tienda\/wp-content\/uploads\/2023\/11\/DELTA-TRAK-11050.jpg\",\"width\":311,\"height\":380,\"caption\":\"DELTA TRAK-11050\"},{\"@type\":\"BreadcrumbList\",\"@id\":\"https:\/\/abaa.mx\/tienda\/termometro-bimetalico-digital-150oc-11050\/#breadcrumb\",\"itemListElement\":[{\"@type\":\"ListItem\",\"position\":1,\"name\":\"Inicio\",\"item\":\"https:\/\/abaa.mx\/tienda\/\"},{\"@type\":\"ListItem\",\"position\":2,\"name\":\"Tienda\",\"item\":\"https:\/\/abaa.mx\/tienda\/\"},{\"@type\":\"ListItem\",\"position\":3,\"name\":\"Term\u00f3metro Bimet\u00e1lico Digital 150\u00baC &#8211; 11050\"}]},{\"@type\":\"WebSite\",\"@id\":\"https:\/\/abaa.mx\/tienda\/#website\",\"url\":\"https:\/\/abaa.mx\/tienda\/\",\"name\":\"Abaa tienda online\",\"description\":\"Instrumentos de medici\u00f3n\",\"publisher\":{\"@id\":\"https:\/\/abaa.mx\/tienda\/#organization\"},\"potentialAction\":[{\"@type\":\"SearchAction\",\"target\":{\"@type\":\"EntryPoint\",\"urlTemplate\":\"https:\/\/abaa.mx\/tienda\/?s={search_term_string}\"},\"query-input\":{\"@type\":\"PropertyValueSpecification\",\"valueRequired\":true,\"valueName\":\"search_term_string\"}}],\"inLanguage\":\"es\"},{\"@type\":\"Organization\",\"@id\":\"https:\/\/abaa.mx\/tienda\/#organization\",\"name\":\"Abaa tienda online\",\"url\":\"https:\/\/abaa.mx\/tienda\/\",\"logo\":{\"@type\":\"ImageObject\",\"inLanguage\":\"es\",\"@id\":\"https:\/\/abaa.mx\/tienda\/#\/schema\/logo\/image\/\",\"url\":\"https:\/\/abaa.mx\/tienda\/wp-content\/uploads\/2024\/01\/abaa-metrologia-tienda.png\",\"contentUrl\":\"https:\/\/abaa.mx\/tienda\/wp-content\/uploads\/2024\/01\/abaa-metrologia-tienda.png\",\"width\":300,\"height\":141,\"caption\":\"Abaa tienda online\"},\"image\":{\"@id\":\"https:\/\/abaa.mx\/tienda\/#\/schema\/logo\/image\/\"}}]}<\/script>\n<!-- \/ Yoast SEO plugin. -->","yoast_head_json":{"title":"Term\u00f3metro Bimet\u00e1lico Digital 150\u00baC - 11050 - Abaa tienda online","robots":{"index":"index","follow":"follow","max-snippet":"max-snippet:-1","max-image-preview":"max-image-preview:large","max-video-preview":"max-video-preview:-1"},"canonical":"https:\/\/abaa.mx\/tienda\/termometro-bimetalico-digital-150oc-11050\/","og_locale":"es_MX","og_type":"article","og_title":"Term\u00f3metro Bimet\u00e1lico Digital 150\u00baC - 11050 - Abaa tienda online","og_description":"El Term\u00f3metro Bimet\u00e1lico TK-11050 tipo paleta. Es un term\u00f3metro impermeable que registra la temperatura mucho m\u00e1s alta, hasta en un lavaplatos de alta temperatura para verificar que se ha alcanzado la temperatura correcta de desinfecci\u00f3n. Caracter\u00edsticas principales : Es un aparato port\u00e1til, de bolsillo, de alta precisi\u00f3n que puede ser calibrado con una preparaci\u00f3n de agua y hielo picado de simple operaci\u00f3n. tiene d\u00edgitos enormes y una car\u00e1tula que deja conseguir la indicaci\u00f3n de temperatura sin contrariedad. cumple las reglas FDA Food Code 4-302.12 (B), HACCP, NSF, CE.  Aplicaciones : En especial desarrollado par la industria alimenticia como por servirnos de un ejemplo procesos de templado de chocolate, empleo industrial por norma general. Poner en el lavaplatos antes de empezar y remover al final del lavado. Introduzca la sonda en los modelos de comida y espere a que la lectura se estabilice. Para enfriar la temperatura de los alimentos, primero introduzca la sonda en el producto, despu\u00e9s restituya la memoria. MIN \/ MAX exhibe la temperatura mucho m\u00e1s baja alcanzada. Perfecto para mediciones de masas delgadas como en filetes de pollo y pescado.","og_url":"https:\/\/abaa.mx\/tienda\/termometro-bimetalico-digital-150oc-11050\/","og_site_name":"Abaa tienda online","article_modified_time":"2023-11-17T16:06:03+00:00","og_image":[{"width":311,"height":380,"url":"https:\/\/abaa.mx\/tienda\/wp-content\/uploads\/2023\/11\/DELTA-TRAK-11050.jpg","type":"image\/jpeg"}],"twitter_card":"summary_large_image","twitter_misc":{"Tiempo de lectura":"1 minuto"},"schema":{"@context":"https:\/\/schema.org","@graph":[{"@type":"WebPage","@id":"https:\/\/abaa.mx\/tienda\/termometro-bimetalico-digital-150oc-11050\/","url":"https:\/\/abaa.mx\/tienda\/termometro-bimetalico-digital-150oc-11050\/","name":"Term\u00f3metro Bimet\u00e1lico Digital 150\u00baC - 11050 - Abaa tienda online","isPartOf":{"@id":"https:\/\/abaa.mx\/tienda\/#website"},"primaryImageOfPage":{"@id":"https:\/\/abaa.mx\/tienda\/termometro-bimetalico-digital-150oc-11050\/#primaryimage"},"image":{"@id":"https:\/\/abaa.mx\/tienda\/termometro-bimetalico-digital-150oc-11050\/#primaryimage"},"thumbnailUrl":"https:\/\/abaa.mx\/tienda\/wp-content\/uploads\/2023\/11\/DELTA-TRAK-11050.jpg","datePublished":"2023-11-17T16:04:51+00:00","dateModified":"2023-11-17T16:06:03+00:00","breadcrumb":{"@id":"https:\/\/abaa.mx\/tienda\/termometro-bimetalico-digital-150oc-11050\/#breadcrumb"},"inLanguage":"es","potentialAction":[{"@type":"ReadAction","target":["https:\/\/abaa.mx\/tienda\/termometro-bimetalico-digital-150oc-11050\/"]}]},{"@type":"ImageObject","inLanguage":"es","@id":"https:\/\/abaa.mx\/tienda\/termometro-bimetalico-digital-150oc-11050\/#primaryimage","url":"https:\/\/abaa.mx\/tienda\/wp-content\/uploads\/2023\/11\/DELTA-TRAK-11050.jpg","contentUrl":"https:\/\/abaa.mx\/tienda\/wp-content\/uploads\/2023\/11\/DELTA-TRAK-11050.jpg","width":311,"height":380,"caption":"DELTA TRAK-11050"},{"@type":"BreadcrumbList","@id":"https:\/\/abaa.mx\/tienda\/termometro-bimetalico-digital-150oc-11050\/#breadcrumb","itemListElement":[{"@type":"ListItem","position":1,"name":"Inicio","item":"https:\/\/abaa.mx\/tienda\/"},{"@type":"ListItem","position":2,"name":"Tienda","item":"https:\/\/abaa.mx\/tienda\/"},{"@type":"ListItem","position":3,"name":"Term\u00f3metro Bimet\u00e1lico Digital 150\u00baC &#8211; 11050"}]},{"@type":"WebSite","@id":"https:\/\/abaa.mx\/tienda\/#website","url":"https:\/\/abaa.mx\/tienda\/","name":"Abaa tienda online","description":"Instrumentos de medici\u00f3n","publisher":{"@id":"https:\/\/abaa.mx\/tienda\/#organization"},"potentialAction":[{"@type":"SearchAction","target":{"@type":"EntryPoint","urlTemplate":"https:\/\/abaa.mx\/tienda\/?s={search_term_string}"},"query-input":{"@type":"PropertyValueSpecification","valueRequired":true,"valueName":"search_term_string"}}],"inLanguage":"es"},{"@type":"Organization","@id":"https:\/\/abaa.mx\/tienda\/#organization","name":"Abaa tienda online","url":"https:\/\/abaa.mx\/tienda\/","logo":{"@type":"ImageObject","inLanguage":"es","@id":"https:\/\/abaa.mx\/tienda\/#\/schema\/logo\/image\/","url":"https:\/\/abaa.mx\/tienda\/wp-content\/uploads\/2024\/01\/abaa-metrologia-tienda.png","contentUrl":"https:\/\/abaa.mx\/tienda\/wp-content\/uploads\/2024\/01\/abaa-metrologia-tienda.png","width":300,"height":141,"caption":"Abaa tienda online"},"image":{"@id":"https:\/\/abaa.mx\/tienda\/#\/schema\/logo\/image\/"}}]}},"_links":{"self":[{"href":"https:\/\/abaa.mx\/tienda\/wp-json\/wp\/v2\/product\/9005","targetHints":{"allow":["GET"]}}],"collection":[{"href":"https:\/\/abaa.mx\/tienda\/wp-json\/wp\/v2\/product"}],"about":[{"href":"https:\/\/abaa.mx\/tienda\/wp-json\/wp\/v2\/types\/product"}],"replies":[{"embeddable":true,"href":"https:\/\/abaa.mx\/tienda\/wp-json\/wp\/v2\/comments?post=9005"}],"wp:featuredmedia":[{"embeddable":true,"href":"https:\/\/abaa.mx\/tienda\/wp-json\/wp\/v2\/media\/9008"}],"wp:attachment":[{"href":"https:\/\/abaa.mx\/tienda\/wp-json\/wp\/v2\/media?parent=9005"}],"wp:term":[{"taxonomy":"product_brand","embeddable":true,"href":"https:\/\/abaa.mx\/tienda\/wp-json\/wp\/v2\/product_brand?post=9005"},{"taxonomy":"product_cat","embeddable":true,"href":"https:\/\/abaa.mx\/tienda\/wp-json\/wp\/v2\/product_cat?post=9005"},{"taxonomy":"product_tag","embeddable":true,"href":"https:\/\/abaa.mx\/tienda\/wp-json\/wp\/v2\/product_tag?post=9005"}],"curies":[{"name":"wp","href":"https:\/\/api.w.org\/{rel}","templated":true}]}}