{"id":8976,"date":"2023-11-16T16:52:50","date_gmt":"2023-11-16T16:52:50","guid":{"rendered":"https:\/\/abaa.mx\/tienda\/?post_type=product&#038;p=8976"},"modified":"2023-11-16T16:52:50","modified_gmt":"2023-11-16T16:52:50","slug":"termohigrometro-data-logger-para-refrigerado-he173","status":"publish","type":"product","link":"https:\/\/abaa.mx\/tienda\/termohigrometro-data-logger-para-refrigerado-he173\/","title":{"rendered":"Termohigr\u00f3metro Data Logger para Refrigerado -HE173"},"content":{"rendered":"<p>Termohigr\u00f3metro Data Logger para Refrigerado -HE173.<\/p>\n","protected":false},"excerpt":{"rendered":"<p>El termohigr\u00f3metro HT-HE173 es una soluci\u00f3n compacta a las pretensiones de medici\u00f3n de condiciones ambientales en interiores as\u00ed como almacenamiento fr\u00edo, contenedores de vacunas, para monitorear la conservaci\u00f3n de muestras de sangre, cadenas de transporte para alimentos fr\u00edos, contenedores de transporte y otros.<\/p>\n<p>Sin embargo su uso definido todav\u00eda es una herramienta de registro \u00fatil para validar condiciones ambientales en interiores de edificios , \u00e1reas de trabajo , guardes de medicamentos , laboratorios con \u00e1mbito controlado y m\u00e1s. Tiene una memoria interna para grabar de 43,000 lecturas (50% HR. \/ 50% Temperatura.<\/p>\n<p>El termohigr\u00f3metro tiene un cuerpo tipo l\u00e1piz con una conexi\u00f3n USB integrada en un extremo ) y el equipo incluye un programa desarrollado por el desarrollador para lograr transladar la informaci\u00f3n a una PC que le dejar\u00e1 graficar, guardar y analizar la informaci\u00f3n recolectada por el equipo. El panel de control cuenta con protecci\u00f3n contra la penetraci\u00f3n de agua y polvo.<\/p>\n<p>Combina 2 peculiaridades muy convenientes puesto que tiene un consumo de energ\u00eda muy bajo adjuntado con una pila de prominente desempe\u00f1o fuerte a las bajas temperaturas. En condiciones normales una pila rinde por por lo menos 12 meses. El equipo retiene los datos de la memoria cuando se agota la pila. Dimensi\u00f3n: 125mm x 28mm x 22mm<\/p>\n","protected":false},"featured_media":8977,"comment_status":"open","ping_status":"closed","template":"","meta":{"_joinchat":[]},"product_brand":[],"product_cat":[133],"product_tag":[],"class_list":{"0":"post-8976","1":"product","2":"type-product","3":"status-publish","4":"has-post-thumbnail","6":"product_cat-termohigrometros-digitales","8":"first","9":"instock","10":"shipping-taxable","11":"product-type-simple"},"yoast_head":"<!-- This site is optimized with the Yoast SEO plugin v26.4 - https:\/\/yoast.com\/wordpress\/plugins\/seo\/ -->\n<title>Termohigr\u00f3metro Data Logger para Refrigerado -HE173 - Abaa tienda online<\/title>\n<meta name=\"robots\" content=\"index, follow, max-snippet:-1, max-image-preview:large, max-video-preview:-1\" \/>\n<link rel=\"canonical\" href=\"https:\/\/abaa.mx\/tienda\/termohigrometro-data-logger-para-refrigerado-he173\/\" \/>\n<meta property=\"og:locale\" content=\"es_MX\" \/>\n<meta property=\"og:type\" content=\"article\" \/>\n<meta property=\"og:title\" content=\"Termohigr\u00f3metro Data Logger para Refrigerado -HE173 - Abaa tienda online\" \/>\n<meta property=\"og:description\" content=\"El termohigr\u00f3metro HT-HE173 es una soluci\u00f3n compacta a las pretensiones de medici\u00f3n de condiciones ambientales en interiores as\u00ed como almacenamiento fr\u00edo, contenedores de vacunas, para monitorear la conservaci\u00f3n de muestras de sangre, cadenas de transporte para alimentos fr\u00edos, contenedores de transporte y otros.  Sin embargo su uso definido todav\u00eda es una herramienta de registro \u00fatil para validar condiciones ambientales en interiores de edificios , \u00e1reas de trabajo , guardes de medicamentos , laboratorios con \u00e1mbito controlado y m\u00e1s. Tiene una memoria interna para grabar de 43,000 lecturas (50% HR. \/ 50% Temperatura.  El termohigr\u00f3metro tiene un cuerpo tipo l\u00e1piz con una conexi\u00f3n USB integrada en un extremo ) y el equipo incluye un programa desarrollado por el desarrollador para lograr transladar la informaci\u00f3n a una PC que le dejar\u00e1 graficar, guardar y analizar la informaci\u00f3n recolectada por el equipo. El panel de control cuenta con protecci\u00f3n contra la penetraci\u00f3n de agua y polvo.  Combina 2 peculiaridades muy convenientes puesto que tiene un consumo de energ\u00eda muy bajo adjuntado con una pila de prominente desempe\u00f1o fuerte a las bajas temperaturas. En condiciones normales una pila rinde por por lo menos 12 meses. El equipo retiene los datos de la memoria cuando se agota la pila. Dimensi\u00f3n: 125mm x 28mm x 22mm\" \/>\n<meta property=\"og:url\" content=\"https:\/\/abaa.mx\/tienda\/termohigrometro-data-logger-para-refrigerado-he173\/\" \/>\n<meta property=\"og:site_name\" content=\"Abaa tienda online\" \/>\n<meta property=\"og:image\" content=\"https:\/\/abaa.mx\/tienda\/wp-content\/uploads\/2023\/11\/HUATO-HE173.jpg\" \/>\n\t<meta property=\"og:image:width\" content=\"518\" \/>\n\t<meta property=\"og:image:height\" content=\"509\" \/>\n\t<meta property=\"og:image:type\" content=\"image\/jpeg\" \/>\n<meta name=\"twitter:card\" content=\"summary_large_image\" \/>\n<meta name=\"twitter:label1\" content=\"Tiempo de lectura\" \/>\n\t<meta name=\"twitter:data1\" content=\"1 minuto\" \/>\n<script type=\"application\/ld+json\" class=\"yoast-schema-graph\">{\"@context\":\"https:\/\/schema.org\",\"@graph\":[{\"@type\":\"WebPage\",\"@id\":\"https:\/\/abaa.mx\/tienda\/termohigrometro-data-logger-para-refrigerado-he173\/\",\"url\":\"https:\/\/abaa.mx\/tienda\/termohigrometro-data-logger-para-refrigerado-he173\/\",\"name\":\"Termohigr\u00f3metro Data Logger para Refrigerado -HE173 - Abaa tienda online\",\"isPartOf\":{\"@id\":\"https:\/\/abaa.mx\/tienda\/#website\"},\"primaryImageOfPage\":{\"@id\":\"https:\/\/abaa.mx\/tienda\/termohigrometro-data-logger-para-refrigerado-he173\/#primaryimage\"},\"image\":{\"@id\":\"https:\/\/abaa.mx\/tienda\/termohigrometro-data-logger-para-refrigerado-he173\/#primaryimage\"},\"thumbnailUrl\":\"https:\/\/abaa.mx\/tienda\/wp-content\/uploads\/2023\/11\/HUATO-HE173.jpg\",\"datePublished\":\"2023-11-16T16:52:50+00:00\",\"breadcrumb\":{\"@id\":\"https:\/\/abaa.mx\/tienda\/termohigrometro-data-logger-para-refrigerado-he173\/#breadcrumb\"},\"inLanguage\":\"es\",\"potentialAction\":[{\"@type\":\"ReadAction\",\"target\":[\"https:\/\/abaa.mx\/tienda\/termohigrometro-data-logger-para-refrigerado-he173\/\"]}]},{\"@type\":\"ImageObject\",\"inLanguage\":\"es\",\"@id\":\"https:\/\/abaa.mx\/tienda\/termohigrometro-data-logger-para-refrigerado-he173\/#primaryimage\",\"url\":\"https:\/\/abaa.mx\/tienda\/wp-content\/uploads\/2023\/11\/HUATO-HE173.jpg\",\"contentUrl\":\"https:\/\/abaa.mx\/tienda\/wp-content\/uploads\/2023\/11\/HUATO-HE173.jpg\",\"width\":518,\"height\":509,\"caption\":\"HUATO-HE173\"},{\"@type\":\"BreadcrumbList\",\"@id\":\"https:\/\/abaa.mx\/tienda\/termohigrometro-data-logger-para-refrigerado-he173\/#breadcrumb\",\"itemListElement\":[{\"@type\":\"ListItem\",\"position\":1,\"name\":\"Inicio\",\"item\":\"https:\/\/abaa.mx\/tienda\/\"},{\"@type\":\"ListItem\",\"position\":2,\"name\":\"Tienda\",\"item\":\"https:\/\/abaa.mx\/tienda\/\"},{\"@type\":\"ListItem\",\"position\":3,\"name\":\"Termohigr\u00f3metro Data Logger para Refrigerado -HE173\"}]},{\"@type\":\"WebSite\",\"@id\":\"https:\/\/abaa.mx\/tienda\/#website\",\"url\":\"https:\/\/abaa.mx\/tienda\/\",\"name\":\"Abaa tienda online\",\"description\":\"Instrumentos de medici\u00f3n\",\"publisher\":{\"@id\":\"https:\/\/abaa.mx\/tienda\/#organization\"},\"potentialAction\":[{\"@type\":\"SearchAction\",\"target\":{\"@type\":\"EntryPoint\",\"urlTemplate\":\"https:\/\/abaa.mx\/tienda\/?s={search_term_string}\"},\"query-input\":{\"@type\":\"PropertyValueSpecification\",\"valueRequired\":true,\"valueName\":\"search_term_string\"}}],\"inLanguage\":\"es\"},{\"@type\":\"Organization\",\"@id\":\"https:\/\/abaa.mx\/tienda\/#organization\",\"name\":\"Abaa tienda online\",\"url\":\"https:\/\/abaa.mx\/tienda\/\",\"logo\":{\"@type\":\"ImageObject\",\"inLanguage\":\"es\",\"@id\":\"https:\/\/abaa.mx\/tienda\/#\/schema\/logo\/image\/\",\"url\":\"https:\/\/abaa.mx\/tienda\/wp-content\/uploads\/2024\/01\/abaa-metrologia-tienda.png\",\"contentUrl\":\"https:\/\/abaa.mx\/tienda\/wp-content\/uploads\/2024\/01\/abaa-metrologia-tienda.png\",\"width\":300,\"height\":141,\"caption\":\"Abaa tienda online\"},\"image\":{\"@id\":\"https:\/\/abaa.mx\/tienda\/#\/schema\/logo\/image\/\"}}]}<\/script>\n<!-- \/ Yoast SEO plugin. -->","yoast_head_json":{"title":"Termohigr\u00f3metro Data Logger para Refrigerado -HE173 - Abaa tienda online","robots":{"index":"index","follow":"follow","max-snippet":"max-snippet:-1","max-image-preview":"max-image-preview:large","max-video-preview":"max-video-preview:-1"},"canonical":"https:\/\/abaa.mx\/tienda\/termohigrometro-data-logger-para-refrigerado-he173\/","og_locale":"es_MX","og_type":"article","og_title":"Termohigr\u00f3metro Data Logger para Refrigerado -HE173 - Abaa tienda online","og_description":"El termohigr\u00f3metro HT-HE173 es una soluci\u00f3n compacta a las pretensiones de medici\u00f3n de condiciones ambientales en interiores as\u00ed como almacenamiento fr\u00edo, contenedores de vacunas, para monitorear la conservaci\u00f3n de muestras de sangre, cadenas de transporte para alimentos fr\u00edos, contenedores de transporte y otros.  Sin embargo su uso definido todav\u00eda es una herramienta de registro \u00fatil para validar condiciones ambientales en interiores de edificios , \u00e1reas de trabajo , guardes de medicamentos , laboratorios con \u00e1mbito controlado y m\u00e1s. Tiene una memoria interna para grabar de 43,000 lecturas (50% HR. \/ 50% Temperatura.  El termohigr\u00f3metro tiene un cuerpo tipo l\u00e1piz con una conexi\u00f3n USB integrada en un extremo ) y el equipo incluye un programa desarrollado por el desarrollador para lograr transladar la informaci\u00f3n a una PC que le dejar\u00e1 graficar, guardar y analizar la informaci\u00f3n recolectada por el equipo. El panel de control cuenta con protecci\u00f3n contra la penetraci\u00f3n de agua y polvo.  Combina 2 peculiaridades muy convenientes puesto que tiene un consumo de energ\u00eda muy bajo adjuntado con una pila de prominente desempe\u00f1o fuerte a las bajas temperaturas. En condiciones normales una pila rinde por por lo menos 12 meses. El equipo retiene los datos de la memoria cuando se agota la pila. Dimensi\u00f3n: 125mm x 28mm x 22mm","og_url":"https:\/\/abaa.mx\/tienda\/termohigrometro-data-logger-para-refrigerado-he173\/","og_site_name":"Abaa tienda online","og_image":[{"width":518,"height":509,"url":"https:\/\/abaa.mx\/tienda\/wp-content\/uploads\/2023\/11\/HUATO-HE173.jpg","type":"image\/jpeg"}],"twitter_card":"summary_large_image","twitter_misc":{"Tiempo de lectura":"1 minuto"},"schema":{"@context":"https:\/\/schema.org","@graph":[{"@type":"WebPage","@id":"https:\/\/abaa.mx\/tienda\/termohigrometro-data-logger-para-refrigerado-he173\/","url":"https:\/\/abaa.mx\/tienda\/termohigrometro-data-logger-para-refrigerado-he173\/","name":"Termohigr\u00f3metro Data Logger para Refrigerado -HE173 - Abaa tienda online","isPartOf":{"@id":"https:\/\/abaa.mx\/tienda\/#website"},"primaryImageOfPage":{"@id":"https:\/\/abaa.mx\/tienda\/termohigrometro-data-logger-para-refrigerado-he173\/#primaryimage"},"image":{"@id":"https:\/\/abaa.mx\/tienda\/termohigrometro-data-logger-para-refrigerado-he173\/#primaryimage"},"thumbnailUrl":"https:\/\/abaa.mx\/tienda\/wp-content\/uploads\/2023\/11\/HUATO-HE173.jpg","datePublished":"2023-11-16T16:52:50+00:00","breadcrumb":{"@id":"https:\/\/abaa.mx\/tienda\/termohigrometro-data-logger-para-refrigerado-he173\/#breadcrumb"},"inLanguage":"es","potentialAction":[{"@type":"ReadAction","target":["https:\/\/abaa.mx\/tienda\/termohigrometro-data-logger-para-refrigerado-he173\/"]}]},{"@type":"ImageObject","inLanguage":"es","@id":"https:\/\/abaa.mx\/tienda\/termohigrometro-data-logger-para-refrigerado-he173\/#primaryimage","url":"https:\/\/abaa.mx\/tienda\/wp-content\/uploads\/2023\/11\/HUATO-HE173.jpg","contentUrl":"https:\/\/abaa.mx\/tienda\/wp-content\/uploads\/2023\/11\/HUATO-HE173.jpg","width":518,"height":509,"caption":"HUATO-HE173"},{"@type":"BreadcrumbList","@id":"https:\/\/abaa.mx\/tienda\/termohigrometro-data-logger-para-refrigerado-he173\/#breadcrumb","itemListElement":[{"@type":"ListItem","position":1,"name":"Inicio","item":"https:\/\/abaa.mx\/tienda\/"},{"@type":"ListItem","position":2,"name":"Tienda","item":"https:\/\/abaa.mx\/tienda\/"},{"@type":"ListItem","position":3,"name":"Termohigr\u00f3metro Data Logger para Refrigerado -HE173"}]},{"@type":"WebSite","@id":"https:\/\/abaa.mx\/tienda\/#website","url":"https:\/\/abaa.mx\/tienda\/","name":"Abaa tienda online","description":"Instrumentos de medici\u00f3n","publisher":{"@id":"https:\/\/abaa.mx\/tienda\/#organization"},"potentialAction":[{"@type":"SearchAction","target":{"@type":"EntryPoint","urlTemplate":"https:\/\/abaa.mx\/tienda\/?s={search_term_string}"},"query-input":{"@type":"PropertyValueSpecification","valueRequired":true,"valueName":"search_term_string"}}],"inLanguage":"es"},{"@type":"Organization","@id":"https:\/\/abaa.mx\/tienda\/#organization","name":"Abaa tienda online","url":"https:\/\/abaa.mx\/tienda\/","logo":{"@type":"ImageObject","inLanguage":"es","@id":"https:\/\/abaa.mx\/tienda\/#\/schema\/logo\/image\/","url":"https:\/\/abaa.mx\/tienda\/wp-content\/uploads\/2024\/01\/abaa-metrologia-tienda.png","contentUrl":"https:\/\/abaa.mx\/tienda\/wp-content\/uploads\/2024\/01\/abaa-metrologia-tienda.png","width":300,"height":141,"caption":"Abaa tienda online"},"image":{"@id":"https:\/\/abaa.mx\/tienda\/#\/schema\/logo\/image\/"}}]}},"_links":{"self":[{"href":"https:\/\/abaa.mx\/tienda\/wp-json\/wp\/v2\/product\/8976","targetHints":{"allow":["GET"]}}],"collection":[{"href":"https:\/\/abaa.mx\/tienda\/wp-json\/wp\/v2\/product"}],"about":[{"href":"https:\/\/abaa.mx\/tienda\/wp-json\/wp\/v2\/types\/product"}],"replies":[{"embeddable":true,"href":"https:\/\/abaa.mx\/tienda\/wp-json\/wp\/v2\/comments?post=8976"}],"wp:featuredmedia":[{"embeddable":true,"href":"https:\/\/abaa.mx\/tienda\/wp-json\/wp\/v2\/media\/8977"}],"wp:attachment":[{"href":"https:\/\/abaa.mx\/tienda\/wp-json\/wp\/v2\/media?parent=8976"}],"wp:term":[{"taxonomy":"product_brand","embeddable":true,"href":"https:\/\/abaa.mx\/tienda\/wp-json\/wp\/v2\/product_brand?post=8976"},{"taxonomy":"product_cat","embeddable":true,"href":"https:\/\/abaa.mx\/tienda\/wp-json\/wp\/v2\/product_cat?post=8976"},{"taxonomy":"product_tag","embeddable":true,"href":"https:\/\/abaa.mx\/tienda\/wp-json\/wp\/v2\/product_tag?post=8976"}],"curies":[{"name":"wp","href":"https:\/\/api.w.org\/{rel}","templated":true}]}}