{"id":8972,"date":"2023-11-16T16:48:24","date_gmt":"2023-11-16T16:48:24","guid":{"rendered":"https:\/\/abaa.mx\/tienda\/?post_type=product&#038;p=8972"},"modified":"2023-11-16T16:48:24","modified_gmt":"2023-11-16T16:48:24","slug":"indicador-de-calor-wbgt-con-tarjeta-sd-lutron-wbgt2010sd","status":"publish","type":"product","link":"https:\/\/abaa.mx\/tienda\/indicador-de-calor-wbgt-con-tarjeta-sd-lutron-wbgt2010sd\/","title":{"rendered":"Indicador de Calor WBGT, Con tarjeta SD, Lutron &#8211; WBGT2010SD"},"content":{"rendered":"<p>Indicador de Calor WBGT, Con tarjeta SD, Lutron &#8211; WBGT2010SD.<\/p>\n","protected":false},"excerpt":{"rendered":"<p>WBGT (temperatura global de bulbo h\u00famedo) se desarroll\u00f3 como una base de monitoreo en los campos de entrenamiento militar de EE. UU. Y se generaliz\u00f3 para su uso en sitios de trabajo y situaciones deportivas. Se recomienda en la regla internacional ISO 7243, OSHA (US Occupation Safety), Japan Society para la Salud Ocupacional y la SMA (Medicina Deportiva de Australia) al detallar los l\u00edmites permisibles de exposici\u00f3n al calor en la salud, deportes u otras actividades f\u00edsicas.<\/p>\n<p>Medici\u00f3n: valor de WBGT (temperatura del globo terr\u00e1queo h\u00famedo interior \/ exterior), temperatura del globo negro, temperatura del aire de la humedad, temperatura del bulbo h\u00famedo, temperatura del punto de roc\u00edo.<br \/>\nAjuste de alarma WBGT ajustable, si el valor WBGT sobre el umbral de alarma, el zumbador sonar\u00e1 junto con la pantalla parpadeante<br \/>\nUsar para supervisar y controlar la actividad f\u00edsica en un \u00e1mbito caluroso para limitar el peligro de lesiones similares con el calor.<br \/>\nLa medici\u00f3n de la temperatura del globo usa el sensor de Pt, alta precisi\u00f3n.<br \/>\nTiempo de respuesta de medici\u00f3n de humedad r\u00e1pida.<br \/>\nMedici\u00f3n directa del efecto de la radiaci\u00f3n con una bola negra de lat\u00f3n en 75 mm de di\u00e1metro.<br \/>\nMecanismo de protecci\u00f3n del sensor<\/p>\n","protected":false},"featured_media":8973,"comment_status":"open","ping_status":"closed","template":"","meta":{"_joinchat":[]},"product_brand":[],"product_cat":[133],"product_tag":[],"class_list":{"0":"post-8972","1":"product","2":"type-product","3":"status-publish","4":"has-post-thumbnail","6":"product_cat-termohigrometros-digitales","8":"first","9":"instock","10":"shipping-taxable","11":"product-type-simple"},"yoast_head":"<!-- This site is optimized with the Yoast SEO plugin v26.4 - https:\/\/yoast.com\/wordpress\/plugins\/seo\/ -->\n<title>Indicador de Calor WBGT, Con tarjeta SD, Lutron - WBGT2010SD - Abaa tienda online<\/title>\n<meta name=\"robots\" content=\"index, follow, max-snippet:-1, max-image-preview:large, max-video-preview:-1\" \/>\n<link rel=\"canonical\" href=\"https:\/\/abaa.mx\/tienda\/indicador-de-calor-wbgt-con-tarjeta-sd-lutron-wbgt2010sd\/\" \/>\n<meta property=\"og:locale\" content=\"es_MX\" \/>\n<meta property=\"og:type\" content=\"article\" \/>\n<meta property=\"og:title\" content=\"Indicador de Calor WBGT, Con tarjeta SD, Lutron - WBGT2010SD - Abaa tienda online\" \/>\n<meta property=\"og:description\" content=\"WBGT (temperatura global de bulbo h\u00famedo) se desarroll\u00f3 como una base de monitoreo en los campos de entrenamiento militar de EE. UU. Y se generaliz\u00f3 para su uso en sitios de trabajo y situaciones deportivas. Se recomienda en la regla internacional ISO 7243, OSHA (US Occupation Safety), Japan Society para la Salud Ocupacional y la SMA (Medicina Deportiva de Australia) al detallar los l\u00edmites permisibles de exposici\u00f3n al calor en la salud, deportes u otras actividades f\u00edsicas.  Medici\u00f3n: valor de WBGT (temperatura del globo terr\u00e1queo h\u00famedo interior \/ exterior), temperatura del globo negro, temperatura del aire de la humedad, temperatura del bulbo h\u00famedo, temperatura del punto de roc\u00edo. Ajuste de alarma WBGT ajustable, si el valor WBGT sobre el umbral de alarma, el zumbador sonar\u00e1 junto con la pantalla parpadeante Usar para supervisar y controlar la actividad f\u00edsica en un \u00e1mbito caluroso para limitar el peligro de lesiones similares con el calor. La medici\u00f3n de la temperatura del globo usa el sensor de Pt, alta precisi\u00f3n. Tiempo de respuesta de medici\u00f3n de humedad r\u00e1pida. Medici\u00f3n directa del efecto de la radiaci\u00f3n con una bola negra de lat\u00f3n en 75 mm de di\u00e1metro. Mecanismo de protecci\u00f3n del sensor\" \/>\n<meta property=\"og:url\" content=\"https:\/\/abaa.mx\/tienda\/indicador-de-calor-wbgt-con-tarjeta-sd-lutron-wbgt2010sd\/\" \/>\n<meta property=\"og:site_name\" content=\"Abaa tienda online\" \/>\n<meta property=\"og:image\" content=\"https:\/\/abaa.mx\/tienda\/wp-content\/uploads\/2023\/11\/LUTRO-WBGT2010SD.jpg\" \/>\n\t<meta property=\"og:image:width\" content=\"411\" \/>\n\t<meta property=\"og:image:height\" content=\"506\" \/>\n\t<meta property=\"og:image:type\" content=\"image\/jpeg\" \/>\n<meta name=\"twitter:card\" content=\"summary_large_image\" \/>\n<meta name=\"twitter:label1\" content=\"Tiempo de lectura\" \/>\n\t<meta name=\"twitter:data1\" content=\"1 minuto\" \/>\n<script type=\"application\/ld+json\" class=\"yoast-schema-graph\">{\"@context\":\"https:\/\/schema.org\",\"@graph\":[{\"@type\":\"WebPage\",\"@id\":\"https:\/\/abaa.mx\/tienda\/indicador-de-calor-wbgt-con-tarjeta-sd-lutron-wbgt2010sd\/\",\"url\":\"https:\/\/abaa.mx\/tienda\/indicador-de-calor-wbgt-con-tarjeta-sd-lutron-wbgt2010sd\/\",\"name\":\"Indicador de Calor WBGT, Con tarjeta SD, Lutron - WBGT2010SD - Abaa tienda online\",\"isPartOf\":{\"@id\":\"https:\/\/abaa.mx\/tienda\/#website\"},\"primaryImageOfPage\":{\"@id\":\"https:\/\/abaa.mx\/tienda\/indicador-de-calor-wbgt-con-tarjeta-sd-lutron-wbgt2010sd\/#primaryimage\"},\"image\":{\"@id\":\"https:\/\/abaa.mx\/tienda\/indicador-de-calor-wbgt-con-tarjeta-sd-lutron-wbgt2010sd\/#primaryimage\"},\"thumbnailUrl\":\"https:\/\/abaa.mx\/tienda\/wp-content\/uploads\/2023\/11\/LUTRO-WBGT2010SD.jpg\",\"datePublished\":\"2023-11-16T16:48:24+00:00\",\"breadcrumb\":{\"@id\":\"https:\/\/abaa.mx\/tienda\/indicador-de-calor-wbgt-con-tarjeta-sd-lutron-wbgt2010sd\/#breadcrumb\"},\"inLanguage\":\"es\",\"potentialAction\":[{\"@type\":\"ReadAction\",\"target\":[\"https:\/\/abaa.mx\/tienda\/indicador-de-calor-wbgt-con-tarjeta-sd-lutron-wbgt2010sd\/\"]}]},{\"@type\":\"ImageObject\",\"inLanguage\":\"es\",\"@id\":\"https:\/\/abaa.mx\/tienda\/indicador-de-calor-wbgt-con-tarjeta-sd-lutron-wbgt2010sd\/#primaryimage\",\"url\":\"https:\/\/abaa.mx\/tienda\/wp-content\/uploads\/2023\/11\/LUTRO-WBGT2010SD.jpg\",\"contentUrl\":\"https:\/\/abaa.mx\/tienda\/wp-content\/uploads\/2023\/11\/LUTRO-WBGT2010SD.jpg\",\"width\":411,\"height\":506,\"caption\":\"LUTRO-WBGT2010SD\"},{\"@type\":\"BreadcrumbList\",\"@id\":\"https:\/\/abaa.mx\/tienda\/indicador-de-calor-wbgt-con-tarjeta-sd-lutron-wbgt2010sd\/#breadcrumb\",\"itemListElement\":[{\"@type\":\"ListItem\",\"position\":1,\"name\":\"Inicio\",\"item\":\"https:\/\/abaa.mx\/tienda\/\"},{\"@type\":\"ListItem\",\"position\":2,\"name\":\"Tienda\",\"item\":\"https:\/\/abaa.mx\/tienda\/\"},{\"@type\":\"ListItem\",\"position\":3,\"name\":\"Indicador de Calor WBGT, Con tarjeta SD, Lutron &#8211; WBGT2010SD\"}]},{\"@type\":\"WebSite\",\"@id\":\"https:\/\/abaa.mx\/tienda\/#website\",\"url\":\"https:\/\/abaa.mx\/tienda\/\",\"name\":\"Abaa tienda online\",\"description\":\"Instrumentos de medici\u00f3n\",\"publisher\":{\"@id\":\"https:\/\/abaa.mx\/tienda\/#organization\"},\"potentialAction\":[{\"@type\":\"SearchAction\",\"target\":{\"@type\":\"EntryPoint\",\"urlTemplate\":\"https:\/\/abaa.mx\/tienda\/?s={search_term_string}\"},\"query-input\":{\"@type\":\"PropertyValueSpecification\",\"valueRequired\":true,\"valueName\":\"search_term_string\"}}],\"inLanguage\":\"es\"},{\"@type\":\"Organization\",\"@id\":\"https:\/\/abaa.mx\/tienda\/#organization\",\"name\":\"Abaa tienda online\",\"url\":\"https:\/\/abaa.mx\/tienda\/\",\"logo\":{\"@type\":\"ImageObject\",\"inLanguage\":\"es\",\"@id\":\"https:\/\/abaa.mx\/tienda\/#\/schema\/logo\/image\/\",\"url\":\"https:\/\/abaa.mx\/tienda\/wp-content\/uploads\/2024\/01\/abaa-metrologia-tienda.png\",\"contentUrl\":\"https:\/\/abaa.mx\/tienda\/wp-content\/uploads\/2024\/01\/abaa-metrologia-tienda.png\",\"width\":300,\"height\":141,\"caption\":\"Abaa tienda online\"},\"image\":{\"@id\":\"https:\/\/abaa.mx\/tienda\/#\/schema\/logo\/image\/\"}}]}<\/script>\n<!-- \/ Yoast SEO plugin. -->","yoast_head_json":{"title":"Indicador de Calor WBGT, Con tarjeta SD, Lutron - WBGT2010SD - Abaa tienda online","robots":{"index":"index","follow":"follow","max-snippet":"max-snippet:-1","max-image-preview":"max-image-preview:large","max-video-preview":"max-video-preview:-1"},"canonical":"https:\/\/abaa.mx\/tienda\/indicador-de-calor-wbgt-con-tarjeta-sd-lutron-wbgt2010sd\/","og_locale":"es_MX","og_type":"article","og_title":"Indicador de Calor WBGT, Con tarjeta SD, Lutron - WBGT2010SD - Abaa tienda online","og_description":"WBGT (temperatura global de bulbo h\u00famedo) se desarroll\u00f3 como una base de monitoreo en los campos de entrenamiento militar de EE. UU. Y se generaliz\u00f3 para su uso en sitios de trabajo y situaciones deportivas. Se recomienda en la regla internacional ISO 7243, OSHA (US Occupation Safety), Japan Society para la Salud Ocupacional y la SMA (Medicina Deportiva de Australia) al detallar los l\u00edmites permisibles de exposici\u00f3n al calor en la salud, deportes u otras actividades f\u00edsicas.  Medici\u00f3n: valor de WBGT (temperatura del globo terr\u00e1queo h\u00famedo interior \/ exterior), temperatura del globo negro, temperatura del aire de la humedad, temperatura del bulbo h\u00famedo, temperatura del punto de roc\u00edo. Ajuste de alarma WBGT ajustable, si el valor WBGT sobre el umbral de alarma, el zumbador sonar\u00e1 junto con la pantalla parpadeante Usar para supervisar y controlar la actividad f\u00edsica en un \u00e1mbito caluroso para limitar el peligro de lesiones similares con el calor. La medici\u00f3n de la temperatura del globo usa el sensor de Pt, alta precisi\u00f3n. Tiempo de respuesta de medici\u00f3n de humedad r\u00e1pida. Medici\u00f3n directa del efecto de la radiaci\u00f3n con una bola negra de lat\u00f3n en 75 mm de di\u00e1metro. Mecanismo de protecci\u00f3n del sensor","og_url":"https:\/\/abaa.mx\/tienda\/indicador-de-calor-wbgt-con-tarjeta-sd-lutron-wbgt2010sd\/","og_site_name":"Abaa tienda online","og_image":[{"width":411,"height":506,"url":"https:\/\/abaa.mx\/tienda\/wp-content\/uploads\/2023\/11\/LUTRO-WBGT2010SD.jpg","type":"image\/jpeg"}],"twitter_card":"summary_large_image","twitter_misc":{"Tiempo de lectura":"1 minuto"},"schema":{"@context":"https:\/\/schema.org","@graph":[{"@type":"WebPage","@id":"https:\/\/abaa.mx\/tienda\/indicador-de-calor-wbgt-con-tarjeta-sd-lutron-wbgt2010sd\/","url":"https:\/\/abaa.mx\/tienda\/indicador-de-calor-wbgt-con-tarjeta-sd-lutron-wbgt2010sd\/","name":"Indicador de Calor WBGT, Con tarjeta SD, Lutron - WBGT2010SD - Abaa tienda online","isPartOf":{"@id":"https:\/\/abaa.mx\/tienda\/#website"},"primaryImageOfPage":{"@id":"https:\/\/abaa.mx\/tienda\/indicador-de-calor-wbgt-con-tarjeta-sd-lutron-wbgt2010sd\/#primaryimage"},"image":{"@id":"https:\/\/abaa.mx\/tienda\/indicador-de-calor-wbgt-con-tarjeta-sd-lutron-wbgt2010sd\/#primaryimage"},"thumbnailUrl":"https:\/\/abaa.mx\/tienda\/wp-content\/uploads\/2023\/11\/LUTRO-WBGT2010SD.jpg","datePublished":"2023-11-16T16:48:24+00:00","breadcrumb":{"@id":"https:\/\/abaa.mx\/tienda\/indicador-de-calor-wbgt-con-tarjeta-sd-lutron-wbgt2010sd\/#breadcrumb"},"inLanguage":"es","potentialAction":[{"@type":"ReadAction","target":["https:\/\/abaa.mx\/tienda\/indicador-de-calor-wbgt-con-tarjeta-sd-lutron-wbgt2010sd\/"]}]},{"@type":"ImageObject","inLanguage":"es","@id":"https:\/\/abaa.mx\/tienda\/indicador-de-calor-wbgt-con-tarjeta-sd-lutron-wbgt2010sd\/#primaryimage","url":"https:\/\/abaa.mx\/tienda\/wp-content\/uploads\/2023\/11\/LUTRO-WBGT2010SD.jpg","contentUrl":"https:\/\/abaa.mx\/tienda\/wp-content\/uploads\/2023\/11\/LUTRO-WBGT2010SD.jpg","width":411,"height":506,"caption":"LUTRO-WBGT2010SD"},{"@type":"BreadcrumbList","@id":"https:\/\/abaa.mx\/tienda\/indicador-de-calor-wbgt-con-tarjeta-sd-lutron-wbgt2010sd\/#breadcrumb","itemListElement":[{"@type":"ListItem","position":1,"name":"Inicio","item":"https:\/\/abaa.mx\/tienda\/"},{"@type":"ListItem","position":2,"name":"Tienda","item":"https:\/\/abaa.mx\/tienda\/"},{"@type":"ListItem","position":3,"name":"Indicador de Calor WBGT, Con tarjeta SD, Lutron &#8211; WBGT2010SD"}]},{"@type":"WebSite","@id":"https:\/\/abaa.mx\/tienda\/#website","url":"https:\/\/abaa.mx\/tienda\/","name":"Abaa tienda online","description":"Instrumentos de medici\u00f3n","publisher":{"@id":"https:\/\/abaa.mx\/tienda\/#organization"},"potentialAction":[{"@type":"SearchAction","target":{"@type":"EntryPoint","urlTemplate":"https:\/\/abaa.mx\/tienda\/?s={search_term_string}"},"query-input":{"@type":"PropertyValueSpecification","valueRequired":true,"valueName":"search_term_string"}}],"inLanguage":"es"},{"@type":"Organization","@id":"https:\/\/abaa.mx\/tienda\/#organization","name":"Abaa tienda online","url":"https:\/\/abaa.mx\/tienda\/","logo":{"@type":"ImageObject","inLanguage":"es","@id":"https:\/\/abaa.mx\/tienda\/#\/schema\/logo\/image\/","url":"https:\/\/abaa.mx\/tienda\/wp-content\/uploads\/2024\/01\/abaa-metrologia-tienda.png","contentUrl":"https:\/\/abaa.mx\/tienda\/wp-content\/uploads\/2024\/01\/abaa-metrologia-tienda.png","width":300,"height":141,"caption":"Abaa tienda online"},"image":{"@id":"https:\/\/abaa.mx\/tienda\/#\/schema\/logo\/image\/"}}]}},"_links":{"self":[{"href":"https:\/\/abaa.mx\/tienda\/wp-json\/wp\/v2\/product\/8972","targetHints":{"allow":["GET"]}}],"collection":[{"href":"https:\/\/abaa.mx\/tienda\/wp-json\/wp\/v2\/product"}],"about":[{"href":"https:\/\/abaa.mx\/tienda\/wp-json\/wp\/v2\/types\/product"}],"replies":[{"embeddable":true,"href":"https:\/\/abaa.mx\/tienda\/wp-json\/wp\/v2\/comments?post=8972"}],"wp:featuredmedia":[{"embeddable":true,"href":"https:\/\/abaa.mx\/tienda\/wp-json\/wp\/v2\/media\/8973"}],"wp:attachment":[{"href":"https:\/\/abaa.mx\/tienda\/wp-json\/wp\/v2\/media?parent=8972"}],"wp:term":[{"taxonomy":"product_brand","embeddable":true,"href":"https:\/\/abaa.mx\/tienda\/wp-json\/wp\/v2\/product_brand?post=8972"},{"taxonomy":"product_cat","embeddable":true,"href":"https:\/\/abaa.mx\/tienda\/wp-json\/wp\/v2\/product_cat?post=8972"},{"taxonomy":"product_tag","embeddable":true,"href":"https:\/\/abaa.mx\/tienda\/wp-json\/wp\/v2\/product_tag?post=8972"}],"curies":[{"name":"wp","href":"https:\/\/api.w.org\/{rel}","templated":true}]}}