{"id":8968,"date":"2023-11-16T16:37:40","date_gmt":"2023-11-16T16:37:40","guid":{"rendered":"https:\/\/abaa.mx\/tienda\/?post_type=product&#038;p=8968"},"modified":"2023-11-16T16:37:41","modified_gmt":"2023-11-16T16:37:41","slug":"termohigrometro-con-alarma-a2000ex","status":"publish","type":"product","link":"https:\/\/abaa.mx\/tienda\/termohigrometro-con-alarma-a2000ex\/","title":{"rendered":"Termohigr\u00f3metro con Al\u00e1rma -A2000EX"},"content":{"rendered":"<p>Termohigr\u00f3metro con Al\u00e1rma -A2000EX.<\/p>\n","protected":false},"excerpt":{"rendered":"<p>El termohigr\u00f3metro modelo HT-A200EX es un medidor de temperatura y humedad con un dise\u00f1o de enorme visibilidad que puede colocarse tanto sobre una mesa o fijarse con tornillos a una pared. Hay pocos equipos en el mercado que integran los dos sensores, el de humedad y el de temperatura, en la misma sonda con extensi\u00f3n de m\u00faltiples metros.<\/p>\n<p>Esta caracter\u00edstica lo hace vers\u00e1til para supervisar las las dos condiciones ambientales en almacenes o laboratorios de medicamento colocando el sensor en el \u00e1rea indicada y la pantalla a la visi\u00f3n en un \u00e1rea diferente.<\/p>\n<p>Su pantalla de n\u00fameros enormes despliega al mismo tiempo la hora, la temperatura y la humedad. Puede consultar en pantalla los valores m\u00e1ximos y m\u00ednimos de una serie de lecturas.<\/p>\n<p>Adem\u00e1s es posible desarrollar una alarma audible para poder darse cuenta en el momento en que los par\u00e1metros ambientales rebasen los l\u00edmites establecidos por el usuario. Adem\u00e1s cuenta una funci\u00f3n interna para denegar la configuraci\u00f3n a fin de eludir que clientes inexpertos alteren la programaci\u00f3n del equipo.<\/p>\n","protected":false},"featured_media":8969,"comment_status":"open","ping_status":"closed","template":"","meta":{"_joinchat":[]},"product_brand":[],"product_cat":[133],"product_tag":[],"class_list":{"0":"post-8968","1":"product","2":"type-product","3":"status-publish","4":"has-post-thumbnail","6":"product_cat-termohigrometros-digitales","8":"first","9":"instock","10":"shipping-taxable","11":"product-type-simple"},"yoast_head":"<!-- This site is optimized with the Yoast SEO plugin v26.4 - https:\/\/yoast.com\/wordpress\/plugins\/seo\/ -->\n<title>Termohigr\u00f3metro con Al\u00e1rma -A2000EX - Abaa tienda online<\/title>\n<meta name=\"robots\" content=\"index, follow, max-snippet:-1, max-image-preview:large, max-video-preview:-1\" \/>\n<link rel=\"canonical\" href=\"https:\/\/abaa.mx\/tienda\/termohigrometro-con-alarma-a2000ex\/\" \/>\n<meta property=\"og:locale\" content=\"es_MX\" \/>\n<meta property=\"og:type\" content=\"article\" \/>\n<meta property=\"og:title\" content=\"Termohigr\u00f3metro con Al\u00e1rma -A2000EX - Abaa tienda online\" \/>\n<meta property=\"og:description\" content=\"El termohigr\u00f3metro modelo HT-A200EX es un medidor de temperatura y humedad con un dise\u00f1o de enorme visibilidad que puede colocarse tanto sobre una mesa o fijarse con tornillos a una pared. Hay pocos equipos en el mercado que integran los dos sensores, el de humedad y el de temperatura, en la misma sonda con extensi\u00f3n de m\u00faltiples metros.  Esta caracter\u00edstica lo hace vers\u00e1til para supervisar las las dos condiciones ambientales en almacenes o laboratorios de medicamento colocando el sensor en el \u00e1rea indicada y la pantalla a la visi\u00f3n en un \u00e1rea diferente.  Su pantalla de n\u00fameros enormes despliega al mismo tiempo la hora, la temperatura y la humedad. Puede consultar en pantalla los valores m\u00e1ximos y m\u00ednimos de una serie de lecturas.  Adem\u00e1s es posible desarrollar una alarma audible para poder darse cuenta en el momento en que los par\u00e1metros ambientales rebasen los l\u00edmites establecidos por el usuario. Adem\u00e1s cuenta una funci\u00f3n interna para denegar la configuraci\u00f3n a fin de eludir que clientes inexpertos alteren la programaci\u00f3n del equipo.\" \/>\n<meta property=\"og:url\" content=\"https:\/\/abaa.mx\/tienda\/termohigrometro-con-alarma-a2000ex\/\" \/>\n<meta property=\"og:site_name\" content=\"Abaa tienda online\" \/>\n<meta property=\"article:modified_time\" content=\"2023-11-16T16:37:41+00:00\" \/>\n<meta property=\"og:image\" content=\"https:\/\/abaa.mx\/tienda\/wp-content\/uploads\/2023\/11\/HUATO-A2000EX.jpg\" \/>\n\t<meta property=\"og:image:width\" content=\"640\" \/>\n\t<meta property=\"og:image:height\" content=\"640\" \/>\n\t<meta property=\"og:image:type\" content=\"image\/jpeg\" \/>\n<meta name=\"twitter:card\" content=\"summary_large_image\" \/>\n<meta name=\"twitter:label1\" content=\"Tiempo de lectura\" \/>\n\t<meta name=\"twitter:data1\" content=\"1 minuto\" \/>\n<script type=\"application\/ld+json\" class=\"yoast-schema-graph\">{\"@context\":\"https:\/\/schema.org\",\"@graph\":[{\"@type\":\"WebPage\",\"@id\":\"https:\/\/abaa.mx\/tienda\/termohigrometro-con-alarma-a2000ex\/\",\"url\":\"https:\/\/abaa.mx\/tienda\/termohigrometro-con-alarma-a2000ex\/\",\"name\":\"Termohigr\u00f3metro con Al\u00e1rma -A2000EX - Abaa tienda online\",\"isPartOf\":{\"@id\":\"https:\/\/abaa.mx\/tienda\/#website\"},\"primaryImageOfPage\":{\"@id\":\"https:\/\/abaa.mx\/tienda\/termohigrometro-con-alarma-a2000ex\/#primaryimage\"},\"image\":{\"@id\":\"https:\/\/abaa.mx\/tienda\/termohigrometro-con-alarma-a2000ex\/#primaryimage\"},\"thumbnailUrl\":\"https:\/\/abaa.mx\/tienda\/wp-content\/uploads\/2023\/11\/HUATO-A2000EX.jpg\",\"datePublished\":\"2023-11-16T16:37:40+00:00\",\"dateModified\":\"2023-11-16T16:37:41+00:00\",\"breadcrumb\":{\"@id\":\"https:\/\/abaa.mx\/tienda\/termohigrometro-con-alarma-a2000ex\/#breadcrumb\"},\"inLanguage\":\"es\",\"potentialAction\":[{\"@type\":\"ReadAction\",\"target\":[\"https:\/\/abaa.mx\/tienda\/termohigrometro-con-alarma-a2000ex\/\"]}]},{\"@type\":\"ImageObject\",\"inLanguage\":\"es\",\"@id\":\"https:\/\/abaa.mx\/tienda\/termohigrometro-con-alarma-a2000ex\/#primaryimage\",\"url\":\"https:\/\/abaa.mx\/tienda\/wp-content\/uploads\/2023\/11\/HUATO-A2000EX.jpg\",\"contentUrl\":\"https:\/\/abaa.mx\/tienda\/wp-content\/uploads\/2023\/11\/HUATO-A2000EX.jpg\",\"width\":640,\"height\":640,\"caption\":\"HUATO-A2000EX\"},{\"@type\":\"BreadcrumbList\",\"@id\":\"https:\/\/abaa.mx\/tienda\/termohigrometro-con-alarma-a2000ex\/#breadcrumb\",\"itemListElement\":[{\"@type\":\"ListItem\",\"position\":1,\"name\":\"Inicio\",\"item\":\"https:\/\/abaa.mx\/tienda\/\"},{\"@type\":\"ListItem\",\"position\":2,\"name\":\"Tienda\",\"item\":\"https:\/\/abaa.mx\/tienda\/\"},{\"@type\":\"ListItem\",\"position\":3,\"name\":\"Termohigr\u00f3metro con Al\u00e1rma -A2000EX\"}]},{\"@type\":\"WebSite\",\"@id\":\"https:\/\/abaa.mx\/tienda\/#website\",\"url\":\"https:\/\/abaa.mx\/tienda\/\",\"name\":\"Abaa tienda online\",\"description\":\"Instrumentos de medici\u00f3n\",\"publisher\":{\"@id\":\"https:\/\/abaa.mx\/tienda\/#organization\"},\"potentialAction\":[{\"@type\":\"SearchAction\",\"target\":{\"@type\":\"EntryPoint\",\"urlTemplate\":\"https:\/\/abaa.mx\/tienda\/?s={search_term_string}\"},\"query-input\":{\"@type\":\"PropertyValueSpecification\",\"valueRequired\":true,\"valueName\":\"search_term_string\"}}],\"inLanguage\":\"es\"},{\"@type\":\"Organization\",\"@id\":\"https:\/\/abaa.mx\/tienda\/#organization\",\"name\":\"Abaa tienda online\",\"url\":\"https:\/\/abaa.mx\/tienda\/\",\"logo\":{\"@type\":\"ImageObject\",\"inLanguage\":\"es\",\"@id\":\"https:\/\/abaa.mx\/tienda\/#\/schema\/logo\/image\/\",\"url\":\"https:\/\/abaa.mx\/tienda\/wp-content\/uploads\/2024\/01\/abaa-metrologia-tienda.png\",\"contentUrl\":\"https:\/\/abaa.mx\/tienda\/wp-content\/uploads\/2024\/01\/abaa-metrologia-tienda.png\",\"width\":300,\"height\":141,\"caption\":\"Abaa tienda online\"},\"image\":{\"@id\":\"https:\/\/abaa.mx\/tienda\/#\/schema\/logo\/image\/\"}}]}<\/script>\n<!-- \/ Yoast SEO plugin. -->","yoast_head_json":{"title":"Termohigr\u00f3metro con Al\u00e1rma -A2000EX - Abaa tienda online","robots":{"index":"index","follow":"follow","max-snippet":"max-snippet:-1","max-image-preview":"max-image-preview:large","max-video-preview":"max-video-preview:-1"},"canonical":"https:\/\/abaa.mx\/tienda\/termohigrometro-con-alarma-a2000ex\/","og_locale":"es_MX","og_type":"article","og_title":"Termohigr\u00f3metro con Al\u00e1rma -A2000EX - Abaa tienda online","og_description":"El termohigr\u00f3metro modelo HT-A200EX es un medidor de temperatura y humedad con un dise\u00f1o de enorme visibilidad que puede colocarse tanto sobre una mesa o fijarse con tornillos a una pared. Hay pocos equipos en el mercado que integran los dos sensores, el de humedad y el de temperatura, en la misma sonda con extensi\u00f3n de m\u00faltiples metros.  Esta caracter\u00edstica lo hace vers\u00e1til para supervisar las las dos condiciones ambientales en almacenes o laboratorios de medicamento colocando el sensor en el \u00e1rea indicada y la pantalla a la visi\u00f3n en un \u00e1rea diferente.  Su pantalla de n\u00fameros enormes despliega al mismo tiempo la hora, la temperatura y la humedad. Puede consultar en pantalla los valores m\u00e1ximos y m\u00ednimos de una serie de lecturas.  Adem\u00e1s es posible desarrollar una alarma audible para poder darse cuenta en el momento en que los par\u00e1metros ambientales rebasen los l\u00edmites establecidos por el usuario. Adem\u00e1s cuenta una funci\u00f3n interna para denegar la configuraci\u00f3n a fin de eludir que clientes inexpertos alteren la programaci\u00f3n del equipo.","og_url":"https:\/\/abaa.mx\/tienda\/termohigrometro-con-alarma-a2000ex\/","og_site_name":"Abaa tienda online","article_modified_time":"2023-11-16T16:37:41+00:00","og_image":[{"width":640,"height":640,"url":"https:\/\/abaa.mx\/tienda\/wp-content\/uploads\/2023\/11\/HUATO-A2000EX.jpg","type":"image\/jpeg"}],"twitter_card":"summary_large_image","twitter_misc":{"Tiempo de lectura":"1 minuto"},"schema":{"@context":"https:\/\/schema.org","@graph":[{"@type":"WebPage","@id":"https:\/\/abaa.mx\/tienda\/termohigrometro-con-alarma-a2000ex\/","url":"https:\/\/abaa.mx\/tienda\/termohigrometro-con-alarma-a2000ex\/","name":"Termohigr\u00f3metro con Al\u00e1rma -A2000EX - Abaa tienda online","isPartOf":{"@id":"https:\/\/abaa.mx\/tienda\/#website"},"primaryImageOfPage":{"@id":"https:\/\/abaa.mx\/tienda\/termohigrometro-con-alarma-a2000ex\/#primaryimage"},"image":{"@id":"https:\/\/abaa.mx\/tienda\/termohigrometro-con-alarma-a2000ex\/#primaryimage"},"thumbnailUrl":"https:\/\/abaa.mx\/tienda\/wp-content\/uploads\/2023\/11\/HUATO-A2000EX.jpg","datePublished":"2023-11-16T16:37:40+00:00","dateModified":"2023-11-16T16:37:41+00:00","breadcrumb":{"@id":"https:\/\/abaa.mx\/tienda\/termohigrometro-con-alarma-a2000ex\/#breadcrumb"},"inLanguage":"es","potentialAction":[{"@type":"ReadAction","target":["https:\/\/abaa.mx\/tienda\/termohigrometro-con-alarma-a2000ex\/"]}]},{"@type":"ImageObject","inLanguage":"es","@id":"https:\/\/abaa.mx\/tienda\/termohigrometro-con-alarma-a2000ex\/#primaryimage","url":"https:\/\/abaa.mx\/tienda\/wp-content\/uploads\/2023\/11\/HUATO-A2000EX.jpg","contentUrl":"https:\/\/abaa.mx\/tienda\/wp-content\/uploads\/2023\/11\/HUATO-A2000EX.jpg","width":640,"height":640,"caption":"HUATO-A2000EX"},{"@type":"BreadcrumbList","@id":"https:\/\/abaa.mx\/tienda\/termohigrometro-con-alarma-a2000ex\/#breadcrumb","itemListElement":[{"@type":"ListItem","position":1,"name":"Inicio","item":"https:\/\/abaa.mx\/tienda\/"},{"@type":"ListItem","position":2,"name":"Tienda","item":"https:\/\/abaa.mx\/tienda\/"},{"@type":"ListItem","position":3,"name":"Termohigr\u00f3metro con Al\u00e1rma -A2000EX"}]},{"@type":"WebSite","@id":"https:\/\/abaa.mx\/tienda\/#website","url":"https:\/\/abaa.mx\/tienda\/","name":"Abaa tienda online","description":"Instrumentos de medici\u00f3n","publisher":{"@id":"https:\/\/abaa.mx\/tienda\/#organization"},"potentialAction":[{"@type":"SearchAction","target":{"@type":"EntryPoint","urlTemplate":"https:\/\/abaa.mx\/tienda\/?s={search_term_string}"},"query-input":{"@type":"PropertyValueSpecification","valueRequired":true,"valueName":"search_term_string"}}],"inLanguage":"es"},{"@type":"Organization","@id":"https:\/\/abaa.mx\/tienda\/#organization","name":"Abaa tienda online","url":"https:\/\/abaa.mx\/tienda\/","logo":{"@type":"ImageObject","inLanguage":"es","@id":"https:\/\/abaa.mx\/tienda\/#\/schema\/logo\/image\/","url":"https:\/\/abaa.mx\/tienda\/wp-content\/uploads\/2024\/01\/abaa-metrologia-tienda.png","contentUrl":"https:\/\/abaa.mx\/tienda\/wp-content\/uploads\/2024\/01\/abaa-metrologia-tienda.png","width":300,"height":141,"caption":"Abaa tienda online"},"image":{"@id":"https:\/\/abaa.mx\/tienda\/#\/schema\/logo\/image\/"}}]}},"_links":{"self":[{"href":"https:\/\/abaa.mx\/tienda\/wp-json\/wp\/v2\/product\/8968","targetHints":{"allow":["GET"]}}],"collection":[{"href":"https:\/\/abaa.mx\/tienda\/wp-json\/wp\/v2\/product"}],"about":[{"href":"https:\/\/abaa.mx\/tienda\/wp-json\/wp\/v2\/types\/product"}],"replies":[{"embeddable":true,"href":"https:\/\/abaa.mx\/tienda\/wp-json\/wp\/v2\/comments?post=8968"}],"wp:featuredmedia":[{"embeddable":true,"href":"https:\/\/abaa.mx\/tienda\/wp-json\/wp\/v2\/media\/8969"}],"wp:attachment":[{"href":"https:\/\/abaa.mx\/tienda\/wp-json\/wp\/v2\/media?parent=8968"}],"wp:term":[{"taxonomy":"product_brand","embeddable":true,"href":"https:\/\/abaa.mx\/tienda\/wp-json\/wp\/v2\/product_brand?post=8968"},{"taxonomy":"product_cat","embeddable":true,"href":"https:\/\/abaa.mx\/tienda\/wp-json\/wp\/v2\/product_cat?post=8968"},{"taxonomy":"product_tag","embeddable":true,"href":"https:\/\/abaa.mx\/tienda\/wp-json\/wp\/v2\/product_tag?post=8968"}],"curies":[{"name":"wp","href":"https:\/\/api.w.org\/{rel}","templated":true}]}}