{"id":8962,"date":"2023-11-16T16:00:59","date_gmt":"2023-11-16T16:00:59","guid":{"rendered":"https:\/\/abaa.mx\/tienda\/?post_type=product&#038;p=8962"},"modified":"2023-11-16T16:00:59","modified_gmt":"2023-11-16T16:00:59","slug":"termohigrometro-con-pantalla-transmisor-de-temperatura-40-a-85c-y-humedad-sensor-integrado-modelo-ath-y-sensor-externa-modelo-ex-he230ath-he230ex","status":"publish","type":"product","link":"https:\/\/abaa.mx\/tienda\/termohigrometro-con-pantalla-transmisor-de-temperatura-40-a-85c-y-humedad-sensor-integrado-modelo-ath-y-sensor-externa-modelo-ex-he230ath-he230ex\/","title":{"rendered":"Termohigr\u00f3metro con Pantalla Transmisor de Temperatura -40 a 85\u00b0C y Humedad, Sensor Integrado Modelo ATH y Sensor Externa Modelo EX-HE230ATH &#8211; HE230EX"},"content":{"rendered":"<p>Termohigr\u00f3metro con Pantalla Transmisor de Temperatura -40 a 85\u00b0C y Humedad, Sensor Integrado Modelo ATH y Sensor Externa Modelo EX-HE230ATH &#8211; HE230EX.<\/p>\n","protected":false},"excerpt":{"rendered":"<p>Pantalla de higr\u00f3metro de term\u00f3metro LED HE230ATH<\/p>\n<p><strong>Caracter\u00edsticas:<\/strong><\/p>\n<ul>\n<li>Con sensor de temperatura de humedad integrado, y alta precisi\u00f3n y estabilidad.<\/li>\n<li>Con desviaci\u00f3n funci\u00f3n de calibraci\u00f3n.<\/li>\n<li>Pantalla LCD, exhibici\u00f3n humedad y tiempo simult\u00e1neamente.<\/li>\n<li>Fuente de alimentaci\u00f3n del con 100 ~ 240VAC.<\/li>\n<li>Con sensores externos de temperatura y humedad.<\/li>\n<\/ul>\n","protected":false},"featured_media":8963,"comment_status":"open","ping_status":"closed","template":"","meta":{"_joinchat":[]},"product_brand":[],"product_cat":[133],"product_tag":[],"class_list":{"0":"post-8962","1":"product","2":"type-product","3":"status-publish","4":"has-post-thumbnail","6":"product_cat-termohigrometros-digitales","8":"first","9":"instock","10":"shipping-taxable","11":"product-type-simple"},"yoast_head":"<!-- This site is optimized with the Yoast SEO plugin v26.4 - https:\/\/yoast.com\/wordpress\/plugins\/seo\/ -->\n<title>Termohigr\u00f3metro con Pantalla Transmisor de Temperatura -40 a 85\u00b0C y Humedad, Sensor Integrado Modelo ATH y Sensor Externa Modelo EX-HE230ATH - HE230EX - Abaa tienda online<\/title>\n<meta name=\"robots\" content=\"index, follow, max-snippet:-1, max-image-preview:large, max-video-preview:-1\" \/>\n<link rel=\"canonical\" href=\"https:\/\/abaa.mx\/tienda\/termohigrometro-con-pantalla-transmisor-de-temperatura-40-a-85c-y-humedad-sensor-integrado-modelo-ath-y-sensor-externa-modelo-ex-he230ath-he230ex\/\" \/>\n<meta property=\"og:locale\" content=\"es_MX\" \/>\n<meta property=\"og:type\" content=\"article\" \/>\n<meta property=\"og:title\" content=\"Termohigr\u00f3metro con Pantalla Transmisor de Temperatura -40 a 85\u00b0C y Humedad, Sensor Integrado Modelo ATH y Sensor Externa Modelo EX-HE230ATH - HE230EX - Abaa tienda online\" \/>\n<meta property=\"og:description\" content=\"Pantalla de higr\u00f3metro de term\u00f3metro LED HE230ATH  Caracter\u00edsticas:   Con sensor de temperatura de humedad integrado, y alta precisi\u00f3n y estabilidad.  Con desviaci\u00f3n funci\u00f3n de calibraci\u00f3n.  Pantalla LCD, exhibici\u00f3n humedad y tiempo simult\u00e1neamente.  Fuente de alimentaci\u00f3n del con 100 ~ 240VAC.  Con sensores externos de temperatura y humedad.\" \/>\n<meta property=\"og:url\" content=\"https:\/\/abaa.mx\/tienda\/termohigrometro-con-pantalla-transmisor-de-temperatura-40-a-85c-y-humedad-sensor-integrado-modelo-ath-y-sensor-externa-modelo-ex-he230ath-he230ex\/\" \/>\n<meta property=\"og:site_name\" content=\"Abaa tienda online\" \/>\n<meta property=\"og:image\" content=\"https:\/\/abaa.mx\/tienda\/wp-content\/uploads\/2023\/11\/HUATO-EX-HE230ATH-HE23EX.jpg\" \/>\n\t<meta property=\"og:image:width\" content=\"510\" \/>\n\t<meta property=\"og:image:height\" content=\"404\" \/>\n\t<meta property=\"og:image:type\" content=\"image\/jpeg\" \/>\n<meta name=\"twitter:card\" content=\"summary_large_image\" \/>\n<meta name=\"twitter:label1\" content=\"Tiempo de lectura\" \/>\n\t<meta name=\"twitter:data1\" content=\"1 minuto\" \/>\n<script type=\"application\/ld+json\" class=\"yoast-schema-graph\">{\"@context\":\"https:\/\/schema.org\",\"@graph\":[{\"@type\":\"WebPage\",\"@id\":\"https:\/\/abaa.mx\/tienda\/termohigrometro-con-pantalla-transmisor-de-temperatura-40-a-85c-y-humedad-sensor-integrado-modelo-ath-y-sensor-externa-modelo-ex-he230ath-he230ex\/\",\"url\":\"https:\/\/abaa.mx\/tienda\/termohigrometro-con-pantalla-transmisor-de-temperatura-40-a-85c-y-humedad-sensor-integrado-modelo-ath-y-sensor-externa-modelo-ex-he230ath-he230ex\/\",\"name\":\"Termohigr\u00f3metro con Pantalla Transmisor de Temperatura -40 a 85\u00b0C y Humedad, Sensor Integrado Modelo ATH y Sensor Externa Modelo EX-HE230ATH - HE230EX - Abaa tienda online\",\"isPartOf\":{\"@id\":\"https:\/\/abaa.mx\/tienda\/#website\"},\"primaryImageOfPage\":{\"@id\":\"https:\/\/abaa.mx\/tienda\/termohigrometro-con-pantalla-transmisor-de-temperatura-40-a-85c-y-humedad-sensor-integrado-modelo-ath-y-sensor-externa-modelo-ex-he230ath-he230ex\/#primaryimage\"},\"image\":{\"@id\":\"https:\/\/abaa.mx\/tienda\/termohigrometro-con-pantalla-transmisor-de-temperatura-40-a-85c-y-humedad-sensor-integrado-modelo-ath-y-sensor-externa-modelo-ex-he230ath-he230ex\/#primaryimage\"},\"thumbnailUrl\":\"https:\/\/abaa.mx\/tienda\/wp-content\/uploads\/2023\/11\/HUATO-EX-HE230ATH-HE23EX.jpg\",\"datePublished\":\"2023-11-16T16:00:59+00:00\",\"breadcrumb\":{\"@id\":\"https:\/\/abaa.mx\/tienda\/termohigrometro-con-pantalla-transmisor-de-temperatura-40-a-85c-y-humedad-sensor-integrado-modelo-ath-y-sensor-externa-modelo-ex-he230ath-he230ex\/#breadcrumb\"},\"inLanguage\":\"es\",\"potentialAction\":[{\"@type\":\"ReadAction\",\"target\":[\"https:\/\/abaa.mx\/tienda\/termohigrometro-con-pantalla-transmisor-de-temperatura-40-a-85c-y-humedad-sensor-integrado-modelo-ath-y-sensor-externa-modelo-ex-he230ath-he230ex\/\"]}]},{\"@type\":\"ImageObject\",\"inLanguage\":\"es\",\"@id\":\"https:\/\/abaa.mx\/tienda\/termohigrometro-con-pantalla-transmisor-de-temperatura-40-a-85c-y-humedad-sensor-integrado-modelo-ath-y-sensor-externa-modelo-ex-he230ath-he230ex\/#primaryimage\",\"url\":\"https:\/\/abaa.mx\/tienda\/wp-content\/uploads\/2023\/11\/HUATO-EX-HE230ATH-HE23EX.jpg\",\"contentUrl\":\"https:\/\/abaa.mx\/tienda\/wp-content\/uploads\/2023\/11\/HUATO-EX-HE230ATH-HE23EX.jpg\",\"width\":510,\"height\":404,\"caption\":\"HUATO-EX-HE230ATH-HE23EX\"},{\"@type\":\"BreadcrumbList\",\"@id\":\"https:\/\/abaa.mx\/tienda\/termohigrometro-con-pantalla-transmisor-de-temperatura-40-a-85c-y-humedad-sensor-integrado-modelo-ath-y-sensor-externa-modelo-ex-he230ath-he230ex\/#breadcrumb\",\"itemListElement\":[{\"@type\":\"ListItem\",\"position\":1,\"name\":\"Inicio\",\"item\":\"https:\/\/abaa.mx\/tienda\/\"},{\"@type\":\"ListItem\",\"position\":2,\"name\":\"Tienda\",\"item\":\"https:\/\/abaa.mx\/tienda\/\"},{\"@type\":\"ListItem\",\"position\":3,\"name\":\"Termohigr\u00f3metro con Pantalla Transmisor de Temperatura -40 a 85\u00b0C y Humedad, Sensor Integrado Modelo ATH y Sensor Externa Modelo EX-HE230ATH &#8211; HE230EX\"}]},{\"@type\":\"WebSite\",\"@id\":\"https:\/\/abaa.mx\/tienda\/#website\",\"url\":\"https:\/\/abaa.mx\/tienda\/\",\"name\":\"Abaa tienda online\",\"description\":\"Instrumentos de medici\u00f3n\",\"publisher\":{\"@id\":\"https:\/\/abaa.mx\/tienda\/#organization\"},\"potentialAction\":[{\"@type\":\"SearchAction\",\"target\":{\"@type\":\"EntryPoint\",\"urlTemplate\":\"https:\/\/abaa.mx\/tienda\/?s={search_term_string}\"},\"query-input\":{\"@type\":\"PropertyValueSpecification\",\"valueRequired\":true,\"valueName\":\"search_term_string\"}}],\"inLanguage\":\"es\"},{\"@type\":\"Organization\",\"@id\":\"https:\/\/abaa.mx\/tienda\/#organization\",\"name\":\"Abaa tienda online\",\"url\":\"https:\/\/abaa.mx\/tienda\/\",\"logo\":{\"@type\":\"ImageObject\",\"inLanguage\":\"es\",\"@id\":\"https:\/\/abaa.mx\/tienda\/#\/schema\/logo\/image\/\",\"url\":\"https:\/\/abaa.mx\/tienda\/wp-content\/uploads\/2024\/01\/abaa-metrologia-tienda.png\",\"contentUrl\":\"https:\/\/abaa.mx\/tienda\/wp-content\/uploads\/2024\/01\/abaa-metrologia-tienda.png\",\"width\":300,\"height\":141,\"caption\":\"Abaa tienda online\"},\"image\":{\"@id\":\"https:\/\/abaa.mx\/tienda\/#\/schema\/logo\/image\/\"}}]}<\/script>\n<!-- \/ Yoast SEO plugin. -->","yoast_head_json":{"title":"Termohigr\u00f3metro con Pantalla Transmisor de Temperatura -40 a 85\u00b0C y Humedad, Sensor Integrado Modelo ATH y Sensor Externa Modelo EX-HE230ATH - HE230EX - Abaa tienda online","robots":{"index":"index","follow":"follow","max-snippet":"max-snippet:-1","max-image-preview":"max-image-preview:large","max-video-preview":"max-video-preview:-1"},"canonical":"https:\/\/abaa.mx\/tienda\/termohigrometro-con-pantalla-transmisor-de-temperatura-40-a-85c-y-humedad-sensor-integrado-modelo-ath-y-sensor-externa-modelo-ex-he230ath-he230ex\/","og_locale":"es_MX","og_type":"article","og_title":"Termohigr\u00f3metro con Pantalla Transmisor de Temperatura -40 a 85\u00b0C y Humedad, Sensor Integrado Modelo ATH y Sensor Externa Modelo EX-HE230ATH - HE230EX - Abaa tienda online","og_description":"Pantalla de higr\u00f3metro de term\u00f3metro LED HE230ATH  Caracter\u00edsticas:   Con sensor de temperatura de humedad integrado, y alta precisi\u00f3n y estabilidad.  Con desviaci\u00f3n funci\u00f3n de calibraci\u00f3n.  Pantalla LCD, exhibici\u00f3n humedad y tiempo simult\u00e1neamente.  Fuente de alimentaci\u00f3n del con 100 ~ 240VAC.  Con sensores externos de temperatura y humedad.","og_url":"https:\/\/abaa.mx\/tienda\/termohigrometro-con-pantalla-transmisor-de-temperatura-40-a-85c-y-humedad-sensor-integrado-modelo-ath-y-sensor-externa-modelo-ex-he230ath-he230ex\/","og_site_name":"Abaa tienda online","og_image":[{"width":510,"height":404,"url":"https:\/\/abaa.mx\/tienda\/wp-content\/uploads\/2023\/11\/HUATO-EX-HE230ATH-HE23EX.jpg","type":"image\/jpeg"}],"twitter_card":"summary_large_image","twitter_misc":{"Tiempo de lectura":"1 minuto"},"schema":{"@context":"https:\/\/schema.org","@graph":[{"@type":"WebPage","@id":"https:\/\/abaa.mx\/tienda\/termohigrometro-con-pantalla-transmisor-de-temperatura-40-a-85c-y-humedad-sensor-integrado-modelo-ath-y-sensor-externa-modelo-ex-he230ath-he230ex\/","url":"https:\/\/abaa.mx\/tienda\/termohigrometro-con-pantalla-transmisor-de-temperatura-40-a-85c-y-humedad-sensor-integrado-modelo-ath-y-sensor-externa-modelo-ex-he230ath-he230ex\/","name":"Termohigr\u00f3metro con Pantalla Transmisor de Temperatura -40 a 85\u00b0C y Humedad, Sensor Integrado Modelo ATH y Sensor Externa Modelo EX-HE230ATH - HE230EX - Abaa tienda online","isPartOf":{"@id":"https:\/\/abaa.mx\/tienda\/#website"},"primaryImageOfPage":{"@id":"https:\/\/abaa.mx\/tienda\/termohigrometro-con-pantalla-transmisor-de-temperatura-40-a-85c-y-humedad-sensor-integrado-modelo-ath-y-sensor-externa-modelo-ex-he230ath-he230ex\/#primaryimage"},"image":{"@id":"https:\/\/abaa.mx\/tienda\/termohigrometro-con-pantalla-transmisor-de-temperatura-40-a-85c-y-humedad-sensor-integrado-modelo-ath-y-sensor-externa-modelo-ex-he230ath-he230ex\/#primaryimage"},"thumbnailUrl":"https:\/\/abaa.mx\/tienda\/wp-content\/uploads\/2023\/11\/HUATO-EX-HE230ATH-HE23EX.jpg","datePublished":"2023-11-16T16:00:59+00:00","breadcrumb":{"@id":"https:\/\/abaa.mx\/tienda\/termohigrometro-con-pantalla-transmisor-de-temperatura-40-a-85c-y-humedad-sensor-integrado-modelo-ath-y-sensor-externa-modelo-ex-he230ath-he230ex\/#breadcrumb"},"inLanguage":"es","potentialAction":[{"@type":"ReadAction","target":["https:\/\/abaa.mx\/tienda\/termohigrometro-con-pantalla-transmisor-de-temperatura-40-a-85c-y-humedad-sensor-integrado-modelo-ath-y-sensor-externa-modelo-ex-he230ath-he230ex\/"]}]},{"@type":"ImageObject","inLanguage":"es","@id":"https:\/\/abaa.mx\/tienda\/termohigrometro-con-pantalla-transmisor-de-temperatura-40-a-85c-y-humedad-sensor-integrado-modelo-ath-y-sensor-externa-modelo-ex-he230ath-he230ex\/#primaryimage","url":"https:\/\/abaa.mx\/tienda\/wp-content\/uploads\/2023\/11\/HUATO-EX-HE230ATH-HE23EX.jpg","contentUrl":"https:\/\/abaa.mx\/tienda\/wp-content\/uploads\/2023\/11\/HUATO-EX-HE230ATH-HE23EX.jpg","width":510,"height":404,"caption":"HUATO-EX-HE230ATH-HE23EX"},{"@type":"BreadcrumbList","@id":"https:\/\/abaa.mx\/tienda\/termohigrometro-con-pantalla-transmisor-de-temperatura-40-a-85c-y-humedad-sensor-integrado-modelo-ath-y-sensor-externa-modelo-ex-he230ath-he230ex\/#breadcrumb","itemListElement":[{"@type":"ListItem","position":1,"name":"Inicio","item":"https:\/\/abaa.mx\/tienda\/"},{"@type":"ListItem","position":2,"name":"Tienda","item":"https:\/\/abaa.mx\/tienda\/"},{"@type":"ListItem","position":3,"name":"Termohigr\u00f3metro con Pantalla Transmisor de Temperatura -40 a 85\u00b0C y Humedad, Sensor Integrado Modelo ATH y Sensor Externa Modelo EX-HE230ATH &#8211; HE230EX"}]},{"@type":"WebSite","@id":"https:\/\/abaa.mx\/tienda\/#website","url":"https:\/\/abaa.mx\/tienda\/","name":"Abaa tienda online","description":"Instrumentos de medici\u00f3n","publisher":{"@id":"https:\/\/abaa.mx\/tienda\/#organization"},"potentialAction":[{"@type":"SearchAction","target":{"@type":"EntryPoint","urlTemplate":"https:\/\/abaa.mx\/tienda\/?s={search_term_string}"},"query-input":{"@type":"PropertyValueSpecification","valueRequired":true,"valueName":"search_term_string"}}],"inLanguage":"es"},{"@type":"Organization","@id":"https:\/\/abaa.mx\/tienda\/#organization","name":"Abaa tienda online","url":"https:\/\/abaa.mx\/tienda\/","logo":{"@type":"ImageObject","inLanguage":"es","@id":"https:\/\/abaa.mx\/tienda\/#\/schema\/logo\/image\/","url":"https:\/\/abaa.mx\/tienda\/wp-content\/uploads\/2024\/01\/abaa-metrologia-tienda.png","contentUrl":"https:\/\/abaa.mx\/tienda\/wp-content\/uploads\/2024\/01\/abaa-metrologia-tienda.png","width":300,"height":141,"caption":"Abaa tienda online"},"image":{"@id":"https:\/\/abaa.mx\/tienda\/#\/schema\/logo\/image\/"}}]}},"_links":{"self":[{"href":"https:\/\/abaa.mx\/tienda\/wp-json\/wp\/v2\/product\/8962","targetHints":{"allow":["GET"]}}],"collection":[{"href":"https:\/\/abaa.mx\/tienda\/wp-json\/wp\/v2\/product"}],"about":[{"href":"https:\/\/abaa.mx\/tienda\/wp-json\/wp\/v2\/types\/product"}],"replies":[{"embeddable":true,"href":"https:\/\/abaa.mx\/tienda\/wp-json\/wp\/v2\/comments?post=8962"}],"wp:featuredmedia":[{"embeddable":true,"href":"https:\/\/abaa.mx\/tienda\/wp-json\/wp\/v2\/media\/8963"}],"wp:attachment":[{"href":"https:\/\/abaa.mx\/tienda\/wp-json\/wp\/v2\/media?parent=8962"}],"wp:term":[{"taxonomy":"product_brand","embeddable":true,"href":"https:\/\/abaa.mx\/tienda\/wp-json\/wp\/v2\/product_brand?post=8962"},{"taxonomy":"product_cat","embeddable":true,"href":"https:\/\/abaa.mx\/tienda\/wp-json\/wp\/v2\/product_cat?post=8962"},{"taxonomy":"product_tag","embeddable":true,"href":"https:\/\/abaa.mx\/tienda\/wp-json\/wp\/v2\/product_tag?post=8962"}],"curies":[{"name":"wp","href":"https:\/\/api.w.org\/{rel}","templated":true}]}}