{"id":8939,"date":"2023-11-16T15:00:27","date_gmt":"2023-11-16T15:00:27","guid":{"rendered":"https:\/\/abaa.mx\/tienda\/?post_type=product&#038;p=8939"},"modified":"2023-11-16T15:00:27","modified_gmt":"2023-11-16T15:00:27","slug":"termohigrometro-digital-traceable-4040","status":"publish","type":"product","link":"https:\/\/abaa.mx\/tienda\/termohigrometro-digital-traceable-4040\/","title":{"rendered":"Termohigrometro digital traceable 4040"},"content":{"rendered":"<p>Termohigrometro digital traceable 4040.<\/p>\n","protected":false},"excerpt":{"rendered":"<p>Unidad \u00fanica que muestra simult\u00e1neamente la hora del d\u00eda, la temperatura y la humedad. El reloj muestra AM \/ PM o la hora militar de 24 h al minuto exacto con una precisi\u00f3n del 001%. Ver los cambios es simple con la pantalla triple. El rango de temperatura es de 32,0 a 122,0 \u00b0 F y de 0,0 a 50,0 \u00b0 C. La resoluci\u00f3n es de 0,1 \u00b0 y la precisi\u00f3n es de \u00b1 1 \u00b0 C. El rango de humedad relativa es del 20 al 90%. La resoluci\u00f3n es 1% RH y la precisi\u00f3n es \u00b1 5% RH en el rango medio, en caso contrario \u00b1 8%. Permite monitorear las condiciones a lo largo de la noche, los fines de semana o en cualquier per\u00edodo de tiempo.<\/p>\n<h3><strong>Certificado Traceable:<\/strong><\/h3>\n<p>Calibraci\u00f3n multipunto en un certificado Traceable\u00a0 numerado individualmente que afirma la precisi\u00f3n de nuestro laboratorio de medici\u00f3n ISO \/ IEC 17025: 2017 (1750.01) acreditado por A2LA. Indica la trazabilidad de las mediciones a las unidades SI a trav\u00e9s del NIST u otros institutos nacionales de medici\u00f3n ( NMI ) reconocidos que son signatarios del Acuerdo de reconocimiento mutuo del CIPM.<\/p>\n<h3><strong>Suministrado Con:<\/strong><\/h3>\n<p>Certificado\u00a0Traceable \u00a0, bater\u00eda, soporte integrado y montaje en pared.<\/p>\n<h3 style=\"background: white; margin: 41.25pt 0cm 20.65pt 0cm;\"><span style=\"font-family: 'Helvetica',sans-serif; color: black;\">Especificaciones Tecnicas:<\/span><\/h3>\n<table id=\"product-attribute-specs-table\" class=\"data-table\">\n<tbody>\n<tr class=\"first odd\">\n<th class=\"label\">Rango de temperatura ambiente<\/th>\n<td class=\"data last\">0,0 hasta 50,0 \u00b0 C<\/td>\n<\/tr>\n<tr class=\"even\">\n<th class=\"label\">Resoluci\u00f3n de temperatura ambiente<\/th>\n<td class=\"data last\">0,1 \u00b0<\/td>\n<\/tr>\n<tr class=\"odd\">\n<th class=\"label\">Precisi\u00f3n de temperatura ambiente<\/th>\n<td class=\"data last\">\u00b1 1 \u00b0 C<\/td>\n<\/tr>\n<tr class=\"even\">\n<th class=\"label\">Rango RH<\/th>\n<td class=\"data last\">20 a 90% de humedad relativa<\/td>\n<\/tr>\n<tr class=\"odd\">\n<th class=\"label\">Precisi\u00f3n de HR<\/th>\n<td class=\"data last\">\u00b1 5% RH rango medio de lo contrario \u00b1 8% RH<\/td>\n<\/tr>\n<tr class=\"even\">\n<th class=\"label\">Resoluci\u00f3n RH<\/th>\n<td class=\"data last\">1% de humedad relativa<\/td>\n<\/tr>\n<tr class=\"odd\">\n<th class=\"label\">Tipo de sonda<\/th>\n<td class=\"data last\">Sensor interno<\/td>\n<\/tr>\n<tr class=\"even\">\n<th class=\"label\">Sonda RH Externa \/ Interna?<\/th>\n<td class=\"data last\">Interno (ambiente)<\/td>\n<\/tr>\n<tr class=\"odd\">\n<th class=\"label\">RH M\u00edn. \/ M\u00e1x. De memoria<\/th>\n<td class=\"data last\">Y<\/td>\n<\/tr>\n<tr class=\"even\">\n<th class=\"label\">Capacidad de tiempo<\/th>\n<td class=\"data last\">12\/24 horas<\/td>\n<\/tr>\n<tr class=\"odd\">\n<th class=\"label\">Precisi\u00f3n de tiempo<\/th>\n<td class=\"data last\">0.01% de precisi\u00f3n<\/td>\n<\/tr>\n<tr class=\"even\">\n<th class=\"label\">Resoluci\u00f3n de tiempo<\/th>\n<td class=\"data last\">1 minuto<\/td>\n<\/tr>\n<tr class=\"odd\">\n<th class=\"label\">Peso<\/th>\n<td class=\"data last\">2-1 \/ 2 onzas<\/td>\n<\/tr>\n<tr class=\"even\">\n<th class=\"label\">Temp MIN \/ MAX Memoria<\/th>\n<td class=\"data last\">Y<\/td>\n<\/tr>\n<tr class=\"odd\">\n<th class=\"label\">Tama\u00f1o de d\u00edgitos de la pantalla LCD<\/th>\n<td class=\"data last\">5\/8 pulg.<\/td>\n<\/tr>\n<tr class=\"even\">\n<th class=\"label\">Dimensiones<\/th>\n<td class=\"data last\">4-1 \/ 4 &#8220;x2-1 \/ 4&#8221; x1 \/ 2 &#8220;<\/td>\n<\/tr>\n<\/tbody>\n<\/table>\n<p>&nbsp;<\/p>\n","protected":false},"featured_media":8941,"comment_status":"open","ping_status":"closed","template":"","meta":{"_joinchat":[]},"product_brand":[],"product_cat":[133],"product_tag":[],"class_list":{"0":"post-8939","1":"product","2":"type-product","3":"status-publish","4":"has-post-thumbnail","6":"product_cat-termohigrometros-digitales","8":"first","9":"instock","10":"shipping-taxable","11":"product-type-simple"},"yoast_head":"<!-- This site is optimized with the Yoast SEO plugin v26.4 - https:\/\/yoast.com\/wordpress\/plugins\/seo\/ -->\n<title>Termohigrometro digital traceable 4040 - Abaa tienda online<\/title>\n<meta name=\"robots\" content=\"index, follow, max-snippet:-1, max-image-preview:large, max-video-preview:-1\" \/>\n<link rel=\"canonical\" href=\"https:\/\/abaa.mx\/tienda\/termohigrometro-digital-traceable-4040\/\" \/>\n<meta property=\"og:locale\" content=\"es_MX\" \/>\n<meta property=\"og:type\" content=\"article\" \/>\n<meta property=\"og:title\" content=\"Termohigrometro digital traceable 4040 - Abaa tienda online\" \/>\n<meta property=\"og:description\" content=\"Unidad \u00fanica que muestra simult\u00e1neamente la hora del d\u00eda, la temperatura y la humedad. El reloj muestra AM \/ PM o la hora militar de 24 h al minuto exacto con una precisi\u00f3n del 001%. Ver los cambios es simple con la pantalla triple. El rango de temperatura es de 32,0 a 122,0 \u00b0 F y de 0,0 a 50,0 \u00b0 C. La resoluci\u00f3n es de 0,1 \u00b0 y la precisi\u00f3n es de \u00b1 1 \u00b0 C. El rango de humedad relativa es del 20 al 90%. La resoluci\u00f3n es 1% RH y la precisi\u00f3n es \u00b1 5% RH en el rango medio, en caso contrario \u00b1 8%. Permite monitorear las condiciones a lo largo de la noche, los fines de semana o en cualquier per\u00edodo de tiempo. Certificado Traceable: Calibraci\u00f3n multipunto en un certificado Traceable\u00a0 numerado individualmente que afirma la precisi\u00f3n de nuestro laboratorio de medici\u00f3n ISO \/ IEC 17025: 2017 (1750.01) acreditado por A2LA. Indica la trazabilidad de las mediciones a las unidades SI a trav\u00e9s del NIST u otros institutos nacionales de medici\u00f3n ( NMI ) reconocidos que son signatarios del Acuerdo de reconocimiento mutuo del CIPM. Suministrado Con: Certificado\u00a0Traceable \u00a0, bater\u00eda, soporte integrado y montaje en pared. Especificaciones Tecnicas:    Rango de temperatura ambiente 0,0 hasta 50,0 \u00b0 C   Resoluci\u00f3n de temperatura ambiente 0,1 \u00b0   Precisi\u00f3n de temperatura ambiente \u00b1 1 \u00b0 C   Rango RH 20 a 90% de humedad relativa   Precisi\u00f3n de HR \u00b1 5% RH rango medio de lo contrario \u00b1 8% RH   Resoluci\u00f3n RH 1% de humedad relativa   Tipo de sonda Sensor interno   Sonda RH Externa \/ Interna? Interno (ambiente)   RH M\u00edn. \/ M\u00e1x. De memoria Y   Capacidad de tiempo 12\/24 horas   Precisi\u00f3n de tiempo 0.01% de precisi\u00f3n   Resoluci\u00f3n de tiempo 1 minuto   Peso 2-1 \/ 2 onzas   Temp MIN \/ MAX Memoria Y   Tama\u00f1o de d\u00edgitos de la pantalla LCD 5\/8 pulg.   Dimensiones 4-1 \/ 4 &quot;x2-1 \/ 4&quot; x1 \/ 2 &quot;    &nbsp;\" \/>\n<meta property=\"og:url\" content=\"https:\/\/abaa.mx\/tienda\/termohigrometro-digital-traceable-4040\/\" \/>\n<meta property=\"og:site_name\" content=\"Abaa tienda online\" \/>\n<meta property=\"og:image\" content=\"https:\/\/abaa.mx\/tienda\/wp-content\/uploads\/2023\/11\/CONTROL-COMPANY-4040.jpg\" \/>\n\t<meta property=\"og:image:width\" content=\"389\" \/>\n\t<meta property=\"og:image:height\" content=\"453\" \/>\n\t<meta property=\"og:image:type\" content=\"image\/jpeg\" \/>\n<meta name=\"twitter:card\" content=\"summary_large_image\" \/>\n<meta name=\"twitter:label1\" content=\"Tiempo de lectura\" \/>\n\t<meta name=\"twitter:data1\" content=\"1 minuto\" \/>\n<script type=\"application\/ld+json\" class=\"yoast-schema-graph\">{\"@context\":\"https:\/\/schema.org\",\"@graph\":[{\"@type\":\"WebPage\",\"@id\":\"https:\/\/abaa.mx\/tienda\/termohigrometro-digital-traceable-4040\/\",\"url\":\"https:\/\/abaa.mx\/tienda\/termohigrometro-digital-traceable-4040\/\",\"name\":\"Termohigrometro digital traceable 4040 - Abaa tienda online\",\"isPartOf\":{\"@id\":\"https:\/\/abaa.mx\/tienda\/#website\"},\"primaryImageOfPage\":{\"@id\":\"https:\/\/abaa.mx\/tienda\/termohigrometro-digital-traceable-4040\/#primaryimage\"},\"image\":{\"@id\":\"https:\/\/abaa.mx\/tienda\/termohigrometro-digital-traceable-4040\/#primaryimage\"},\"thumbnailUrl\":\"https:\/\/abaa.mx\/tienda\/wp-content\/uploads\/2023\/11\/CONTROL-COMPANY-4040.jpg\",\"datePublished\":\"2023-11-16T15:00:27+00:00\",\"breadcrumb\":{\"@id\":\"https:\/\/abaa.mx\/tienda\/termohigrometro-digital-traceable-4040\/#breadcrumb\"},\"inLanguage\":\"es\",\"potentialAction\":[{\"@type\":\"ReadAction\",\"target\":[\"https:\/\/abaa.mx\/tienda\/termohigrometro-digital-traceable-4040\/\"]}]},{\"@type\":\"ImageObject\",\"inLanguage\":\"es\",\"@id\":\"https:\/\/abaa.mx\/tienda\/termohigrometro-digital-traceable-4040\/#primaryimage\",\"url\":\"https:\/\/abaa.mx\/tienda\/wp-content\/uploads\/2023\/11\/CONTROL-COMPANY-4040.jpg\",\"contentUrl\":\"https:\/\/abaa.mx\/tienda\/wp-content\/uploads\/2023\/11\/CONTROL-COMPANY-4040.jpg\",\"width\":389,\"height\":453,\"caption\":\"CONTROL COMPANY-4040\"},{\"@type\":\"BreadcrumbList\",\"@id\":\"https:\/\/abaa.mx\/tienda\/termohigrometro-digital-traceable-4040\/#breadcrumb\",\"itemListElement\":[{\"@type\":\"ListItem\",\"position\":1,\"name\":\"Inicio\",\"item\":\"https:\/\/abaa.mx\/tienda\/\"},{\"@type\":\"ListItem\",\"position\":2,\"name\":\"Tienda\",\"item\":\"https:\/\/abaa.mx\/tienda\/\"},{\"@type\":\"ListItem\",\"position\":3,\"name\":\"Termohigrometro digital traceable 4040\"}]},{\"@type\":\"WebSite\",\"@id\":\"https:\/\/abaa.mx\/tienda\/#website\",\"url\":\"https:\/\/abaa.mx\/tienda\/\",\"name\":\"Abaa tienda online\",\"description\":\"Instrumentos de medici\u00f3n\",\"publisher\":{\"@id\":\"https:\/\/abaa.mx\/tienda\/#organization\"},\"potentialAction\":[{\"@type\":\"SearchAction\",\"target\":{\"@type\":\"EntryPoint\",\"urlTemplate\":\"https:\/\/abaa.mx\/tienda\/?s={search_term_string}\"},\"query-input\":{\"@type\":\"PropertyValueSpecification\",\"valueRequired\":true,\"valueName\":\"search_term_string\"}}],\"inLanguage\":\"es\"},{\"@type\":\"Organization\",\"@id\":\"https:\/\/abaa.mx\/tienda\/#organization\",\"name\":\"Abaa tienda online\",\"url\":\"https:\/\/abaa.mx\/tienda\/\",\"logo\":{\"@type\":\"ImageObject\",\"inLanguage\":\"es\",\"@id\":\"https:\/\/abaa.mx\/tienda\/#\/schema\/logo\/image\/\",\"url\":\"https:\/\/abaa.mx\/tienda\/wp-content\/uploads\/2024\/01\/abaa-metrologia-tienda.png\",\"contentUrl\":\"https:\/\/abaa.mx\/tienda\/wp-content\/uploads\/2024\/01\/abaa-metrologia-tienda.png\",\"width\":300,\"height\":141,\"caption\":\"Abaa tienda online\"},\"image\":{\"@id\":\"https:\/\/abaa.mx\/tienda\/#\/schema\/logo\/image\/\"}}]}<\/script>\n<!-- \/ Yoast SEO plugin. -->","yoast_head_json":{"title":"Termohigrometro digital traceable 4040 - Abaa tienda online","robots":{"index":"index","follow":"follow","max-snippet":"max-snippet:-1","max-image-preview":"max-image-preview:large","max-video-preview":"max-video-preview:-1"},"canonical":"https:\/\/abaa.mx\/tienda\/termohigrometro-digital-traceable-4040\/","og_locale":"es_MX","og_type":"article","og_title":"Termohigrometro digital traceable 4040 - Abaa tienda online","og_description":"Unidad \u00fanica que muestra simult\u00e1neamente la hora del d\u00eda, la temperatura y la humedad. El reloj muestra AM \/ PM o la hora militar de 24 h al minuto exacto con una precisi\u00f3n del 001%. Ver los cambios es simple con la pantalla triple. El rango de temperatura es de 32,0 a 122,0 \u00b0 F y de 0,0 a 50,0 \u00b0 C. La resoluci\u00f3n es de 0,1 \u00b0 y la precisi\u00f3n es de \u00b1 1 \u00b0 C. El rango de humedad relativa es del 20 al 90%. La resoluci\u00f3n es 1% RH y la precisi\u00f3n es \u00b1 5% RH en el rango medio, en caso contrario \u00b1 8%. Permite monitorear las condiciones a lo largo de la noche, los fines de semana o en cualquier per\u00edodo de tiempo. Certificado Traceable: Calibraci\u00f3n multipunto en un certificado Traceable\u00a0 numerado individualmente que afirma la precisi\u00f3n de nuestro laboratorio de medici\u00f3n ISO \/ IEC 17025: 2017 (1750.01) acreditado por A2LA. Indica la trazabilidad de las mediciones a las unidades SI a trav\u00e9s del NIST u otros institutos nacionales de medici\u00f3n ( NMI ) reconocidos que son signatarios del Acuerdo de reconocimiento mutuo del CIPM. Suministrado Con: Certificado\u00a0Traceable \u00a0, bater\u00eda, soporte integrado y montaje en pared. Especificaciones Tecnicas:    Rango de temperatura ambiente 0,0 hasta 50,0 \u00b0 C   Resoluci\u00f3n de temperatura ambiente 0,1 \u00b0   Precisi\u00f3n de temperatura ambiente \u00b1 1 \u00b0 C   Rango RH 20 a 90% de humedad relativa   Precisi\u00f3n de HR \u00b1 5% RH rango medio de lo contrario \u00b1 8% RH   Resoluci\u00f3n RH 1% de humedad relativa   Tipo de sonda Sensor interno   Sonda RH Externa \/ Interna? Interno (ambiente)   RH M\u00edn. \/ M\u00e1x. De memoria Y   Capacidad de tiempo 12\/24 horas   Precisi\u00f3n de tiempo 0.01% de precisi\u00f3n   Resoluci\u00f3n de tiempo 1 minuto   Peso 2-1 \/ 2 onzas   Temp MIN \/ MAX Memoria Y   Tama\u00f1o de d\u00edgitos de la pantalla LCD 5\/8 pulg.   Dimensiones 4-1 \/ 4 \"x2-1 \/ 4\" x1 \/ 2 \"    &nbsp;","og_url":"https:\/\/abaa.mx\/tienda\/termohigrometro-digital-traceable-4040\/","og_site_name":"Abaa tienda online","og_image":[{"width":389,"height":453,"url":"https:\/\/abaa.mx\/tienda\/wp-content\/uploads\/2023\/11\/CONTROL-COMPANY-4040.jpg","type":"image\/jpeg"}],"twitter_card":"summary_large_image","twitter_misc":{"Tiempo de lectura":"1 minuto"},"schema":{"@context":"https:\/\/schema.org","@graph":[{"@type":"WebPage","@id":"https:\/\/abaa.mx\/tienda\/termohigrometro-digital-traceable-4040\/","url":"https:\/\/abaa.mx\/tienda\/termohigrometro-digital-traceable-4040\/","name":"Termohigrometro digital traceable 4040 - Abaa tienda online","isPartOf":{"@id":"https:\/\/abaa.mx\/tienda\/#website"},"primaryImageOfPage":{"@id":"https:\/\/abaa.mx\/tienda\/termohigrometro-digital-traceable-4040\/#primaryimage"},"image":{"@id":"https:\/\/abaa.mx\/tienda\/termohigrometro-digital-traceable-4040\/#primaryimage"},"thumbnailUrl":"https:\/\/abaa.mx\/tienda\/wp-content\/uploads\/2023\/11\/CONTROL-COMPANY-4040.jpg","datePublished":"2023-11-16T15:00:27+00:00","breadcrumb":{"@id":"https:\/\/abaa.mx\/tienda\/termohigrometro-digital-traceable-4040\/#breadcrumb"},"inLanguage":"es","potentialAction":[{"@type":"ReadAction","target":["https:\/\/abaa.mx\/tienda\/termohigrometro-digital-traceable-4040\/"]}]},{"@type":"ImageObject","inLanguage":"es","@id":"https:\/\/abaa.mx\/tienda\/termohigrometro-digital-traceable-4040\/#primaryimage","url":"https:\/\/abaa.mx\/tienda\/wp-content\/uploads\/2023\/11\/CONTROL-COMPANY-4040.jpg","contentUrl":"https:\/\/abaa.mx\/tienda\/wp-content\/uploads\/2023\/11\/CONTROL-COMPANY-4040.jpg","width":389,"height":453,"caption":"CONTROL COMPANY-4040"},{"@type":"BreadcrumbList","@id":"https:\/\/abaa.mx\/tienda\/termohigrometro-digital-traceable-4040\/#breadcrumb","itemListElement":[{"@type":"ListItem","position":1,"name":"Inicio","item":"https:\/\/abaa.mx\/tienda\/"},{"@type":"ListItem","position":2,"name":"Tienda","item":"https:\/\/abaa.mx\/tienda\/"},{"@type":"ListItem","position":3,"name":"Termohigrometro digital traceable 4040"}]},{"@type":"WebSite","@id":"https:\/\/abaa.mx\/tienda\/#website","url":"https:\/\/abaa.mx\/tienda\/","name":"Abaa tienda online","description":"Instrumentos de medici\u00f3n","publisher":{"@id":"https:\/\/abaa.mx\/tienda\/#organization"},"potentialAction":[{"@type":"SearchAction","target":{"@type":"EntryPoint","urlTemplate":"https:\/\/abaa.mx\/tienda\/?s={search_term_string}"},"query-input":{"@type":"PropertyValueSpecification","valueRequired":true,"valueName":"search_term_string"}}],"inLanguage":"es"},{"@type":"Organization","@id":"https:\/\/abaa.mx\/tienda\/#organization","name":"Abaa tienda online","url":"https:\/\/abaa.mx\/tienda\/","logo":{"@type":"ImageObject","inLanguage":"es","@id":"https:\/\/abaa.mx\/tienda\/#\/schema\/logo\/image\/","url":"https:\/\/abaa.mx\/tienda\/wp-content\/uploads\/2024\/01\/abaa-metrologia-tienda.png","contentUrl":"https:\/\/abaa.mx\/tienda\/wp-content\/uploads\/2024\/01\/abaa-metrologia-tienda.png","width":300,"height":141,"caption":"Abaa tienda online"},"image":{"@id":"https:\/\/abaa.mx\/tienda\/#\/schema\/logo\/image\/"}}]}},"_links":{"self":[{"href":"https:\/\/abaa.mx\/tienda\/wp-json\/wp\/v2\/product\/8939","targetHints":{"allow":["GET"]}}],"collection":[{"href":"https:\/\/abaa.mx\/tienda\/wp-json\/wp\/v2\/product"}],"about":[{"href":"https:\/\/abaa.mx\/tienda\/wp-json\/wp\/v2\/types\/product"}],"replies":[{"embeddable":true,"href":"https:\/\/abaa.mx\/tienda\/wp-json\/wp\/v2\/comments?post=8939"}],"wp:featuredmedia":[{"embeddable":true,"href":"https:\/\/abaa.mx\/tienda\/wp-json\/wp\/v2\/media\/8941"}],"wp:attachment":[{"href":"https:\/\/abaa.mx\/tienda\/wp-json\/wp\/v2\/media?parent=8939"}],"wp:term":[{"taxonomy":"product_brand","embeddable":true,"href":"https:\/\/abaa.mx\/tienda\/wp-json\/wp\/v2\/product_brand?post=8939"},{"taxonomy":"product_cat","embeddable":true,"href":"https:\/\/abaa.mx\/tienda\/wp-json\/wp\/v2\/product_cat?post=8939"},{"taxonomy":"product_tag","embeddable":true,"href":"https:\/\/abaa.mx\/tienda\/wp-json\/wp\/v2\/product_tag?post=8939"}],"curies":[{"name":"wp","href":"https:\/\/api.w.org\/{rel}","templated":true}]}}