{"id":8935,"date":"2023-11-15T20:49:19","date_gmt":"2023-11-15T20:49:19","guid":{"rendered":"https:\/\/abaa.mx\/tienda\/?post_type=product&#038;p=8935"},"modified":"2023-11-15T20:49:20","modified_gmt":"2023-11-15T20:49:20","slug":"psicrometro-we1212","status":"publish","type":"product","link":"https:\/\/abaa.mx\/tienda\/psicrometro-we1212\/","title":{"rendered":"Psicr\u00f3metro &#8211; WE1212"},"content":{"rendered":"<p>Psicr\u00f3metro &#8211; WE1212.<\/p>\n","protected":false},"excerpt":{"rendered":"<p><strong>Caracter\u00edsticas principales :<\/strong> Esta desarrollado para ser port\u00e1til. El dise\u00f1o de su regla deslizable de forma r\u00e1pida transforma los desenlaces de temperatura en Humedad relativa. El compartimento de reserva de agua que viene dentro le dejar\u00e1 efectuar mediciones por m\u00faltiples horas. Los delgados bulbos de los term\u00f3metros le afirman una r\u00e1pida contestaci\u00f3n t\u00e9rmica. Term\u00f3metros construidos en cristal fuerte al encontronazo con numerales grabados intensamente y divisiones de escala con resoluci\u00f3n de 1\u00b0C.<\/p>\n<p><strong>Aplicaciones :<\/strong> Mediciones de confort en \u00e1reas climatizadas con aire acondicionado. Espacios en Centros de salud , guardes y laboratorios. Pruebas de atmosferas industriales donde el exceso o la falta de humedad son causantes cr\u00edticos. Atletismo escolar, para valorar si las condiciones ambientales son seguras par alapreactica de un deporte.<\/p>\n<p><b>Especificaciones:<\/b><\/p>\n<ul>\n<li>Rango:25\u00b0 a 120\u00b0 F.<\/li>\n<li>Precisi\u00f3n:\u00b15%R.H.<\/li>\n<li>Condiciones de Operaci\u00f3n:-5\u00b0 a 50\u00b0 C.<\/li>\n<li>Contenido de la Caja:Contiene un psicr\u00f3metro con dos term\u00f3metros integrados internamente y una mecha par el bulbo h\u00famedo, funda y manual de operaciones.<\/li>\n<li>Dimensiones y peso:7&#8243; de longitud x 1&#8243; de di\u00e1metro externo, peso N\/A.<\/li>\n<li>Unidades de medici\u00f3n:Temperatura \u00b0C.<\/li>\n<\/ul>\n<p>&nbsp;<\/p>\n","protected":false},"featured_media":8936,"comment_status":"open","ping_status":"closed","template":"","meta":{"_joinchat":[]},"product_brand":[],"product_cat":[133],"product_tag":[],"class_list":{"0":"post-8935","1":"product","2":"type-product","3":"status-publish","4":"has-post-thumbnail","6":"product_cat-termohigrometros-digitales","8":"first","9":"instock","10":"shipping-taxable","11":"product-type-simple"},"yoast_head":"<!-- This site is optimized with the Yoast SEO plugin v26.4 - https:\/\/yoast.com\/wordpress\/plugins\/seo\/ -->\n<title>Psicr\u00f3metro - WE1212 - Abaa tienda online<\/title>\n<meta name=\"robots\" content=\"index, follow, max-snippet:-1, max-image-preview:large, max-video-preview:-1\" \/>\n<link rel=\"canonical\" href=\"https:\/\/abaa.mx\/tienda\/psicrometro-we1212\/\" \/>\n<meta property=\"og:locale\" content=\"es_MX\" \/>\n<meta property=\"og:type\" content=\"article\" \/>\n<meta property=\"og:title\" content=\"Psicr\u00f3metro - WE1212 - Abaa tienda online\" \/>\n<meta property=\"og:description\" content=\"Caracter\u00edsticas principales : Esta desarrollado para ser port\u00e1til. El dise\u00f1o de su regla deslizable de forma r\u00e1pida transforma los desenlaces de temperatura en Humedad relativa. El compartimento de reserva de agua que viene dentro le dejar\u00e1 efectuar mediciones por m\u00faltiples horas. Los delgados bulbos de los term\u00f3metros le afirman una r\u00e1pida contestaci\u00f3n t\u00e9rmica. Term\u00f3metros construidos en cristal fuerte al encontronazo con numerales grabados intensamente y divisiones de escala con resoluci\u00f3n de 1\u00b0C.  Aplicaciones : Mediciones de confort en \u00e1reas climatizadas con aire acondicionado. Espacios en Centros de salud , guardes y laboratorios. Pruebas de atmosferas industriales donde el exceso o la falta de humedad son causantes cr\u00edticos. Atletismo escolar, para valorar si las condiciones ambientales son seguras par alapreactica de un deporte.  Especificaciones:   Rango:25\u00b0 a 120\u00b0 F.  Precisi\u00f3n:\u00b15%R.H.  Condiciones de Operaci\u00f3n:-5\u00b0 a 50\u00b0 C.  Contenido de la Caja:Contiene un psicr\u00f3metro con dos term\u00f3metros integrados internamente y una mecha par el bulbo h\u00famedo, funda y manual de operaciones.  Dimensiones y peso:7&quot; de longitud x 1&quot; de di\u00e1metro externo, peso N\/A.  Unidades de medici\u00f3n:Temperatura \u00b0C.  &nbsp;\" \/>\n<meta property=\"og:url\" content=\"https:\/\/abaa.mx\/tienda\/psicrometro-we1212\/\" \/>\n<meta property=\"og:site_name\" content=\"Abaa tienda online\" \/>\n<meta property=\"article:modified_time\" content=\"2023-11-15T20:49:20+00:00\" \/>\n<meta property=\"og:image\" content=\"https:\/\/abaa.mx\/tienda\/wp-content\/uploads\/2023\/11\/PAUL-GARDNER-WE1212.jpg\" \/>\n\t<meta property=\"og:image:width\" content=\"482\" \/>\n\t<meta property=\"og:image:height\" content=\"317\" \/>\n\t<meta property=\"og:image:type\" content=\"image\/jpeg\" \/>\n<meta name=\"twitter:card\" content=\"summary_large_image\" \/>\n<meta name=\"twitter:label1\" content=\"Tiempo de lectura\" \/>\n\t<meta name=\"twitter:data1\" content=\"1 minuto\" \/>\n<script type=\"application\/ld+json\" class=\"yoast-schema-graph\">{\"@context\":\"https:\/\/schema.org\",\"@graph\":[{\"@type\":\"WebPage\",\"@id\":\"https:\/\/abaa.mx\/tienda\/psicrometro-we1212\/\",\"url\":\"https:\/\/abaa.mx\/tienda\/psicrometro-we1212\/\",\"name\":\"Psicr\u00f3metro - WE1212 - Abaa tienda online\",\"isPartOf\":{\"@id\":\"https:\/\/abaa.mx\/tienda\/#website\"},\"primaryImageOfPage\":{\"@id\":\"https:\/\/abaa.mx\/tienda\/psicrometro-we1212\/#primaryimage\"},\"image\":{\"@id\":\"https:\/\/abaa.mx\/tienda\/psicrometro-we1212\/#primaryimage\"},\"thumbnailUrl\":\"https:\/\/abaa.mx\/tienda\/wp-content\/uploads\/2023\/11\/PAUL-GARDNER-WE1212.jpg\",\"datePublished\":\"2023-11-15T20:49:19+00:00\",\"dateModified\":\"2023-11-15T20:49:20+00:00\",\"breadcrumb\":{\"@id\":\"https:\/\/abaa.mx\/tienda\/psicrometro-we1212\/#breadcrumb\"},\"inLanguage\":\"es\",\"potentialAction\":[{\"@type\":\"ReadAction\",\"target\":[\"https:\/\/abaa.mx\/tienda\/psicrometro-we1212\/\"]}]},{\"@type\":\"ImageObject\",\"inLanguage\":\"es\",\"@id\":\"https:\/\/abaa.mx\/tienda\/psicrometro-we1212\/#primaryimage\",\"url\":\"https:\/\/abaa.mx\/tienda\/wp-content\/uploads\/2023\/11\/PAUL-GARDNER-WE1212.jpg\",\"contentUrl\":\"https:\/\/abaa.mx\/tienda\/wp-content\/uploads\/2023\/11\/PAUL-GARDNER-WE1212.jpg\",\"width\":482,\"height\":317,\"caption\":\"PAUL GARDNER-WE1212\"},{\"@type\":\"BreadcrumbList\",\"@id\":\"https:\/\/abaa.mx\/tienda\/psicrometro-we1212\/#breadcrumb\",\"itemListElement\":[{\"@type\":\"ListItem\",\"position\":1,\"name\":\"Inicio\",\"item\":\"https:\/\/abaa.mx\/tienda\/\"},{\"@type\":\"ListItem\",\"position\":2,\"name\":\"Tienda\",\"item\":\"https:\/\/abaa.mx\/tienda\/\"},{\"@type\":\"ListItem\",\"position\":3,\"name\":\"Psicr\u00f3metro &#8211; WE1212\"}]},{\"@type\":\"WebSite\",\"@id\":\"https:\/\/abaa.mx\/tienda\/#website\",\"url\":\"https:\/\/abaa.mx\/tienda\/\",\"name\":\"Abaa tienda online\",\"description\":\"Instrumentos de medici\u00f3n\",\"publisher\":{\"@id\":\"https:\/\/abaa.mx\/tienda\/#organization\"},\"potentialAction\":[{\"@type\":\"SearchAction\",\"target\":{\"@type\":\"EntryPoint\",\"urlTemplate\":\"https:\/\/abaa.mx\/tienda\/?s={search_term_string}\"},\"query-input\":{\"@type\":\"PropertyValueSpecification\",\"valueRequired\":true,\"valueName\":\"search_term_string\"}}],\"inLanguage\":\"es\"},{\"@type\":\"Organization\",\"@id\":\"https:\/\/abaa.mx\/tienda\/#organization\",\"name\":\"Abaa tienda online\",\"url\":\"https:\/\/abaa.mx\/tienda\/\",\"logo\":{\"@type\":\"ImageObject\",\"inLanguage\":\"es\",\"@id\":\"https:\/\/abaa.mx\/tienda\/#\/schema\/logo\/image\/\",\"url\":\"https:\/\/abaa.mx\/tienda\/wp-content\/uploads\/2024\/01\/abaa-metrologia-tienda.png\",\"contentUrl\":\"https:\/\/abaa.mx\/tienda\/wp-content\/uploads\/2024\/01\/abaa-metrologia-tienda.png\",\"width\":300,\"height\":141,\"caption\":\"Abaa tienda online\"},\"image\":{\"@id\":\"https:\/\/abaa.mx\/tienda\/#\/schema\/logo\/image\/\"}}]}<\/script>\n<!-- \/ Yoast SEO plugin. -->","yoast_head_json":{"title":"Psicr\u00f3metro - WE1212 - Abaa tienda online","robots":{"index":"index","follow":"follow","max-snippet":"max-snippet:-1","max-image-preview":"max-image-preview:large","max-video-preview":"max-video-preview:-1"},"canonical":"https:\/\/abaa.mx\/tienda\/psicrometro-we1212\/","og_locale":"es_MX","og_type":"article","og_title":"Psicr\u00f3metro - WE1212 - Abaa tienda online","og_description":"Caracter\u00edsticas principales : Esta desarrollado para ser port\u00e1til. El dise\u00f1o de su regla deslizable de forma r\u00e1pida transforma los desenlaces de temperatura en Humedad relativa. El compartimento de reserva de agua que viene dentro le dejar\u00e1 efectuar mediciones por m\u00faltiples horas. Los delgados bulbos de los term\u00f3metros le afirman una r\u00e1pida contestaci\u00f3n t\u00e9rmica. Term\u00f3metros construidos en cristal fuerte al encontronazo con numerales grabados intensamente y divisiones de escala con resoluci\u00f3n de 1\u00b0C.  Aplicaciones : Mediciones de confort en \u00e1reas climatizadas con aire acondicionado. Espacios en Centros de salud , guardes y laboratorios. Pruebas de atmosferas industriales donde el exceso o la falta de humedad son causantes cr\u00edticos. Atletismo escolar, para valorar si las condiciones ambientales son seguras par alapreactica de un deporte.  Especificaciones:   Rango:25\u00b0 a 120\u00b0 F.  Precisi\u00f3n:\u00b15%R.H.  Condiciones de Operaci\u00f3n:-5\u00b0 a 50\u00b0 C.  Contenido de la Caja:Contiene un psicr\u00f3metro con dos term\u00f3metros integrados internamente y una mecha par el bulbo h\u00famedo, funda y manual de operaciones.  Dimensiones y peso:7\" de longitud x 1\" de di\u00e1metro externo, peso N\/A.  Unidades de medici\u00f3n:Temperatura \u00b0C.  &nbsp;","og_url":"https:\/\/abaa.mx\/tienda\/psicrometro-we1212\/","og_site_name":"Abaa tienda online","article_modified_time":"2023-11-15T20:49:20+00:00","og_image":[{"width":482,"height":317,"url":"https:\/\/abaa.mx\/tienda\/wp-content\/uploads\/2023\/11\/PAUL-GARDNER-WE1212.jpg","type":"image\/jpeg"}],"twitter_card":"summary_large_image","twitter_misc":{"Tiempo de lectura":"1 minuto"},"schema":{"@context":"https:\/\/schema.org","@graph":[{"@type":"WebPage","@id":"https:\/\/abaa.mx\/tienda\/psicrometro-we1212\/","url":"https:\/\/abaa.mx\/tienda\/psicrometro-we1212\/","name":"Psicr\u00f3metro - WE1212 - Abaa tienda online","isPartOf":{"@id":"https:\/\/abaa.mx\/tienda\/#website"},"primaryImageOfPage":{"@id":"https:\/\/abaa.mx\/tienda\/psicrometro-we1212\/#primaryimage"},"image":{"@id":"https:\/\/abaa.mx\/tienda\/psicrometro-we1212\/#primaryimage"},"thumbnailUrl":"https:\/\/abaa.mx\/tienda\/wp-content\/uploads\/2023\/11\/PAUL-GARDNER-WE1212.jpg","datePublished":"2023-11-15T20:49:19+00:00","dateModified":"2023-11-15T20:49:20+00:00","breadcrumb":{"@id":"https:\/\/abaa.mx\/tienda\/psicrometro-we1212\/#breadcrumb"},"inLanguage":"es","potentialAction":[{"@type":"ReadAction","target":["https:\/\/abaa.mx\/tienda\/psicrometro-we1212\/"]}]},{"@type":"ImageObject","inLanguage":"es","@id":"https:\/\/abaa.mx\/tienda\/psicrometro-we1212\/#primaryimage","url":"https:\/\/abaa.mx\/tienda\/wp-content\/uploads\/2023\/11\/PAUL-GARDNER-WE1212.jpg","contentUrl":"https:\/\/abaa.mx\/tienda\/wp-content\/uploads\/2023\/11\/PAUL-GARDNER-WE1212.jpg","width":482,"height":317,"caption":"PAUL GARDNER-WE1212"},{"@type":"BreadcrumbList","@id":"https:\/\/abaa.mx\/tienda\/psicrometro-we1212\/#breadcrumb","itemListElement":[{"@type":"ListItem","position":1,"name":"Inicio","item":"https:\/\/abaa.mx\/tienda\/"},{"@type":"ListItem","position":2,"name":"Tienda","item":"https:\/\/abaa.mx\/tienda\/"},{"@type":"ListItem","position":3,"name":"Psicr\u00f3metro &#8211; WE1212"}]},{"@type":"WebSite","@id":"https:\/\/abaa.mx\/tienda\/#website","url":"https:\/\/abaa.mx\/tienda\/","name":"Abaa tienda online","description":"Instrumentos de medici\u00f3n","publisher":{"@id":"https:\/\/abaa.mx\/tienda\/#organization"},"potentialAction":[{"@type":"SearchAction","target":{"@type":"EntryPoint","urlTemplate":"https:\/\/abaa.mx\/tienda\/?s={search_term_string}"},"query-input":{"@type":"PropertyValueSpecification","valueRequired":true,"valueName":"search_term_string"}}],"inLanguage":"es"},{"@type":"Organization","@id":"https:\/\/abaa.mx\/tienda\/#organization","name":"Abaa tienda online","url":"https:\/\/abaa.mx\/tienda\/","logo":{"@type":"ImageObject","inLanguage":"es","@id":"https:\/\/abaa.mx\/tienda\/#\/schema\/logo\/image\/","url":"https:\/\/abaa.mx\/tienda\/wp-content\/uploads\/2024\/01\/abaa-metrologia-tienda.png","contentUrl":"https:\/\/abaa.mx\/tienda\/wp-content\/uploads\/2024\/01\/abaa-metrologia-tienda.png","width":300,"height":141,"caption":"Abaa tienda online"},"image":{"@id":"https:\/\/abaa.mx\/tienda\/#\/schema\/logo\/image\/"}}]}},"_links":{"self":[{"href":"https:\/\/abaa.mx\/tienda\/wp-json\/wp\/v2\/product\/8935","targetHints":{"allow":["GET"]}}],"collection":[{"href":"https:\/\/abaa.mx\/tienda\/wp-json\/wp\/v2\/product"}],"about":[{"href":"https:\/\/abaa.mx\/tienda\/wp-json\/wp\/v2\/types\/product"}],"replies":[{"embeddable":true,"href":"https:\/\/abaa.mx\/tienda\/wp-json\/wp\/v2\/comments?post=8935"}],"wp:featuredmedia":[{"embeddable":true,"href":"https:\/\/abaa.mx\/tienda\/wp-json\/wp\/v2\/media\/8936"}],"wp:attachment":[{"href":"https:\/\/abaa.mx\/tienda\/wp-json\/wp\/v2\/media?parent=8935"}],"wp:term":[{"taxonomy":"product_brand","embeddable":true,"href":"https:\/\/abaa.mx\/tienda\/wp-json\/wp\/v2\/product_brand?post=8935"},{"taxonomy":"product_cat","embeddable":true,"href":"https:\/\/abaa.mx\/tienda\/wp-json\/wp\/v2\/product_cat?post=8935"},{"taxonomy":"product_tag","embeddable":true,"href":"https:\/\/abaa.mx\/tienda\/wp-json\/wp\/v2\/product_tag?post=8935"}],"curies":[{"name":"wp","href":"https:\/\/api.w.org\/{rel}","templated":true}]}}