{"id":8908,"date":"2023-11-15T16:04:09","date_gmt":"2023-11-15T16:04:09","guid":{"rendered":"https:\/\/abaa.mx\/tienda\/?post_type=product&#038;p=8908"},"modified":"2023-11-15T16:04:32","modified_gmt":"2023-11-15T16:04:32","slug":"fototacometro-dt2234b","status":"publish","type":"product","link":"https:\/\/abaa.mx\/tienda\/fototacometro-dt2234b\/","title":{"rendered":"Fototac\u00f3metro &#8211; DT2234B"},"content":{"rendered":"<p>Fototac\u00f3metro &#8211; DT2234B.<\/p>\n","protected":false},"excerpt":{"rendered":"<p>El fototac\u00f3metro modelo LT-DT2234B es un aparato compacto que opera por bater\u00edas y de un tama\u00f1o convenientemente peque\u00f1o para poder llevarlo en la mano. Podr\u00e1 realizar mediciones de revoluciones por minuto de volante rotores, y otras piezas en movimiento circular sin precisar tocarlas exponi\u00e9ndose a un accidente. El paquete incluye: Incluye equipo , manual, porci\u00f3n de cinta reflectora (600 mm), estuche de transporte.<\/p>\n<p><b>Especificaciones:<\/b><\/p>\n<ul>\n<li>Rango:5 a 99,999 RPM.<\/li>\n<\/ul>\n<p><strong>Resoluci\u00f3n:<\/strong><\/p>\n<ul>\n<li>Peso:250g (0.55 lb) \/incluyendo bater\u00edas.<\/li>\n<li>Consumo de energ\u00eda:Pila tipo \u201cAA\u201d (4 pza.) de 1.5V Aproximadamente.<\/li>\n<li>La longitud de onda:aproximadamente 645 Nm.<\/li>\n<li>Humedad Operacional:&lt; 80% RH.<\/li>\n<li>Distancia de detecci\u00f3n:50 mm &gt; x &lt; 100 mm.<\/li>\n<li>Precisi\u00f3n:\u00b1 (0.05% + 1 digito).<\/li>\n<li>Fuente de luz:Diodo del laser color Rojo de la clase 2 de menos de 1 mW.<\/li>\n<li>Temperatura de Operaci\u00f3n:0 a 50\u00b0C (32\u00b0F a 122\u00b0F).<\/li>\n<li>Dimensi\u00f3n:190 x 72 x 37 tama\u00f1o en mil\u00edmetros.<\/li>\n<li>RPM (RPM &lt; 1000) 1.0 RPM (RPM &gt; 1,000).<\/li>\n<li>Base del tiempo:Cristal de cuarzo.<\/li>\n<\/ul>\n","protected":false},"featured_media":8911,"comment_status":"open","ping_status":"closed","template":"","meta":{"_joinchat":[]},"product_brand":[],"product_cat":[132],"product_tag":[],"class_list":{"0":"post-8908","1":"product","2":"type-product","3":"status-publish","4":"has-post-thumbnail","6":"product_cat-tacometros-y-fototacometros","8":"first","9":"instock","10":"shipping-taxable","11":"product-type-simple"},"yoast_head":"<!-- This site is optimized with the Yoast SEO plugin v26.4 - https:\/\/yoast.com\/wordpress\/plugins\/seo\/ -->\n<title>Fototac\u00f3metro - DT2234B - Abaa tienda online<\/title>\n<meta name=\"robots\" content=\"index, follow, max-snippet:-1, max-image-preview:large, max-video-preview:-1\" \/>\n<link rel=\"canonical\" href=\"https:\/\/abaa.mx\/tienda\/fototacometro-dt2234b\/\" \/>\n<meta property=\"og:locale\" content=\"es_MX\" \/>\n<meta property=\"og:type\" content=\"article\" \/>\n<meta property=\"og:title\" content=\"Fototac\u00f3metro - DT2234B - Abaa tienda online\" \/>\n<meta property=\"og:description\" content=\"El fototac\u00f3metro modelo LT-DT2234B es un aparato compacto que opera por bater\u00edas y de un tama\u00f1o convenientemente peque\u00f1o para poder llevarlo en la mano. Podr\u00e1 realizar mediciones de revoluciones por minuto de volante rotores, y otras piezas en movimiento circular sin precisar tocarlas exponi\u00e9ndose a un accidente. El paquete incluye: Incluye equipo , manual, porci\u00f3n de cinta reflectora (600 mm), estuche de transporte.  Especificaciones:   Rango:5 a 99,999 RPM.  Resoluci\u00f3n:   Peso:250g (0.55 lb) \/incluyendo bater\u00edas.  Consumo de energ\u00eda:Pila tipo \u201cAA\u201d (4 pza.) de 1.5V Aproximadamente.  La longitud de onda:aproximadamente 645 Nm.  Humedad Operacional:&lt; 80% RH.  Distancia de detecci\u00f3n:50 mm &gt; x &lt; 100 mm.  Precisi\u00f3n:\u00b1 (0.05% + 1 digito).  Fuente de luz:Diodo del laser color Rojo de la clase 2 de menos de 1 mW.  Temperatura de Operaci\u00f3n:0 a 50\u00b0C (32\u00b0F a 122\u00b0F).  Dimensi\u00f3n:190 x 72 x 37 tama\u00f1o en mil\u00edmetros.  RPM (RPM &lt; 1000) 1.0 RPM (RPM &gt; 1,000).  Base del tiempo:Cristal de cuarzo.\" \/>\n<meta property=\"og:url\" content=\"https:\/\/abaa.mx\/tienda\/fototacometro-dt2234b\/\" \/>\n<meta property=\"og:site_name\" content=\"Abaa tienda online\" \/>\n<meta property=\"article:modified_time\" content=\"2023-11-15T16:04:32+00:00\" \/>\n<meta property=\"og:image\" content=\"https:\/\/abaa.mx\/tienda\/wp-content\/uploads\/2023\/11\/LUTRON-DT2234B-1.jpg\" \/>\n\t<meta property=\"og:image:width\" content=\"370\" \/>\n\t<meta property=\"og:image:height\" content=\"381\" \/>\n\t<meta property=\"og:image:type\" content=\"image\/jpeg\" \/>\n<meta name=\"twitter:card\" content=\"summary_large_image\" \/>\n<meta name=\"twitter:label1\" content=\"Tiempo de lectura\" \/>\n\t<meta name=\"twitter:data1\" content=\"1 minuto\" \/>\n<script type=\"application\/ld+json\" class=\"yoast-schema-graph\">{\"@context\":\"https:\/\/schema.org\",\"@graph\":[{\"@type\":\"WebPage\",\"@id\":\"https:\/\/abaa.mx\/tienda\/fototacometro-dt2234b\/\",\"url\":\"https:\/\/abaa.mx\/tienda\/fototacometro-dt2234b\/\",\"name\":\"Fototac\u00f3metro - DT2234B - Abaa tienda online\",\"isPartOf\":{\"@id\":\"https:\/\/abaa.mx\/tienda\/#website\"},\"primaryImageOfPage\":{\"@id\":\"https:\/\/abaa.mx\/tienda\/fototacometro-dt2234b\/#primaryimage\"},\"image\":{\"@id\":\"https:\/\/abaa.mx\/tienda\/fototacometro-dt2234b\/#primaryimage\"},\"thumbnailUrl\":\"https:\/\/abaa.mx\/tienda\/wp-content\/uploads\/2023\/11\/LUTRON-DT2234B-1.jpg\",\"datePublished\":\"2023-11-15T16:04:09+00:00\",\"dateModified\":\"2023-11-15T16:04:32+00:00\",\"breadcrumb\":{\"@id\":\"https:\/\/abaa.mx\/tienda\/fototacometro-dt2234b\/#breadcrumb\"},\"inLanguage\":\"es\",\"potentialAction\":[{\"@type\":\"ReadAction\",\"target\":[\"https:\/\/abaa.mx\/tienda\/fototacometro-dt2234b\/\"]}]},{\"@type\":\"ImageObject\",\"inLanguage\":\"es\",\"@id\":\"https:\/\/abaa.mx\/tienda\/fototacometro-dt2234b\/#primaryimage\",\"url\":\"https:\/\/abaa.mx\/tienda\/wp-content\/uploads\/2023\/11\/LUTRON-DT2234B-1.jpg\",\"contentUrl\":\"https:\/\/abaa.mx\/tienda\/wp-content\/uploads\/2023\/11\/LUTRON-DT2234B-1.jpg\",\"width\":370,\"height\":381,\"caption\":\"LUTRON-DT2234B\"},{\"@type\":\"BreadcrumbList\",\"@id\":\"https:\/\/abaa.mx\/tienda\/fototacometro-dt2234b\/#breadcrumb\",\"itemListElement\":[{\"@type\":\"ListItem\",\"position\":1,\"name\":\"Inicio\",\"item\":\"https:\/\/abaa.mx\/tienda\/\"},{\"@type\":\"ListItem\",\"position\":2,\"name\":\"Tienda\",\"item\":\"https:\/\/abaa.mx\/tienda\/\"},{\"@type\":\"ListItem\",\"position\":3,\"name\":\"Fototac\u00f3metro &#8211; DT2234B\"}]},{\"@type\":\"WebSite\",\"@id\":\"https:\/\/abaa.mx\/tienda\/#website\",\"url\":\"https:\/\/abaa.mx\/tienda\/\",\"name\":\"Abaa tienda online\",\"description\":\"Instrumentos de medici\u00f3n\",\"publisher\":{\"@id\":\"https:\/\/abaa.mx\/tienda\/#organization\"},\"potentialAction\":[{\"@type\":\"SearchAction\",\"target\":{\"@type\":\"EntryPoint\",\"urlTemplate\":\"https:\/\/abaa.mx\/tienda\/?s={search_term_string}\"},\"query-input\":{\"@type\":\"PropertyValueSpecification\",\"valueRequired\":true,\"valueName\":\"search_term_string\"}}],\"inLanguage\":\"es\"},{\"@type\":\"Organization\",\"@id\":\"https:\/\/abaa.mx\/tienda\/#organization\",\"name\":\"Abaa tienda online\",\"url\":\"https:\/\/abaa.mx\/tienda\/\",\"logo\":{\"@type\":\"ImageObject\",\"inLanguage\":\"es\",\"@id\":\"https:\/\/abaa.mx\/tienda\/#\/schema\/logo\/image\/\",\"url\":\"https:\/\/abaa.mx\/tienda\/wp-content\/uploads\/2024\/01\/abaa-metrologia-tienda.png\",\"contentUrl\":\"https:\/\/abaa.mx\/tienda\/wp-content\/uploads\/2024\/01\/abaa-metrologia-tienda.png\",\"width\":300,\"height\":141,\"caption\":\"Abaa tienda online\"},\"image\":{\"@id\":\"https:\/\/abaa.mx\/tienda\/#\/schema\/logo\/image\/\"}}]}<\/script>\n<!-- \/ Yoast SEO plugin. -->","yoast_head_json":{"title":"Fototac\u00f3metro - DT2234B - Abaa tienda online","robots":{"index":"index","follow":"follow","max-snippet":"max-snippet:-1","max-image-preview":"max-image-preview:large","max-video-preview":"max-video-preview:-1"},"canonical":"https:\/\/abaa.mx\/tienda\/fototacometro-dt2234b\/","og_locale":"es_MX","og_type":"article","og_title":"Fototac\u00f3metro - DT2234B - Abaa tienda online","og_description":"El fototac\u00f3metro modelo LT-DT2234B es un aparato compacto que opera por bater\u00edas y de un tama\u00f1o convenientemente peque\u00f1o para poder llevarlo en la mano. Podr\u00e1 realizar mediciones de revoluciones por minuto de volante rotores, y otras piezas en movimiento circular sin precisar tocarlas exponi\u00e9ndose a un accidente. El paquete incluye: Incluye equipo , manual, porci\u00f3n de cinta reflectora (600 mm), estuche de transporte.  Especificaciones:   Rango:5 a 99,999 RPM.  Resoluci\u00f3n:   Peso:250g (0.55 lb) \/incluyendo bater\u00edas.  Consumo de energ\u00eda:Pila tipo \u201cAA\u201d (4 pza.) de 1.5V Aproximadamente.  La longitud de onda:aproximadamente 645 Nm.  Humedad Operacional:&lt; 80% RH.  Distancia de detecci\u00f3n:50 mm &gt; x &lt; 100 mm.  Precisi\u00f3n:\u00b1 (0.05% + 1 digito).  Fuente de luz:Diodo del laser color Rojo de la clase 2 de menos de 1 mW.  Temperatura de Operaci\u00f3n:0 a 50\u00b0C (32\u00b0F a 122\u00b0F).  Dimensi\u00f3n:190 x 72 x 37 tama\u00f1o en mil\u00edmetros.  RPM (RPM &lt; 1000) 1.0 RPM (RPM &gt; 1,000).  Base del tiempo:Cristal de cuarzo.","og_url":"https:\/\/abaa.mx\/tienda\/fototacometro-dt2234b\/","og_site_name":"Abaa tienda online","article_modified_time":"2023-11-15T16:04:32+00:00","og_image":[{"width":370,"height":381,"url":"https:\/\/abaa.mx\/tienda\/wp-content\/uploads\/2023\/11\/LUTRON-DT2234B-1.jpg","type":"image\/jpeg"}],"twitter_card":"summary_large_image","twitter_misc":{"Tiempo de lectura":"1 minuto"},"schema":{"@context":"https:\/\/schema.org","@graph":[{"@type":"WebPage","@id":"https:\/\/abaa.mx\/tienda\/fototacometro-dt2234b\/","url":"https:\/\/abaa.mx\/tienda\/fototacometro-dt2234b\/","name":"Fototac\u00f3metro - DT2234B - Abaa tienda online","isPartOf":{"@id":"https:\/\/abaa.mx\/tienda\/#website"},"primaryImageOfPage":{"@id":"https:\/\/abaa.mx\/tienda\/fototacometro-dt2234b\/#primaryimage"},"image":{"@id":"https:\/\/abaa.mx\/tienda\/fototacometro-dt2234b\/#primaryimage"},"thumbnailUrl":"https:\/\/abaa.mx\/tienda\/wp-content\/uploads\/2023\/11\/LUTRON-DT2234B-1.jpg","datePublished":"2023-11-15T16:04:09+00:00","dateModified":"2023-11-15T16:04:32+00:00","breadcrumb":{"@id":"https:\/\/abaa.mx\/tienda\/fototacometro-dt2234b\/#breadcrumb"},"inLanguage":"es","potentialAction":[{"@type":"ReadAction","target":["https:\/\/abaa.mx\/tienda\/fototacometro-dt2234b\/"]}]},{"@type":"ImageObject","inLanguage":"es","@id":"https:\/\/abaa.mx\/tienda\/fototacometro-dt2234b\/#primaryimage","url":"https:\/\/abaa.mx\/tienda\/wp-content\/uploads\/2023\/11\/LUTRON-DT2234B-1.jpg","contentUrl":"https:\/\/abaa.mx\/tienda\/wp-content\/uploads\/2023\/11\/LUTRON-DT2234B-1.jpg","width":370,"height":381,"caption":"LUTRON-DT2234B"},{"@type":"BreadcrumbList","@id":"https:\/\/abaa.mx\/tienda\/fototacometro-dt2234b\/#breadcrumb","itemListElement":[{"@type":"ListItem","position":1,"name":"Inicio","item":"https:\/\/abaa.mx\/tienda\/"},{"@type":"ListItem","position":2,"name":"Tienda","item":"https:\/\/abaa.mx\/tienda\/"},{"@type":"ListItem","position":3,"name":"Fototac\u00f3metro &#8211; DT2234B"}]},{"@type":"WebSite","@id":"https:\/\/abaa.mx\/tienda\/#website","url":"https:\/\/abaa.mx\/tienda\/","name":"Abaa tienda online","description":"Instrumentos de medici\u00f3n","publisher":{"@id":"https:\/\/abaa.mx\/tienda\/#organization"},"potentialAction":[{"@type":"SearchAction","target":{"@type":"EntryPoint","urlTemplate":"https:\/\/abaa.mx\/tienda\/?s={search_term_string}"},"query-input":{"@type":"PropertyValueSpecification","valueRequired":true,"valueName":"search_term_string"}}],"inLanguage":"es"},{"@type":"Organization","@id":"https:\/\/abaa.mx\/tienda\/#organization","name":"Abaa tienda online","url":"https:\/\/abaa.mx\/tienda\/","logo":{"@type":"ImageObject","inLanguage":"es","@id":"https:\/\/abaa.mx\/tienda\/#\/schema\/logo\/image\/","url":"https:\/\/abaa.mx\/tienda\/wp-content\/uploads\/2024\/01\/abaa-metrologia-tienda.png","contentUrl":"https:\/\/abaa.mx\/tienda\/wp-content\/uploads\/2024\/01\/abaa-metrologia-tienda.png","width":300,"height":141,"caption":"Abaa tienda online"},"image":{"@id":"https:\/\/abaa.mx\/tienda\/#\/schema\/logo\/image\/"}}]}},"_links":{"self":[{"href":"https:\/\/abaa.mx\/tienda\/wp-json\/wp\/v2\/product\/8908","targetHints":{"allow":["GET"]}}],"collection":[{"href":"https:\/\/abaa.mx\/tienda\/wp-json\/wp\/v2\/product"}],"about":[{"href":"https:\/\/abaa.mx\/tienda\/wp-json\/wp\/v2\/types\/product"}],"replies":[{"embeddable":true,"href":"https:\/\/abaa.mx\/tienda\/wp-json\/wp\/v2\/comments?post=8908"}],"wp:featuredmedia":[{"embeddable":true,"href":"https:\/\/abaa.mx\/tienda\/wp-json\/wp\/v2\/media\/8911"}],"wp:attachment":[{"href":"https:\/\/abaa.mx\/tienda\/wp-json\/wp\/v2\/media?parent=8908"}],"wp:term":[{"taxonomy":"product_brand","embeddable":true,"href":"https:\/\/abaa.mx\/tienda\/wp-json\/wp\/v2\/product_brand?post=8908"},{"taxonomy":"product_cat","embeddable":true,"href":"https:\/\/abaa.mx\/tienda\/wp-json\/wp\/v2\/product_cat?post=8908"},{"taxonomy":"product_tag","embeddable":true,"href":"https:\/\/abaa.mx\/tienda\/wp-json\/wp\/v2\/product_tag?post=8908"}],"curies":[{"name":"wp","href":"https:\/\/api.w.org\/{rel}","templated":true}]}}