{"id":8890,"date":"2023-11-14T21:02:50","date_gmt":"2023-11-14T21:02:50","guid":{"rendered":"https:\/\/abaa.mx\/tienda\/?post_type=product&#038;p=8890"},"modified":"2023-11-14T21:02:50","modified_gmt":"2023-11-14T21:02:50","slug":"dosimetro-de-ruido-salida-usb-tenmars","status":"publish","type":"product","link":"https:\/\/abaa.mx\/tienda\/dosimetro-de-ruido-salida-usb-tenmars\/","title":{"rendered":"Dosimetro de Ruido, salida USB, Tenmars"},"content":{"rendered":"<p>Dosimetro de Ruido, salida USB, Tenmars.<\/p>\n","protected":false},"excerpt":{"rendered":"<h4><strong>Medidor de dosis de ruido ST-130<\/strong>\u00a0<strong>Rangos de medida:<\/strong><\/h4>\n<ul>\n<li>Peso m\u00e1ximo: C\/Z.<\/li>\n<li>Seg\u00fan la norma: IEC 61252-1993, IEC 61672-2002, ANSI S1.25-1992, ANSI S1.4-1983, ANSI S1.43-1997.<\/li>\n<li>Frecuencia: 31.5-8KHz.<\/li>\n<li>Rango de visualizaci\u00f3n: 30-90dB, 50-110dB, 70-140dB.<\/li>\n<li>Rango de pico: 90-143 (pico).<\/li>\n<li>Rango de prueba: 41-86dB, 55-106dB, 75-125dB.<\/li>\n<li>Ponderaci\u00f3n de frecuencia: A\/C\/Z.<\/li>\n<li>Duraci\u00f3n de la bater\u00eda:&gt;24 h.<\/li>\n<\/ul>\n<h4><strong>Caracter\u00edsticas:<\/strong><\/h4>\n<ul>\n<li>Los datos incluyen el tiempo de inicio \/ parada,% de dosis, TWA8, LEP, 8h, Leq, SEL, LN%.<\/li>\n<li>Realizar encuestas de acumulaci\u00f3n de ruido OSHA e IEC.<\/li>\n<li>Capacidad del registrador de datos: 10,000 registros para medidor de dosis de ruido 1,000,000 registros para medidor de nivel de sonido.<\/li>\n<li>Interfaz USB con Windows XP\/Vista\/7\/8\/10.<\/li>\n<li>Seis configuraciones de medici\u00f3n de dosis est\u00e1ndar incorporadas: OSHA, MSHA, DOD, ACGIH, ISO85, ISO90.<\/li>\n<li>En el modo de nivel de sonido, el medidor muestra el nivel de sonido, el nivel de sonido.<\/li>\n<li>SPLMAX, SPLmin, peakMAX, cuando se usa en el modo de medidor de dosis.<\/li>\n<li>promediado en el tiempo (Leq), el peakMAX y el nivel de exposici\u00f3n del sonido (SEL).<\/li>\n<li>Una configuraci\u00f3n de medici\u00f3n definida por el usuario.<\/li>\n<li>Nivel de criterio ajustable, tasa de cambio y umbral.<\/li>\n<\/ul>\n","protected":false},"featured_media":8891,"comment_status":"open","ping_status":"closed","template":"","meta":{"_joinchat":[]},"product_brand":[],"product_cat":[131],"product_tag":[],"class_list":{"0":"post-8890","1":"product","2":"type-product","3":"status-publish","4":"has-post-thumbnail","6":"product_cat-sonometros","8":"first","9":"instock","10":"shipping-taxable","11":"product-type-simple"},"yoast_head":"<!-- This site is optimized with the Yoast SEO plugin v26.4 - https:\/\/yoast.com\/wordpress\/plugins\/seo\/ -->\n<title>Dosimetro de Ruido, salida USB, Tenmars - Abaa tienda online<\/title>\n<meta name=\"robots\" content=\"index, follow, max-snippet:-1, max-image-preview:large, max-video-preview:-1\" \/>\n<link rel=\"canonical\" href=\"https:\/\/abaa.mx\/tienda\/dosimetro-de-ruido-salida-usb-tenmars\/\" \/>\n<meta property=\"og:locale\" content=\"es_MX\" \/>\n<meta property=\"og:type\" content=\"article\" \/>\n<meta property=\"og:title\" content=\"Dosimetro de Ruido, salida USB, Tenmars - Abaa tienda online\" \/>\n<meta property=\"og:description\" content=\"Medidor de dosis de ruido ST-130\u00a0Rangos de medida:   Peso m\u00e1ximo: C\/Z.  Seg\u00fan la norma: IEC 61252-1993, IEC 61672-2002, ANSI S1.25-1992, ANSI S1.4-1983, ANSI S1.43-1997.  Frecuencia: 31.5-8KHz.  Rango de visualizaci\u00f3n: 30-90dB, 50-110dB, 70-140dB.  Rango de pico: 90-143 (pico).  Rango de prueba: 41-86dB, 55-106dB, 75-125dB.  Ponderaci\u00f3n de frecuencia: A\/C\/Z.  Duraci\u00f3n de la bater\u00eda:&gt;24 h.  Caracter\u00edsticas:   Los datos incluyen el tiempo de inicio \/ parada,% de dosis, TWA8, LEP, 8h, Leq, SEL, LN%.  Realizar encuestas de acumulaci\u00f3n de ruido OSHA e IEC.  Capacidad del registrador de datos: 10,000 registros para medidor de dosis de ruido 1,000,000 registros para medidor de nivel de sonido.  Interfaz USB con Windows XP\/Vista\/7\/8\/10.  Seis configuraciones de medici\u00f3n de dosis est\u00e1ndar incorporadas: OSHA, MSHA, DOD, ACGIH, ISO85, ISO90.  En el modo de nivel de sonido, el medidor muestra el nivel de sonido, el nivel de sonido.  SPLMAX, SPLmin, peakMAX, cuando se usa en el modo de medidor de dosis.  promediado en el tiempo (Leq), el peakMAX y el nivel de exposici\u00f3n del sonido (SEL).  Una configuraci\u00f3n de medici\u00f3n definida por el usuario.  Nivel de criterio ajustable, tasa de cambio y umbral.\" \/>\n<meta property=\"og:url\" content=\"https:\/\/abaa.mx\/tienda\/dosimetro-de-ruido-salida-usb-tenmars\/\" \/>\n<meta property=\"og:site_name\" content=\"Abaa tienda online\" \/>\n<meta property=\"og:image\" content=\"https:\/\/abaa.mx\/tienda\/wp-content\/uploads\/2023\/11\/TENMARS-TENMARS.jpg\" \/>\n\t<meta property=\"og:image:width\" content=\"800\" \/>\n\t<meta property=\"og:image:height\" content=\"411\" \/>\n\t<meta property=\"og:image:type\" content=\"image\/jpeg\" \/>\n<meta name=\"twitter:card\" content=\"summary_large_image\" \/>\n<meta name=\"twitter:label1\" content=\"Tiempo de lectura\" \/>\n\t<meta name=\"twitter:data1\" content=\"1 minuto\" \/>\n<script type=\"application\/ld+json\" class=\"yoast-schema-graph\">{\"@context\":\"https:\/\/schema.org\",\"@graph\":[{\"@type\":\"WebPage\",\"@id\":\"https:\/\/abaa.mx\/tienda\/dosimetro-de-ruido-salida-usb-tenmars\/\",\"url\":\"https:\/\/abaa.mx\/tienda\/dosimetro-de-ruido-salida-usb-tenmars\/\",\"name\":\"Dosimetro de Ruido, salida USB, Tenmars - Abaa tienda online\",\"isPartOf\":{\"@id\":\"https:\/\/abaa.mx\/tienda\/#website\"},\"primaryImageOfPage\":{\"@id\":\"https:\/\/abaa.mx\/tienda\/dosimetro-de-ruido-salida-usb-tenmars\/#primaryimage\"},\"image\":{\"@id\":\"https:\/\/abaa.mx\/tienda\/dosimetro-de-ruido-salida-usb-tenmars\/#primaryimage\"},\"thumbnailUrl\":\"https:\/\/abaa.mx\/tienda\/wp-content\/uploads\/2023\/11\/TENMARS-TENMARS.jpg\",\"datePublished\":\"2023-11-14T21:02:50+00:00\",\"breadcrumb\":{\"@id\":\"https:\/\/abaa.mx\/tienda\/dosimetro-de-ruido-salida-usb-tenmars\/#breadcrumb\"},\"inLanguage\":\"es\",\"potentialAction\":[{\"@type\":\"ReadAction\",\"target\":[\"https:\/\/abaa.mx\/tienda\/dosimetro-de-ruido-salida-usb-tenmars\/\"]}]},{\"@type\":\"ImageObject\",\"inLanguage\":\"es\",\"@id\":\"https:\/\/abaa.mx\/tienda\/dosimetro-de-ruido-salida-usb-tenmars\/#primaryimage\",\"url\":\"https:\/\/abaa.mx\/tienda\/wp-content\/uploads\/2023\/11\/TENMARS-TENMARS.jpg\",\"contentUrl\":\"https:\/\/abaa.mx\/tienda\/wp-content\/uploads\/2023\/11\/TENMARS-TENMARS.jpg\",\"width\":800,\"height\":411,\"caption\":\"TENMARS-TENMARS\"},{\"@type\":\"BreadcrumbList\",\"@id\":\"https:\/\/abaa.mx\/tienda\/dosimetro-de-ruido-salida-usb-tenmars\/#breadcrumb\",\"itemListElement\":[{\"@type\":\"ListItem\",\"position\":1,\"name\":\"Inicio\",\"item\":\"https:\/\/abaa.mx\/tienda\/\"},{\"@type\":\"ListItem\",\"position\":2,\"name\":\"Tienda\",\"item\":\"https:\/\/abaa.mx\/tienda\/\"},{\"@type\":\"ListItem\",\"position\":3,\"name\":\"Dosimetro de Ruido, salida USB, Tenmars\"}]},{\"@type\":\"WebSite\",\"@id\":\"https:\/\/abaa.mx\/tienda\/#website\",\"url\":\"https:\/\/abaa.mx\/tienda\/\",\"name\":\"Abaa tienda online\",\"description\":\"Instrumentos de medici\u00f3n\",\"publisher\":{\"@id\":\"https:\/\/abaa.mx\/tienda\/#organization\"},\"potentialAction\":[{\"@type\":\"SearchAction\",\"target\":{\"@type\":\"EntryPoint\",\"urlTemplate\":\"https:\/\/abaa.mx\/tienda\/?s={search_term_string}\"},\"query-input\":{\"@type\":\"PropertyValueSpecification\",\"valueRequired\":true,\"valueName\":\"search_term_string\"}}],\"inLanguage\":\"es\"},{\"@type\":\"Organization\",\"@id\":\"https:\/\/abaa.mx\/tienda\/#organization\",\"name\":\"Abaa tienda online\",\"url\":\"https:\/\/abaa.mx\/tienda\/\",\"logo\":{\"@type\":\"ImageObject\",\"inLanguage\":\"es\",\"@id\":\"https:\/\/abaa.mx\/tienda\/#\/schema\/logo\/image\/\",\"url\":\"https:\/\/abaa.mx\/tienda\/wp-content\/uploads\/2024\/01\/abaa-metrologia-tienda.png\",\"contentUrl\":\"https:\/\/abaa.mx\/tienda\/wp-content\/uploads\/2024\/01\/abaa-metrologia-tienda.png\",\"width\":300,\"height\":141,\"caption\":\"Abaa tienda online\"},\"image\":{\"@id\":\"https:\/\/abaa.mx\/tienda\/#\/schema\/logo\/image\/\"}}]}<\/script>\n<!-- \/ Yoast SEO plugin. -->","yoast_head_json":{"title":"Dosimetro de Ruido, salida USB, Tenmars - Abaa tienda online","robots":{"index":"index","follow":"follow","max-snippet":"max-snippet:-1","max-image-preview":"max-image-preview:large","max-video-preview":"max-video-preview:-1"},"canonical":"https:\/\/abaa.mx\/tienda\/dosimetro-de-ruido-salida-usb-tenmars\/","og_locale":"es_MX","og_type":"article","og_title":"Dosimetro de Ruido, salida USB, Tenmars - Abaa tienda online","og_description":"Medidor de dosis de ruido ST-130\u00a0Rangos de medida:   Peso m\u00e1ximo: C\/Z.  Seg\u00fan la norma: IEC 61252-1993, IEC 61672-2002, ANSI S1.25-1992, ANSI S1.4-1983, ANSI S1.43-1997.  Frecuencia: 31.5-8KHz.  Rango de visualizaci\u00f3n: 30-90dB, 50-110dB, 70-140dB.  Rango de pico: 90-143 (pico).  Rango de prueba: 41-86dB, 55-106dB, 75-125dB.  Ponderaci\u00f3n de frecuencia: A\/C\/Z.  Duraci\u00f3n de la bater\u00eda:&gt;24 h.  Caracter\u00edsticas:   Los datos incluyen el tiempo de inicio \/ parada,% de dosis, TWA8, LEP, 8h, Leq, SEL, LN%.  Realizar encuestas de acumulaci\u00f3n de ruido OSHA e IEC.  Capacidad del registrador de datos: 10,000 registros para medidor de dosis de ruido 1,000,000 registros para medidor de nivel de sonido.  Interfaz USB con Windows XP\/Vista\/7\/8\/10.  Seis configuraciones de medici\u00f3n de dosis est\u00e1ndar incorporadas: OSHA, MSHA, DOD, ACGIH, ISO85, ISO90.  En el modo de nivel de sonido, el medidor muestra el nivel de sonido, el nivel de sonido.  SPLMAX, SPLmin, peakMAX, cuando se usa en el modo de medidor de dosis.  promediado en el tiempo (Leq), el peakMAX y el nivel de exposici\u00f3n del sonido (SEL).  Una configuraci\u00f3n de medici\u00f3n definida por el usuario.  Nivel de criterio ajustable, tasa de cambio y umbral.","og_url":"https:\/\/abaa.mx\/tienda\/dosimetro-de-ruido-salida-usb-tenmars\/","og_site_name":"Abaa tienda online","og_image":[{"width":800,"height":411,"url":"https:\/\/abaa.mx\/tienda\/wp-content\/uploads\/2023\/11\/TENMARS-TENMARS.jpg","type":"image\/jpeg"}],"twitter_card":"summary_large_image","twitter_misc":{"Tiempo de lectura":"1 minuto"},"schema":{"@context":"https:\/\/schema.org","@graph":[{"@type":"WebPage","@id":"https:\/\/abaa.mx\/tienda\/dosimetro-de-ruido-salida-usb-tenmars\/","url":"https:\/\/abaa.mx\/tienda\/dosimetro-de-ruido-salida-usb-tenmars\/","name":"Dosimetro de Ruido, salida USB, Tenmars - Abaa tienda online","isPartOf":{"@id":"https:\/\/abaa.mx\/tienda\/#website"},"primaryImageOfPage":{"@id":"https:\/\/abaa.mx\/tienda\/dosimetro-de-ruido-salida-usb-tenmars\/#primaryimage"},"image":{"@id":"https:\/\/abaa.mx\/tienda\/dosimetro-de-ruido-salida-usb-tenmars\/#primaryimage"},"thumbnailUrl":"https:\/\/abaa.mx\/tienda\/wp-content\/uploads\/2023\/11\/TENMARS-TENMARS.jpg","datePublished":"2023-11-14T21:02:50+00:00","breadcrumb":{"@id":"https:\/\/abaa.mx\/tienda\/dosimetro-de-ruido-salida-usb-tenmars\/#breadcrumb"},"inLanguage":"es","potentialAction":[{"@type":"ReadAction","target":["https:\/\/abaa.mx\/tienda\/dosimetro-de-ruido-salida-usb-tenmars\/"]}]},{"@type":"ImageObject","inLanguage":"es","@id":"https:\/\/abaa.mx\/tienda\/dosimetro-de-ruido-salida-usb-tenmars\/#primaryimage","url":"https:\/\/abaa.mx\/tienda\/wp-content\/uploads\/2023\/11\/TENMARS-TENMARS.jpg","contentUrl":"https:\/\/abaa.mx\/tienda\/wp-content\/uploads\/2023\/11\/TENMARS-TENMARS.jpg","width":800,"height":411,"caption":"TENMARS-TENMARS"},{"@type":"BreadcrumbList","@id":"https:\/\/abaa.mx\/tienda\/dosimetro-de-ruido-salida-usb-tenmars\/#breadcrumb","itemListElement":[{"@type":"ListItem","position":1,"name":"Inicio","item":"https:\/\/abaa.mx\/tienda\/"},{"@type":"ListItem","position":2,"name":"Tienda","item":"https:\/\/abaa.mx\/tienda\/"},{"@type":"ListItem","position":3,"name":"Dosimetro de Ruido, salida USB, Tenmars"}]},{"@type":"WebSite","@id":"https:\/\/abaa.mx\/tienda\/#website","url":"https:\/\/abaa.mx\/tienda\/","name":"Abaa tienda online","description":"Instrumentos de medici\u00f3n","publisher":{"@id":"https:\/\/abaa.mx\/tienda\/#organization"},"potentialAction":[{"@type":"SearchAction","target":{"@type":"EntryPoint","urlTemplate":"https:\/\/abaa.mx\/tienda\/?s={search_term_string}"},"query-input":{"@type":"PropertyValueSpecification","valueRequired":true,"valueName":"search_term_string"}}],"inLanguage":"es"},{"@type":"Organization","@id":"https:\/\/abaa.mx\/tienda\/#organization","name":"Abaa tienda online","url":"https:\/\/abaa.mx\/tienda\/","logo":{"@type":"ImageObject","inLanguage":"es","@id":"https:\/\/abaa.mx\/tienda\/#\/schema\/logo\/image\/","url":"https:\/\/abaa.mx\/tienda\/wp-content\/uploads\/2024\/01\/abaa-metrologia-tienda.png","contentUrl":"https:\/\/abaa.mx\/tienda\/wp-content\/uploads\/2024\/01\/abaa-metrologia-tienda.png","width":300,"height":141,"caption":"Abaa tienda online"},"image":{"@id":"https:\/\/abaa.mx\/tienda\/#\/schema\/logo\/image\/"}}]}},"_links":{"self":[{"href":"https:\/\/abaa.mx\/tienda\/wp-json\/wp\/v2\/product\/8890","targetHints":{"allow":["GET"]}}],"collection":[{"href":"https:\/\/abaa.mx\/tienda\/wp-json\/wp\/v2\/product"}],"about":[{"href":"https:\/\/abaa.mx\/tienda\/wp-json\/wp\/v2\/types\/product"}],"replies":[{"embeddable":true,"href":"https:\/\/abaa.mx\/tienda\/wp-json\/wp\/v2\/comments?post=8890"}],"wp:featuredmedia":[{"embeddable":true,"href":"https:\/\/abaa.mx\/tienda\/wp-json\/wp\/v2\/media\/8891"}],"wp:attachment":[{"href":"https:\/\/abaa.mx\/tienda\/wp-json\/wp\/v2\/media?parent=8890"}],"wp:term":[{"taxonomy":"product_brand","embeddable":true,"href":"https:\/\/abaa.mx\/tienda\/wp-json\/wp\/v2\/product_brand?post=8890"},{"taxonomy":"product_cat","embeddable":true,"href":"https:\/\/abaa.mx\/tienda\/wp-json\/wp\/v2\/product_cat?post=8890"},{"taxonomy":"product_tag","embeddable":true,"href":"https:\/\/abaa.mx\/tienda\/wp-json\/wp\/v2\/product_tag?post=8890"}],"curies":[{"name":"wp","href":"https:\/\/api.w.org\/{rel}","templated":true}]}}