{"id":8848,"date":"2023-11-13T20:37:00","date_gmt":"2023-11-13T20:37:00","guid":{"rendered":"https:\/\/abaa.mx\/tienda\/?post_type=product&#038;p=8848"},"modified":"2023-11-13T20:37:01","modified_gmt":"2023-11-13T20:37:01","slug":"rugosimetro-digital-gr110","status":"publish","type":"product","link":"https:\/\/abaa.mx\/tienda\/rugosimetro-digital-gr110\/","title":{"rendered":"Rugos\u00edmetro Digital &#8211; GR110"},"content":{"rendered":"<p>Rugos\u00edmetro Digital &#8211; GR110.<\/p>\n","protected":false},"excerpt":{"rendered":"<p>El rugos\u00edmetro port\u00e1til modelo GL-GR110 es un equipo apropiado para empleo de forma directa en la l\u00ednea de producci\u00f3n y puede utilizarse para medir la rugosidad superficial de una variedad de piezas maquinadas, calcula diferentes factores de rugosidad conforme a las configuraciones de medici\u00f3n elegidas. Cuenta con un display LCD org\u00e1nica de prominente brillo donde pueden visualizarse claramente los factores y los resultados de medici\u00f3n. Es extensamente empleado en el sitio de producci\u00f3n para medir la rugosidad superficial de piezas sometidas a desarrollo de maquinado , calcula la rugosidad pertinente y exhibe los par\u00e1metros de medici\u00f3n en su pantalla. Se apega a los requerimientos de medici\u00f3n de los est\u00e1ndares internacionales ISO4287 y ANSI 1461.<\/p>\n<p><b>Especificaciones:<\/b><\/p>\n<ul>\n<li>Rango de medici\u00f3n de la sonda:+\/- 80 ?m.<\/li>\n<li>Fuente de poder:Pila recargable de Ion Litio.<\/li>\n<li>Resoluci\u00f3n:rango bajo: 0.01 ?m \/ rango alto: 1 ?m.<\/li>\n<li>Recorridos del sensor:0.25 mm, 0.8 mm, 2.5 mm.<\/li>\n<li>Precisi\u00f3n:+\/- 15% o mejor.<\/li>\n<li>Peso:200g.<\/li>\n<li>Repetitividad:+\/- 12%.<\/li>\n<li>Dimensiones:106 x 70 x 24 mm.<\/li>\n<li>Par\u00e1metros en medici\u00f3n (\u00b5m): Ra Rz Rq Rt.<\/li>\n<li>Longitud del Barrido (mm): 6.<\/li>\n<li>Longitud de Muestreo (mm): 0.25, 0.80, 2.50.<\/li>\n<li>Longitud de Evaluaci\u00f3n (mm): 1.25, 4.0.<\/li>\n<li>Rango de medici\u00f3n (\u00b5m): Ra: 0.05 ~ 10.0 Rz: 0.10 ~ 50.0 Error de Indicaci\u00f3n: \u00b115 %.<\/li>\n<li>Variaci\u00f3n en Indicaci\u00f3n: &lt; 12 %.<\/li>\n<li>Radio del Arco de la Punta: 10 \u00b5 M \u00b11 \u00b5m.<\/li>\n<li>Angulo: 90 &#8211; 10\u00b0+ 5\u00b0 Fuerza est\u00e1tica.<\/li>\n<li>Valor de fuerza est\u00e1tica: \u22640.016N.<\/li>\n<li>Fuerza de medici\u00f3n: \u2264 800N\/m.<\/li>\n<\/ul>\n","protected":false},"featured_media":8851,"comment_status":"open","ping_status":"closed","template":"","meta":{"_joinchat":[]},"product_brand":[],"product_cat":[130],"product_tag":[],"class_list":{"0":"post-8848","1":"product","2":"type-product","3":"status-publish","4":"has-post-thumbnail","6":"product_cat-rugosimetros","8":"first","9":"instock","10":"shipping-taxable","11":"product-type-simple"},"yoast_head":"<!-- This site is optimized with the Yoast SEO plugin v26.4 - https:\/\/yoast.com\/wordpress\/plugins\/seo\/ -->\n<title>Rugos\u00edmetro Digital - GR110 - Abaa tienda online<\/title>\n<meta name=\"robots\" content=\"index, follow, max-snippet:-1, max-image-preview:large, max-video-preview:-1\" \/>\n<link rel=\"canonical\" href=\"https:\/\/abaa.mx\/tienda\/rugosimetro-digital-gr110\/\" \/>\n<meta property=\"og:locale\" content=\"es_MX\" \/>\n<meta property=\"og:type\" content=\"article\" \/>\n<meta property=\"og:title\" content=\"Rugos\u00edmetro Digital - GR110 - Abaa tienda online\" \/>\n<meta property=\"og:description\" content=\"El rugos\u00edmetro port\u00e1til modelo GL-GR110 es un equipo apropiado para empleo de forma directa en la l\u00ednea de producci\u00f3n y puede utilizarse para medir la rugosidad superficial de una variedad de piezas maquinadas, calcula diferentes factores de rugosidad conforme a las configuraciones de medici\u00f3n elegidas. Cuenta con un display LCD org\u00e1nica de prominente brillo donde pueden visualizarse claramente los factores y los resultados de medici\u00f3n. Es extensamente empleado en el sitio de producci\u00f3n para medir la rugosidad superficial de piezas sometidas a desarrollo de maquinado , calcula la rugosidad pertinente y exhibe los par\u00e1metros de medici\u00f3n en su pantalla. Se apega a los requerimientos de medici\u00f3n de los est\u00e1ndares internacionales ISO4287 y ANSI 1461.  Especificaciones:   Rango de medici\u00f3n de la sonda:+\/- 80 ?m.  Fuente de poder:Pila recargable de Ion Litio.  Resoluci\u00f3n:rango bajo: 0.01 ?m \/ rango alto: 1 ?m.  Recorridos del sensor:0.25 mm, 0.8 mm, 2.5 mm.  Precisi\u00f3n:+\/- 15% o mejor.  Peso:200g.  Repetitividad:+\/- 12%.  Dimensiones:106 x 70 x 24 mm.  Par\u00e1metros en medici\u00f3n (\u00b5m): Ra Rz Rq Rt.  Longitud del Barrido (mm): 6.  Longitud de Muestreo (mm): 0.25, 0.80, 2.50.  Longitud de Evaluaci\u00f3n (mm): 1.25, 4.0.  Rango de medici\u00f3n (\u00b5m): Ra: 0.05 ~ 10.0 Rz: 0.10 ~ 50.0 Error de Indicaci\u00f3n: \u00b115 %.  Variaci\u00f3n en Indicaci\u00f3n: &lt; 12 %.  Radio del Arco de la Punta: 10 \u00b5 M \u00b11 \u00b5m.  Angulo: 90 - 10\u00b0+ 5\u00b0 Fuerza est\u00e1tica.  Valor de fuerza est\u00e1tica: \u22640.016N.  Fuerza de medici\u00f3n: \u2264 800N\/m.\" \/>\n<meta property=\"og:url\" content=\"https:\/\/abaa.mx\/tienda\/rugosimetro-digital-gr110\/\" \/>\n<meta property=\"og:site_name\" content=\"Abaa tienda online\" \/>\n<meta property=\"article:modified_time\" content=\"2023-11-13T20:37:01+00:00\" \/>\n<meta property=\"og:image\" content=\"https:\/\/abaa.mx\/tienda\/wp-content\/uploads\/2023\/11\/GALAXY-GR110-2.jpg\" \/>\n\t<meta property=\"og:image:width\" content=\"360\" \/>\n\t<meta property=\"og:image:height\" content=\"412\" \/>\n\t<meta property=\"og:image:type\" content=\"image\/jpeg\" \/>\n<meta name=\"twitter:card\" content=\"summary_large_image\" \/>\n<meta name=\"twitter:label1\" content=\"Tiempo de lectura\" \/>\n\t<meta name=\"twitter:data1\" content=\"1 minuto\" \/>\n<script type=\"application\/ld+json\" class=\"yoast-schema-graph\">{\"@context\":\"https:\/\/schema.org\",\"@graph\":[{\"@type\":\"WebPage\",\"@id\":\"https:\/\/abaa.mx\/tienda\/rugosimetro-digital-gr110\/\",\"url\":\"https:\/\/abaa.mx\/tienda\/rugosimetro-digital-gr110\/\",\"name\":\"Rugos\u00edmetro Digital - GR110 - Abaa tienda online\",\"isPartOf\":{\"@id\":\"https:\/\/abaa.mx\/tienda\/#website\"},\"primaryImageOfPage\":{\"@id\":\"https:\/\/abaa.mx\/tienda\/rugosimetro-digital-gr110\/#primaryimage\"},\"image\":{\"@id\":\"https:\/\/abaa.mx\/tienda\/rugosimetro-digital-gr110\/#primaryimage\"},\"thumbnailUrl\":\"https:\/\/abaa.mx\/tienda\/wp-content\/uploads\/2023\/11\/GALAXY-GR110-2.jpg\",\"datePublished\":\"2023-11-13T20:37:00+00:00\",\"dateModified\":\"2023-11-13T20:37:01+00:00\",\"breadcrumb\":{\"@id\":\"https:\/\/abaa.mx\/tienda\/rugosimetro-digital-gr110\/#breadcrumb\"},\"inLanguage\":\"es\",\"potentialAction\":[{\"@type\":\"ReadAction\",\"target\":[\"https:\/\/abaa.mx\/tienda\/rugosimetro-digital-gr110\/\"]}]},{\"@type\":\"ImageObject\",\"inLanguage\":\"es\",\"@id\":\"https:\/\/abaa.mx\/tienda\/rugosimetro-digital-gr110\/#primaryimage\",\"url\":\"https:\/\/abaa.mx\/tienda\/wp-content\/uploads\/2023\/11\/GALAXY-GR110-2.jpg\",\"contentUrl\":\"https:\/\/abaa.mx\/tienda\/wp-content\/uploads\/2023\/11\/GALAXY-GR110-2.jpg\",\"width\":360,\"height\":412,\"caption\":\"GALAXY-GR110\"},{\"@type\":\"BreadcrumbList\",\"@id\":\"https:\/\/abaa.mx\/tienda\/rugosimetro-digital-gr110\/#breadcrumb\",\"itemListElement\":[{\"@type\":\"ListItem\",\"position\":1,\"name\":\"Inicio\",\"item\":\"https:\/\/abaa.mx\/tienda\/\"},{\"@type\":\"ListItem\",\"position\":2,\"name\":\"Tienda\",\"item\":\"https:\/\/abaa.mx\/tienda\/\"},{\"@type\":\"ListItem\",\"position\":3,\"name\":\"Rugos\u00edmetro Digital &#8211; GR110\"}]},{\"@type\":\"WebSite\",\"@id\":\"https:\/\/abaa.mx\/tienda\/#website\",\"url\":\"https:\/\/abaa.mx\/tienda\/\",\"name\":\"Abaa tienda online\",\"description\":\"Instrumentos de medici\u00f3n\",\"publisher\":{\"@id\":\"https:\/\/abaa.mx\/tienda\/#organization\"},\"potentialAction\":[{\"@type\":\"SearchAction\",\"target\":{\"@type\":\"EntryPoint\",\"urlTemplate\":\"https:\/\/abaa.mx\/tienda\/?s={search_term_string}\"},\"query-input\":{\"@type\":\"PropertyValueSpecification\",\"valueRequired\":true,\"valueName\":\"search_term_string\"}}],\"inLanguage\":\"es\"},{\"@type\":\"Organization\",\"@id\":\"https:\/\/abaa.mx\/tienda\/#organization\",\"name\":\"Abaa tienda online\",\"url\":\"https:\/\/abaa.mx\/tienda\/\",\"logo\":{\"@type\":\"ImageObject\",\"inLanguage\":\"es\",\"@id\":\"https:\/\/abaa.mx\/tienda\/#\/schema\/logo\/image\/\",\"url\":\"https:\/\/abaa.mx\/tienda\/wp-content\/uploads\/2024\/01\/abaa-metrologia-tienda.png\",\"contentUrl\":\"https:\/\/abaa.mx\/tienda\/wp-content\/uploads\/2024\/01\/abaa-metrologia-tienda.png\",\"width\":300,\"height\":141,\"caption\":\"Abaa tienda online\"},\"image\":{\"@id\":\"https:\/\/abaa.mx\/tienda\/#\/schema\/logo\/image\/\"}}]}<\/script>\n<!-- \/ Yoast SEO plugin. -->","yoast_head_json":{"title":"Rugos\u00edmetro Digital - GR110 - Abaa tienda online","robots":{"index":"index","follow":"follow","max-snippet":"max-snippet:-1","max-image-preview":"max-image-preview:large","max-video-preview":"max-video-preview:-1"},"canonical":"https:\/\/abaa.mx\/tienda\/rugosimetro-digital-gr110\/","og_locale":"es_MX","og_type":"article","og_title":"Rugos\u00edmetro Digital - GR110 - Abaa tienda online","og_description":"El rugos\u00edmetro port\u00e1til modelo GL-GR110 es un equipo apropiado para empleo de forma directa en la l\u00ednea de producci\u00f3n y puede utilizarse para medir la rugosidad superficial de una variedad de piezas maquinadas, calcula diferentes factores de rugosidad conforme a las configuraciones de medici\u00f3n elegidas. Cuenta con un display LCD org\u00e1nica de prominente brillo donde pueden visualizarse claramente los factores y los resultados de medici\u00f3n. Es extensamente empleado en el sitio de producci\u00f3n para medir la rugosidad superficial de piezas sometidas a desarrollo de maquinado , calcula la rugosidad pertinente y exhibe los par\u00e1metros de medici\u00f3n en su pantalla. Se apega a los requerimientos de medici\u00f3n de los est\u00e1ndares internacionales ISO4287 y ANSI 1461.  Especificaciones:   Rango de medici\u00f3n de la sonda:+\/- 80 ?m.  Fuente de poder:Pila recargable de Ion Litio.  Resoluci\u00f3n:rango bajo: 0.01 ?m \/ rango alto: 1 ?m.  Recorridos del sensor:0.25 mm, 0.8 mm, 2.5 mm.  Precisi\u00f3n:+\/- 15% o mejor.  Peso:200g.  Repetitividad:+\/- 12%.  Dimensiones:106 x 70 x 24 mm.  Par\u00e1metros en medici\u00f3n (\u00b5m): Ra Rz Rq Rt.  Longitud del Barrido (mm): 6.  Longitud de Muestreo (mm): 0.25, 0.80, 2.50.  Longitud de Evaluaci\u00f3n (mm): 1.25, 4.0.  Rango de medici\u00f3n (\u00b5m): Ra: 0.05 ~ 10.0 Rz: 0.10 ~ 50.0 Error de Indicaci\u00f3n: \u00b115 %.  Variaci\u00f3n en Indicaci\u00f3n: &lt; 12 %.  Radio del Arco de la Punta: 10 \u00b5 M \u00b11 \u00b5m.  Angulo: 90 - 10\u00b0+ 5\u00b0 Fuerza est\u00e1tica.  Valor de fuerza est\u00e1tica: \u22640.016N.  Fuerza de medici\u00f3n: \u2264 800N\/m.","og_url":"https:\/\/abaa.mx\/tienda\/rugosimetro-digital-gr110\/","og_site_name":"Abaa tienda online","article_modified_time":"2023-11-13T20:37:01+00:00","og_image":[{"width":360,"height":412,"url":"https:\/\/abaa.mx\/tienda\/wp-content\/uploads\/2023\/11\/GALAXY-GR110-2.jpg","type":"image\/jpeg"}],"twitter_card":"summary_large_image","twitter_misc":{"Tiempo de lectura":"1 minuto"},"schema":{"@context":"https:\/\/schema.org","@graph":[{"@type":"WebPage","@id":"https:\/\/abaa.mx\/tienda\/rugosimetro-digital-gr110\/","url":"https:\/\/abaa.mx\/tienda\/rugosimetro-digital-gr110\/","name":"Rugos\u00edmetro Digital - GR110 - Abaa tienda online","isPartOf":{"@id":"https:\/\/abaa.mx\/tienda\/#website"},"primaryImageOfPage":{"@id":"https:\/\/abaa.mx\/tienda\/rugosimetro-digital-gr110\/#primaryimage"},"image":{"@id":"https:\/\/abaa.mx\/tienda\/rugosimetro-digital-gr110\/#primaryimage"},"thumbnailUrl":"https:\/\/abaa.mx\/tienda\/wp-content\/uploads\/2023\/11\/GALAXY-GR110-2.jpg","datePublished":"2023-11-13T20:37:00+00:00","dateModified":"2023-11-13T20:37:01+00:00","breadcrumb":{"@id":"https:\/\/abaa.mx\/tienda\/rugosimetro-digital-gr110\/#breadcrumb"},"inLanguage":"es","potentialAction":[{"@type":"ReadAction","target":["https:\/\/abaa.mx\/tienda\/rugosimetro-digital-gr110\/"]}]},{"@type":"ImageObject","inLanguage":"es","@id":"https:\/\/abaa.mx\/tienda\/rugosimetro-digital-gr110\/#primaryimage","url":"https:\/\/abaa.mx\/tienda\/wp-content\/uploads\/2023\/11\/GALAXY-GR110-2.jpg","contentUrl":"https:\/\/abaa.mx\/tienda\/wp-content\/uploads\/2023\/11\/GALAXY-GR110-2.jpg","width":360,"height":412,"caption":"GALAXY-GR110"},{"@type":"BreadcrumbList","@id":"https:\/\/abaa.mx\/tienda\/rugosimetro-digital-gr110\/#breadcrumb","itemListElement":[{"@type":"ListItem","position":1,"name":"Inicio","item":"https:\/\/abaa.mx\/tienda\/"},{"@type":"ListItem","position":2,"name":"Tienda","item":"https:\/\/abaa.mx\/tienda\/"},{"@type":"ListItem","position":3,"name":"Rugos\u00edmetro Digital &#8211; GR110"}]},{"@type":"WebSite","@id":"https:\/\/abaa.mx\/tienda\/#website","url":"https:\/\/abaa.mx\/tienda\/","name":"Abaa tienda online","description":"Instrumentos de medici\u00f3n","publisher":{"@id":"https:\/\/abaa.mx\/tienda\/#organization"},"potentialAction":[{"@type":"SearchAction","target":{"@type":"EntryPoint","urlTemplate":"https:\/\/abaa.mx\/tienda\/?s={search_term_string}"},"query-input":{"@type":"PropertyValueSpecification","valueRequired":true,"valueName":"search_term_string"}}],"inLanguage":"es"},{"@type":"Organization","@id":"https:\/\/abaa.mx\/tienda\/#organization","name":"Abaa tienda online","url":"https:\/\/abaa.mx\/tienda\/","logo":{"@type":"ImageObject","inLanguage":"es","@id":"https:\/\/abaa.mx\/tienda\/#\/schema\/logo\/image\/","url":"https:\/\/abaa.mx\/tienda\/wp-content\/uploads\/2024\/01\/abaa-metrologia-tienda.png","contentUrl":"https:\/\/abaa.mx\/tienda\/wp-content\/uploads\/2024\/01\/abaa-metrologia-tienda.png","width":300,"height":141,"caption":"Abaa tienda online"},"image":{"@id":"https:\/\/abaa.mx\/tienda\/#\/schema\/logo\/image\/"}}]}},"_links":{"self":[{"href":"https:\/\/abaa.mx\/tienda\/wp-json\/wp\/v2\/product\/8848","targetHints":{"allow":["GET"]}}],"collection":[{"href":"https:\/\/abaa.mx\/tienda\/wp-json\/wp\/v2\/product"}],"about":[{"href":"https:\/\/abaa.mx\/tienda\/wp-json\/wp\/v2\/types\/product"}],"replies":[{"embeddable":true,"href":"https:\/\/abaa.mx\/tienda\/wp-json\/wp\/v2\/comments?post=8848"}],"wp:featuredmedia":[{"embeddable":true,"href":"https:\/\/abaa.mx\/tienda\/wp-json\/wp\/v2\/media\/8851"}],"wp:attachment":[{"href":"https:\/\/abaa.mx\/tienda\/wp-json\/wp\/v2\/media?parent=8848"}],"wp:term":[{"taxonomy":"product_brand","embeddable":true,"href":"https:\/\/abaa.mx\/tienda\/wp-json\/wp\/v2\/product_brand?post=8848"},{"taxonomy":"product_cat","embeddable":true,"href":"https:\/\/abaa.mx\/tienda\/wp-json\/wp\/v2\/product_cat?post=8848"},{"taxonomy":"product_tag","embeddable":true,"href":"https:\/\/abaa.mx\/tienda\/wp-json\/wp\/v2\/product_tag?post=8848"}],"curies":[{"name":"wp","href":"https:\/\/api.w.org\/{rel}","templated":true}]}}