{"id":8827,"date":"2023-11-13T17:23:52","date_gmt":"2023-11-13T17:23:52","guid":{"rendered":"https:\/\/abaa.mx\/tienda\/?post_type=product&#038;p=8827"},"modified":"2023-11-13T17:23:52","modified_gmt":"2023-11-13T17:23:52","slug":"kit-de-yugo-magnetico-y-particulas","status":"publish","type":"product","link":"https:\/\/abaa.mx\/tienda\/kit-de-yugo-magnetico-y-particulas\/","title":{"rendered":"Kit de Yugo Magnetico y Particulas"},"content":{"rendered":"<p>Kit de Yugo Magnetico y Particulas.<\/p>\n<p>&nbsp;<\/p>\n","protected":false},"excerpt":{"rendered":"<p>Yugo Electromagn\u00e9tico AC \/ DC<\/p>\n<p>El Y-7 es un yugo magn\u00e9tico AC \/ DC duradero y de alta resistencia desarrollado para detectar superficies y sub-superficies.<\/p>\n<p>Con construcci\u00f3n sellada resistente a los productos qu\u00edmicos, piernas articuladas para contornear cualquier forma de pieza y cord\u00f3n robusto de 12 pies de alivio de tensi\u00f3n para uso en campo, el Y-7 es ideal para la inspecci\u00f3n de soldaduras y otros pruebas a distancia.<\/p>\n<p>Los controles de estado s\u00f3lido permiten al operador emplear campos magn\u00e9ticos AC para advertencias de superficie o magn\u00e9ticos de corriente continua para las advertencias sub-superficiales para agradar todas las pretensiones de inspecci\u00f3n.<\/p>\n<p>El Y-7 asimismo est\u00e1 libre como un kit de prueba (kit Y-7 MV), terminado con un yugo Y-7, gris # 1 y rojo # 8A, polvos imantados , un marcador de pintura y toallas de limpieza de manos en una funda de transporte favorable.<\/p>\n<p>&nbsp;<\/p>\n","protected":false},"featured_media":8828,"comment_status":"open","ping_status":"closed","template":"","meta":{"_joinchat":[]},"product_brand":[],"product_cat":[128],"product_tag":[],"class_list":{"0":"post-8827","1":"product","2":"type-product","3":"status-publish","4":"has-post-thumbnail","6":"product_cat-pruebas-no-destructivas","8":"first","9":"instock","10":"shipping-taxable","11":"product-type-simple"},"yoast_head":"<!-- This site is optimized with the Yoast SEO plugin v26.4 - https:\/\/yoast.com\/wordpress\/plugins\/seo\/ -->\n<title>Kit de Yugo Magnetico y Particulas - Abaa tienda online<\/title>\n<meta name=\"robots\" content=\"index, follow, max-snippet:-1, max-image-preview:large, max-video-preview:-1\" \/>\n<link rel=\"canonical\" href=\"https:\/\/abaa.mx\/tienda\/kit-de-yugo-magnetico-y-particulas\/\" \/>\n<meta property=\"og:locale\" content=\"es_MX\" \/>\n<meta property=\"og:type\" content=\"article\" \/>\n<meta property=\"og:title\" content=\"Kit de Yugo Magnetico y Particulas - Abaa tienda online\" \/>\n<meta property=\"og:description\" content=\"Yugo Electromagn\u00e9tico AC \/ DC  El Y-7 es un yugo magn\u00e9tico AC \/ DC duradero y de alta resistencia desarrollado para detectar superficies y sub-superficies.  Con construcci\u00f3n sellada resistente a los productos qu\u00edmicos, piernas articuladas para contornear cualquier forma de pieza y cord\u00f3n robusto de 12 pies de alivio de tensi\u00f3n para uso en campo, el Y-7 es ideal para la inspecci\u00f3n de soldaduras y otros pruebas a distancia.  Los controles de estado s\u00f3lido permiten al operador emplear campos magn\u00e9ticos AC para advertencias de superficie o magn\u00e9ticos de corriente continua para las advertencias sub-superficiales para agradar todas las pretensiones de inspecci\u00f3n.  El Y-7 asimismo est\u00e1 libre como un kit de prueba (kit Y-7 MV), terminado con un yugo Y-7, gris # 1 y rojo # 8A, polvos imantados , un marcador de pintura y toallas de limpieza de manos en una funda de transporte favorable.  &nbsp;\" \/>\n<meta property=\"og:url\" content=\"https:\/\/abaa.mx\/tienda\/kit-de-yugo-magnetico-y-particulas\/\" \/>\n<meta property=\"og:site_name\" content=\"Abaa tienda online\" \/>\n<meta property=\"og:image\" content=\"https:\/\/abaa.mx\/tienda\/wp-content\/uploads\/2023\/11\/MAGNAFLUX-KIT-DE-YUGO-MAGNETICO.jpg\" \/>\n\t<meta property=\"og:image:width\" content=\"428\" \/>\n\t<meta property=\"og:image:height\" content=\"425\" \/>\n\t<meta property=\"og:image:type\" content=\"image\/jpeg\" \/>\n<meta name=\"twitter:card\" content=\"summary_large_image\" \/>\n<meta name=\"twitter:label1\" content=\"Tiempo de lectura\" \/>\n\t<meta name=\"twitter:data1\" content=\"1 minuto\" \/>\n<script type=\"application\/ld+json\" class=\"yoast-schema-graph\">{\"@context\":\"https:\/\/schema.org\",\"@graph\":[{\"@type\":\"WebPage\",\"@id\":\"https:\/\/abaa.mx\/tienda\/kit-de-yugo-magnetico-y-particulas\/\",\"url\":\"https:\/\/abaa.mx\/tienda\/kit-de-yugo-magnetico-y-particulas\/\",\"name\":\"Kit de Yugo Magnetico y Particulas - Abaa tienda online\",\"isPartOf\":{\"@id\":\"https:\/\/abaa.mx\/tienda\/#website\"},\"primaryImageOfPage\":{\"@id\":\"https:\/\/abaa.mx\/tienda\/kit-de-yugo-magnetico-y-particulas\/#primaryimage\"},\"image\":{\"@id\":\"https:\/\/abaa.mx\/tienda\/kit-de-yugo-magnetico-y-particulas\/#primaryimage\"},\"thumbnailUrl\":\"https:\/\/abaa.mx\/tienda\/wp-content\/uploads\/2023\/11\/MAGNAFLUX-KIT-DE-YUGO-MAGNETICO.jpg\",\"datePublished\":\"2023-11-13T17:23:52+00:00\",\"breadcrumb\":{\"@id\":\"https:\/\/abaa.mx\/tienda\/kit-de-yugo-magnetico-y-particulas\/#breadcrumb\"},\"inLanguage\":\"es\",\"potentialAction\":[{\"@type\":\"ReadAction\",\"target\":[\"https:\/\/abaa.mx\/tienda\/kit-de-yugo-magnetico-y-particulas\/\"]}]},{\"@type\":\"ImageObject\",\"inLanguage\":\"es\",\"@id\":\"https:\/\/abaa.mx\/tienda\/kit-de-yugo-magnetico-y-particulas\/#primaryimage\",\"url\":\"https:\/\/abaa.mx\/tienda\/wp-content\/uploads\/2023\/11\/MAGNAFLUX-KIT-DE-YUGO-MAGNETICO.jpg\",\"contentUrl\":\"https:\/\/abaa.mx\/tienda\/wp-content\/uploads\/2023\/11\/MAGNAFLUX-KIT-DE-YUGO-MAGNETICO.jpg\",\"width\":428,\"height\":425,\"caption\":\"MAGNAFLUX - KIT DE YUGO MAGNETICO\"},{\"@type\":\"BreadcrumbList\",\"@id\":\"https:\/\/abaa.mx\/tienda\/kit-de-yugo-magnetico-y-particulas\/#breadcrumb\",\"itemListElement\":[{\"@type\":\"ListItem\",\"position\":1,\"name\":\"Inicio\",\"item\":\"https:\/\/abaa.mx\/tienda\/\"},{\"@type\":\"ListItem\",\"position\":2,\"name\":\"Tienda\",\"item\":\"https:\/\/abaa.mx\/tienda\/\"},{\"@type\":\"ListItem\",\"position\":3,\"name\":\"Kit de Yugo Magnetico y Particulas\"}]},{\"@type\":\"WebSite\",\"@id\":\"https:\/\/abaa.mx\/tienda\/#website\",\"url\":\"https:\/\/abaa.mx\/tienda\/\",\"name\":\"Abaa tienda online\",\"description\":\"Instrumentos de medici\u00f3n\",\"publisher\":{\"@id\":\"https:\/\/abaa.mx\/tienda\/#organization\"},\"potentialAction\":[{\"@type\":\"SearchAction\",\"target\":{\"@type\":\"EntryPoint\",\"urlTemplate\":\"https:\/\/abaa.mx\/tienda\/?s={search_term_string}\"},\"query-input\":{\"@type\":\"PropertyValueSpecification\",\"valueRequired\":true,\"valueName\":\"search_term_string\"}}],\"inLanguage\":\"es\"},{\"@type\":\"Organization\",\"@id\":\"https:\/\/abaa.mx\/tienda\/#organization\",\"name\":\"Abaa tienda online\",\"url\":\"https:\/\/abaa.mx\/tienda\/\",\"logo\":{\"@type\":\"ImageObject\",\"inLanguage\":\"es\",\"@id\":\"https:\/\/abaa.mx\/tienda\/#\/schema\/logo\/image\/\",\"url\":\"https:\/\/abaa.mx\/tienda\/wp-content\/uploads\/2024\/01\/abaa-metrologia-tienda.png\",\"contentUrl\":\"https:\/\/abaa.mx\/tienda\/wp-content\/uploads\/2024\/01\/abaa-metrologia-tienda.png\",\"width\":300,\"height\":141,\"caption\":\"Abaa tienda online\"},\"image\":{\"@id\":\"https:\/\/abaa.mx\/tienda\/#\/schema\/logo\/image\/\"}}]}<\/script>\n<!-- \/ Yoast SEO plugin. -->","yoast_head_json":{"title":"Kit de Yugo Magnetico y Particulas - Abaa tienda online","robots":{"index":"index","follow":"follow","max-snippet":"max-snippet:-1","max-image-preview":"max-image-preview:large","max-video-preview":"max-video-preview:-1"},"canonical":"https:\/\/abaa.mx\/tienda\/kit-de-yugo-magnetico-y-particulas\/","og_locale":"es_MX","og_type":"article","og_title":"Kit de Yugo Magnetico y Particulas - Abaa tienda online","og_description":"Yugo Electromagn\u00e9tico AC \/ DC  El Y-7 es un yugo magn\u00e9tico AC \/ DC duradero y de alta resistencia desarrollado para detectar superficies y sub-superficies.  Con construcci\u00f3n sellada resistente a los productos qu\u00edmicos, piernas articuladas para contornear cualquier forma de pieza y cord\u00f3n robusto de 12 pies de alivio de tensi\u00f3n para uso en campo, el Y-7 es ideal para la inspecci\u00f3n de soldaduras y otros pruebas a distancia.  Los controles de estado s\u00f3lido permiten al operador emplear campos magn\u00e9ticos AC para advertencias de superficie o magn\u00e9ticos de corriente continua para las advertencias sub-superficiales para agradar todas las pretensiones de inspecci\u00f3n.  El Y-7 asimismo est\u00e1 libre como un kit de prueba (kit Y-7 MV), terminado con un yugo Y-7, gris # 1 y rojo # 8A, polvos imantados , un marcador de pintura y toallas de limpieza de manos en una funda de transporte favorable.  &nbsp;","og_url":"https:\/\/abaa.mx\/tienda\/kit-de-yugo-magnetico-y-particulas\/","og_site_name":"Abaa tienda online","og_image":[{"width":428,"height":425,"url":"https:\/\/abaa.mx\/tienda\/wp-content\/uploads\/2023\/11\/MAGNAFLUX-KIT-DE-YUGO-MAGNETICO.jpg","type":"image\/jpeg"}],"twitter_card":"summary_large_image","twitter_misc":{"Tiempo de lectura":"1 minuto"},"schema":{"@context":"https:\/\/schema.org","@graph":[{"@type":"WebPage","@id":"https:\/\/abaa.mx\/tienda\/kit-de-yugo-magnetico-y-particulas\/","url":"https:\/\/abaa.mx\/tienda\/kit-de-yugo-magnetico-y-particulas\/","name":"Kit de Yugo Magnetico y Particulas - Abaa tienda online","isPartOf":{"@id":"https:\/\/abaa.mx\/tienda\/#website"},"primaryImageOfPage":{"@id":"https:\/\/abaa.mx\/tienda\/kit-de-yugo-magnetico-y-particulas\/#primaryimage"},"image":{"@id":"https:\/\/abaa.mx\/tienda\/kit-de-yugo-magnetico-y-particulas\/#primaryimage"},"thumbnailUrl":"https:\/\/abaa.mx\/tienda\/wp-content\/uploads\/2023\/11\/MAGNAFLUX-KIT-DE-YUGO-MAGNETICO.jpg","datePublished":"2023-11-13T17:23:52+00:00","breadcrumb":{"@id":"https:\/\/abaa.mx\/tienda\/kit-de-yugo-magnetico-y-particulas\/#breadcrumb"},"inLanguage":"es","potentialAction":[{"@type":"ReadAction","target":["https:\/\/abaa.mx\/tienda\/kit-de-yugo-magnetico-y-particulas\/"]}]},{"@type":"ImageObject","inLanguage":"es","@id":"https:\/\/abaa.mx\/tienda\/kit-de-yugo-magnetico-y-particulas\/#primaryimage","url":"https:\/\/abaa.mx\/tienda\/wp-content\/uploads\/2023\/11\/MAGNAFLUX-KIT-DE-YUGO-MAGNETICO.jpg","contentUrl":"https:\/\/abaa.mx\/tienda\/wp-content\/uploads\/2023\/11\/MAGNAFLUX-KIT-DE-YUGO-MAGNETICO.jpg","width":428,"height":425,"caption":"MAGNAFLUX - KIT DE YUGO MAGNETICO"},{"@type":"BreadcrumbList","@id":"https:\/\/abaa.mx\/tienda\/kit-de-yugo-magnetico-y-particulas\/#breadcrumb","itemListElement":[{"@type":"ListItem","position":1,"name":"Inicio","item":"https:\/\/abaa.mx\/tienda\/"},{"@type":"ListItem","position":2,"name":"Tienda","item":"https:\/\/abaa.mx\/tienda\/"},{"@type":"ListItem","position":3,"name":"Kit de Yugo Magnetico y Particulas"}]},{"@type":"WebSite","@id":"https:\/\/abaa.mx\/tienda\/#website","url":"https:\/\/abaa.mx\/tienda\/","name":"Abaa tienda online","description":"Instrumentos de medici\u00f3n","publisher":{"@id":"https:\/\/abaa.mx\/tienda\/#organization"},"potentialAction":[{"@type":"SearchAction","target":{"@type":"EntryPoint","urlTemplate":"https:\/\/abaa.mx\/tienda\/?s={search_term_string}"},"query-input":{"@type":"PropertyValueSpecification","valueRequired":true,"valueName":"search_term_string"}}],"inLanguage":"es"},{"@type":"Organization","@id":"https:\/\/abaa.mx\/tienda\/#organization","name":"Abaa tienda online","url":"https:\/\/abaa.mx\/tienda\/","logo":{"@type":"ImageObject","inLanguage":"es","@id":"https:\/\/abaa.mx\/tienda\/#\/schema\/logo\/image\/","url":"https:\/\/abaa.mx\/tienda\/wp-content\/uploads\/2024\/01\/abaa-metrologia-tienda.png","contentUrl":"https:\/\/abaa.mx\/tienda\/wp-content\/uploads\/2024\/01\/abaa-metrologia-tienda.png","width":300,"height":141,"caption":"Abaa tienda online"},"image":{"@id":"https:\/\/abaa.mx\/tienda\/#\/schema\/logo\/image\/"}}]}},"_links":{"self":[{"href":"https:\/\/abaa.mx\/tienda\/wp-json\/wp\/v2\/product\/8827","targetHints":{"allow":["GET"]}}],"collection":[{"href":"https:\/\/abaa.mx\/tienda\/wp-json\/wp\/v2\/product"}],"about":[{"href":"https:\/\/abaa.mx\/tienda\/wp-json\/wp\/v2\/types\/product"}],"replies":[{"embeddable":true,"href":"https:\/\/abaa.mx\/tienda\/wp-json\/wp\/v2\/comments?post=8827"}],"wp:featuredmedia":[{"embeddable":true,"href":"https:\/\/abaa.mx\/tienda\/wp-json\/wp\/v2\/media\/8828"}],"wp:attachment":[{"href":"https:\/\/abaa.mx\/tienda\/wp-json\/wp\/v2\/media?parent=8827"}],"wp:term":[{"taxonomy":"product_brand","embeddable":true,"href":"https:\/\/abaa.mx\/tienda\/wp-json\/wp\/v2\/product_brand?post=8827"},{"taxonomy":"product_cat","embeddable":true,"href":"https:\/\/abaa.mx\/tienda\/wp-json\/wp\/v2\/product_cat?post=8827"},{"taxonomy":"product_tag","embeddable":true,"href":"https:\/\/abaa.mx\/tienda\/wp-json\/wp\/v2\/product_tag?post=8827"}],"curies":[{"name":"wp","href":"https:\/\/api.w.org\/{rel}","templated":true}]}}