{"id":8806,"date":"2023-11-13T15:48:38","date_gmt":"2023-11-13T15:48:38","guid":{"rendered":"https:\/\/abaa.mx\/tienda\/?post_type=product&#038;p=8806"},"modified":"2023-11-13T15:48:39","modified_gmt":"2023-11-13T15:48:39","slug":"indicador-de-secuencia-895pr","status":"publish","type":"product","link":"https:\/\/abaa.mx\/tienda\/indicador-de-secuencia-895pr\/","title":{"rendered":"Indicador de secuencia &#8211; 895PR"},"content":{"rendered":"<p>Indicador de secuencia &#8211; 895PR.<\/p>\n","protected":false},"excerpt":{"rendered":"<p><b>Especificaciones:<\/b><\/p>\n<ul>\n<li>Consumo de corriente:20mA.<\/li>\n<li>Voltaje de entrada:75 &#8211; 1000Vac.<\/li>\n<li>Dimensiones:128 x 72 x 46 mm.<\/li>\n<li>Indicador de bater\u00eda baja:Enciende LED.<\/li>\n<li>Longitud del cable:Aprox. 800 mm.<\/li>\n<li>Fuente de alimentaci\u00f3n:pila alcalina de 9V x 1pza.<\/li>\n<li>Peso:Aprox. 375g (bater\u00eda incluida).<\/li>\n<li>Principio de medida:Inducci\u00f3n est\u00e1tica.<\/li>\n<li>Apagado Autom\u00e1tico:5 minutos.<\/li>\n<li>Condiciones ambientales de operaci\u00f3n:-10\u00b0C a 50\u00b0C; H.R. &lt; 80%.<\/li>\n<li>Condiciones ambientales de almacenaje:-20\u00b0C a 60\u00b0C ; H.R. &lt; 80%.<\/li>\n<li>Rango de Frecuencia:45 &#8211; 65Hz.<\/li>\n<li>Accesorios incluidos:Manual de Instrucciones.<\/li>\n<\/ul>\n<p>&nbsp;<\/p>\n<p>&nbsp;<\/p>\n","protected":false},"featured_media":8807,"comment_status":"open","ping_status":"closed","template":"","meta":{"_joinchat":[]},"product_brand":[],"product_cat":[126],"product_tag":[],"class_list":{"0":"post-8806","1":"product","2":"type-product","3":"status-publish","4":"has-post-thumbnail","6":"product_cat-probadores-de-transformadores","8":"first","9":"instock","10":"shipping-taxable","11":"product-type-simple"},"yoast_head":"<!-- This site is optimized with the Yoast SEO plugin v26.4 - https:\/\/yoast.com\/wordpress\/plugins\/seo\/ -->\n<title>Indicador de secuencia - 895PR - Abaa tienda online<\/title>\n<meta name=\"robots\" content=\"index, follow, max-snippet:-1, max-image-preview:large, max-video-preview:-1\" \/>\n<link rel=\"canonical\" href=\"https:\/\/abaa.mx\/tienda\/indicador-de-secuencia-895pr\/\" \/>\n<meta property=\"og:locale\" content=\"es_MX\" \/>\n<meta property=\"og:type\" content=\"article\" \/>\n<meta property=\"og:title\" content=\"Indicador de secuencia - 895PR - Abaa tienda online\" \/>\n<meta property=\"og:description\" content=\"Especificaciones:   Consumo de corriente:20mA.  Voltaje de entrada:75 - 1000Vac.  Dimensiones:128 x 72 x 46 mm.  Indicador de bater\u00eda baja:Enciende LED.  Longitud del cable:Aprox. 800 mm.  Fuente de alimentaci\u00f3n:pila alcalina de 9V x 1pza.  Peso:Aprox. 375g (bater\u00eda incluida).  Principio de medida:Inducci\u00f3n est\u00e1tica.  Apagado Autom\u00e1tico:5 minutos.  Condiciones ambientales de operaci\u00f3n:-10\u00b0C a 50\u00b0C; H.R. &lt; 80%.  Condiciones ambientales de almacenaje:-20\u00b0C a 60\u00b0C ; H.R. &lt; 80%.  Rango de Frecuencia:45 - 65Hz.  Accesorios incluidos:Manual de Instrucciones.  &nbsp;  &nbsp;\" \/>\n<meta property=\"og:url\" content=\"https:\/\/abaa.mx\/tienda\/indicador-de-secuencia-895pr\/\" \/>\n<meta property=\"og:site_name\" content=\"Abaa tienda online\" \/>\n<meta property=\"article:modified_time\" content=\"2023-11-13T15:48:39+00:00\" \/>\n<meta property=\"og:image\" content=\"https:\/\/abaa.mx\/tienda\/wp-content\/uploads\/2023\/11\/SEW-895PR.jpg\" \/>\n\t<meta property=\"og:image:width\" content=\"418\" \/>\n\t<meta property=\"og:image:height\" content=\"478\" \/>\n\t<meta property=\"og:image:type\" content=\"image\/jpeg\" \/>\n<meta name=\"twitter:card\" content=\"summary_large_image\" \/>\n<meta name=\"twitter:label1\" content=\"Tiempo de lectura\" \/>\n\t<meta name=\"twitter:data1\" content=\"1 minuto\" \/>\n<script type=\"application\/ld+json\" class=\"yoast-schema-graph\">{\"@context\":\"https:\/\/schema.org\",\"@graph\":[{\"@type\":\"WebPage\",\"@id\":\"https:\/\/abaa.mx\/tienda\/indicador-de-secuencia-895pr\/\",\"url\":\"https:\/\/abaa.mx\/tienda\/indicador-de-secuencia-895pr\/\",\"name\":\"Indicador de secuencia - 895PR - Abaa tienda online\",\"isPartOf\":{\"@id\":\"https:\/\/abaa.mx\/tienda\/#website\"},\"primaryImageOfPage\":{\"@id\":\"https:\/\/abaa.mx\/tienda\/indicador-de-secuencia-895pr\/#primaryimage\"},\"image\":{\"@id\":\"https:\/\/abaa.mx\/tienda\/indicador-de-secuencia-895pr\/#primaryimage\"},\"thumbnailUrl\":\"https:\/\/abaa.mx\/tienda\/wp-content\/uploads\/2023\/11\/SEW-895PR.jpg\",\"datePublished\":\"2023-11-13T15:48:38+00:00\",\"dateModified\":\"2023-11-13T15:48:39+00:00\",\"breadcrumb\":{\"@id\":\"https:\/\/abaa.mx\/tienda\/indicador-de-secuencia-895pr\/#breadcrumb\"},\"inLanguage\":\"es\",\"potentialAction\":[{\"@type\":\"ReadAction\",\"target\":[\"https:\/\/abaa.mx\/tienda\/indicador-de-secuencia-895pr\/\"]}]},{\"@type\":\"ImageObject\",\"inLanguage\":\"es\",\"@id\":\"https:\/\/abaa.mx\/tienda\/indicador-de-secuencia-895pr\/#primaryimage\",\"url\":\"https:\/\/abaa.mx\/tienda\/wp-content\/uploads\/2023\/11\/SEW-895PR.jpg\",\"contentUrl\":\"https:\/\/abaa.mx\/tienda\/wp-content\/uploads\/2023\/11\/SEW-895PR.jpg\",\"width\":418,\"height\":478,\"caption\":\"SEW-895PR\"},{\"@type\":\"BreadcrumbList\",\"@id\":\"https:\/\/abaa.mx\/tienda\/indicador-de-secuencia-895pr\/#breadcrumb\",\"itemListElement\":[{\"@type\":\"ListItem\",\"position\":1,\"name\":\"Inicio\",\"item\":\"https:\/\/abaa.mx\/tienda\/\"},{\"@type\":\"ListItem\",\"position\":2,\"name\":\"Tienda\",\"item\":\"https:\/\/abaa.mx\/tienda\/\"},{\"@type\":\"ListItem\",\"position\":3,\"name\":\"Indicador de secuencia &#8211; 895PR\"}]},{\"@type\":\"WebSite\",\"@id\":\"https:\/\/abaa.mx\/tienda\/#website\",\"url\":\"https:\/\/abaa.mx\/tienda\/\",\"name\":\"Abaa tienda online\",\"description\":\"Instrumentos de medici\u00f3n\",\"publisher\":{\"@id\":\"https:\/\/abaa.mx\/tienda\/#organization\"},\"potentialAction\":[{\"@type\":\"SearchAction\",\"target\":{\"@type\":\"EntryPoint\",\"urlTemplate\":\"https:\/\/abaa.mx\/tienda\/?s={search_term_string}\"},\"query-input\":{\"@type\":\"PropertyValueSpecification\",\"valueRequired\":true,\"valueName\":\"search_term_string\"}}],\"inLanguage\":\"es\"},{\"@type\":\"Organization\",\"@id\":\"https:\/\/abaa.mx\/tienda\/#organization\",\"name\":\"Abaa tienda online\",\"url\":\"https:\/\/abaa.mx\/tienda\/\",\"logo\":{\"@type\":\"ImageObject\",\"inLanguage\":\"es\",\"@id\":\"https:\/\/abaa.mx\/tienda\/#\/schema\/logo\/image\/\",\"url\":\"https:\/\/abaa.mx\/tienda\/wp-content\/uploads\/2024\/01\/abaa-metrologia-tienda.png\",\"contentUrl\":\"https:\/\/abaa.mx\/tienda\/wp-content\/uploads\/2024\/01\/abaa-metrologia-tienda.png\",\"width\":300,\"height\":141,\"caption\":\"Abaa tienda online\"},\"image\":{\"@id\":\"https:\/\/abaa.mx\/tienda\/#\/schema\/logo\/image\/\"}}]}<\/script>\n<!-- \/ Yoast SEO plugin. -->","yoast_head_json":{"title":"Indicador de secuencia - 895PR - Abaa tienda online","robots":{"index":"index","follow":"follow","max-snippet":"max-snippet:-1","max-image-preview":"max-image-preview:large","max-video-preview":"max-video-preview:-1"},"canonical":"https:\/\/abaa.mx\/tienda\/indicador-de-secuencia-895pr\/","og_locale":"es_MX","og_type":"article","og_title":"Indicador de secuencia - 895PR - Abaa tienda online","og_description":"Especificaciones:   Consumo de corriente:20mA.  Voltaje de entrada:75 - 1000Vac.  Dimensiones:128 x 72 x 46 mm.  Indicador de bater\u00eda baja:Enciende LED.  Longitud del cable:Aprox. 800 mm.  Fuente de alimentaci\u00f3n:pila alcalina de 9V x 1pza.  Peso:Aprox. 375g (bater\u00eda incluida).  Principio de medida:Inducci\u00f3n est\u00e1tica.  Apagado Autom\u00e1tico:5 minutos.  Condiciones ambientales de operaci\u00f3n:-10\u00b0C a 50\u00b0C; H.R. &lt; 80%.  Condiciones ambientales de almacenaje:-20\u00b0C a 60\u00b0C ; H.R. &lt; 80%.  Rango de Frecuencia:45 - 65Hz.  Accesorios incluidos:Manual de Instrucciones.  &nbsp;  &nbsp;","og_url":"https:\/\/abaa.mx\/tienda\/indicador-de-secuencia-895pr\/","og_site_name":"Abaa tienda online","article_modified_time":"2023-11-13T15:48:39+00:00","og_image":[{"width":418,"height":478,"url":"https:\/\/abaa.mx\/tienda\/wp-content\/uploads\/2023\/11\/SEW-895PR.jpg","type":"image\/jpeg"}],"twitter_card":"summary_large_image","twitter_misc":{"Tiempo de lectura":"1 minuto"},"schema":{"@context":"https:\/\/schema.org","@graph":[{"@type":"WebPage","@id":"https:\/\/abaa.mx\/tienda\/indicador-de-secuencia-895pr\/","url":"https:\/\/abaa.mx\/tienda\/indicador-de-secuencia-895pr\/","name":"Indicador de secuencia - 895PR - Abaa tienda online","isPartOf":{"@id":"https:\/\/abaa.mx\/tienda\/#website"},"primaryImageOfPage":{"@id":"https:\/\/abaa.mx\/tienda\/indicador-de-secuencia-895pr\/#primaryimage"},"image":{"@id":"https:\/\/abaa.mx\/tienda\/indicador-de-secuencia-895pr\/#primaryimage"},"thumbnailUrl":"https:\/\/abaa.mx\/tienda\/wp-content\/uploads\/2023\/11\/SEW-895PR.jpg","datePublished":"2023-11-13T15:48:38+00:00","dateModified":"2023-11-13T15:48:39+00:00","breadcrumb":{"@id":"https:\/\/abaa.mx\/tienda\/indicador-de-secuencia-895pr\/#breadcrumb"},"inLanguage":"es","potentialAction":[{"@type":"ReadAction","target":["https:\/\/abaa.mx\/tienda\/indicador-de-secuencia-895pr\/"]}]},{"@type":"ImageObject","inLanguage":"es","@id":"https:\/\/abaa.mx\/tienda\/indicador-de-secuencia-895pr\/#primaryimage","url":"https:\/\/abaa.mx\/tienda\/wp-content\/uploads\/2023\/11\/SEW-895PR.jpg","contentUrl":"https:\/\/abaa.mx\/tienda\/wp-content\/uploads\/2023\/11\/SEW-895PR.jpg","width":418,"height":478,"caption":"SEW-895PR"},{"@type":"BreadcrumbList","@id":"https:\/\/abaa.mx\/tienda\/indicador-de-secuencia-895pr\/#breadcrumb","itemListElement":[{"@type":"ListItem","position":1,"name":"Inicio","item":"https:\/\/abaa.mx\/tienda\/"},{"@type":"ListItem","position":2,"name":"Tienda","item":"https:\/\/abaa.mx\/tienda\/"},{"@type":"ListItem","position":3,"name":"Indicador de secuencia &#8211; 895PR"}]},{"@type":"WebSite","@id":"https:\/\/abaa.mx\/tienda\/#website","url":"https:\/\/abaa.mx\/tienda\/","name":"Abaa tienda online","description":"Instrumentos de medici\u00f3n","publisher":{"@id":"https:\/\/abaa.mx\/tienda\/#organization"},"potentialAction":[{"@type":"SearchAction","target":{"@type":"EntryPoint","urlTemplate":"https:\/\/abaa.mx\/tienda\/?s={search_term_string}"},"query-input":{"@type":"PropertyValueSpecification","valueRequired":true,"valueName":"search_term_string"}}],"inLanguage":"es"},{"@type":"Organization","@id":"https:\/\/abaa.mx\/tienda\/#organization","name":"Abaa tienda online","url":"https:\/\/abaa.mx\/tienda\/","logo":{"@type":"ImageObject","inLanguage":"es","@id":"https:\/\/abaa.mx\/tienda\/#\/schema\/logo\/image\/","url":"https:\/\/abaa.mx\/tienda\/wp-content\/uploads\/2024\/01\/abaa-metrologia-tienda.png","contentUrl":"https:\/\/abaa.mx\/tienda\/wp-content\/uploads\/2024\/01\/abaa-metrologia-tienda.png","width":300,"height":141,"caption":"Abaa tienda online"},"image":{"@id":"https:\/\/abaa.mx\/tienda\/#\/schema\/logo\/image\/"}}]}},"_links":{"self":[{"href":"https:\/\/abaa.mx\/tienda\/wp-json\/wp\/v2\/product\/8806","targetHints":{"allow":["GET"]}}],"collection":[{"href":"https:\/\/abaa.mx\/tienda\/wp-json\/wp\/v2\/product"}],"about":[{"href":"https:\/\/abaa.mx\/tienda\/wp-json\/wp\/v2\/types\/product"}],"replies":[{"embeddable":true,"href":"https:\/\/abaa.mx\/tienda\/wp-json\/wp\/v2\/comments?post=8806"}],"wp:featuredmedia":[{"embeddable":true,"href":"https:\/\/abaa.mx\/tienda\/wp-json\/wp\/v2\/media\/8807"}],"wp:attachment":[{"href":"https:\/\/abaa.mx\/tienda\/wp-json\/wp\/v2\/media?parent=8806"}],"wp:term":[{"taxonomy":"product_brand","embeddable":true,"href":"https:\/\/abaa.mx\/tienda\/wp-json\/wp\/v2\/product_brand?post=8806"},{"taxonomy":"product_cat","embeddable":true,"href":"https:\/\/abaa.mx\/tienda\/wp-json\/wp\/v2\/product_cat?post=8806"},{"taxonomy":"product_tag","embeddable":true,"href":"https:\/\/abaa.mx\/tienda\/wp-json\/wp\/v2\/product_tag?post=8806"}],"curies":[{"name":"wp","href":"https:\/\/api.w.org\/{rel}","templated":true}]}}