{"id":8775,"date":"2023-11-10T20:05:41","date_gmt":"2023-11-10T20:05:41","guid":{"rendered":"https:\/\/abaa.mx\/tienda\/?post_type=product&#038;p=8775"},"modified":"2023-11-10T20:05:42","modified_gmt":"2023-11-10T20:05:42","slug":"medidor-de-conductividad-en-linea-ecg-1903-2","status":"publish","type":"product","link":"https:\/\/abaa.mx\/tienda\/medidor-de-conductividad-en-linea-ecg-1903-2\/","title":{"rendered":"Medidor de conductividad en l\u00ednea, ECG-1903"},"content":{"rendered":"<p>Medidor de conductividad en l\u00ednea, ECG-1903.<\/p>\n","protected":false},"excerpt":{"rendered":"<p>Caracter\u00edsticas La serie ECG-1903 de instrumentos de control industrial basados ??en microcomputadoras son medidores de precisi\u00f3n para medir la conductividad o resistividad de la soluci\u00f3n. Con funcionalidades completas , rendimiento permanente , operaci\u00f3n f\u00e1cil y otras ventajas , son instrumentos \u00f3ptimos para la medici\u00f3n y el control industrial. Las virtudes de este instrumento tienen dentro : pantalla LCD con luz de fondo y visualizaci\u00f3n de fallos ; compensaci\u00f3n autom\u00e1tica de temperatura; salida de corriente aislada de 4 ~ 20 mA; control de doble rel\u00e9; retraso ajustable; alarmante con umbrales superior e inferior; memoria de apagado y m\u00e1s de diez anos de almacenaje de datos sin bater\u00eda de respaldo. Seg\u00fan el rango de resistividad de la exhibe de agua medida, el electrodo con una incesante k = 0.01, 0.1, 1.0 o 10 se puede utilizar por medio de una instalaci\u00f3n de flu\u00eddo , sumergida, bridada o fundamentada en tuber\u00eda.<\/p>\n","protected":false},"featured_media":8776,"comment_status":"open","ping_status":"closed","template":"","meta":{"_joinchat":[]},"product_brand":[],"product_cat":[122],"product_tag":[],"class_list":{"0":"post-8775","1":"product","2":"type-product","3":"status-publish","4":"has-post-thumbnail","6":"product_cat-phimetros","8":"first","9":"instock","10":"shipping-taxable","11":"product-type-simple"},"yoast_head":"<!-- This site is optimized with the Yoast SEO plugin v26.4 - https:\/\/yoast.com\/wordpress\/plugins\/seo\/ -->\n<title>Medidor de conductividad en l\u00ednea, ECG-1903 - Abaa tienda online<\/title>\n<meta name=\"robots\" content=\"index, follow, max-snippet:-1, max-image-preview:large, max-video-preview:-1\" \/>\n<link rel=\"canonical\" href=\"https:\/\/abaa.mx\/tienda\/medidor-de-conductividad-en-linea-ecg-1903-2\/\" \/>\n<meta property=\"og:locale\" content=\"es_MX\" \/>\n<meta property=\"og:type\" content=\"article\" \/>\n<meta property=\"og:title\" content=\"Medidor de conductividad en l\u00ednea, ECG-1903 - Abaa tienda online\" \/>\n<meta property=\"og:description\" content=\"Caracter\u00edsticas La serie ECG-1903 de instrumentos de control industrial basados ??en microcomputadoras son medidores de precisi\u00f3n para medir la conductividad o resistividad de la soluci\u00f3n. Con funcionalidades completas , rendimiento permanente , operaci\u00f3n f\u00e1cil y otras ventajas , son instrumentos \u00f3ptimos para la medici\u00f3n y el control industrial. Las virtudes de este instrumento tienen dentro : pantalla LCD con luz de fondo y visualizaci\u00f3n de fallos ; compensaci\u00f3n autom\u00e1tica de temperatura; salida de corriente aislada de 4 ~ 20 mA; control de doble rel\u00e9; retraso ajustable; alarmante con umbrales superior e inferior; memoria de apagado y m\u00e1s de diez anos de almacenaje de datos sin bater\u00eda de respaldo. Seg\u00fan el rango de resistividad de la exhibe de agua medida, el electrodo con una incesante k = 0.01, 0.1, 1.0 o 10 se puede utilizar por medio de una instalaci\u00f3n de flu\u00eddo , sumergida, bridada o fundamentada en tuber\u00eda.\" \/>\n<meta property=\"og:url\" content=\"https:\/\/abaa.mx\/tienda\/medidor-de-conductividad-en-linea-ecg-1903-2\/\" \/>\n<meta property=\"og:site_name\" content=\"Abaa tienda online\" \/>\n<meta property=\"article:modified_time\" content=\"2023-11-10T20:05:42+00:00\" \/>\n<meta property=\"og:image\" content=\"https:\/\/abaa.mx\/tienda\/wp-content\/uploads\/2023\/11\/EC-METER-ECG-1903.jpg\" \/>\n\t<meta property=\"og:image:width\" content=\"508\" \/>\n\t<meta property=\"og:image:height\" content=\"381\" \/>\n\t<meta property=\"og:image:type\" content=\"image\/jpeg\" \/>\n<meta name=\"twitter:card\" content=\"summary_large_image\" \/>\n<meta name=\"twitter:label1\" content=\"Tiempo de lectura\" \/>\n\t<meta name=\"twitter:data1\" content=\"1 minuto\" \/>\n<script type=\"application\/ld+json\" class=\"yoast-schema-graph\">{\"@context\":\"https:\/\/schema.org\",\"@graph\":[{\"@type\":\"WebPage\",\"@id\":\"https:\/\/abaa.mx\/tienda\/medidor-de-conductividad-en-linea-ecg-1903-2\/\",\"url\":\"https:\/\/abaa.mx\/tienda\/medidor-de-conductividad-en-linea-ecg-1903-2\/\",\"name\":\"Medidor de conductividad en l\u00ednea, ECG-1903 - Abaa tienda online\",\"isPartOf\":{\"@id\":\"https:\/\/abaa.mx\/tienda\/#website\"},\"primaryImageOfPage\":{\"@id\":\"https:\/\/abaa.mx\/tienda\/medidor-de-conductividad-en-linea-ecg-1903-2\/#primaryimage\"},\"image\":{\"@id\":\"https:\/\/abaa.mx\/tienda\/medidor-de-conductividad-en-linea-ecg-1903-2\/#primaryimage\"},\"thumbnailUrl\":\"https:\/\/abaa.mx\/tienda\/wp-content\/uploads\/2023\/11\/EC-METER-ECG-1903.jpg\",\"datePublished\":\"2023-11-10T20:05:41+00:00\",\"dateModified\":\"2023-11-10T20:05:42+00:00\",\"breadcrumb\":{\"@id\":\"https:\/\/abaa.mx\/tienda\/medidor-de-conductividad-en-linea-ecg-1903-2\/#breadcrumb\"},\"inLanguage\":\"es\",\"potentialAction\":[{\"@type\":\"ReadAction\",\"target\":[\"https:\/\/abaa.mx\/tienda\/medidor-de-conductividad-en-linea-ecg-1903-2\/\"]}]},{\"@type\":\"ImageObject\",\"inLanguage\":\"es\",\"@id\":\"https:\/\/abaa.mx\/tienda\/medidor-de-conductividad-en-linea-ecg-1903-2\/#primaryimage\",\"url\":\"https:\/\/abaa.mx\/tienda\/wp-content\/uploads\/2023\/11\/EC-METER-ECG-1903.jpg\",\"contentUrl\":\"https:\/\/abaa.mx\/tienda\/wp-content\/uploads\/2023\/11\/EC-METER-ECG-1903.jpg\",\"width\":508,\"height\":381,\"caption\":\"EC METER-ECG-1903\"},{\"@type\":\"BreadcrumbList\",\"@id\":\"https:\/\/abaa.mx\/tienda\/medidor-de-conductividad-en-linea-ecg-1903-2\/#breadcrumb\",\"itemListElement\":[{\"@type\":\"ListItem\",\"position\":1,\"name\":\"Inicio\",\"item\":\"https:\/\/abaa.mx\/tienda\/\"},{\"@type\":\"ListItem\",\"position\":2,\"name\":\"Tienda\",\"item\":\"https:\/\/abaa.mx\/tienda\/\"},{\"@type\":\"ListItem\",\"position\":3,\"name\":\"Medidor de conductividad en l\u00ednea, ECG-1903\"}]},{\"@type\":\"WebSite\",\"@id\":\"https:\/\/abaa.mx\/tienda\/#website\",\"url\":\"https:\/\/abaa.mx\/tienda\/\",\"name\":\"Abaa tienda online\",\"description\":\"Instrumentos de medici\u00f3n\",\"publisher\":{\"@id\":\"https:\/\/abaa.mx\/tienda\/#organization\"},\"potentialAction\":[{\"@type\":\"SearchAction\",\"target\":{\"@type\":\"EntryPoint\",\"urlTemplate\":\"https:\/\/abaa.mx\/tienda\/?s={search_term_string}\"},\"query-input\":{\"@type\":\"PropertyValueSpecification\",\"valueRequired\":true,\"valueName\":\"search_term_string\"}}],\"inLanguage\":\"es\"},{\"@type\":\"Organization\",\"@id\":\"https:\/\/abaa.mx\/tienda\/#organization\",\"name\":\"Abaa tienda online\",\"url\":\"https:\/\/abaa.mx\/tienda\/\",\"logo\":{\"@type\":\"ImageObject\",\"inLanguage\":\"es\",\"@id\":\"https:\/\/abaa.mx\/tienda\/#\/schema\/logo\/image\/\",\"url\":\"https:\/\/abaa.mx\/tienda\/wp-content\/uploads\/2024\/01\/abaa-metrologia-tienda.png\",\"contentUrl\":\"https:\/\/abaa.mx\/tienda\/wp-content\/uploads\/2024\/01\/abaa-metrologia-tienda.png\",\"width\":300,\"height\":141,\"caption\":\"Abaa tienda online\"},\"image\":{\"@id\":\"https:\/\/abaa.mx\/tienda\/#\/schema\/logo\/image\/\"}}]}<\/script>\n<!-- \/ Yoast SEO plugin. -->","yoast_head_json":{"title":"Medidor de conductividad en l\u00ednea, ECG-1903 - Abaa tienda online","robots":{"index":"index","follow":"follow","max-snippet":"max-snippet:-1","max-image-preview":"max-image-preview:large","max-video-preview":"max-video-preview:-1"},"canonical":"https:\/\/abaa.mx\/tienda\/medidor-de-conductividad-en-linea-ecg-1903-2\/","og_locale":"es_MX","og_type":"article","og_title":"Medidor de conductividad en l\u00ednea, ECG-1903 - Abaa tienda online","og_description":"Caracter\u00edsticas La serie ECG-1903 de instrumentos de control industrial basados ??en microcomputadoras son medidores de precisi\u00f3n para medir la conductividad o resistividad de la soluci\u00f3n. Con funcionalidades completas , rendimiento permanente , operaci\u00f3n f\u00e1cil y otras ventajas , son instrumentos \u00f3ptimos para la medici\u00f3n y el control industrial. Las virtudes de este instrumento tienen dentro : pantalla LCD con luz de fondo y visualizaci\u00f3n de fallos ; compensaci\u00f3n autom\u00e1tica de temperatura; salida de corriente aislada de 4 ~ 20 mA; control de doble rel\u00e9; retraso ajustable; alarmante con umbrales superior e inferior; memoria de apagado y m\u00e1s de diez anos de almacenaje de datos sin bater\u00eda de respaldo. Seg\u00fan el rango de resistividad de la exhibe de agua medida, el electrodo con una incesante k = 0.01, 0.1, 1.0 o 10 se puede utilizar por medio de una instalaci\u00f3n de flu\u00eddo , sumergida, bridada o fundamentada en tuber\u00eda.","og_url":"https:\/\/abaa.mx\/tienda\/medidor-de-conductividad-en-linea-ecg-1903-2\/","og_site_name":"Abaa tienda online","article_modified_time":"2023-11-10T20:05:42+00:00","og_image":[{"width":508,"height":381,"url":"https:\/\/abaa.mx\/tienda\/wp-content\/uploads\/2023\/11\/EC-METER-ECG-1903.jpg","type":"image\/jpeg"}],"twitter_card":"summary_large_image","twitter_misc":{"Tiempo de lectura":"1 minuto"},"schema":{"@context":"https:\/\/schema.org","@graph":[{"@type":"WebPage","@id":"https:\/\/abaa.mx\/tienda\/medidor-de-conductividad-en-linea-ecg-1903-2\/","url":"https:\/\/abaa.mx\/tienda\/medidor-de-conductividad-en-linea-ecg-1903-2\/","name":"Medidor de conductividad en l\u00ednea, ECG-1903 - Abaa tienda online","isPartOf":{"@id":"https:\/\/abaa.mx\/tienda\/#website"},"primaryImageOfPage":{"@id":"https:\/\/abaa.mx\/tienda\/medidor-de-conductividad-en-linea-ecg-1903-2\/#primaryimage"},"image":{"@id":"https:\/\/abaa.mx\/tienda\/medidor-de-conductividad-en-linea-ecg-1903-2\/#primaryimage"},"thumbnailUrl":"https:\/\/abaa.mx\/tienda\/wp-content\/uploads\/2023\/11\/EC-METER-ECG-1903.jpg","datePublished":"2023-11-10T20:05:41+00:00","dateModified":"2023-11-10T20:05:42+00:00","breadcrumb":{"@id":"https:\/\/abaa.mx\/tienda\/medidor-de-conductividad-en-linea-ecg-1903-2\/#breadcrumb"},"inLanguage":"es","potentialAction":[{"@type":"ReadAction","target":["https:\/\/abaa.mx\/tienda\/medidor-de-conductividad-en-linea-ecg-1903-2\/"]}]},{"@type":"ImageObject","inLanguage":"es","@id":"https:\/\/abaa.mx\/tienda\/medidor-de-conductividad-en-linea-ecg-1903-2\/#primaryimage","url":"https:\/\/abaa.mx\/tienda\/wp-content\/uploads\/2023\/11\/EC-METER-ECG-1903.jpg","contentUrl":"https:\/\/abaa.mx\/tienda\/wp-content\/uploads\/2023\/11\/EC-METER-ECG-1903.jpg","width":508,"height":381,"caption":"EC METER-ECG-1903"},{"@type":"BreadcrumbList","@id":"https:\/\/abaa.mx\/tienda\/medidor-de-conductividad-en-linea-ecg-1903-2\/#breadcrumb","itemListElement":[{"@type":"ListItem","position":1,"name":"Inicio","item":"https:\/\/abaa.mx\/tienda\/"},{"@type":"ListItem","position":2,"name":"Tienda","item":"https:\/\/abaa.mx\/tienda\/"},{"@type":"ListItem","position":3,"name":"Medidor de conductividad en l\u00ednea, ECG-1903"}]},{"@type":"WebSite","@id":"https:\/\/abaa.mx\/tienda\/#website","url":"https:\/\/abaa.mx\/tienda\/","name":"Abaa tienda online","description":"Instrumentos de medici\u00f3n","publisher":{"@id":"https:\/\/abaa.mx\/tienda\/#organization"},"potentialAction":[{"@type":"SearchAction","target":{"@type":"EntryPoint","urlTemplate":"https:\/\/abaa.mx\/tienda\/?s={search_term_string}"},"query-input":{"@type":"PropertyValueSpecification","valueRequired":true,"valueName":"search_term_string"}}],"inLanguage":"es"},{"@type":"Organization","@id":"https:\/\/abaa.mx\/tienda\/#organization","name":"Abaa tienda online","url":"https:\/\/abaa.mx\/tienda\/","logo":{"@type":"ImageObject","inLanguage":"es","@id":"https:\/\/abaa.mx\/tienda\/#\/schema\/logo\/image\/","url":"https:\/\/abaa.mx\/tienda\/wp-content\/uploads\/2024\/01\/abaa-metrologia-tienda.png","contentUrl":"https:\/\/abaa.mx\/tienda\/wp-content\/uploads\/2024\/01\/abaa-metrologia-tienda.png","width":300,"height":141,"caption":"Abaa tienda online"},"image":{"@id":"https:\/\/abaa.mx\/tienda\/#\/schema\/logo\/image\/"}}]}},"_links":{"self":[{"href":"https:\/\/abaa.mx\/tienda\/wp-json\/wp\/v2\/product\/8775","targetHints":{"allow":["GET"]}}],"collection":[{"href":"https:\/\/abaa.mx\/tienda\/wp-json\/wp\/v2\/product"}],"about":[{"href":"https:\/\/abaa.mx\/tienda\/wp-json\/wp\/v2\/types\/product"}],"replies":[{"embeddable":true,"href":"https:\/\/abaa.mx\/tienda\/wp-json\/wp\/v2\/comments?post=8775"}],"wp:featuredmedia":[{"embeddable":true,"href":"https:\/\/abaa.mx\/tienda\/wp-json\/wp\/v2\/media\/8776"}],"wp:attachment":[{"href":"https:\/\/abaa.mx\/tienda\/wp-json\/wp\/v2\/media?parent=8775"}],"wp:term":[{"taxonomy":"product_brand","embeddable":true,"href":"https:\/\/abaa.mx\/tienda\/wp-json\/wp\/v2\/product_brand?post=8775"},{"taxonomy":"product_cat","embeddable":true,"href":"https:\/\/abaa.mx\/tienda\/wp-json\/wp\/v2\/product_cat?post=8775"},{"taxonomy":"product_tag","embeddable":true,"href":"https:\/\/abaa.mx\/tienda\/wp-json\/wp\/v2\/product_tag?post=8775"}],"curies":[{"name":"wp","href":"https:\/\/api.w.org\/{rel}","templated":true}]}}