{"id":8746,"date":"2023-11-10T16:43:07","date_gmt":"2023-11-10T16:43:07","guid":{"rendered":"https:\/\/abaa.mx\/tienda\/?post_type=product&#038;p=8746"},"modified":"2023-11-10T16:43:07","modified_gmt":"2023-11-10T16:43:07","slug":"nivel-digital-360-544224440","status":"publish","type":"product","link":"https:\/\/abaa.mx\/tienda\/nivel-digital-360-544224440\/","title":{"rendered":"Nivel Digital 360\u00b0 &#8211; 544224440"},"content":{"rendered":"<p>Nivel Digital 360\u00b0 &#8211; 544224440.<\/p>\n","protected":false},"excerpt":{"rendered":"<p>El Nivel Digi-Level Xtra-Value proporciona una visualizaci\u00f3n instant\u00e1nea de inclinaci\u00f3n digital de 360 ??\u00b0 de cualquier \u00e1ngulo. Tiene una carcasa de aluminio, con LCD grande, retenci\u00f3n de lectura, absoluta 0 \u00b0 al nivel del mar.<\/p>\n<ul>\n<li>Duraci\u00f3n de la bater\u00eda: hasta 250 hrs.<\/li>\n<li>Precisi\u00f3n: error m\u00e1ximo de \u00b1 2 \u00b0.<\/li>\n<li>Temperatura de almacenamiento: -20 \u00b0 C a 65 \u00b0 C (-4 \u00b0 F a 176 \u00b0 F).<\/li>\n<li>Dimensi\u00f3n: 4 &#8220;L x 1&#8221; An. X 3 &#8220;Alt.<\/li>\n<li>Rango de medici\u00f3n: 360 \u00b0 (4 x 90 \u00b0).<\/li>\n<li>Peso: 1.1 libras.<\/li>\n<li>Repetibilidad: \u00b1 0,05 \u00b0.<\/li>\n<li>Voltaje: Bater\u00eda est\u00e1ndar de 9V.<\/li>\n<li>Resoluci\u00f3n: .05 \u00b0.<\/li>\n<li>Temperatura de funcionamiento: -5 \u00b0 C a 50 \u00b0 C (23 \u00b0 F a 122 \u00b0 F).<\/li>\n<\/ul>\n","protected":false},"featured_media":8747,"comment_status":"open","ping_status":"closed","template":"","meta":{"_joinchat":[]},"product_brand":[],"product_cat":[121],"product_tag":[],"class_list":{"0":"post-8746","1":"product","2":"type-product","3":"status-publish","4":"has-post-thumbnail","6":"product_cat-niveles","8":"first","9":"instock","10":"shipping-taxable","11":"product-type-simple"},"yoast_head":"<!-- This site is optimized with the Yoast SEO plugin v26.4 - https:\/\/yoast.com\/wordpress\/plugins\/seo\/ -->\n<title>Nivel Digital 360\u00b0 - 544224440 - Abaa tienda online<\/title>\n<meta name=\"robots\" content=\"index, follow, max-snippet:-1, max-image-preview:large, max-video-preview:-1\" \/>\n<link rel=\"canonical\" href=\"https:\/\/abaa.mx\/tienda\/nivel-digital-360-544224440\/\" \/>\n<meta property=\"og:locale\" content=\"es_MX\" \/>\n<meta property=\"og:type\" content=\"article\" \/>\n<meta property=\"og:title\" content=\"Nivel Digital 360\u00b0 - 544224440 - Abaa tienda online\" \/>\n<meta property=\"og:description\" content=\"El Nivel Digi-Level Xtra-Value proporciona una visualizaci\u00f3n instant\u00e1nea de inclinaci\u00f3n digital de 360 ??\u00b0 de cualquier \u00e1ngulo. Tiene una carcasa de aluminio, con LCD grande, retenci\u00f3n de lectura, absoluta 0 \u00b0 al nivel del mar.   Duraci\u00f3n de la bater\u00eda: hasta 250 hrs.  Precisi\u00f3n: error m\u00e1ximo de \u00b1 2 \u00b0.  Temperatura de almacenamiento: -20 \u00b0 C a 65 \u00b0 C (-4 \u00b0 F a 176 \u00b0 F).  Dimensi\u00f3n: 4 &quot;L x 1&quot; An. X 3 &quot;Alt.  Rango de medici\u00f3n: 360 \u00b0 (4 x 90 \u00b0).  Peso: 1.1 libras.  Repetibilidad: \u00b1 0,05 \u00b0.  Voltaje: Bater\u00eda est\u00e1ndar de 9V.  Resoluci\u00f3n: .05 \u00b0.  Temperatura de funcionamiento: -5 \u00b0 C a 50 \u00b0 C (23 \u00b0 F a 122 \u00b0 F).\" \/>\n<meta property=\"og:url\" content=\"https:\/\/abaa.mx\/tienda\/nivel-digital-360-544224440\/\" \/>\n<meta property=\"og:site_name\" content=\"Abaa tienda online\" \/>\n<meta property=\"og:image\" content=\"https:\/\/abaa.mx\/tienda\/wp-content\/uploads\/2023\/11\/FOWLER-544224440.jpg\" \/>\n\t<meta property=\"og:image:width\" content=\"491\" \/>\n\t<meta property=\"og:image:height\" content=\"378\" \/>\n\t<meta property=\"og:image:type\" content=\"image\/jpeg\" \/>\n<meta name=\"twitter:card\" content=\"summary_large_image\" \/>\n<meta name=\"twitter:label1\" content=\"Tiempo de lectura\" \/>\n\t<meta name=\"twitter:data1\" content=\"1 minuto\" \/>\n<script type=\"application\/ld+json\" class=\"yoast-schema-graph\">{\"@context\":\"https:\/\/schema.org\",\"@graph\":[{\"@type\":\"WebPage\",\"@id\":\"https:\/\/abaa.mx\/tienda\/nivel-digital-360-544224440\/\",\"url\":\"https:\/\/abaa.mx\/tienda\/nivel-digital-360-544224440\/\",\"name\":\"Nivel Digital 360\u00b0 - 544224440 - Abaa tienda online\",\"isPartOf\":{\"@id\":\"https:\/\/abaa.mx\/tienda\/#website\"},\"primaryImageOfPage\":{\"@id\":\"https:\/\/abaa.mx\/tienda\/nivel-digital-360-544224440\/#primaryimage\"},\"image\":{\"@id\":\"https:\/\/abaa.mx\/tienda\/nivel-digital-360-544224440\/#primaryimage\"},\"thumbnailUrl\":\"https:\/\/abaa.mx\/tienda\/wp-content\/uploads\/2023\/11\/FOWLER-544224440.jpg\",\"datePublished\":\"2023-11-10T16:43:07+00:00\",\"breadcrumb\":{\"@id\":\"https:\/\/abaa.mx\/tienda\/nivel-digital-360-544224440\/#breadcrumb\"},\"inLanguage\":\"es\",\"potentialAction\":[{\"@type\":\"ReadAction\",\"target\":[\"https:\/\/abaa.mx\/tienda\/nivel-digital-360-544224440\/\"]}]},{\"@type\":\"ImageObject\",\"inLanguage\":\"es\",\"@id\":\"https:\/\/abaa.mx\/tienda\/nivel-digital-360-544224440\/#primaryimage\",\"url\":\"https:\/\/abaa.mx\/tienda\/wp-content\/uploads\/2023\/11\/FOWLER-544224440.jpg\",\"contentUrl\":\"https:\/\/abaa.mx\/tienda\/wp-content\/uploads\/2023\/11\/FOWLER-544224440.jpg\",\"width\":491,\"height\":378,\"caption\":\"FOWLER-544224440\"},{\"@type\":\"BreadcrumbList\",\"@id\":\"https:\/\/abaa.mx\/tienda\/nivel-digital-360-544224440\/#breadcrumb\",\"itemListElement\":[{\"@type\":\"ListItem\",\"position\":1,\"name\":\"Inicio\",\"item\":\"https:\/\/abaa.mx\/tienda\/\"},{\"@type\":\"ListItem\",\"position\":2,\"name\":\"Tienda\",\"item\":\"https:\/\/abaa.mx\/tienda\/\"},{\"@type\":\"ListItem\",\"position\":3,\"name\":\"Nivel Digital 360\u00b0 &#8211; 544224440\"}]},{\"@type\":\"WebSite\",\"@id\":\"https:\/\/abaa.mx\/tienda\/#website\",\"url\":\"https:\/\/abaa.mx\/tienda\/\",\"name\":\"Abaa tienda online\",\"description\":\"Instrumentos de medici\u00f3n\",\"publisher\":{\"@id\":\"https:\/\/abaa.mx\/tienda\/#organization\"},\"potentialAction\":[{\"@type\":\"SearchAction\",\"target\":{\"@type\":\"EntryPoint\",\"urlTemplate\":\"https:\/\/abaa.mx\/tienda\/?s={search_term_string}\"},\"query-input\":{\"@type\":\"PropertyValueSpecification\",\"valueRequired\":true,\"valueName\":\"search_term_string\"}}],\"inLanguage\":\"es\"},{\"@type\":\"Organization\",\"@id\":\"https:\/\/abaa.mx\/tienda\/#organization\",\"name\":\"Abaa tienda online\",\"url\":\"https:\/\/abaa.mx\/tienda\/\",\"logo\":{\"@type\":\"ImageObject\",\"inLanguage\":\"es\",\"@id\":\"https:\/\/abaa.mx\/tienda\/#\/schema\/logo\/image\/\",\"url\":\"https:\/\/abaa.mx\/tienda\/wp-content\/uploads\/2024\/01\/abaa-metrologia-tienda.png\",\"contentUrl\":\"https:\/\/abaa.mx\/tienda\/wp-content\/uploads\/2024\/01\/abaa-metrologia-tienda.png\",\"width\":300,\"height\":141,\"caption\":\"Abaa tienda online\"},\"image\":{\"@id\":\"https:\/\/abaa.mx\/tienda\/#\/schema\/logo\/image\/\"}}]}<\/script>\n<!-- \/ Yoast SEO plugin. -->","yoast_head_json":{"title":"Nivel Digital 360\u00b0 - 544224440 - Abaa tienda online","robots":{"index":"index","follow":"follow","max-snippet":"max-snippet:-1","max-image-preview":"max-image-preview:large","max-video-preview":"max-video-preview:-1"},"canonical":"https:\/\/abaa.mx\/tienda\/nivel-digital-360-544224440\/","og_locale":"es_MX","og_type":"article","og_title":"Nivel Digital 360\u00b0 - 544224440 - Abaa tienda online","og_description":"El Nivel Digi-Level Xtra-Value proporciona una visualizaci\u00f3n instant\u00e1nea de inclinaci\u00f3n digital de 360 ??\u00b0 de cualquier \u00e1ngulo. Tiene una carcasa de aluminio, con LCD grande, retenci\u00f3n de lectura, absoluta 0 \u00b0 al nivel del mar.   Duraci\u00f3n de la bater\u00eda: hasta 250 hrs.  Precisi\u00f3n: error m\u00e1ximo de \u00b1 2 \u00b0.  Temperatura de almacenamiento: -20 \u00b0 C a 65 \u00b0 C (-4 \u00b0 F a 176 \u00b0 F).  Dimensi\u00f3n: 4 \"L x 1\" An. X 3 \"Alt.  Rango de medici\u00f3n: 360 \u00b0 (4 x 90 \u00b0).  Peso: 1.1 libras.  Repetibilidad: \u00b1 0,05 \u00b0.  Voltaje: Bater\u00eda est\u00e1ndar de 9V.  Resoluci\u00f3n: .05 \u00b0.  Temperatura de funcionamiento: -5 \u00b0 C a 50 \u00b0 C (23 \u00b0 F a 122 \u00b0 F).","og_url":"https:\/\/abaa.mx\/tienda\/nivel-digital-360-544224440\/","og_site_name":"Abaa tienda online","og_image":[{"width":491,"height":378,"url":"https:\/\/abaa.mx\/tienda\/wp-content\/uploads\/2023\/11\/FOWLER-544224440.jpg","type":"image\/jpeg"}],"twitter_card":"summary_large_image","twitter_misc":{"Tiempo de lectura":"1 minuto"},"schema":{"@context":"https:\/\/schema.org","@graph":[{"@type":"WebPage","@id":"https:\/\/abaa.mx\/tienda\/nivel-digital-360-544224440\/","url":"https:\/\/abaa.mx\/tienda\/nivel-digital-360-544224440\/","name":"Nivel Digital 360\u00b0 - 544224440 - Abaa tienda online","isPartOf":{"@id":"https:\/\/abaa.mx\/tienda\/#website"},"primaryImageOfPage":{"@id":"https:\/\/abaa.mx\/tienda\/nivel-digital-360-544224440\/#primaryimage"},"image":{"@id":"https:\/\/abaa.mx\/tienda\/nivel-digital-360-544224440\/#primaryimage"},"thumbnailUrl":"https:\/\/abaa.mx\/tienda\/wp-content\/uploads\/2023\/11\/FOWLER-544224440.jpg","datePublished":"2023-11-10T16:43:07+00:00","breadcrumb":{"@id":"https:\/\/abaa.mx\/tienda\/nivel-digital-360-544224440\/#breadcrumb"},"inLanguage":"es","potentialAction":[{"@type":"ReadAction","target":["https:\/\/abaa.mx\/tienda\/nivel-digital-360-544224440\/"]}]},{"@type":"ImageObject","inLanguage":"es","@id":"https:\/\/abaa.mx\/tienda\/nivel-digital-360-544224440\/#primaryimage","url":"https:\/\/abaa.mx\/tienda\/wp-content\/uploads\/2023\/11\/FOWLER-544224440.jpg","contentUrl":"https:\/\/abaa.mx\/tienda\/wp-content\/uploads\/2023\/11\/FOWLER-544224440.jpg","width":491,"height":378,"caption":"FOWLER-544224440"},{"@type":"BreadcrumbList","@id":"https:\/\/abaa.mx\/tienda\/nivel-digital-360-544224440\/#breadcrumb","itemListElement":[{"@type":"ListItem","position":1,"name":"Inicio","item":"https:\/\/abaa.mx\/tienda\/"},{"@type":"ListItem","position":2,"name":"Tienda","item":"https:\/\/abaa.mx\/tienda\/"},{"@type":"ListItem","position":3,"name":"Nivel Digital 360\u00b0 &#8211; 544224440"}]},{"@type":"WebSite","@id":"https:\/\/abaa.mx\/tienda\/#website","url":"https:\/\/abaa.mx\/tienda\/","name":"Abaa tienda online","description":"Instrumentos de medici\u00f3n","publisher":{"@id":"https:\/\/abaa.mx\/tienda\/#organization"},"potentialAction":[{"@type":"SearchAction","target":{"@type":"EntryPoint","urlTemplate":"https:\/\/abaa.mx\/tienda\/?s={search_term_string}"},"query-input":{"@type":"PropertyValueSpecification","valueRequired":true,"valueName":"search_term_string"}}],"inLanguage":"es"},{"@type":"Organization","@id":"https:\/\/abaa.mx\/tienda\/#organization","name":"Abaa tienda online","url":"https:\/\/abaa.mx\/tienda\/","logo":{"@type":"ImageObject","inLanguage":"es","@id":"https:\/\/abaa.mx\/tienda\/#\/schema\/logo\/image\/","url":"https:\/\/abaa.mx\/tienda\/wp-content\/uploads\/2024\/01\/abaa-metrologia-tienda.png","contentUrl":"https:\/\/abaa.mx\/tienda\/wp-content\/uploads\/2024\/01\/abaa-metrologia-tienda.png","width":300,"height":141,"caption":"Abaa tienda online"},"image":{"@id":"https:\/\/abaa.mx\/tienda\/#\/schema\/logo\/image\/"}}]}},"_links":{"self":[{"href":"https:\/\/abaa.mx\/tienda\/wp-json\/wp\/v2\/product\/8746","targetHints":{"allow":["GET"]}}],"collection":[{"href":"https:\/\/abaa.mx\/tienda\/wp-json\/wp\/v2\/product"}],"about":[{"href":"https:\/\/abaa.mx\/tienda\/wp-json\/wp\/v2\/types\/product"}],"replies":[{"embeddable":true,"href":"https:\/\/abaa.mx\/tienda\/wp-json\/wp\/v2\/comments?post=8746"}],"wp:featuredmedia":[{"embeddable":true,"href":"https:\/\/abaa.mx\/tienda\/wp-json\/wp\/v2\/media\/8747"}],"wp:attachment":[{"href":"https:\/\/abaa.mx\/tienda\/wp-json\/wp\/v2\/media?parent=8746"}],"wp:term":[{"taxonomy":"product_brand","embeddable":true,"href":"https:\/\/abaa.mx\/tienda\/wp-json\/wp\/v2\/product_brand?post=8746"},{"taxonomy":"product_cat","embeddable":true,"href":"https:\/\/abaa.mx\/tienda\/wp-json\/wp\/v2\/product_cat?post=8746"},{"taxonomy":"product_tag","embeddable":true,"href":"https:\/\/abaa.mx\/tienda\/wp-json\/wp\/v2\/product_tag?post=8746"}],"curies":[{"name":"wp","href":"https:\/\/api.w.org\/{rel}","templated":true}]}}