{"id":8728,"date":"2023-11-10T15:08:33","date_gmt":"2023-11-10T15:08:33","guid":{"rendered":"https:\/\/abaa.mx\/tienda\/?post_type=product&#038;p=8728"},"modified":"2023-11-10T15:08:34","modified_gmt":"2023-11-10T15:08:34","slug":"multimetro-digital-600-0-mv-to-1500-v-hioki-dt4254","status":"publish","type":"product","link":"https:\/\/abaa.mx\/tienda\/multimetro-digital-600-0-mv-to-1500-v-hioki-dt4254\/","title":{"rendered":"Multimetro Digital, 600.0 mV to 1500 V, Hioki &#8211; DT4254."},"content":{"rendered":"<h6 class=\"product-single__title\">Multimetro Digital, 600.0 mV to 1500 V, Hioki &#8211; DT4254.<\/h6>\n","protected":false},"excerpt":{"rendered":"<p><strong>CAT IV 600 V, CAT III 1000 V Caracter\u00edsticas clave:<\/strong><\/p>\n<ul>\n<li>Previene accidentes con la medici\u00f3n de corriente basada en el sensor de pinza (DT4254, DT4255).<\/li>\n<li>El filtro de paso bajo corta arm\u00f3nicos altos (al medir formas de onda fundamentales del inversor).<\/li>\n<li>Amplio rango de temperatura de funcionamiento de -25 \u00b0 C (-13 \u00b0 F) a 65 \u00b0 C (149 \u00b0 F) (DT4254, DT4255).<\/li>\n<li>La pantalla doble le permite verificar el voltaje y la frecuencia simult\u00e1neamente.<\/li>\n<li>El modelo de medici\u00f3n de voltaje, que es ideal para el sistema de energ\u00eda solar y la administraci\u00f3n de equipos de energ\u00eda, mide hasta 1700 V CC (* 1) durante las inspecciones de voltaje abierto (DT4254).<\/li>\n<li>Funci\u00f3n de detecci\u00f3n de voltaje (DT4254, DT4255).<\/li>\n<\/ul>\n","protected":false},"featured_media":8729,"comment_status":"open","ping_status":"closed","template":"","meta":{"_joinchat":[]},"product_brand":[],"product_cat":[119],"product_tag":[],"class_list":{"0":"post-8728","1":"product","2":"type-product","3":"status-publish","4":"has-post-thumbnail","6":"product_cat-multimetros-digitales","8":"first","9":"instock","10":"shipping-taxable","11":"product-type-simple"},"yoast_head":"<!-- This site is optimized with the Yoast SEO plugin v26.4 - https:\/\/yoast.com\/wordpress\/plugins\/seo\/ -->\n<title>Multimetro Digital, 600.0 mV to 1500 V, Hioki - DT4254. - Abaa tienda online<\/title>\n<meta name=\"robots\" content=\"index, follow, max-snippet:-1, max-image-preview:large, max-video-preview:-1\" \/>\n<link rel=\"canonical\" href=\"https:\/\/abaa.mx\/tienda\/multimetro-digital-600-0-mv-to-1500-v-hioki-dt4254\/\" \/>\n<meta property=\"og:locale\" content=\"es_MX\" \/>\n<meta property=\"og:type\" content=\"article\" \/>\n<meta property=\"og:title\" content=\"Multimetro Digital, 600.0 mV to 1500 V, Hioki - DT4254. - Abaa tienda online\" \/>\n<meta property=\"og:description\" content=\"CAT IV 600 V, CAT III 1000 V Caracter\u00edsticas clave:   Previene accidentes con la medici\u00f3n de corriente basada en el sensor de pinza (DT4254, DT4255).  El filtro de paso bajo corta arm\u00f3nicos altos (al medir formas de onda fundamentales del inversor).  Amplio rango de temperatura de funcionamiento de -25 \u00b0 C (-13 \u00b0 F) a 65 \u00b0 C (149 \u00b0 F) (DT4254, DT4255).  La pantalla doble le permite verificar el voltaje y la frecuencia simult\u00e1neamente.  El modelo de medici\u00f3n de voltaje, que es ideal para el sistema de energ\u00eda solar y la administraci\u00f3n de equipos de energ\u00eda, mide hasta 1700 V CC (* 1) durante las inspecciones de voltaje abierto (DT4254).  Funci\u00f3n de detecci\u00f3n de voltaje (DT4254, DT4255).\" \/>\n<meta property=\"og:url\" content=\"https:\/\/abaa.mx\/tienda\/multimetro-digital-600-0-mv-to-1500-v-hioki-dt4254\/\" \/>\n<meta property=\"og:site_name\" content=\"Abaa tienda online\" \/>\n<meta property=\"article:modified_time\" content=\"2023-11-10T15:08:34+00:00\" \/>\n<meta property=\"og:image\" content=\"https:\/\/abaa.mx\/tienda\/wp-content\/uploads\/2023\/11\/HIOKI-DT4254.jpg\" \/>\n\t<meta property=\"og:image:width\" content=\"1000\" \/>\n\t<meta property=\"og:image:height\" content=\"1000\" \/>\n\t<meta property=\"og:image:type\" content=\"image\/jpeg\" \/>\n<meta name=\"twitter:card\" content=\"summary_large_image\" \/>\n<meta name=\"twitter:label1\" content=\"Tiempo de lectura\" \/>\n\t<meta name=\"twitter:data1\" content=\"1 minuto\" \/>\n<script type=\"application\/ld+json\" class=\"yoast-schema-graph\">{\"@context\":\"https:\/\/schema.org\",\"@graph\":[{\"@type\":\"WebPage\",\"@id\":\"https:\/\/abaa.mx\/tienda\/multimetro-digital-600-0-mv-to-1500-v-hioki-dt4254\/\",\"url\":\"https:\/\/abaa.mx\/tienda\/multimetro-digital-600-0-mv-to-1500-v-hioki-dt4254\/\",\"name\":\"Multimetro Digital, 600.0 mV to 1500 V, Hioki - DT4254. - Abaa tienda online\",\"isPartOf\":{\"@id\":\"https:\/\/abaa.mx\/tienda\/#website\"},\"primaryImageOfPage\":{\"@id\":\"https:\/\/abaa.mx\/tienda\/multimetro-digital-600-0-mv-to-1500-v-hioki-dt4254\/#primaryimage\"},\"image\":{\"@id\":\"https:\/\/abaa.mx\/tienda\/multimetro-digital-600-0-mv-to-1500-v-hioki-dt4254\/#primaryimage\"},\"thumbnailUrl\":\"https:\/\/abaa.mx\/tienda\/wp-content\/uploads\/2023\/11\/HIOKI-DT4254.jpg\",\"datePublished\":\"2023-11-10T15:08:33+00:00\",\"dateModified\":\"2023-11-10T15:08:34+00:00\",\"breadcrumb\":{\"@id\":\"https:\/\/abaa.mx\/tienda\/multimetro-digital-600-0-mv-to-1500-v-hioki-dt4254\/#breadcrumb\"},\"inLanguage\":\"es\",\"potentialAction\":[{\"@type\":\"ReadAction\",\"target\":[\"https:\/\/abaa.mx\/tienda\/multimetro-digital-600-0-mv-to-1500-v-hioki-dt4254\/\"]}]},{\"@type\":\"ImageObject\",\"inLanguage\":\"es\",\"@id\":\"https:\/\/abaa.mx\/tienda\/multimetro-digital-600-0-mv-to-1500-v-hioki-dt4254\/#primaryimage\",\"url\":\"https:\/\/abaa.mx\/tienda\/wp-content\/uploads\/2023\/11\/HIOKI-DT4254.jpg\",\"contentUrl\":\"https:\/\/abaa.mx\/tienda\/wp-content\/uploads\/2023\/11\/HIOKI-DT4254.jpg\",\"width\":1000,\"height\":1000,\"caption\":\"HIOKI-DT4254\"},{\"@type\":\"BreadcrumbList\",\"@id\":\"https:\/\/abaa.mx\/tienda\/multimetro-digital-600-0-mv-to-1500-v-hioki-dt4254\/#breadcrumb\",\"itemListElement\":[{\"@type\":\"ListItem\",\"position\":1,\"name\":\"Inicio\",\"item\":\"https:\/\/abaa.mx\/tienda\/\"},{\"@type\":\"ListItem\",\"position\":2,\"name\":\"Tienda\",\"item\":\"https:\/\/abaa.mx\/tienda\/\"},{\"@type\":\"ListItem\",\"position\":3,\"name\":\"Multimetro Digital, 600.0 mV to 1500 V, Hioki &#8211; DT4254.\"}]},{\"@type\":\"WebSite\",\"@id\":\"https:\/\/abaa.mx\/tienda\/#website\",\"url\":\"https:\/\/abaa.mx\/tienda\/\",\"name\":\"Abaa tienda online\",\"description\":\"Instrumentos de medici\u00f3n\",\"publisher\":{\"@id\":\"https:\/\/abaa.mx\/tienda\/#organization\"},\"potentialAction\":[{\"@type\":\"SearchAction\",\"target\":{\"@type\":\"EntryPoint\",\"urlTemplate\":\"https:\/\/abaa.mx\/tienda\/?s={search_term_string}\"},\"query-input\":{\"@type\":\"PropertyValueSpecification\",\"valueRequired\":true,\"valueName\":\"search_term_string\"}}],\"inLanguage\":\"es\"},{\"@type\":\"Organization\",\"@id\":\"https:\/\/abaa.mx\/tienda\/#organization\",\"name\":\"Abaa tienda online\",\"url\":\"https:\/\/abaa.mx\/tienda\/\",\"logo\":{\"@type\":\"ImageObject\",\"inLanguage\":\"es\",\"@id\":\"https:\/\/abaa.mx\/tienda\/#\/schema\/logo\/image\/\",\"url\":\"https:\/\/abaa.mx\/tienda\/wp-content\/uploads\/2024\/01\/abaa-metrologia-tienda.png\",\"contentUrl\":\"https:\/\/abaa.mx\/tienda\/wp-content\/uploads\/2024\/01\/abaa-metrologia-tienda.png\",\"width\":300,\"height\":141,\"caption\":\"Abaa tienda online\"},\"image\":{\"@id\":\"https:\/\/abaa.mx\/tienda\/#\/schema\/logo\/image\/\"}}]}<\/script>\n<!-- \/ Yoast SEO plugin. -->","yoast_head_json":{"title":"Multimetro Digital, 600.0 mV to 1500 V, Hioki - DT4254. - Abaa tienda online","robots":{"index":"index","follow":"follow","max-snippet":"max-snippet:-1","max-image-preview":"max-image-preview:large","max-video-preview":"max-video-preview:-1"},"canonical":"https:\/\/abaa.mx\/tienda\/multimetro-digital-600-0-mv-to-1500-v-hioki-dt4254\/","og_locale":"es_MX","og_type":"article","og_title":"Multimetro Digital, 600.0 mV to 1500 V, Hioki - DT4254. - Abaa tienda online","og_description":"CAT IV 600 V, CAT III 1000 V Caracter\u00edsticas clave:   Previene accidentes con la medici\u00f3n de corriente basada en el sensor de pinza (DT4254, DT4255).  El filtro de paso bajo corta arm\u00f3nicos altos (al medir formas de onda fundamentales del inversor).  Amplio rango de temperatura de funcionamiento de -25 \u00b0 C (-13 \u00b0 F) a 65 \u00b0 C (149 \u00b0 F) (DT4254, DT4255).  La pantalla doble le permite verificar el voltaje y la frecuencia simult\u00e1neamente.  El modelo de medici\u00f3n de voltaje, que es ideal para el sistema de energ\u00eda solar y la administraci\u00f3n de equipos de energ\u00eda, mide hasta 1700 V CC (* 1) durante las inspecciones de voltaje abierto (DT4254).  Funci\u00f3n de detecci\u00f3n de voltaje (DT4254, DT4255).","og_url":"https:\/\/abaa.mx\/tienda\/multimetro-digital-600-0-mv-to-1500-v-hioki-dt4254\/","og_site_name":"Abaa tienda online","article_modified_time":"2023-11-10T15:08:34+00:00","og_image":[{"width":1000,"height":1000,"url":"https:\/\/abaa.mx\/tienda\/wp-content\/uploads\/2023\/11\/HIOKI-DT4254.jpg","type":"image\/jpeg"}],"twitter_card":"summary_large_image","twitter_misc":{"Tiempo de lectura":"1 minuto"},"schema":{"@context":"https:\/\/schema.org","@graph":[{"@type":"WebPage","@id":"https:\/\/abaa.mx\/tienda\/multimetro-digital-600-0-mv-to-1500-v-hioki-dt4254\/","url":"https:\/\/abaa.mx\/tienda\/multimetro-digital-600-0-mv-to-1500-v-hioki-dt4254\/","name":"Multimetro Digital, 600.0 mV to 1500 V, Hioki - DT4254. - Abaa tienda online","isPartOf":{"@id":"https:\/\/abaa.mx\/tienda\/#website"},"primaryImageOfPage":{"@id":"https:\/\/abaa.mx\/tienda\/multimetro-digital-600-0-mv-to-1500-v-hioki-dt4254\/#primaryimage"},"image":{"@id":"https:\/\/abaa.mx\/tienda\/multimetro-digital-600-0-mv-to-1500-v-hioki-dt4254\/#primaryimage"},"thumbnailUrl":"https:\/\/abaa.mx\/tienda\/wp-content\/uploads\/2023\/11\/HIOKI-DT4254.jpg","datePublished":"2023-11-10T15:08:33+00:00","dateModified":"2023-11-10T15:08:34+00:00","breadcrumb":{"@id":"https:\/\/abaa.mx\/tienda\/multimetro-digital-600-0-mv-to-1500-v-hioki-dt4254\/#breadcrumb"},"inLanguage":"es","potentialAction":[{"@type":"ReadAction","target":["https:\/\/abaa.mx\/tienda\/multimetro-digital-600-0-mv-to-1500-v-hioki-dt4254\/"]}]},{"@type":"ImageObject","inLanguage":"es","@id":"https:\/\/abaa.mx\/tienda\/multimetro-digital-600-0-mv-to-1500-v-hioki-dt4254\/#primaryimage","url":"https:\/\/abaa.mx\/tienda\/wp-content\/uploads\/2023\/11\/HIOKI-DT4254.jpg","contentUrl":"https:\/\/abaa.mx\/tienda\/wp-content\/uploads\/2023\/11\/HIOKI-DT4254.jpg","width":1000,"height":1000,"caption":"HIOKI-DT4254"},{"@type":"BreadcrumbList","@id":"https:\/\/abaa.mx\/tienda\/multimetro-digital-600-0-mv-to-1500-v-hioki-dt4254\/#breadcrumb","itemListElement":[{"@type":"ListItem","position":1,"name":"Inicio","item":"https:\/\/abaa.mx\/tienda\/"},{"@type":"ListItem","position":2,"name":"Tienda","item":"https:\/\/abaa.mx\/tienda\/"},{"@type":"ListItem","position":3,"name":"Multimetro Digital, 600.0 mV to 1500 V, Hioki &#8211; DT4254."}]},{"@type":"WebSite","@id":"https:\/\/abaa.mx\/tienda\/#website","url":"https:\/\/abaa.mx\/tienda\/","name":"Abaa tienda online","description":"Instrumentos de medici\u00f3n","publisher":{"@id":"https:\/\/abaa.mx\/tienda\/#organization"},"potentialAction":[{"@type":"SearchAction","target":{"@type":"EntryPoint","urlTemplate":"https:\/\/abaa.mx\/tienda\/?s={search_term_string}"},"query-input":{"@type":"PropertyValueSpecification","valueRequired":true,"valueName":"search_term_string"}}],"inLanguage":"es"},{"@type":"Organization","@id":"https:\/\/abaa.mx\/tienda\/#organization","name":"Abaa tienda online","url":"https:\/\/abaa.mx\/tienda\/","logo":{"@type":"ImageObject","inLanguage":"es","@id":"https:\/\/abaa.mx\/tienda\/#\/schema\/logo\/image\/","url":"https:\/\/abaa.mx\/tienda\/wp-content\/uploads\/2024\/01\/abaa-metrologia-tienda.png","contentUrl":"https:\/\/abaa.mx\/tienda\/wp-content\/uploads\/2024\/01\/abaa-metrologia-tienda.png","width":300,"height":141,"caption":"Abaa tienda online"},"image":{"@id":"https:\/\/abaa.mx\/tienda\/#\/schema\/logo\/image\/"}}]}},"_links":{"self":[{"href":"https:\/\/abaa.mx\/tienda\/wp-json\/wp\/v2\/product\/8728","targetHints":{"allow":["GET"]}}],"collection":[{"href":"https:\/\/abaa.mx\/tienda\/wp-json\/wp\/v2\/product"}],"about":[{"href":"https:\/\/abaa.mx\/tienda\/wp-json\/wp\/v2\/types\/product"}],"replies":[{"embeddable":true,"href":"https:\/\/abaa.mx\/tienda\/wp-json\/wp\/v2\/comments?post=8728"}],"wp:featuredmedia":[{"embeddable":true,"href":"https:\/\/abaa.mx\/tienda\/wp-json\/wp\/v2\/media\/8729"}],"wp:attachment":[{"href":"https:\/\/abaa.mx\/tienda\/wp-json\/wp\/v2\/media?parent=8728"}],"wp:term":[{"taxonomy":"product_brand","embeddable":true,"href":"https:\/\/abaa.mx\/tienda\/wp-json\/wp\/v2\/product_brand?post=8728"},{"taxonomy":"product_cat","embeddable":true,"href":"https:\/\/abaa.mx\/tienda\/wp-json\/wp\/v2\/product_cat?post=8728"},{"taxonomy":"product_tag","embeddable":true,"href":"https:\/\/abaa.mx\/tienda\/wp-json\/wp\/v2\/product_tag?post=8728"}],"curies":[{"name":"wp","href":"https:\/\/api.w.org\/{rel}","templated":true}]}}