{"id":8681,"date":"2023-11-09T16:30:17","date_gmt":"2023-11-09T16:30:17","guid":{"rendered":"https:\/\/abaa.mx\/tienda\/?post_type=product&#038;p=8681"},"modified":"2023-11-09T16:30:17","modified_gmt":"2023-11-09T16:30:17","slug":"detector-de-voltaje-cat-iv-1000v-hioki-3120","status":"publish","type":"product","link":"https:\/\/abaa.mx\/tienda\/detector-de-voltaje-cat-iv-1000v-hioki-3120\/","title":{"rendered":"Detector de Voltaje Cat IV 1000V, Hioki &#8211; 3120"},"content":{"rendered":"<p>Detector de Voltaje Cat IV 1000V, Hioki &#8211; 3120.<\/p>\n","protected":false},"excerpt":{"rendered":"<p>Hioki lidera la industria en tecnolog\u00eda de medici\u00f3n y prueba de contactos no met\u00e1licos que promueve la seguridad en el sitio de trabajo. El 3120 es un descubridor de voltaje de contacto no met\u00e1lico con un interruptor de nutrici\u00f3n que asimismo proporciona una clara indicaci\u00f3n del estado de la bater\u00eda con un LED verde. Cuando se descubre voltaje, el LED se ilumina en colorado adjuntado con una se\u00f1al de audio. CAT IV 1000 V.<\/p>\n<p><b>Caracter\u00edsticas principales:<\/b><\/p>\n<ul>\n<li>El dise\u00f1o CAT IV 1000 V cumple con las calificaciones de la Marca CE.<\/li>\n<li>La conmutaci\u00f3n de potencia autom\u00e1tica evita la descarga de la bater\u00eda.<\/li>\n<li>Indicaci\u00f3n de detecci\u00f3n de voltaje visual y audible.<\/li>\n<li>Calificaci\u00f3n de clase de seguridad de &#8220;nivel de suministro primario&#8221; superior para detectores de voltaje.<\/li>\n<li>Indica continuamente el estado de la bater\u00eda con una luz indicadora verde.<\/li>\n<\/ul>\n<p>Funci\u00f3n de medici\u00f3n: Detecci\u00f3n de voltaje Tensi\u00f3n de medici\u00f3n de 70 a 1000 VCA, 50\/60 Hz (cuando est\u00e1 en contacto con un cable aislado de IV 2 mm ^2 o equivalente ) Luz conduzco El LED colorado se alumbra y el zumbador suena cuando el cable est\u00e1 en vivo Verificaci\u00f3n de la bater\u00eda LED verde.<\/p>\n","protected":false},"featured_media":8682,"comment_status":"open","ping_status":"closed","template":"","meta":{"_joinchat":[]},"product_brand":[],"product_cat":[116],"product_tag":[],"class_list":{"0":"post-8681","1":"product","2":"type-product","3":"status-publish","4":"has-post-thumbnail","6":"product_cat-medidores-de-potencia-electrica","8":"first","9":"instock","10":"shipping-taxable","11":"product-type-simple"},"yoast_head":"<!-- This site is optimized with the Yoast SEO plugin v26.4 - https:\/\/yoast.com\/wordpress\/plugins\/seo\/ -->\n<title>Detector de Voltaje Cat IV 1000V, Hioki - 3120 - Abaa tienda online<\/title>\n<meta name=\"robots\" content=\"index, follow, max-snippet:-1, max-image-preview:large, max-video-preview:-1\" \/>\n<link rel=\"canonical\" href=\"https:\/\/abaa.mx\/tienda\/detector-de-voltaje-cat-iv-1000v-hioki-3120\/\" \/>\n<meta property=\"og:locale\" content=\"es_MX\" \/>\n<meta property=\"og:type\" content=\"article\" \/>\n<meta property=\"og:title\" content=\"Detector de Voltaje Cat IV 1000V, Hioki - 3120 - Abaa tienda online\" \/>\n<meta property=\"og:description\" content=\"Hioki lidera la industria en tecnolog\u00eda de medici\u00f3n y prueba de contactos no met\u00e1licos que promueve la seguridad en el sitio de trabajo. El 3120 es un descubridor de voltaje de contacto no met\u00e1lico con un interruptor de nutrici\u00f3n que asimismo proporciona una clara indicaci\u00f3n del estado de la bater\u00eda con un LED verde. Cuando se descubre voltaje, el LED se ilumina en colorado adjuntado con una se\u00f1al de audio. CAT IV 1000 V.  Caracter\u00edsticas principales:   El dise\u00f1o CAT IV 1000 V cumple con las calificaciones de la Marca CE.  La conmutaci\u00f3n de potencia autom\u00e1tica evita la descarga de la bater\u00eda.  Indicaci\u00f3n de detecci\u00f3n de voltaje visual y audible.  Calificaci\u00f3n de clase de seguridad de &quot;nivel de suministro primario&quot; superior para detectores de voltaje.  Indica continuamente el estado de la bater\u00eda con una luz indicadora verde.  Funci\u00f3n de medici\u00f3n: Detecci\u00f3n de voltaje Tensi\u00f3n de medici\u00f3n de 70 a 1000 VCA, 50\/60 Hz (cuando est\u00e1 en contacto con un cable aislado de IV 2 mm ^2 o equivalente ) Luz conduzco El LED colorado se alumbra y el zumbador suena cuando el cable est\u00e1 en vivo Verificaci\u00f3n de la bater\u00eda LED verde.\" \/>\n<meta property=\"og:url\" content=\"https:\/\/abaa.mx\/tienda\/detector-de-voltaje-cat-iv-1000v-hioki-3120\/\" \/>\n<meta property=\"og:site_name\" content=\"Abaa tienda online\" \/>\n<meta property=\"og:image\" content=\"https:\/\/abaa.mx\/tienda\/wp-content\/uploads\/2023\/11\/HIOKI-3120.jpg\" \/>\n\t<meta property=\"og:image:width\" content=\"399\" \/>\n\t<meta property=\"og:image:height\" content=\"496\" \/>\n\t<meta property=\"og:image:type\" content=\"image\/jpeg\" \/>\n<meta name=\"twitter:card\" content=\"summary_large_image\" \/>\n<meta name=\"twitter:label1\" content=\"Tiempo de lectura\" \/>\n\t<meta name=\"twitter:data1\" content=\"1 minuto\" \/>\n<script type=\"application\/ld+json\" class=\"yoast-schema-graph\">{\"@context\":\"https:\/\/schema.org\",\"@graph\":[{\"@type\":\"WebPage\",\"@id\":\"https:\/\/abaa.mx\/tienda\/detector-de-voltaje-cat-iv-1000v-hioki-3120\/\",\"url\":\"https:\/\/abaa.mx\/tienda\/detector-de-voltaje-cat-iv-1000v-hioki-3120\/\",\"name\":\"Detector de Voltaje Cat IV 1000V, Hioki - 3120 - Abaa tienda online\",\"isPartOf\":{\"@id\":\"https:\/\/abaa.mx\/tienda\/#website\"},\"primaryImageOfPage\":{\"@id\":\"https:\/\/abaa.mx\/tienda\/detector-de-voltaje-cat-iv-1000v-hioki-3120\/#primaryimage\"},\"image\":{\"@id\":\"https:\/\/abaa.mx\/tienda\/detector-de-voltaje-cat-iv-1000v-hioki-3120\/#primaryimage\"},\"thumbnailUrl\":\"https:\/\/abaa.mx\/tienda\/wp-content\/uploads\/2023\/11\/HIOKI-3120.jpg\",\"datePublished\":\"2023-11-09T16:30:17+00:00\",\"breadcrumb\":{\"@id\":\"https:\/\/abaa.mx\/tienda\/detector-de-voltaje-cat-iv-1000v-hioki-3120\/#breadcrumb\"},\"inLanguage\":\"es\",\"potentialAction\":[{\"@type\":\"ReadAction\",\"target\":[\"https:\/\/abaa.mx\/tienda\/detector-de-voltaje-cat-iv-1000v-hioki-3120\/\"]}]},{\"@type\":\"ImageObject\",\"inLanguage\":\"es\",\"@id\":\"https:\/\/abaa.mx\/tienda\/detector-de-voltaje-cat-iv-1000v-hioki-3120\/#primaryimage\",\"url\":\"https:\/\/abaa.mx\/tienda\/wp-content\/uploads\/2023\/11\/HIOKI-3120.jpg\",\"contentUrl\":\"https:\/\/abaa.mx\/tienda\/wp-content\/uploads\/2023\/11\/HIOKI-3120.jpg\",\"width\":399,\"height\":496,\"caption\":\"HIOKI-3120\"},{\"@type\":\"BreadcrumbList\",\"@id\":\"https:\/\/abaa.mx\/tienda\/detector-de-voltaje-cat-iv-1000v-hioki-3120\/#breadcrumb\",\"itemListElement\":[{\"@type\":\"ListItem\",\"position\":1,\"name\":\"Inicio\",\"item\":\"https:\/\/abaa.mx\/tienda\/\"},{\"@type\":\"ListItem\",\"position\":2,\"name\":\"Tienda\",\"item\":\"https:\/\/abaa.mx\/tienda\/\"},{\"@type\":\"ListItem\",\"position\":3,\"name\":\"Detector de Voltaje Cat IV 1000V, Hioki &#8211; 3120\"}]},{\"@type\":\"WebSite\",\"@id\":\"https:\/\/abaa.mx\/tienda\/#website\",\"url\":\"https:\/\/abaa.mx\/tienda\/\",\"name\":\"Abaa tienda online\",\"description\":\"Instrumentos de medici\u00f3n\",\"publisher\":{\"@id\":\"https:\/\/abaa.mx\/tienda\/#organization\"},\"potentialAction\":[{\"@type\":\"SearchAction\",\"target\":{\"@type\":\"EntryPoint\",\"urlTemplate\":\"https:\/\/abaa.mx\/tienda\/?s={search_term_string}\"},\"query-input\":{\"@type\":\"PropertyValueSpecification\",\"valueRequired\":true,\"valueName\":\"search_term_string\"}}],\"inLanguage\":\"es\"},{\"@type\":\"Organization\",\"@id\":\"https:\/\/abaa.mx\/tienda\/#organization\",\"name\":\"Abaa tienda online\",\"url\":\"https:\/\/abaa.mx\/tienda\/\",\"logo\":{\"@type\":\"ImageObject\",\"inLanguage\":\"es\",\"@id\":\"https:\/\/abaa.mx\/tienda\/#\/schema\/logo\/image\/\",\"url\":\"https:\/\/abaa.mx\/tienda\/wp-content\/uploads\/2024\/01\/abaa-metrologia-tienda.png\",\"contentUrl\":\"https:\/\/abaa.mx\/tienda\/wp-content\/uploads\/2024\/01\/abaa-metrologia-tienda.png\",\"width\":300,\"height\":141,\"caption\":\"Abaa tienda online\"},\"image\":{\"@id\":\"https:\/\/abaa.mx\/tienda\/#\/schema\/logo\/image\/\"}}]}<\/script>\n<!-- \/ Yoast SEO plugin. -->","yoast_head_json":{"title":"Detector de Voltaje Cat IV 1000V, Hioki - 3120 - Abaa tienda online","robots":{"index":"index","follow":"follow","max-snippet":"max-snippet:-1","max-image-preview":"max-image-preview:large","max-video-preview":"max-video-preview:-1"},"canonical":"https:\/\/abaa.mx\/tienda\/detector-de-voltaje-cat-iv-1000v-hioki-3120\/","og_locale":"es_MX","og_type":"article","og_title":"Detector de Voltaje Cat IV 1000V, Hioki - 3120 - Abaa tienda online","og_description":"Hioki lidera la industria en tecnolog\u00eda de medici\u00f3n y prueba de contactos no met\u00e1licos que promueve la seguridad en el sitio de trabajo. El 3120 es un descubridor de voltaje de contacto no met\u00e1lico con un interruptor de nutrici\u00f3n que asimismo proporciona una clara indicaci\u00f3n del estado de la bater\u00eda con un LED verde. Cuando se descubre voltaje, el LED se ilumina en colorado adjuntado con una se\u00f1al de audio. CAT IV 1000 V.  Caracter\u00edsticas principales:   El dise\u00f1o CAT IV 1000 V cumple con las calificaciones de la Marca CE.  La conmutaci\u00f3n de potencia autom\u00e1tica evita la descarga de la bater\u00eda.  Indicaci\u00f3n de detecci\u00f3n de voltaje visual y audible.  Calificaci\u00f3n de clase de seguridad de \"nivel de suministro primario\" superior para detectores de voltaje.  Indica continuamente el estado de la bater\u00eda con una luz indicadora verde.  Funci\u00f3n de medici\u00f3n: Detecci\u00f3n de voltaje Tensi\u00f3n de medici\u00f3n de 70 a 1000 VCA, 50\/60 Hz (cuando est\u00e1 en contacto con un cable aislado de IV 2 mm ^2 o equivalente ) Luz conduzco El LED colorado se alumbra y el zumbador suena cuando el cable est\u00e1 en vivo Verificaci\u00f3n de la bater\u00eda LED verde.","og_url":"https:\/\/abaa.mx\/tienda\/detector-de-voltaje-cat-iv-1000v-hioki-3120\/","og_site_name":"Abaa tienda online","og_image":[{"width":399,"height":496,"url":"https:\/\/abaa.mx\/tienda\/wp-content\/uploads\/2023\/11\/HIOKI-3120.jpg","type":"image\/jpeg"}],"twitter_card":"summary_large_image","twitter_misc":{"Tiempo de lectura":"1 minuto"},"schema":{"@context":"https:\/\/schema.org","@graph":[{"@type":"WebPage","@id":"https:\/\/abaa.mx\/tienda\/detector-de-voltaje-cat-iv-1000v-hioki-3120\/","url":"https:\/\/abaa.mx\/tienda\/detector-de-voltaje-cat-iv-1000v-hioki-3120\/","name":"Detector de Voltaje Cat IV 1000V, Hioki - 3120 - Abaa tienda online","isPartOf":{"@id":"https:\/\/abaa.mx\/tienda\/#website"},"primaryImageOfPage":{"@id":"https:\/\/abaa.mx\/tienda\/detector-de-voltaje-cat-iv-1000v-hioki-3120\/#primaryimage"},"image":{"@id":"https:\/\/abaa.mx\/tienda\/detector-de-voltaje-cat-iv-1000v-hioki-3120\/#primaryimage"},"thumbnailUrl":"https:\/\/abaa.mx\/tienda\/wp-content\/uploads\/2023\/11\/HIOKI-3120.jpg","datePublished":"2023-11-09T16:30:17+00:00","breadcrumb":{"@id":"https:\/\/abaa.mx\/tienda\/detector-de-voltaje-cat-iv-1000v-hioki-3120\/#breadcrumb"},"inLanguage":"es","potentialAction":[{"@type":"ReadAction","target":["https:\/\/abaa.mx\/tienda\/detector-de-voltaje-cat-iv-1000v-hioki-3120\/"]}]},{"@type":"ImageObject","inLanguage":"es","@id":"https:\/\/abaa.mx\/tienda\/detector-de-voltaje-cat-iv-1000v-hioki-3120\/#primaryimage","url":"https:\/\/abaa.mx\/tienda\/wp-content\/uploads\/2023\/11\/HIOKI-3120.jpg","contentUrl":"https:\/\/abaa.mx\/tienda\/wp-content\/uploads\/2023\/11\/HIOKI-3120.jpg","width":399,"height":496,"caption":"HIOKI-3120"},{"@type":"BreadcrumbList","@id":"https:\/\/abaa.mx\/tienda\/detector-de-voltaje-cat-iv-1000v-hioki-3120\/#breadcrumb","itemListElement":[{"@type":"ListItem","position":1,"name":"Inicio","item":"https:\/\/abaa.mx\/tienda\/"},{"@type":"ListItem","position":2,"name":"Tienda","item":"https:\/\/abaa.mx\/tienda\/"},{"@type":"ListItem","position":3,"name":"Detector de Voltaje Cat IV 1000V, Hioki &#8211; 3120"}]},{"@type":"WebSite","@id":"https:\/\/abaa.mx\/tienda\/#website","url":"https:\/\/abaa.mx\/tienda\/","name":"Abaa tienda online","description":"Instrumentos de medici\u00f3n","publisher":{"@id":"https:\/\/abaa.mx\/tienda\/#organization"},"potentialAction":[{"@type":"SearchAction","target":{"@type":"EntryPoint","urlTemplate":"https:\/\/abaa.mx\/tienda\/?s={search_term_string}"},"query-input":{"@type":"PropertyValueSpecification","valueRequired":true,"valueName":"search_term_string"}}],"inLanguage":"es"},{"@type":"Organization","@id":"https:\/\/abaa.mx\/tienda\/#organization","name":"Abaa tienda online","url":"https:\/\/abaa.mx\/tienda\/","logo":{"@type":"ImageObject","inLanguage":"es","@id":"https:\/\/abaa.mx\/tienda\/#\/schema\/logo\/image\/","url":"https:\/\/abaa.mx\/tienda\/wp-content\/uploads\/2024\/01\/abaa-metrologia-tienda.png","contentUrl":"https:\/\/abaa.mx\/tienda\/wp-content\/uploads\/2024\/01\/abaa-metrologia-tienda.png","width":300,"height":141,"caption":"Abaa tienda online"},"image":{"@id":"https:\/\/abaa.mx\/tienda\/#\/schema\/logo\/image\/"}}]}},"_links":{"self":[{"href":"https:\/\/abaa.mx\/tienda\/wp-json\/wp\/v2\/product\/8681","targetHints":{"allow":["GET"]}}],"collection":[{"href":"https:\/\/abaa.mx\/tienda\/wp-json\/wp\/v2\/product"}],"about":[{"href":"https:\/\/abaa.mx\/tienda\/wp-json\/wp\/v2\/types\/product"}],"replies":[{"embeddable":true,"href":"https:\/\/abaa.mx\/tienda\/wp-json\/wp\/v2\/comments?post=8681"}],"wp:featuredmedia":[{"embeddable":true,"href":"https:\/\/abaa.mx\/tienda\/wp-json\/wp\/v2\/media\/8682"}],"wp:attachment":[{"href":"https:\/\/abaa.mx\/tienda\/wp-json\/wp\/v2\/media?parent=8681"}],"wp:term":[{"taxonomy":"product_brand","embeddable":true,"href":"https:\/\/abaa.mx\/tienda\/wp-json\/wp\/v2\/product_brand?post=8681"},{"taxonomy":"product_cat","embeddable":true,"href":"https:\/\/abaa.mx\/tienda\/wp-json\/wp\/v2\/product_cat?post=8681"},{"taxonomy":"product_tag","embeddable":true,"href":"https:\/\/abaa.mx\/tienda\/wp-json\/wp\/v2\/product_tag?post=8681"}],"curies":[{"name":"wp","href":"https:\/\/api.w.org\/{rel}","templated":true}]}}