{"id":8672,"date":"2023-11-09T15:33:56","date_gmt":"2023-11-09T15:33:56","guid":{"rendered":"https:\/\/abaa.mx\/tienda\/?post_type=product&#038;p=8672"},"modified":"2023-11-09T15:33:56","modified_gmt":"2023-11-09T15:33:56","slug":"analizador-de-potencia-trifasico-dw6093","status":"publish","type":"product","link":"https:\/\/abaa.mx\/tienda\/analizador-de-potencia-trifasico-dw6093\/","title":{"rendered":"Analizador de potencia Trif\u00e1sico &#8211; DW6093"},"content":{"rendered":"<p>Analizador de potencia Trif\u00e1sico &#8211; DW6093.<\/p>\n","protected":false},"excerpt":{"rendered":"<p>El analizador de calidad de energ\u00eda LT-DW6093 le permitir\u00e1 cuantificar el consumo de energ\u00eda en circuitos monof\u00e1sicos, bif\u00e1sicos y trif\u00e1sicos. Con un arreglo de 3 sondas de corriente tipo pinza (efecto hall) y 4 cables de prueba con sujetador tipo caim\u00e1n va a poder modificar una pluralidad de pruebas que incluyen True RMS en voltaje y corriente en 1 fase con 2 hilos, 1 etapa con 3 hilos, 2 fases con 3 hilos y 3 fases con 4 hilos.<\/p>\n<p><strong>Peculiaridades primordiales : <\/strong>Podr\u00e1 efectuar las siguientes mediciones: Voltaje y corriente de corriente alterna ( True RMS), True power ( KW, MW, GW ), Poder aparente (KVA, MVA, GVA ), Poder de reacci\u00f3n ( KVAR, MVAR, GVAR), Watt-Hora ( Whr, Shr, Qhr, PFhr ), Factor de poder ( PF ), \u00c1ngulo de etapa (grados), Rango de voltaje : 10 a 600 ACV, Rango de corriente : 0.2 a 1200 ACA, CP-1201, Est\u00e1ndar de seguridad IEC 1010, CAT III 600V. Tarjeta de memoria para grabar datos a tiempo real. Tiempo de prueba de 2 hasta 7200 segundos. Registra datos en tarjeta SD (2Gb) en formato que siendo conectada puede ser le\u00eddo desde Microsoft Excel (R) para un an\u00e1lisis posterior en PC. Opera con bater\u00edas AA o con eliminador de bater\u00edas.<\/p>\n<p><strong>Aplicaciones<\/strong> : An\u00e1lisis de redes de alto voltaje, apps HVAC, an\u00e1lisis de consumo de motores el\u00e9ctricos.<\/p>\n<p><strong> Contenido de la caja<\/strong>: Medidor de calidad de energ\u00eda, 4 puntas de prueba, 4 caimanes, 3 pinzas amperim\u00e9tricas, estuche despacio , manual de normas , Tarjeta de Memoria SD de 2.0 Gb.<\/p>\n<p><strong>Condiciones de Operaci\u00f3n:<\/strong> -5 a 45oC, 20 &#8211; 70% HR no condensante.<\/p>\n<p><b>Unidades de medici\u00f3n:<\/b> VCA, ACA, KW, MW, GW, KVA, MVA, GVA, KVAR, MVAR, GVAR, W-hr.<\/p>\n","protected":false},"featured_media":8673,"comment_status":"open","ping_status":"closed","template":"","meta":{"_joinchat":[]},"product_brand":[],"product_cat":[116],"product_tag":[],"class_list":{"0":"post-8672","1":"product","2":"type-product","3":"status-publish","4":"has-post-thumbnail","6":"product_cat-medidores-de-potencia-electrica","8":"first","9":"instock","10":"shipping-taxable","11":"product-type-simple"},"yoast_head":"<!-- This site is optimized with the Yoast SEO plugin v26.4 - https:\/\/yoast.com\/wordpress\/plugins\/seo\/ -->\n<title>Analizador de potencia Trif\u00e1sico - DW6093 - Abaa tienda online<\/title>\n<meta name=\"robots\" content=\"index, follow, max-snippet:-1, max-image-preview:large, max-video-preview:-1\" \/>\n<link rel=\"canonical\" href=\"https:\/\/abaa.mx\/tienda\/analizador-de-potencia-trifasico-dw6093\/\" \/>\n<meta property=\"og:locale\" content=\"es_MX\" \/>\n<meta property=\"og:type\" content=\"article\" \/>\n<meta property=\"og:title\" content=\"Analizador de potencia Trif\u00e1sico - DW6093 - Abaa tienda online\" \/>\n<meta property=\"og:description\" content=\"El analizador de calidad de energ\u00eda LT-DW6093 le permitir\u00e1 cuantificar el consumo de energ\u00eda en circuitos monof\u00e1sicos, bif\u00e1sicos y trif\u00e1sicos. Con un arreglo de 3 sondas de corriente tipo pinza (efecto hall) y 4 cables de prueba con sujetador tipo caim\u00e1n va a poder modificar una pluralidad de pruebas que incluyen True RMS en voltaje y corriente en 1 fase con 2 hilos, 1 etapa con 3 hilos, 2 fases con 3 hilos y 3 fases con 4 hilos.  Peculiaridades primordiales : Podr\u00e1 efectuar las siguientes mediciones: Voltaje y corriente de corriente alterna ( True RMS), True power ( KW, MW, GW ), Poder aparente (KVA, MVA, GVA ), Poder de reacci\u00f3n ( KVAR, MVAR, GVAR), Watt-Hora ( Whr, Shr, Qhr, PFhr ), Factor de poder ( PF ), \u00c1ngulo de etapa (grados), Rango de voltaje : 10 a 600 ACV, Rango de corriente : 0.2 a 1200 ACA, CP-1201, Est\u00e1ndar de seguridad IEC 1010, CAT III 600V. Tarjeta de memoria para grabar datos a tiempo real. Tiempo de prueba de 2 hasta 7200 segundos. Registra datos en tarjeta SD (2Gb) en formato que siendo conectada puede ser le\u00eddo desde Microsoft Excel (R) para un an\u00e1lisis posterior en PC. Opera con bater\u00edas AA o con eliminador de bater\u00edas.  Aplicaciones : An\u00e1lisis de redes de alto voltaje, apps HVAC, an\u00e1lisis de consumo de motores el\u00e9ctricos.   Contenido de la caja: Medidor de calidad de energ\u00eda, 4 puntas de prueba, 4 caimanes, 3 pinzas amperim\u00e9tricas, estuche despacio , manual de normas , Tarjeta de Memoria SD de 2.0 Gb.  Condiciones de Operaci\u00f3n: -5 a 45oC, 20 - 70% HR no condensante.  Unidades de medici\u00f3n: VCA, ACA, KW, MW, GW, KVA, MVA, GVA, KVAR, MVAR, GVAR, W-hr.\" \/>\n<meta property=\"og:url\" content=\"https:\/\/abaa.mx\/tienda\/analizador-de-potencia-trifasico-dw6093\/\" \/>\n<meta property=\"og:site_name\" content=\"Abaa tienda online\" \/>\n<meta property=\"og:image\" content=\"https:\/\/abaa.mx\/tienda\/wp-content\/uploads\/2023\/11\/LUTRON-DW6093.jpg\" \/>\n\t<meta property=\"og:image:width\" content=\"437\" \/>\n\t<meta property=\"og:image:height\" content=\"542\" \/>\n\t<meta property=\"og:image:type\" content=\"image\/jpeg\" \/>\n<meta name=\"twitter:card\" content=\"summary_large_image\" \/>\n<meta name=\"twitter:label1\" content=\"Tiempo de lectura\" \/>\n\t<meta name=\"twitter:data1\" content=\"1 minuto\" \/>\n<script type=\"application\/ld+json\" class=\"yoast-schema-graph\">{\"@context\":\"https:\/\/schema.org\",\"@graph\":[{\"@type\":\"WebPage\",\"@id\":\"https:\/\/abaa.mx\/tienda\/analizador-de-potencia-trifasico-dw6093\/\",\"url\":\"https:\/\/abaa.mx\/tienda\/analizador-de-potencia-trifasico-dw6093\/\",\"name\":\"Analizador de potencia Trif\u00e1sico - DW6093 - Abaa tienda online\",\"isPartOf\":{\"@id\":\"https:\/\/abaa.mx\/tienda\/#website\"},\"primaryImageOfPage\":{\"@id\":\"https:\/\/abaa.mx\/tienda\/analizador-de-potencia-trifasico-dw6093\/#primaryimage\"},\"image\":{\"@id\":\"https:\/\/abaa.mx\/tienda\/analizador-de-potencia-trifasico-dw6093\/#primaryimage\"},\"thumbnailUrl\":\"https:\/\/abaa.mx\/tienda\/wp-content\/uploads\/2023\/11\/LUTRON-DW6093.jpg\",\"datePublished\":\"2023-11-09T15:33:56+00:00\",\"breadcrumb\":{\"@id\":\"https:\/\/abaa.mx\/tienda\/analizador-de-potencia-trifasico-dw6093\/#breadcrumb\"},\"inLanguage\":\"es\",\"potentialAction\":[{\"@type\":\"ReadAction\",\"target\":[\"https:\/\/abaa.mx\/tienda\/analizador-de-potencia-trifasico-dw6093\/\"]}]},{\"@type\":\"ImageObject\",\"inLanguage\":\"es\",\"@id\":\"https:\/\/abaa.mx\/tienda\/analizador-de-potencia-trifasico-dw6093\/#primaryimage\",\"url\":\"https:\/\/abaa.mx\/tienda\/wp-content\/uploads\/2023\/11\/LUTRON-DW6093.jpg\",\"contentUrl\":\"https:\/\/abaa.mx\/tienda\/wp-content\/uploads\/2023\/11\/LUTRON-DW6093.jpg\",\"width\":437,\"height\":542,\"caption\":\"LUTRON-DW6093\"},{\"@type\":\"BreadcrumbList\",\"@id\":\"https:\/\/abaa.mx\/tienda\/analizador-de-potencia-trifasico-dw6093\/#breadcrumb\",\"itemListElement\":[{\"@type\":\"ListItem\",\"position\":1,\"name\":\"Inicio\",\"item\":\"https:\/\/abaa.mx\/tienda\/\"},{\"@type\":\"ListItem\",\"position\":2,\"name\":\"Tienda\",\"item\":\"https:\/\/abaa.mx\/tienda\/\"},{\"@type\":\"ListItem\",\"position\":3,\"name\":\"Analizador de potencia Trif\u00e1sico &#8211; DW6093\"}]},{\"@type\":\"WebSite\",\"@id\":\"https:\/\/abaa.mx\/tienda\/#website\",\"url\":\"https:\/\/abaa.mx\/tienda\/\",\"name\":\"Abaa tienda online\",\"description\":\"Instrumentos de medici\u00f3n\",\"publisher\":{\"@id\":\"https:\/\/abaa.mx\/tienda\/#organization\"},\"potentialAction\":[{\"@type\":\"SearchAction\",\"target\":{\"@type\":\"EntryPoint\",\"urlTemplate\":\"https:\/\/abaa.mx\/tienda\/?s={search_term_string}\"},\"query-input\":{\"@type\":\"PropertyValueSpecification\",\"valueRequired\":true,\"valueName\":\"search_term_string\"}}],\"inLanguage\":\"es\"},{\"@type\":\"Organization\",\"@id\":\"https:\/\/abaa.mx\/tienda\/#organization\",\"name\":\"Abaa tienda online\",\"url\":\"https:\/\/abaa.mx\/tienda\/\",\"logo\":{\"@type\":\"ImageObject\",\"inLanguage\":\"es\",\"@id\":\"https:\/\/abaa.mx\/tienda\/#\/schema\/logo\/image\/\",\"url\":\"https:\/\/abaa.mx\/tienda\/wp-content\/uploads\/2024\/01\/abaa-metrologia-tienda.png\",\"contentUrl\":\"https:\/\/abaa.mx\/tienda\/wp-content\/uploads\/2024\/01\/abaa-metrologia-tienda.png\",\"width\":300,\"height\":141,\"caption\":\"Abaa tienda online\"},\"image\":{\"@id\":\"https:\/\/abaa.mx\/tienda\/#\/schema\/logo\/image\/\"}}]}<\/script>\n<!-- \/ Yoast SEO plugin. -->","yoast_head_json":{"title":"Analizador de potencia Trif\u00e1sico - DW6093 - Abaa tienda online","robots":{"index":"index","follow":"follow","max-snippet":"max-snippet:-1","max-image-preview":"max-image-preview:large","max-video-preview":"max-video-preview:-1"},"canonical":"https:\/\/abaa.mx\/tienda\/analizador-de-potencia-trifasico-dw6093\/","og_locale":"es_MX","og_type":"article","og_title":"Analizador de potencia Trif\u00e1sico - DW6093 - Abaa tienda online","og_description":"El analizador de calidad de energ\u00eda LT-DW6093 le permitir\u00e1 cuantificar el consumo de energ\u00eda en circuitos monof\u00e1sicos, bif\u00e1sicos y trif\u00e1sicos. Con un arreglo de 3 sondas de corriente tipo pinza (efecto hall) y 4 cables de prueba con sujetador tipo caim\u00e1n va a poder modificar una pluralidad de pruebas que incluyen True RMS en voltaje y corriente en 1 fase con 2 hilos, 1 etapa con 3 hilos, 2 fases con 3 hilos y 3 fases con 4 hilos.  Peculiaridades primordiales : Podr\u00e1 efectuar las siguientes mediciones: Voltaje y corriente de corriente alterna ( True RMS), True power ( KW, MW, GW ), Poder aparente (KVA, MVA, GVA ), Poder de reacci\u00f3n ( KVAR, MVAR, GVAR), Watt-Hora ( Whr, Shr, Qhr, PFhr ), Factor de poder ( PF ), \u00c1ngulo de etapa (grados), Rango de voltaje : 10 a 600 ACV, Rango de corriente : 0.2 a 1200 ACA, CP-1201, Est\u00e1ndar de seguridad IEC 1010, CAT III 600V. Tarjeta de memoria para grabar datos a tiempo real. Tiempo de prueba de 2 hasta 7200 segundos. Registra datos en tarjeta SD (2Gb) en formato que siendo conectada puede ser le\u00eddo desde Microsoft Excel (R) para un an\u00e1lisis posterior en PC. Opera con bater\u00edas AA o con eliminador de bater\u00edas.  Aplicaciones : An\u00e1lisis de redes de alto voltaje, apps HVAC, an\u00e1lisis de consumo de motores el\u00e9ctricos.   Contenido de la caja: Medidor de calidad de energ\u00eda, 4 puntas de prueba, 4 caimanes, 3 pinzas amperim\u00e9tricas, estuche despacio , manual de normas , Tarjeta de Memoria SD de 2.0 Gb.  Condiciones de Operaci\u00f3n: -5 a 45oC, 20 - 70% HR no condensante.  Unidades de medici\u00f3n: VCA, ACA, KW, MW, GW, KVA, MVA, GVA, KVAR, MVAR, GVAR, W-hr.","og_url":"https:\/\/abaa.mx\/tienda\/analizador-de-potencia-trifasico-dw6093\/","og_site_name":"Abaa tienda online","og_image":[{"width":437,"height":542,"url":"https:\/\/abaa.mx\/tienda\/wp-content\/uploads\/2023\/11\/LUTRON-DW6093.jpg","type":"image\/jpeg"}],"twitter_card":"summary_large_image","twitter_misc":{"Tiempo de lectura":"1 minuto"},"schema":{"@context":"https:\/\/schema.org","@graph":[{"@type":"WebPage","@id":"https:\/\/abaa.mx\/tienda\/analizador-de-potencia-trifasico-dw6093\/","url":"https:\/\/abaa.mx\/tienda\/analizador-de-potencia-trifasico-dw6093\/","name":"Analizador de potencia Trif\u00e1sico - DW6093 - Abaa tienda online","isPartOf":{"@id":"https:\/\/abaa.mx\/tienda\/#website"},"primaryImageOfPage":{"@id":"https:\/\/abaa.mx\/tienda\/analizador-de-potencia-trifasico-dw6093\/#primaryimage"},"image":{"@id":"https:\/\/abaa.mx\/tienda\/analizador-de-potencia-trifasico-dw6093\/#primaryimage"},"thumbnailUrl":"https:\/\/abaa.mx\/tienda\/wp-content\/uploads\/2023\/11\/LUTRON-DW6093.jpg","datePublished":"2023-11-09T15:33:56+00:00","breadcrumb":{"@id":"https:\/\/abaa.mx\/tienda\/analizador-de-potencia-trifasico-dw6093\/#breadcrumb"},"inLanguage":"es","potentialAction":[{"@type":"ReadAction","target":["https:\/\/abaa.mx\/tienda\/analizador-de-potencia-trifasico-dw6093\/"]}]},{"@type":"ImageObject","inLanguage":"es","@id":"https:\/\/abaa.mx\/tienda\/analizador-de-potencia-trifasico-dw6093\/#primaryimage","url":"https:\/\/abaa.mx\/tienda\/wp-content\/uploads\/2023\/11\/LUTRON-DW6093.jpg","contentUrl":"https:\/\/abaa.mx\/tienda\/wp-content\/uploads\/2023\/11\/LUTRON-DW6093.jpg","width":437,"height":542,"caption":"LUTRON-DW6093"},{"@type":"BreadcrumbList","@id":"https:\/\/abaa.mx\/tienda\/analizador-de-potencia-trifasico-dw6093\/#breadcrumb","itemListElement":[{"@type":"ListItem","position":1,"name":"Inicio","item":"https:\/\/abaa.mx\/tienda\/"},{"@type":"ListItem","position":2,"name":"Tienda","item":"https:\/\/abaa.mx\/tienda\/"},{"@type":"ListItem","position":3,"name":"Analizador de potencia Trif\u00e1sico &#8211; DW6093"}]},{"@type":"WebSite","@id":"https:\/\/abaa.mx\/tienda\/#website","url":"https:\/\/abaa.mx\/tienda\/","name":"Abaa tienda online","description":"Instrumentos de medici\u00f3n","publisher":{"@id":"https:\/\/abaa.mx\/tienda\/#organization"},"potentialAction":[{"@type":"SearchAction","target":{"@type":"EntryPoint","urlTemplate":"https:\/\/abaa.mx\/tienda\/?s={search_term_string}"},"query-input":{"@type":"PropertyValueSpecification","valueRequired":true,"valueName":"search_term_string"}}],"inLanguage":"es"},{"@type":"Organization","@id":"https:\/\/abaa.mx\/tienda\/#organization","name":"Abaa tienda online","url":"https:\/\/abaa.mx\/tienda\/","logo":{"@type":"ImageObject","inLanguage":"es","@id":"https:\/\/abaa.mx\/tienda\/#\/schema\/logo\/image\/","url":"https:\/\/abaa.mx\/tienda\/wp-content\/uploads\/2024\/01\/abaa-metrologia-tienda.png","contentUrl":"https:\/\/abaa.mx\/tienda\/wp-content\/uploads\/2024\/01\/abaa-metrologia-tienda.png","width":300,"height":141,"caption":"Abaa tienda online"},"image":{"@id":"https:\/\/abaa.mx\/tienda\/#\/schema\/logo\/image\/"}}]}},"_links":{"self":[{"href":"https:\/\/abaa.mx\/tienda\/wp-json\/wp\/v2\/product\/8672","targetHints":{"allow":["GET"]}}],"collection":[{"href":"https:\/\/abaa.mx\/tienda\/wp-json\/wp\/v2\/product"}],"about":[{"href":"https:\/\/abaa.mx\/tienda\/wp-json\/wp\/v2\/types\/product"}],"replies":[{"embeddable":true,"href":"https:\/\/abaa.mx\/tienda\/wp-json\/wp\/v2\/comments?post=8672"}],"wp:featuredmedia":[{"embeddable":true,"href":"https:\/\/abaa.mx\/tienda\/wp-json\/wp\/v2\/media\/8673"}],"wp:attachment":[{"href":"https:\/\/abaa.mx\/tienda\/wp-json\/wp\/v2\/media?parent=8672"}],"wp:term":[{"taxonomy":"product_brand","embeddable":true,"href":"https:\/\/abaa.mx\/tienda\/wp-json\/wp\/v2\/product_brand?post=8672"},{"taxonomy":"product_cat","embeddable":true,"href":"https:\/\/abaa.mx\/tienda\/wp-json\/wp\/v2\/product_cat?post=8672"},{"taxonomy":"product_tag","embeddable":true,"href":"https:\/\/abaa.mx\/tienda\/wp-json\/wp\/v2\/product_tag?post=8672"}],"curies":[{"name":"wp","href":"https:\/\/api.w.org\/{rel}","templated":true}]}}