{"id":8645,"date":"2023-11-08T19:41:58","date_gmt":"2023-11-08T19:41:58","guid":{"rendered":"https:\/\/abaa.mx\/tienda\/?post_type=product&#038;p=8645"},"modified":"2023-11-08T19:41:58","modified_gmt":"2023-11-08T19:41:58","slug":"chlor-test-pruebas-de-cloruros-sulfatos-iones-de-nitratos-en-superficies-p190","status":"publish","type":"product","link":"https:\/\/abaa.mx\/tienda\/chlor-test-pruebas-de-cloruros-sulfatos-iones-de-nitratos-en-superficies-p190\/","title":{"rendered":"Chlor Test Pruebas de Cloruros Sulfatos Iones de Nitratos en Superficies &#8211; P190"},"content":{"rendered":"<p>Chlor Test Pruebas de Cloruros Sulfatos Iones de Nitratos en Superficies &#8211; P190.<\/p>\n","protected":false},"excerpt":{"rendered":"<p>fue desarrollado para ser f\u00e1cil de utilizar y evitar contaminaci\u00f3n externa a lo largo de la realizaci\u00f3n de las pruebas.<\/p>\n<p>Se utiliza para medir el contenido de iones cloruros, sulfatos y nitratos en la \u00e1rea. Hoy en d\u00eda es el procedimiento de campo m\u00e1s exacto. Utiliza una soluci\u00f3n \u00fanica de extracto patentado para recuperar las sales contaminantes de la superficie. Este extracto particular incrementa las tasas de recuperaci\u00f3n admitiendo una mayor precisi\u00f3n de la prueba.<\/p>\n<p>Todos los desenlaces se miden en ppm.<br \/>\nNo es requisito la utilizaci\u00f3n de tablas de conversi\u00f3n. La equivalencia es de 1 ppm a 1 ug\/cm2.<\/p>\n<p><strong>Incluye:<\/strong><\/p>\n<ul>\n<li>5 jeringas (sin aguja).<\/li>\n<li>5 cintas de medici\u00f3n de nitratos.<\/li>\n<li>5 pruebas de cloruros.<\/li>\n<li>5 pruebas de sulfatos.<\/li>\n<li>Color\u00edmetro.<\/li>\n<li>Manual de instrucciones.<\/li>\n<li>Malet\u00edn resistente.<\/li>\n<\/ul>\n","protected":false},"featured_media":8646,"comment_status":"open","ping_status":"closed","template":"","meta":{"_joinchat":[]},"product_brand":[],"product_cat":[115],"product_tag":[],"class_list":{"0":"post-8645","1":"product","2":"type-product","3":"status-publish","4":"has-post-thumbnail","6":"product_cat-medidores-de-perfil-de-anclaje","8":"first","9":"instock","10":"shipping-taxable","11":"product-type-simple"},"yoast_head":"<!-- This site is optimized with the Yoast SEO plugin v26.4 - https:\/\/yoast.com\/wordpress\/plugins\/seo\/ -->\n<title>Chlor Test Pruebas de Cloruros Sulfatos Iones de Nitratos en Superficies - P190 - Abaa tienda online<\/title>\n<meta name=\"robots\" content=\"index, follow, max-snippet:-1, max-image-preview:large, max-video-preview:-1\" \/>\n<link rel=\"canonical\" href=\"https:\/\/abaa.mx\/tienda\/chlor-test-pruebas-de-cloruros-sulfatos-iones-de-nitratos-en-superficies-p190\/\" \/>\n<meta property=\"og:locale\" content=\"es_MX\" \/>\n<meta property=\"og:type\" content=\"article\" \/>\n<meta property=\"og:title\" content=\"Chlor Test Pruebas de Cloruros Sulfatos Iones de Nitratos en Superficies - P190 - Abaa tienda online\" \/>\n<meta property=\"og:description\" content=\"fue desarrollado para ser f\u00e1cil de utilizar y evitar contaminaci\u00f3n externa a lo largo de la realizaci\u00f3n de las pruebas.  Se utiliza para medir el contenido de iones cloruros, sulfatos y nitratos en la \u00e1rea. Hoy en d\u00eda es el procedimiento de campo m\u00e1s exacto. Utiliza una soluci\u00f3n \u00fanica de extracto patentado para recuperar las sales contaminantes de la superficie. Este extracto particular incrementa las tasas de recuperaci\u00f3n admitiendo una mayor precisi\u00f3n de la prueba.  Todos los desenlaces se miden en ppm. No es requisito la utilizaci\u00f3n de tablas de conversi\u00f3n. La equivalencia es de 1 ppm a 1 ug\/cm2.  Incluye:   5 jeringas (sin aguja).  5 cintas de medici\u00f3n de nitratos.  5 pruebas de cloruros.  5 pruebas de sulfatos.  Color\u00edmetro.  Manual de instrucciones.  Malet\u00edn resistente.\" \/>\n<meta property=\"og:url\" content=\"https:\/\/abaa.mx\/tienda\/chlor-test-pruebas-de-cloruros-sulfatos-iones-de-nitratos-en-superficies-p190\/\" \/>\n<meta property=\"og:site_name\" content=\"Abaa tienda online\" \/>\n<meta property=\"og:image\" content=\"https:\/\/abaa.mx\/tienda\/wp-content\/uploads\/2023\/11\/CHLOR-RID-P190.jpg\" \/>\n\t<meta property=\"og:image:width\" content=\"444\" \/>\n\t<meta property=\"og:image:height\" content=\"474\" \/>\n\t<meta property=\"og:image:type\" content=\"image\/jpeg\" \/>\n<meta name=\"twitter:card\" content=\"summary_large_image\" \/>\n<meta name=\"twitter:label1\" content=\"Tiempo de lectura\" \/>\n\t<meta name=\"twitter:data1\" content=\"1 minuto\" \/>\n<script type=\"application\/ld+json\" class=\"yoast-schema-graph\">{\"@context\":\"https:\/\/schema.org\",\"@graph\":[{\"@type\":\"WebPage\",\"@id\":\"https:\/\/abaa.mx\/tienda\/chlor-test-pruebas-de-cloruros-sulfatos-iones-de-nitratos-en-superficies-p190\/\",\"url\":\"https:\/\/abaa.mx\/tienda\/chlor-test-pruebas-de-cloruros-sulfatos-iones-de-nitratos-en-superficies-p190\/\",\"name\":\"Chlor Test Pruebas de Cloruros Sulfatos Iones de Nitratos en Superficies - P190 - Abaa tienda online\",\"isPartOf\":{\"@id\":\"https:\/\/abaa.mx\/tienda\/#website\"},\"primaryImageOfPage\":{\"@id\":\"https:\/\/abaa.mx\/tienda\/chlor-test-pruebas-de-cloruros-sulfatos-iones-de-nitratos-en-superficies-p190\/#primaryimage\"},\"image\":{\"@id\":\"https:\/\/abaa.mx\/tienda\/chlor-test-pruebas-de-cloruros-sulfatos-iones-de-nitratos-en-superficies-p190\/#primaryimage\"},\"thumbnailUrl\":\"https:\/\/abaa.mx\/tienda\/wp-content\/uploads\/2023\/11\/CHLOR-RID-P190.jpg\",\"datePublished\":\"2023-11-08T19:41:58+00:00\",\"breadcrumb\":{\"@id\":\"https:\/\/abaa.mx\/tienda\/chlor-test-pruebas-de-cloruros-sulfatos-iones-de-nitratos-en-superficies-p190\/#breadcrumb\"},\"inLanguage\":\"es\",\"potentialAction\":[{\"@type\":\"ReadAction\",\"target\":[\"https:\/\/abaa.mx\/tienda\/chlor-test-pruebas-de-cloruros-sulfatos-iones-de-nitratos-en-superficies-p190\/\"]}]},{\"@type\":\"ImageObject\",\"inLanguage\":\"es\",\"@id\":\"https:\/\/abaa.mx\/tienda\/chlor-test-pruebas-de-cloruros-sulfatos-iones-de-nitratos-en-superficies-p190\/#primaryimage\",\"url\":\"https:\/\/abaa.mx\/tienda\/wp-content\/uploads\/2023\/11\/CHLOR-RID-P190.jpg\",\"contentUrl\":\"https:\/\/abaa.mx\/tienda\/wp-content\/uploads\/2023\/11\/CHLOR-RID-P190.jpg\",\"width\":444,\"height\":474,\"caption\":\"CHLOR-RID-P190\"},{\"@type\":\"BreadcrumbList\",\"@id\":\"https:\/\/abaa.mx\/tienda\/chlor-test-pruebas-de-cloruros-sulfatos-iones-de-nitratos-en-superficies-p190\/#breadcrumb\",\"itemListElement\":[{\"@type\":\"ListItem\",\"position\":1,\"name\":\"Inicio\",\"item\":\"https:\/\/abaa.mx\/tienda\/\"},{\"@type\":\"ListItem\",\"position\":2,\"name\":\"Tienda\",\"item\":\"https:\/\/abaa.mx\/tienda\/\"},{\"@type\":\"ListItem\",\"position\":3,\"name\":\"Chlor Test Pruebas de Cloruros Sulfatos Iones de Nitratos en Superficies &#8211; P190\"}]},{\"@type\":\"WebSite\",\"@id\":\"https:\/\/abaa.mx\/tienda\/#website\",\"url\":\"https:\/\/abaa.mx\/tienda\/\",\"name\":\"Abaa tienda online\",\"description\":\"Instrumentos de medici\u00f3n\",\"publisher\":{\"@id\":\"https:\/\/abaa.mx\/tienda\/#organization\"},\"potentialAction\":[{\"@type\":\"SearchAction\",\"target\":{\"@type\":\"EntryPoint\",\"urlTemplate\":\"https:\/\/abaa.mx\/tienda\/?s={search_term_string}\"},\"query-input\":{\"@type\":\"PropertyValueSpecification\",\"valueRequired\":true,\"valueName\":\"search_term_string\"}}],\"inLanguage\":\"es\"},{\"@type\":\"Organization\",\"@id\":\"https:\/\/abaa.mx\/tienda\/#organization\",\"name\":\"Abaa tienda online\",\"url\":\"https:\/\/abaa.mx\/tienda\/\",\"logo\":{\"@type\":\"ImageObject\",\"inLanguage\":\"es\",\"@id\":\"https:\/\/abaa.mx\/tienda\/#\/schema\/logo\/image\/\",\"url\":\"https:\/\/abaa.mx\/tienda\/wp-content\/uploads\/2024\/01\/abaa-metrologia-tienda.png\",\"contentUrl\":\"https:\/\/abaa.mx\/tienda\/wp-content\/uploads\/2024\/01\/abaa-metrologia-tienda.png\",\"width\":300,\"height\":141,\"caption\":\"Abaa tienda online\"},\"image\":{\"@id\":\"https:\/\/abaa.mx\/tienda\/#\/schema\/logo\/image\/\"}}]}<\/script>\n<!-- \/ Yoast SEO plugin. -->","yoast_head_json":{"title":"Chlor Test Pruebas de Cloruros Sulfatos Iones de Nitratos en Superficies - P190 - Abaa tienda online","robots":{"index":"index","follow":"follow","max-snippet":"max-snippet:-1","max-image-preview":"max-image-preview:large","max-video-preview":"max-video-preview:-1"},"canonical":"https:\/\/abaa.mx\/tienda\/chlor-test-pruebas-de-cloruros-sulfatos-iones-de-nitratos-en-superficies-p190\/","og_locale":"es_MX","og_type":"article","og_title":"Chlor Test Pruebas de Cloruros Sulfatos Iones de Nitratos en Superficies - P190 - Abaa tienda online","og_description":"fue desarrollado para ser f\u00e1cil de utilizar y evitar contaminaci\u00f3n externa a lo largo de la realizaci\u00f3n de las pruebas.  Se utiliza para medir el contenido de iones cloruros, sulfatos y nitratos en la \u00e1rea. Hoy en d\u00eda es el procedimiento de campo m\u00e1s exacto. Utiliza una soluci\u00f3n \u00fanica de extracto patentado para recuperar las sales contaminantes de la superficie. Este extracto particular incrementa las tasas de recuperaci\u00f3n admitiendo una mayor precisi\u00f3n de la prueba.  Todos los desenlaces se miden en ppm. No es requisito la utilizaci\u00f3n de tablas de conversi\u00f3n. La equivalencia es de 1 ppm a 1 ug\/cm2.  Incluye:   5 jeringas (sin aguja).  5 cintas de medici\u00f3n de nitratos.  5 pruebas de cloruros.  5 pruebas de sulfatos.  Color\u00edmetro.  Manual de instrucciones.  Malet\u00edn resistente.","og_url":"https:\/\/abaa.mx\/tienda\/chlor-test-pruebas-de-cloruros-sulfatos-iones-de-nitratos-en-superficies-p190\/","og_site_name":"Abaa tienda online","og_image":[{"width":444,"height":474,"url":"https:\/\/abaa.mx\/tienda\/wp-content\/uploads\/2023\/11\/CHLOR-RID-P190.jpg","type":"image\/jpeg"}],"twitter_card":"summary_large_image","twitter_misc":{"Tiempo de lectura":"1 minuto"},"schema":{"@context":"https:\/\/schema.org","@graph":[{"@type":"WebPage","@id":"https:\/\/abaa.mx\/tienda\/chlor-test-pruebas-de-cloruros-sulfatos-iones-de-nitratos-en-superficies-p190\/","url":"https:\/\/abaa.mx\/tienda\/chlor-test-pruebas-de-cloruros-sulfatos-iones-de-nitratos-en-superficies-p190\/","name":"Chlor Test Pruebas de Cloruros Sulfatos Iones de Nitratos en Superficies - P190 - Abaa tienda online","isPartOf":{"@id":"https:\/\/abaa.mx\/tienda\/#website"},"primaryImageOfPage":{"@id":"https:\/\/abaa.mx\/tienda\/chlor-test-pruebas-de-cloruros-sulfatos-iones-de-nitratos-en-superficies-p190\/#primaryimage"},"image":{"@id":"https:\/\/abaa.mx\/tienda\/chlor-test-pruebas-de-cloruros-sulfatos-iones-de-nitratos-en-superficies-p190\/#primaryimage"},"thumbnailUrl":"https:\/\/abaa.mx\/tienda\/wp-content\/uploads\/2023\/11\/CHLOR-RID-P190.jpg","datePublished":"2023-11-08T19:41:58+00:00","breadcrumb":{"@id":"https:\/\/abaa.mx\/tienda\/chlor-test-pruebas-de-cloruros-sulfatos-iones-de-nitratos-en-superficies-p190\/#breadcrumb"},"inLanguage":"es","potentialAction":[{"@type":"ReadAction","target":["https:\/\/abaa.mx\/tienda\/chlor-test-pruebas-de-cloruros-sulfatos-iones-de-nitratos-en-superficies-p190\/"]}]},{"@type":"ImageObject","inLanguage":"es","@id":"https:\/\/abaa.mx\/tienda\/chlor-test-pruebas-de-cloruros-sulfatos-iones-de-nitratos-en-superficies-p190\/#primaryimage","url":"https:\/\/abaa.mx\/tienda\/wp-content\/uploads\/2023\/11\/CHLOR-RID-P190.jpg","contentUrl":"https:\/\/abaa.mx\/tienda\/wp-content\/uploads\/2023\/11\/CHLOR-RID-P190.jpg","width":444,"height":474,"caption":"CHLOR-RID-P190"},{"@type":"BreadcrumbList","@id":"https:\/\/abaa.mx\/tienda\/chlor-test-pruebas-de-cloruros-sulfatos-iones-de-nitratos-en-superficies-p190\/#breadcrumb","itemListElement":[{"@type":"ListItem","position":1,"name":"Inicio","item":"https:\/\/abaa.mx\/tienda\/"},{"@type":"ListItem","position":2,"name":"Tienda","item":"https:\/\/abaa.mx\/tienda\/"},{"@type":"ListItem","position":3,"name":"Chlor Test Pruebas de Cloruros Sulfatos Iones de Nitratos en Superficies &#8211; P190"}]},{"@type":"WebSite","@id":"https:\/\/abaa.mx\/tienda\/#website","url":"https:\/\/abaa.mx\/tienda\/","name":"Abaa tienda online","description":"Instrumentos de medici\u00f3n","publisher":{"@id":"https:\/\/abaa.mx\/tienda\/#organization"},"potentialAction":[{"@type":"SearchAction","target":{"@type":"EntryPoint","urlTemplate":"https:\/\/abaa.mx\/tienda\/?s={search_term_string}"},"query-input":{"@type":"PropertyValueSpecification","valueRequired":true,"valueName":"search_term_string"}}],"inLanguage":"es"},{"@type":"Organization","@id":"https:\/\/abaa.mx\/tienda\/#organization","name":"Abaa tienda online","url":"https:\/\/abaa.mx\/tienda\/","logo":{"@type":"ImageObject","inLanguage":"es","@id":"https:\/\/abaa.mx\/tienda\/#\/schema\/logo\/image\/","url":"https:\/\/abaa.mx\/tienda\/wp-content\/uploads\/2024\/01\/abaa-metrologia-tienda.png","contentUrl":"https:\/\/abaa.mx\/tienda\/wp-content\/uploads\/2024\/01\/abaa-metrologia-tienda.png","width":300,"height":141,"caption":"Abaa tienda online"},"image":{"@id":"https:\/\/abaa.mx\/tienda\/#\/schema\/logo\/image\/"}}]}},"_links":{"self":[{"href":"https:\/\/abaa.mx\/tienda\/wp-json\/wp\/v2\/product\/8645","targetHints":{"allow":["GET"]}}],"collection":[{"href":"https:\/\/abaa.mx\/tienda\/wp-json\/wp\/v2\/product"}],"about":[{"href":"https:\/\/abaa.mx\/tienda\/wp-json\/wp\/v2\/types\/product"}],"replies":[{"embeddable":true,"href":"https:\/\/abaa.mx\/tienda\/wp-json\/wp\/v2\/comments?post=8645"}],"wp:featuredmedia":[{"embeddable":true,"href":"https:\/\/abaa.mx\/tienda\/wp-json\/wp\/v2\/media\/8646"}],"wp:attachment":[{"href":"https:\/\/abaa.mx\/tienda\/wp-json\/wp\/v2\/media?parent=8645"}],"wp:term":[{"taxonomy":"product_brand","embeddable":true,"href":"https:\/\/abaa.mx\/tienda\/wp-json\/wp\/v2\/product_brand?post=8645"},{"taxonomy":"product_cat","embeddable":true,"href":"https:\/\/abaa.mx\/tienda\/wp-json\/wp\/v2\/product_cat?post=8645"},{"taxonomy":"product_tag","embeddable":true,"href":"https:\/\/abaa.mx\/tienda\/wp-json\/wp\/v2\/product_tag?post=8645"}],"curies":[{"name":"wp","href":"https:\/\/api.w.org\/{rel}","templated":true}]}}