{"id":8611,"date":"2023-11-07T20:36:29","date_gmt":"2023-11-07T20:36:29","guid":{"rendered":"https:\/\/abaa.mx\/tienda\/?post_type=product&#038;p=8611"},"modified":"2023-11-30T16:30:06","modified_gmt":"2023-11-30T16:30:06","slug":"medidor-de-humedad-en-concreto-tcheck-cp","status":"publish","type":"product","link":"https:\/\/abaa.mx\/tienda\/medidor-de-humedad-en-concreto-tcheck-cp\/","title":{"rendered":"Medidor de Humedad en Concreto &#8211; TCHECK-CP"},"content":{"rendered":"<p>Medidor de Humedad en Concreto &#8211; TCHECK\/CP<\/p>\n","protected":false},"excerpt":{"rendered":"<p><b>Caracter\u00edsticas del producto:<\/b><\/p>\n<ul>\n<li>Almacene hasta 1400 lecturas con fecha y hora.<\/li>\n<li>1 a\u00f1o de garant\u00eda.<\/li>\n<li>Modo Pin:<\/li>\n<li>5% -60% de escala de madera. b. Corrige 69 especies de madera individuales y temperatura (\u00b0 F y \u00b0 C). c. Escala de yeso de 0,1% a 6%. d. 0-100 escala de referencia num\u00e9rica para materiales de construcci\u00f3n no-de madera. e. El conector incorporado acepta cualquier electrodo Delmhorst.<\/li>\n<li>El software opcional le permite descargar lecturas a su computadora y generar informes de Excel.<\/li>\n<li>Ver las lecturas almacenadas en la pantalla.<\/li>\n<li>Bater\u00eda de 9V.<\/li>\n<li>Estuche de pl\u00e1stico robusto.<\/li>\n<li>La robusta construcci\u00f3n garantiza a\u00f1os de uso confiable.<\/li>\n<li>Pantalla digital clara y clara.<\/li>\n<li>Tama\u00f1o: 8 \u00bd &#8220;x 3 3\/8&#8221; x 1 \u00be &#8220;.<\/li>\n<li>Peso: 11 onzas.<\/li>\n<li>Modo de escaneo: escala de referencia num\u00e9rica 0-300.<\/li>\n<li>Organizar lecturas por trabajo para facilitar la consulta.<\/li>\n<li>Thermo-higr\u00f3metro con sensor RH:<\/li>\n<li>Rango de temperatura: -40 \u00b0 F &#8211; 255 \u00b0 F (-40 \u00b0 C &#8211; 124 \u00b0 C). b.Rango de Humedad Relativa: 0% -100%. c.Rango del punto de roc\u00edo: -40 \u00b0 F &#8211; 176 \u00b0 F (-40 \u00b0 C &#8211; 80 \u00b0 C). d.GPP Rango: 0.1 &#8211; 3820 GPP (Granos por libra). e.El sensor puede utilizarse para pruebas de hormig\u00f3n in situ seg\u00fan la norma ASTM F2170.<\/li>\n<\/ul>\n","protected":false},"featured_media":8612,"comment_status":"open","ping_status":"closed","template":"","meta":{"_joinchat":[]},"product_brand":[],"product_cat":[114],"product_tag":[],"class_list":{"0":"post-8611","1":"product","2":"type-product","3":"status-publish","4":"has-post-thumbnail","6":"product_cat-medidor-de-humedad-en-materiales","8":"first","9":"instock","10":"shipping-taxable","11":"product-type-simple"},"yoast_head":"<!-- This site is optimized with the Yoast SEO plugin v26.4 - https:\/\/yoast.com\/wordpress\/plugins\/seo\/ -->\n<title>Medidor de Humedad en Concreto - TCHECK-CP - Abaa tienda online<\/title>\n<meta name=\"robots\" content=\"index, follow, max-snippet:-1, max-image-preview:large, max-video-preview:-1\" \/>\n<link rel=\"canonical\" href=\"https:\/\/abaa.mx\/tienda\/medidor-de-humedad-en-concreto-tcheck-cp\/\" \/>\n<meta property=\"og:locale\" content=\"es_MX\" \/>\n<meta property=\"og:type\" content=\"article\" \/>\n<meta property=\"og:title\" content=\"Medidor de Humedad en Concreto - TCHECK-CP - Abaa tienda online\" \/>\n<meta property=\"og:description\" content=\"Caracter\u00edsticas del producto:   Almacene hasta 1400 lecturas con fecha y hora.  1 a\u00f1o de garant\u00eda.  Modo Pin:  5% -60% de escala de madera. b. Corrige 69 especies de madera individuales y temperatura (\u00b0 F y \u00b0 C). c. Escala de yeso de 0,1% a 6%. d. 0-100 escala de referencia num\u00e9rica para materiales de construcci\u00f3n no-de madera. e. El conector incorporado acepta cualquier electrodo Delmhorst.  El software opcional le permite descargar lecturas a su computadora y generar informes de Excel.  Ver las lecturas almacenadas en la pantalla.  Bater\u00eda de 9V.  Estuche de pl\u00e1stico robusto.  La robusta construcci\u00f3n garantiza a\u00f1os de uso confiable.  Pantalla digital clara y clara.  Tama\u00f1o: 8 \u00bd &quot;x 3 3\/8&quot; x 1 \u00be &quot;.  Peso: 11 onzas.  Modo de escaneo: escala de referencia num\u00e9rica 0-300.  Organizar lecturas por trabajo para facilitar la consulta.  Thermo-higr\u00f3metro con sensor RH:  Rango de temperatura: -40 \u00b0 F - 255 \u00b0 F (-40 \u00b0 C - 124 \u00b0 C). b.Rango de Humedad Relativa: 0% -100%. c.Rango del punto de roc\u00edo: -40 \u00b0 F - 176 \u00b0 F (-40 \u00b0 C - 80 \u00b0 C). d.GPP Rango: 0.1 - 3820 GPP (Granos por libra). e.El sensor puede utilizarse para pruebas de hormig\u00f3n in situ seg\u00fan la norma ASTM F2170.\" \/>\n<meta property=\"og:url\" content=\"https:\/\/abaa.mx\/tienda\/medidor-de-humedad-en-concreto-tcheck-cp\/\" \/>\n<meta property=\"og:site_name\" content=\"Abaa tienda online\" \/>\n<meta property=\"article:modified_time\" content=\"2023-11-30T16:30:06+00:00\" \/>\n<meta property=\"og:image\" content=\"https:\/\/abaa.mx\/tienda\/wp-content\/uploads\/2023\/11\/DELMHORST-TCHECK-CP.jpg\" \/>\n\t<meta property=\"og:image:width\" content=\"444\" \/>\n\t<meta property=\"og:image:height\" content=\"347\" \/>\n\t<meta property=\"og:image:type\" content=\"image\/jpeg\" \/>\n<meta name=\"twitter:card\" content=\"summary_large_image\" \/>\n<meta name=\"twitter:label1\" content=\"Tiempo de lectura\" \/>\n\t<meta name=\"twitter:data1\" content=\"1 minuto\" \/>\n<script type=\"application\/ld+json\" class=\"yoast-schema-graph\">{\"@context\":\"https:\/\/schema.org\",\"@graph\":[{\"@type\":\"WebPage\",\"@id\":\"https:\/\/abaa.mx\/tienda\/medidor-de-humedad-en-concreto-tcheck-cp\/\",\"url\":\"https:\/\/abaa.mx\/tienda\/medidor-de-humedad-en-concreto-tcheck-cp\/\",\"name\":\"Medidor de Humedad en Concreto - TCHECK-CP - Abaa tienda online\",\"isPartOf\":{\"@id\":\"https:\/\/abaa.mx\/tienda\/#website\"},\"primaryImageOfPage\":{\"@id\":\"https:\/\/abaa.mx\/tienda\/medidor-de-humedad-en-concreto-tcheck-cp\/#primaryimage\"},\"image\":{\"@id\":\"https:\/\/abaa.mx\/tienda\/medidor-de-humedad-en-concreto-tcheck-cp\/#primaryimage\"},\"thumbnailUrl\":\"https:\/\/abaa.mx\/tienda\/wp-content\/uploads\/2023\/11\/DELMHORST-TCHECK-CP.jpg\",\"datePublished\":\"2023-11-07T20:36:29+00:00\",\"dateModified\":\"2023-11-30T16:30:06+00:00\",\"breadcrumb\":{\"@id\":\"https:\/\/abaa.mx\/tienda\/medidor-de-humedad-en-concreto-tcheck-cp\/#breadcrumb\"},\"inLanguage\":\"es\",\"potentialAction\":[{\"@type\":\"ReadAction\",\"target\":[\"https:\/\/abaa.mx\/tienda\/medidor-de-humedad-en-concreto-tcheck-cp\/\"]}]},{\"@type\":\"ImageObject\",\"inLanguage\":\"es\",\"@id\":\"https:\/\/abaa.mx\/tienda\/medidor-de-humedad-en-concreto-tcheck-cp\/#primaryimage\",\"url\":\"https:\/\/abaa.mx\/tienda\/wp-content\/uploads\/2023\/11\/DELMHORST-TCHECK-CP.jpg\",\"contentUrl\":\"https:\/\/abaa.mx\/tienda\/wp-content\/uploads\/2023\/11\/DELMHORST-TCHECK-CP.jpg\",\"width\":444,\"height\":347,\"caption\":\"DELMHORST-TCHECK-CP\"},{\"@type\":\"BreadcrumbList\",\"@id\":\"https:\/\/abaa.mx\/tienda\/medidor-de-humedad-en-concreto-tcheck-cp\/#breadcrumb\",\"itemListElement\":[{\"@type\":\"ListItem\",\"position\":1,\"name\":\"Inicio\",\"item\":\"https:\/\/abaa.mx\/tienda\/\"},{\"@type\":\"ListItem\",\"position\":2,\"name\":\"Tienda\",\"item\":\"https:\/\/abaa.mx\/tienda\/\"},{\"@type\":\"ListItem\",\"position\":3,\"name\":\"Medidor de Humedad en Concreto &#8211; TCHECK-CP\"}]},{\"@type\":\"WebSite\",\"@id\":\"https:\/\/abaa.mx\/tienda\/#website\",\"url\":\"https:\/\/abaa.mx\/tienda\/\",\"name\":\"Abaa tienda online\",\"description\":\"Instrumentos de medici\u00f3n\",\"publisher\":{\"@id\":\"https:\/\/abaa.mx\/tienda\/#organization\"},\"potentialAction\":[{\"@type\":\"SearchAction\",\"target\":{\"@type\":\"EntryPoint\",\"urlTemplate\":\"https:\/\/abaa.mx\/tienda\/?s={search_term_string}\"},\"query-input\":{\"@type\":\"PropertyValueSpecification\",\"valueRequired\":true,\"valueName\":\"search_term_string\"}}],\"inLanguage\":\"es\"},{\"@type\":\"Organization\",\"@id\":\"https:\/\/abaa.mx\/tienda\/#organization\",\"name\":\"Abaa tienda online\",\"url\":\"https:\/\/abaa.mx\/tienda\/\",\"logo\":{\"@type\":\"ImageObject\",\"inLanguage\":\"es\",\"@id\":\"https:\/\/abaa.mx\/tienda\/#\/schema\/logo\/image\/\",\"url\":\"https:\/\/abaa.mx\/tienda\/wp-content\/uploads\/2024\/01\/abaa-metrologia-tienda.png\",\"contentUrl\":\"https:\/\/abaa.mx\/tienda\/wp-content\/uploads\/2024\/01\/abaa-metrologia-tienda.png\",\"width\":300,\"height\":141,\"caption\":\"Abaa tienda online\"},\"image\":{\"@id\":\"https:\/\/abaa.mx\/tienda\/#\/schema\/logo\/image\/\"}}]}<\/script>\n<!-- \/ Yoast SEO plugin. -->","yoast_head_json":{"title":"Medidor de Humedad en Concreto - TCHECK-CP - Abaa tienda online","robots":{"index":"index","follow":"follow","max-snippet":"max-snippet:-1","max-image-preview":"max-image-preview:large","max-video-preview":"max-video-preview:-1"},"canonical":"https:\/\/abaa.mx\/tienda\/medidor-de-humedad-en-concreto-tcheck-cp\/","og_locale":"es_MX","og_type":"article","og_title":"Medidor de Humedad en Concreto - TCHECK-CP - Abaa tienda online","og_description":"Caracter\u00edsticas del producto:   Almacene hasta 1400 lecturas con fecha y hora.  1 a\u00f1o de garant\u00eda.  Modo Pin:  5% -60% de escala de madera. b. Corrige 69 especies de madera individuales y temperatura (\u00b0 F y \u00b0 C). c. Escala de yeso de 0,1% a 6%. d. 0-100 escala de referencia num\u00e9rica para materiales de construcci\u00f3n no-de madera. e. El conector incorporado acepta cualquier electrodo Delmhorst.  El software opcional le permite descargar lecturas a su computadora y generar informes de Excel.  Ver las lecturas almacenadas en la pantalla.  Bater\u00eda de 9V.  Estuche de pl\u00e1stico robusto.  La robusta construcci\u00f3n garantiza a\u00f1os de uso confiable.  Pantalla digital clara y clara.  Tama\u00f1o: 8 \u00bd \"x 3 3\/8\" x 1 \u00be \".  Peso: 11 onzas.  Modo de escaneo: escala de referencia num\u00e9rica 0-300.  Organizar lecturas por trabajo para facilitar la consulta.  Thermo-higr\u00f3metro con sensor RH:  Rango de temperatura: -40 \u00b0 F - 255 \u00b0 F (-40 \u00b0 C - 124 \u00b0 C). b.Rango de Humedad Relativa: 0% -100%. c.Rango del punto de roc\u00edo: -40 \u00b0 F - 176 \u00b0 F (-40 \u00b0 C - 80 \u00b0 C). d.GPP Rango: 0.1 - 3820 GPP (Granos por libra). e.El sensor puede utilizarse para pruebas de hormig\u00f3n in situ seg\u00fan la norma ASTM F2170.","og_url":"https:\/\/abaa.mx\/tienda\/medidor-de-humedad-en-concreto-tcheck-cp\/","og_site_name":"Abaa tienda online","article_modified_time":"2023-11-30T16:30:06+00:00","og_image":[{"width":444,"height":347,"url":"https:\/\/abaa.mx\/tienda\/wp-content\/uploads\/2023\/11\/DELMHORST-TCHECK-CP.jpg","type":"image\/jpeg"}],"twitter_card":"summary_large_image","twitter_misc":{"Tiempo de lectura":"1 minuto"},"schema":{"@context":"https:\/\/schema.org","@graph":[{"@type":"WebPage","@id":"https:\/\/abaa.mx\/tienda\/medidor-de-humedad-en-concreto-tcheck-cp\/","url":"https:\/\/abaa.mx\/tienda\/medidor-de-humedad-en-concreto-tcheck-cp\/","name":"Medidor de Humedad en Concreto - TCHECK-CP - Abaa tienda online","isPartOf":{"@id":"https:\/\/abaa.mx\/tienda\/#website"},"primaryImageOfPage":{"@id":"https:\/\/abaa.mx\/tienda\/medidor-de-humedad-en-concreto-tcheck-cp\/#primaryimage"},"image":{"@id":"https:\/\/abaa.mx\/tienda\/medidor-de-humedad-en-concreto-tcheck-cp\/#primaryimage"},"thumbnailUrl":"https:\/\/abaa.mx\/tienda\/wp-content\/uploads\/2023\/11\/DELMHORST-TCHECK-CP.jpg","datePublished":"2023-11-07T20:36:29+00:00","dateModified":"2023-11-30T16:30:06+00:00","breadcrumb":{"@id":"https:\/\/abaa.mx\/tienda\/medidor-de-humedad-en-concreto-tcheck-cp\/#breadcrumb"},"inLanguage":"es","potentialAction":[{"@type":"ReadAction","target":["https:\/\/abaa.mx\/tienda\/medidor-de-humedad-en-concreto-tcheck-cp\/"]}]},{"@type":"ImageObject","inLanguage":"es","@id":"https:\/\/abaa.mx\/tienda\/medidor-de-humedad-en-concreto-tcheck-cp\/#primaryimage","url":"https:\/\/abaa.mx\/tienda\/wp-content\/uploads\/2023\/11\/DELMHORST-TCHECK-CP.jpg","contentUrl":"https:\/\/abaa.mx\/tienda\/wp-content\/uploads\/2023\/11\/DELMHORST-TCHECK-CP.jpg","width":444,"height":347,"caption":"DELMHORST-TCHECK-CP"},{"@type":"BreadcrumbList","@id":"https:\/\/abaa.mx\/tienda\/medidor-de-humedad-en-concreto-tcheck-cp\/#breadcrumb","itemListElement":[{"@type":"ListItem","position":1,"name":"Inicio","item":"https:\/\/abaa.mx\/tienda\/"},{"@type":"ListItem","position":2,"name":"Tienda","item":"https:\/\/abaa.mx\/tienda\/"},{"@type":"ListItem","position":3,"name":"Medidor de Humedad en Concreto &#8211; TCHECK-CP"}]},{"@type":"WebSite","@id":"https:\/\/abaa.mx\/tienda\/#website","url":"https:\/\/abaa.mx\/tienda\/","name":"Abaa tienda online","description":"Instrumentos de medici\u00f3n","publisher":{"@id":"https:\/\/abaa.mx\/tienda\/#organization"},"potentialAction":[{"@type":"SearchAction","target":{"@type":"EntryPoint","urlTemplate":"https:\/\/abaa.mx\/tienda\/?s={search_term_string}"},"query-input":{"@type":"PropertyValueSpecification","valueRequired":true,"valueName":"search_term_string"}}],"inLanguage":"es"},{"@type":"Organization","@id":"https:\/\/abaa.mx\/tienda\/#organization","name":"Abaa tienda online","url":"https:\/\/abaa.mx\/tienda\/","logo":{"@type":"ImageObject","inLanguage":"es","@id":"https:\/\/abaa.mx\/tienda\/#\/schema\/logo\/image\/","url":"https:\/\/abaa.mx\/tienda\/wp-content\/uploads\/2024\/01\/abaa-metrologia-tienda.png","contentUrl":"https:\/\/abaa.mx\/tienda\/wp-content\/uploads\/2024\/01\/abaa-metrologia-tienda.png","width":300,"height":141,"caption":"Abaa tienda online"},"image":{"@id":"https:\/\/abaa.mx\/tienda\/#\/schema\/logo\/image\/"}}]}},"_links":{"self":[{"href":"https:\/\/abaa.mx\/tienda\/wp-json\/wp\/v2\/product\/8611","targetHints":{"allow":["GET"]}}],"collection":[{"href":"https:\/\/abaa.mx\/tienda\/wp-json\/wp\/v2\/product"}],"about":[{"href":"https:\/\/abaa.mx\/tienda\/wp-json\/wp\/v2\/types\/product"}],"replies":[{"embeddable":true,"href":"https:\/\/abaa.mx\/tienda\/wp-json\/wp\/v2\/comments?post=8611"}],"wp:featuredmedia":[{"embeddable":true,"href":"https:\/\/abaa.mx\/tienda\/wp-json\/wp\/v2\/media\/8612"}],"wp:attachment":[{"href":"https:\/\/abaa.mx\/tienda\/wp-json\/wp\/v2\/media?parent=8611"}],"wp:term":[{"taxonomy":"product_brand","embeddable":true,"href":"https:\/\/abaa.mx\/tienda\/wp-json\/wp\/v2\/product_brand?post=8611"},{"taxonomy":"product_cat","embeddable":true,"href":"https:\/\/abaa.mx\/tienda\/wp-json\/wp\/v2\/product_cat?post=8611"},{"taxonomy":"product_tag","embeddable":true,"href":"https:\/\/abaa.mx\/tienda\/wp-json\/wp\/v2\/product_tag?post=8611"}],"curies":[{"name":"wp","href":"https:\/\/api.w.org\/{rel}","templated":true}]}}