{"id":8592,"date":"2023-11-07T19:43:52","date_gmt":"2023-11-07T19:43:52","guid":{"rendered":"https:\/\/abaa.mx\/tienda\/?post_type=product&#038;p=8592"},"modified":"2023-11-07T19:43:52","modified_gmt":"2023-11-07T19:43:52","slug":"medidor-de-humedad-basico-madera-jlite","status":"publish","type":"product","link":"https:\/\/abaa.mx\/tienda\/medidor-de-humedad-basico-madera-jlite\/","title":{"rendered":"Medidor de Humedad, Basico Madera &#8211; JLITE"},"content":{"rendered":"<p>Medidor de Humedad, Basico Madera &#8211; JLITE.<\/p>\n","protected":false},"excerpt":{"rendered":"<p>Medidor de Humedad en materiales de uso genera, no importa el grado de experiencia que tengas, la operaci\u00f3n de este equipo est\u00e1 al alcance de todos.<\/p>\n<p><b>Caracteristicas principales:<\/b><\/p>\n<ul>\n<li>Condiciones de Operaci\u00f3n: De 5 a 45 \u00b0C, Para usarse solo en materiales higrosc\u00f3picos.<\/li>\n<li>Unidades de medici\u00f3n: % de contenido de humedad.<\/li>\n<li>Indicador de 12 lices LED que lo hace facil de leer en condiciones de baja iluminaci\u00f3n o bajo la luz directa del sol.<\/li>\n<li>Conector delmhorst lo cae compatible con una gran variedad de electrodos Delmhorst.<\/li>\n<li>Aplicaciones: Medicion de humedad de materiales en general.<\/li>\n<li>Contenido de la Caja: Estuche de pl\u00e1stico rigido, pila de 9 VCD.<\/li>\n<li>Rango: 6% &#8211; 30% de contenido de Humedad.<\/li>\n<li>Dise\u00f1o ergon\u00f3mico y material de carcaza muy duradero.<\/li>\n<li>Verificacion de calibracion integrada, puntas de penetracion de materail de 5\/16&#8243; de longitud.<\/li>\n<li>Dimensiones y peso: 20 x 75 x 43 mm, 284 gramos.<\/li>\n<\/ul>\n<p>&nbsp;<\/p>\n","protected":false},"featured_media":8593,"comment_status":"open","ping_status":"closed","template":"","meta":{"_joinchat":[]},"product_brand":[],"product_cat":[114],"product_tag":[],"class_list":{"0":"post-8592","1":"product","2":"type-product","3":"status-publish","4":"has-post-thumbnail","6":"product_cat-medidor-de-humedad-en-materiales","8":"first","9":"instock","10":"shipping-taxable","11":"product-type-simple"},"yoast_head":"<!-- This site is optimized with the Yoast SEO plugin v26.4 - https:\/\/yoast.com\/wordpress\/plugins\/seo\/ -->\n<title>Medidor de Humedad, Basico Madera - JLITE - Abaa tienda online<\/title>\n<meta name=\"robots\" content=\"index, follow, max-snippet:-1, max-image-preview:large, max-video-preview:-1\" \/>\n<link rel=\"canonical\" href=\"https:\/\/abaa.mx\/tienda\/medidor-de-humedad-basico-madera-jlite\/\" \/>\n<meta property=\"og:locale\" content=\"es_MX\" \/>\n<meta property=\"og:type\" content=\"article\" \/>\n<meta property=\"og:title\" content=\"Medidor de Humedad, Basico Madera - JLITE - Abaa tienda online\" \/>\n<meta property=\"og:description\" content=\"Medidor de Humedad en materiales de uso genera, no importa el grado de experiencia que tengas, la operaci\u00f3n de este equipo est\u00e1 al alcance de todos.  Caracteristicas principales:   Condiciones de Operaci\u00f3n: De 5 a 45 \u00b0C, Para usarse solo en materiales higrosc\u00f3picos.  Unidades de medici\u00f3n: % de contenido de humedad.  Indicador de 12 lices LED que lo hace facil de leer en condiciones de baja iluminaci\u00f3n o bajo la luz directa del sol.  Conector delmhorst lo cae compatible con una gran variedad de electrodos Delmhorst.  Aplicaciones: Medicion de humedad de materiales en general.  Contenido de la Caja: Estuche de pl\u00e1stico rigido, pila de 9 VCD.  Rango: 6% - 30% de contenido de Humedad.  Dise\u00f1o ergon\u00f3mico y material de carcaza muy duradero.  Verificacion de calibracion integrada, puntas de penetracion de materail de 5\/16&quot; de longitud.  Dimensiones y peso: 20 x 75 x 43 mm, 284 gramos.  &nbsp;\" \/>\n<meta property=\"og:url\" content=\"https:\/\/abaa.mx\/tienda\/medidor-de-humedad-basico-madera-jlite\/\" \/>\n<meta property=\"og:site_name\" content=\"Abaa tienda online\" \/>\n<meta property=\"og:image\" content=\"https:\/\/abaa.mx\/tienda\/wp-content\/uploads\/2023\/11\/DELMHORST-JLITE.jpg\" \/>\n\t<meta property=\"og:image:width\" content=\"377\" \/>\n\t<meta property=\"og:image:height\" content=\"556\" \/>\n\t<meta property=\"og:image:type\" content=\"image\/jpeg\" \/>\n<meta name=\"twitter:card\" content=\"summary_large_image\" \/>\n<meta name=\"twitter:label1\" content=\"Tiempo de lectura\" \/>\n\t<meta name=\"twitter:data1\" content=\"1 minuto\" \/>\n<script type=\"application\/ld+json\" class=\"yoast-schema-graph\">{\"@context\":\"https:\/\/schema.org\",\"@graph\":[{\"@type\":\"WebPage\",\"@id\":\"https:\/\/abaa.mx\/tienda\/medidor-de-humedad-basico-madera-jlite\/\",\"url\":\"https:\/\/abaa.mx\/tienda\/medidor-de-humedad-basico-madera-jlite\/\",\"name\":\"Medidor de Humedad, Basico Madera - JLITE - Abaa tienda online\",\"isPartOf\":{\"@id\":\"https:\/\/abaa.mx\/tienda\/#website\"},\"primaryImageOfPage\":{\"@id\":\"https:\/\/abaa.mx\/tienda\/medidor-de-humedad-basico-madera-jlite\/#primaryimage\"},\"image\":{\"@id\":\"https:\/\/abaa.mx\/tienda\/medidor-de-humedad-basico-madera-jlite\/#primaryimage\"},\"thumbnailUrl\":\"https:\/\/abaa.mx\/tienda\/wp-content\/uploads\/2023\/11\/DELMHORST-JLITE.jpg\",\"datePublished\":\"2023-11-07T19:43:52+00:00\",\"breadcrumb\":{\"@id\":\"https:\/\/abaa.mx\/tienda\/medidor-de-humedad-basico-madera-jlite\/#breadcrumb\"},\"inLanguage\":\"es\",\"potentialAction\":[{\"@type\":\"ReadAction\",\"target\":[\"https:\/\/abaa.mx\/tienda\/medidor-de-humedad-basico-madera-jlite\/\"]}]},{\"@type\":\"ImageObject\",\"inLanguage\":\"es\",\"@id\":\"https:\/\/abaa.mx\/tienda\/medidor-de-humedad-basico-madera-jlite\/#primaryimage\",\"url\":\"https:\/\/abaa.mx\/tienda\/wp-content\/uploads\/2023\/11\/DELMHORST-JLITE.jpg\",\"contentUrl\":\"https:\/\/abaa.mx\/tienda\/wp-content\/uploads\/2023\/11\/DELMHORST-JLITE.jpg\",\"width\":377,\"height\":556,\"caption\":\"DELMHORST-JLITE\"},{\"@type\":\"BreadcrumbList\",\"@id\":\"https:\/\/abaa.mx\/tienda\/medidor-de-humedad-basico-madera-jlite\/#breadcrumb\",\"itemListElement\":[{\"@type\":\"ListItem\",\"position\":1,\"name\":\"Inicio\",\"item\":\"https:\/\/abaa.mx\/tienda\/\"},{\"@type\":\"ListItem\",\"position\":2,\"name\":\"Tienda\",\"item\":\"https:\/\/abaa.mx\/tienda\/\"},{\"@type\":\"ListItem\",\"position\":3,\"name\":\"Medidor de Humedad, Basico Madera &#8211; JLITE\"}]},{\"@type\":\"WebSite\",\"@id\":\"https:\/\/abaa.mx\/tienda\/#website\",\"url\":\"https:\/\/abaa.mx\/tienda\/\",\"name\":\"Abaa tienda online\",\"description\":\"Instrumentos de medici\u00f3n\",\"publisher\":{\"@id\":\"https:\/\/abaa.mx\/tienda\/#organization\"},\"potentialAction\":[{\"@type\":\"SearchAction\",\"target\":{\"@type\":\"EntryPoint\",\"urlTemplate\":\"https:\/\/abaa.mx\/tienda\/?s={search_term_string}\"},\"query-input\":{\"@type\":\"PropertyValueSpecification\",\"valueRequired\":true,\"valueName\":\"search_term_string\"}}],\"inLanguage\":\"es\"},{\"@type\":\"Organization\",\"@id\":\"https:\/\/abaa.mx\/tienda\/#organization\",\"name\":\"Abaa tienda online\",\"url\":\"https:\/\/abaa.mx\/tienda\/\",\"logo\":{\"@type\":\"ImageObject\",\"inLanguage\":\"es\",\"@id\":\"https:\/\/abaa.mx\/tienda\/#\/schema\/logo\/image\/\",\"url\":\"https:\/\/abaa.mx\/tienda\/wp-content\/uploads\/2024\/01\/abaa-metrologia-tienda.png\",\"contentUrl\":\"https:\/\/abaa.mx\/tienda\/wp-content\/uploads\/2024\/01\/abaa-metrologia-tienda.png\",\"width\":300,\"height\":141,\"caption\":\"Abaa tienda online\"},\"image\":{\"@id\":\"https:\/\/abaa.mx\/tienda\/#\/schema\/logo\/image\/\"}}]}<\/script>\n<!-- \/ Yoast SEO plugin. -->","yoast_head_json":{"title":"Medidor de Humedad, Basico Madera - JLITE - Abaa tienda online","robots":{"index":"index","follow":"follow","max-snippet":"max-snippet:-1","max-image-preview":"max-image-preview:large","max-video-preview":"max-video-preview:-1"},"canonical":"https:\/\/abaa.mx\/tienda\/medidor-de-humedad-basico-madera-jlite\/","og_locale":"es_MX","og_type":"article","og_title":"Medidor de Humedad, Basico Madera - JLITE - Abaa tienda online","og_description":"Medidor de Humedad en materiales de uso genera, no importa el grado de experiencia que tengas, la operaci\u00f3n de este equipo est\u00e1 al alcance de todos.  Caracteristicas principales:   Condiciones de Operaci\u00f3n: De 5 a 45 \u00b0C, Para usarse solo en materiales higrosc\u00f3picos.  Unidades de medici\u00f3n: % de contenido de humedad.  Indicador de 12 lices LED que lo hace facil de leer en condiciones de baja iluminaci\u00f3n o bajo la luz directa del sol.  Conector delmhorst lo cae compatible con una gran variedad de electrodos Delmhorst.  Aplicaciones: Medicion de humedad de materiales en general.  Contenido de la Caja: Estuche de pl\u00e1stico rigido, pila de 9 VCD.  Rango: 6% - 30% de contenido de Humedad.  Dise\u00f1o ergon\u00f3mico y material de carcaza muy duradero.  Verificacion de calibracion integrada, puntas de penetracion de materail de 5\/16\" de longitud.  Dimensiones y peso: 20 x 75 x 43 mm, 284 gramos.  &nbsp;","og_url":"https:\/\/abaa.mx\/tienda\/medidor-de-humedad-basico-madera-jlite\/","og_site_name":"Abaa tienda online","og_image":[{"width":377,"height":556,"url":"https:\/\/abaa.mx\/tienda\/wp-content\/uploads\/2023\/11\/DELMHORST-JLITE.jpg","type":"image\/jpeg"}],"twitter_card":"summary_large_image","twitter_misc":{"Tiempo de lectura":"1 minuto"},"schema":{"@context":"https:\/\/schema.org","@graph":[{"@type":"WebPage","@id":"https:\/\/abaa.mx\/tienda\/medidor-de-humedad-basico-madera-jlite\/","url":"https:\/\/abaa.mx\/tienda\/medidor-de-humedad-basico-madera-jlite\/","name":"Medidor de Humedad, Basico Madera - JLITE - Abaa tienda online","isPartOf":{"@id":"https:\/\/abaa.mx\/tienda\/#website"},"primaryImageOfPage":{"@id":"https:\/\/abaa.mx\/tienda\/medidor-de-humedad-basico-madera-jlite\/#primaryimage"},"image":{"@id":"https:\/\/abaa.mx\/tienda\/medidor-de-humedad-basico-madera-jlite\/#primaryimage"},"thumbnailUrl":"https:\/\/abaa.mx\/tienda\/wp-content\/uploads\/2023\/11\/DELMHORST-JLITE.jpg","datePublished":"2023-11-07T19:43:52+00:00","breadcrumb":{"@id":"https:\/\/abaa.mx\/tienda\/medidor-de-humedad-basico-madera-jlite\/#breadcrumb"},"inLanguage":"es","potentialAction":[{"@type":"ReadAction","target":["https:\/\/abaa.mx\/tienda\/medidor-de-humedad-basico-madera-jlite\/"]}]},{"@type":"ImageObject","inLanguage":"es","@id":"https:\/\/abaa.mx\/tienda\/medidor-de-humedad-basico-madera-jlite\/#primaryimage","url":"https:\/\/abaa.mx\/tienda\/wp-content\/uploads\/2023\/11\/DELMHORST-JLITE.jpg","contentUrl":"https:\/\/abaa.mx\/tienda\/wp-content\/uploads\/2023\/11\/DELMHORST-JLITE.jpg","width":377,"height":556,"caption":"DELMHORST-JLITE"},{"@type":"BreadcrumbList","@id":"https:\/\/abaa.mx\/tienda\/medidor-de-humedad-basico-madera-jlite\/#breadcrumb","itemListElement":[{"@type":"ListItem","position":1,"name":"Inicio","item":"https:\/\/abaa.mx\/tienda\/"},{"@type":"ListItem","position":2,"name":"Tienda","item":"https:\/\/abaa.mx\/tienda\/"},{"@type":"ListItem","position":3,"name":"Medidor de Humedad, Basico Madera &#8211; JLITE"}]},{"@type":"WebSite","@id":"https:\/\/abaa.mx\/tienda\/#website","url":"https:\/\/abaa.mx\/tienda\/","name":"Abaa tienda online","description":"Instrumentos de medici\u00f3n","publisher":{"@id":"https:\/\/abaa.mx\/tienda\/#organization"},"potentialAction":[{"@type":"SearchAction","target":{"@type":"EntryPoint","urlTemplate":"https:\/\/abaa.mx\/tienda\/?s={search_term_string}"},"query-input":{"@type":"PropertyValueSpecification","valueRequired":true,"valueName":"search_term_string"}}],"inLanguage":"es"},{"@type":"Organization","@id":"https:\/\/abaa.mx\/tienda\/#organization","name":"Abaa tienda online","url":"https:\/\/abaa.mx\/tienda\/","logo":{"@type":"ImageObject","inLanguage":"es","@id":"https:\/\/abaa.mx\/tienda\/#\/schema\/logo\/image\/","url":"https:\/\/abaa.mx\/tienda\/wp-content\/uploads\/2024\/01\/abaa-metrologia-tienda.png","contentUrl":"https:\/\/abaa.mx\/tienda\/wp-content\/uploads\/2024\/01\/abaa-metrologia-tienda.png","width":300,"height":141,"caption":"Abaa tienda online"},"image":{"@id":"https:\/\/abaa.mx\/tienda\/#\/schema\/logo\/image\/"}}]}},"_links":{"self":[{"href":"https:\/\/abaa.mx\/tienda\/wp-json\/wp\/v2\/product\/8592","targetHints":{"allow":["GET"]}}],"collection":[{"href":"https:\/\/abaa.mx\/tienda\/wp-json\/wp\/v2\/product"}],"about":[{"href":"https:\/\/abaa.mx\/tienda\/wp-json\/wp\/v2\/types\/product"}],"replies":[{"embeddable":true,"href":"https:\/\/abaa.mx\/tienda\/wp-json\/wp\/v2\/comments?post=8592"}],"wp:featuredmedia":[{"embeddable":true,"href":"https:\/\/abaa.mx\/tienda\/wp-json\/wp\/v2\/media\/8593"}],"wp:attachment":[{"href":"https:\/\/abaa.mx\/tienda\/wp-json\/wp\/v2\/media?parent=8592"}],"wp:term":[{"taxonomy":"product_brand","embeddable":true,"href":"https:\/\/abaa.mx\/tienda\/wp-json\/wp\/v2\/product_brand?post=8592"},{"taxonomy":"product_cat","embeddable":true,"href":"https:\/\/abaa.mx\/tienda\/wp-json\/wp\/v2\/product_cat?post=8592"},{"taxonomy":"product_tag","embeddable":true,"href":"https:\/\/abaa.mx\/tienda\/wp-json\/wp\/v2\/product_tag?post=8592"}],"curies":[{"name":"wp","href":"https:\/\/api.w.org\/{rel}","templated":true}]}}