{"id":8590,"date":"2023-11-07T19:37:23","date_gmt":"2023-11-07T19:37:23","guid":{"rendered":"https:\/\/abaa.mx\/tienda\/?post_type=product&#038;p=8590"},"modified":"2023-11-07T19:37:24","modified_gmt":"2023-11-07T19:37:24","slug":"medidor-de-humedad-en-textiles-dm200p","status":"publish","type":"product","link":"https:\/\/abaa.mx\/tienda\/medidor-de-humedad-en-textiles-dm200p\/","title":{"rendered":"Medidor de Humedad en Textiles DM200P"},"content":{"rendered":"<p>Medidor de Humedad en Textiles DM200P.<\/p>\n","protected":false},"excerpt":{"rendered":"<p>El medidor de humedad textil DM200P es un aparato de prueba de humedad digital y de prominente rendimiento lanzado en este pa\u00eds por nuestra compa\u00f1\u00eda basada en la introducci\u00f3n de tecnolog\u00eda avanzada extranjera. El instrumento adopta el principio de alta frecuencia , pantalla digital, sensores y cuerpo principal juntos como uno, pertrechado con diez engranajes se emplea para medir diferentes tipos de algod\u00f3n, ropa, hilo, etc. Este medidor de humedad tiene instrumentos de medici\u00f3n de alta precisi\u00f3n, y el tama\u00f1o peque\u00f1o, peso r\u00e1pido , port\u00e1til en el sitio de pruebas. Prueba de agua en la industria de la madera en el desarrollo de producci\u00f3n del instrumento ideal.<\/p>\n<p><strong>DM200P Medidor de humedad textil principio de funcionamiento.<\/strong><\/p>\n<p>Este instrumento adopta el principio de alta continuidad basado en la introducci\u00f3n de la tecnolog\u00eda mucho m\u00e1s avanzada de pa\u00edses extranjeros. En otras expresiones , hay una frecuencia fija dentro del equipo. Una vez transportada la humedad de los elementos detectados, la frecuencia a trav\u00e9s del sensor ser\u00e1 diferente. La deferencia entre las frecuencias se mostrar\u00e1 en la figura tras la conversi\u00f3n por convertidor de continuidad actual.<\/p>\n<p><strong>Especificaci\u00f3n del medidor de humedad textil DM200T.<\/strong><\/p>\n<ul>\n<li>La pantalla Digital con luz trasera proporciona una lectura exacta y clara aunque permanece en condiciones sombr\u00edas.<\/li>\n<li>Apagado Manual en cualquier momento. Apagado autom\u00e1tico despu\u00e9s de 5 minutos desde la \u00faltima operaci\u00f3n.<\/li>\n<li>Es de tama\u00f1o peque\u00f1o, ligero, f\u00e1cil de llevar a cabo para el trabajo de campo si es necesario.<\/li>\n<li>Su dise\u00f1o integrador es c\u00f3modo de llevar al exterior para realizar pruebas.<\/li>\n<\/ul>\n<p><strong>Especificaciones:<\/strong><\/p>\n<ul>\n<li>Dimensiones: 160mm \u00d7 60mm \u00d7 25mm<\/li>\n<li>Condiciones de funcionamiento: Temperatura: 0-60 humedad: 5%-90%<\/li>\n<li>Rango de medici\u00f3n: 0%-50%<\/li>\n<li>Peso: 203g (no incluye bater\u00edas)<\/li>\n<li>Fuente de alimentaci\u00f3n: Bater\u00eda de 9V (6F22)<\/li>\n<li>Resoluci\u00f3n: 0,1<\/li>\n<li>Pantalla: 4 LCD digital<\/li>\n<li>Precisi\u00f3n: 0.5% n<\/li>\n<\/ul>\n","protected":false},"featured_media":8591,"comment_status":"open","ping_status":"closed","template":"","meta":{"_joinchat":[]},"product_brand":[],"product_cat":[114],"product_tag":[],"class_list":{"0":"post-8590","1":"product","2":"type-product","3":"status-publish","4":"has-post-thumbnail","6":"product_cat-medidor-de-humedad-en-materiales","8":"first","9":"instock","10":"shipping-taxable","11":"product-type-simple"},"yoast_head":"<!-- This site is optimized with the Yoast SEO plugin v26.4 - https:\/\/yoast.com\/wordpress\/plugins\/seo\/ -->\n<title>Medidor de Humedad en Textiles DM200P - Abaa tienda online<\/title>\n<meta name=\"robots\" content=\"index, follow, max-snippet:-1, max-image-preview:large, max-video-preview:-1\" \/>\n<link rel=\"canonical\" href=\"https:\/\/abaa.mx\/tienda\/medidor-de-humedad-en-textiles-dm200p\/\" \/>\n<meta property=\"og:locale\" content=\"es_MX\" \/>\n<meta property=\"og:type\" content=\"article\" \/>\n<meta property=\"og:title\" content=\"Medidor de Humedad en Textiles DM200P - Abaa tienda online\" \/>\n<meta property=\"og:description\" content=\"El medidor de humedad textil DM200P es un aparato de prueba de humedad digital y de prominente rendimiento lanzado en este pa\u00eds por nuestra compa\u00f1\u00eda basada en la introducci\u00f3n de tecnolog\u00eda avanzada extranjera. El instrumento adopta el principio de alta frecuencia , pantalla digital, sensores y cuerpo principal juntos como uno, pertrechado con diez engranajes se emplea para medir diferentes tipos de algod\u00f3n, ropa, hilo, etc. Este medidor de humedad tiene instrumentos de medici\u00f3n de alta precisi\u00f3n, y el tama\u00f1o peque\u00f1o, peso r\u00e1pido , port\u00e1til en el sitio de pruebas. Prueba de agua en la industria de la madera en el desarrollo de producci\u00f3n del instrumento ideal.  DM200P Medidor de humedad textil principio de funcionamiento.  Este instrumento adopta el principio de alta continuidad basado en la introducci\u00f3n de la tecnolog\u00eda mucho m\u00e1s avanzada de pa\u00edses extranjeros. En otras expresiones , hay una frecuencia fija dentro del equipo. Una vez transportada la humedad de los elementos detectados, la frecuencia a trav\u00e9s del sensor ser\u00e1 diferente. La deferencia entre las frecuencias se mostrar\u00e1 en la figura tras la conversi\u00f3n por convertidor de continuidad actual.  Especificaci\u00f3n del medidor de humedad textil DM200T.   La pantalla Digital con luz trasera proporciona una lectura exacta y clara aunque permanece en condiciones sombr\u00edas.  Apagado Manual en cualquier momento. Apagado autom\u00e1tico despu\u00e9s de 5 minutos desde la \u00faltima operaci\u00f3n.  Es de tama\u00f1o peque\u00f1o, ligero, f\u00e1cil de llevar a cabo para el trabajo de campo si es necesario.  Su dise\u00f1o integrador es c\u00f3modo de llevar al exterior para realizar pruebas.  Especificaciones:   Dimensiones: 160mm \u00d7 60mm \u00d7 25mm  Condiciones de funcionamiento: Temperatura: 0-60 humedad: 5%-90%  Rango de medici\u00f3n: 0%-50%  Peso: 203g (no incluye bater\u00edas)  Fuente de alimentaci\u00f3n: Bater\u00eda de 9V (6F22)  Resoluci\u00f3n: 0,1  Pantalla: 4 LCD digital  Precisi\u00f3n: 0.5% n\" \/>\n<meta property=\"og:url\" content=\"https:\/\/abaa.mx\/tienda\/medidor-de-humedad-en-textiles-dm200p\/\" \/>\n<meta property=\"og:site_name\" content=\"Abaa tienda online\" \/>\n<meta property=\"article:modified_time\" content=\"2023-11-07T19:37:24+00:00\" \/>\n<meta property=\"og:image\" content=\"https:\/\/abaa.mx\/tienda\/wp-content\/uploads\/2023\/11\/ALFAMETRIC-DM200P.jpg\" \/>\n\t<meta property=\"og:image:width\" content=\"349\" \/>\n\t<meta property=\"og:image:height\" content=\"528\" \/>\n\t<meta property=\"og:image:type\" content=\"image\/jpeg\" \/>\n<meta name=\"twitter:card\" content=\"summary_large_image\" \/>\n<meta name=\"twitter:label1\" content=\"Tiempo de lectura\" \/>\n\t<meta name=\"twitter:data1\" content=\"1 minuto\" \/>\n<script type=\"application\/ld+json\" class=\"yoast-schema-graph\">{\"@context\":\"https:\/\/schema.org\",\"@graph\":[{\"@type\":\"WebPage\",\"@id\":\"https:\/\/abaa.mx\/tienda\/medidor-de-humedad-en-textiles-dm200p\/\",\"url\":\"https:\/\/abaa.mx\/tienda\/medidor-de-humedad-en-textiles-dm200p\/\",\"name\":\"Medidor de Humedad en Textiles DM200P - Abaa tienda online\",\"isPartOf\":{\"@id\":\"https:\/\/abaa.mx\/tienda\/#website\"},\"primaryImageOfPage\":{\"@id\":\"https:\/\/abaa.mx\/tienda\/medidor-de-humedad-en-textiles-dm200p\/#primaryimage\"},\"image\":{\"@id\":\"https:\/\/abaa.mx\/tienda\/medidor-de-humedad-en-textiles-dm200p\/#primaryimage\"},\"thumbnailUrl\":\"https:\/\/abaa.mx\/tienda\/wp-content\/uploads\/2023\/11\/ALFAMETRIC-DM200P.jpg\",\"datePublished\":\"2023-11-07T19:37:23+00:00\",\"dateModified\":\"2023-11-07T19:37:24+00:00\",\"breadcrumb\":{\"@id\":\"https:\/\/abaa.mx\/tienda\/medidor-de-humedad-en-textiles-dm200p\/#breadcrumb\"},\"inLanguage\":\"es\",\"potentialAction\":[{\"@type\":\"ReadAction\",\"target\":[\"https:\/\/abaa.mx\/tienda\/medidor-de-humedad-en-textiles-dm200p\/\"]}]},{\"@type\":\"ImageObject\",\"inLanguage\":\"es\",\"@id\":\"https:\/\/abaa.mx\/tienda\/medidor-de-humedad-en-textiles-dm200p\/#primaryimage\",\"url\":\"https:\/\/abaa.mx\/tienda\/wp-content\/uploads\/2023\/11\/ALFAMETRIC-DM200P.jpg\",\"contentUrl\":\"https:\/\/abaa.mx\/tienda\/wp-content\/uploads\/2023\/11\/ALFAMETRIC-DM200P.jpg\",\"width\":349,\"height\":528,\"caption\":\"ALFAMETRIC-DM200P\"},{\"@type\":\"BreadcrumbList\",\"@id\":\"https:\/\/abaa.mx\/tienda\/medidor-de-humedad-en-textiles-dm200p\/#breadcrumb\",\"itemListElement\":[{\"@type\":\"ListItem\",\"position\":1,\"name\":\"Inicio\",\"item\":\"https:\/\/abaa.mx\/tienda\/\"},{\"@type\":\"ListItem\",\"position\":2,\"name\":\"Tienda\",\"item\":\"https:\/\/abaa.mx\/tienda\/\"},{\"@type\":\"ListItem\",\"position\":3,\"name\":\"Medidor de Humedad en Textiles DM200P\"}]},{\"@type\":\"WebSite\",\"@id\":\"https:\/\/abaa.mx\/tienda\/#website\",\"url\":\"https:\/\/abaa.mx\/tienda\/\",\"name\":\"Abaa tienda online\",\"description\":\"Instrumentos de medici\u00f3n\",\"publisher\":{\"@id\":\"https:\/\/abaa.mx\/tienda\/#organization\"},\"potentialAction\":[{\"@type\":\"SearchAction\",\"target\":{\"@type\":\"EntryPoint\",\"urlTemplate\":\"https:\/\/abaa.mx\/tienda\/?s={search_term_string}\"},\"query-input\":{\"@type\":\"PropertyValueSpecification\",\"valueRequired\":true,\"valueName\":\"search_term_string\"}}],\"inLanguage\":\"es\"},{\"@type\":\"Organization\",\"@id\":\"https:\/\/abaa.mx\/tienda\/#organization\",\"name\":\"Abaa tienda online\",\"url\":\"https:\/\/abaa.mx\/tienda\/\",\"logo\":{\"@type\":\"ImageObject\",\"inLanguage\":\"es\",\"@id\":\"https:\/\/abaa.mx\/tienda\/#\/schema\/logo\/image\/\",\"url\":\"https:\/\/abaa.mx\/tienda\/wp-content\/uploads\/2024\/01\/abaa-metrologia-tienda.png\",\"contentUrl\":\"https:\/\/abaa.mx\/tienda\/wp-content\/uploads\/2024\/01\/abaa-metrologia-tienda.png\",\"width\":300,\"height\":141,\"caption\":\"Abaa tienda online\"},\"image\":{\"@id\":\"https:\/\/abaa.mx\/tienda\/#\/schema\/logo\/image\/\"}}]}<\/script>\n<!-- \/ Yoast SEO plugin. -->","yoast_head_json":{"title":"Medidor de Humedad en Textiles DM200P - Abaa tienda online","robots":{"index":"index","follow":"follow","max-snippet":"max-snippet:-1","max-image-preview":"max-image-preview:large","max-video-preview":"max-video-preview:-1"},"canonical":"https:\/\/abaa.mx\/tienda\/medidor-de-humedad-en-textiles-dm200p\/","og_locale":"es_MX","og_type":"article","og_title":"Medidor de Humedad en Textiles DM200P - Abaa tienda online","og_description":"El medidor de humedad textil DM200P es un aparato de prueba de humedad digital y de prominente rendimiento lanzado en este pa\u00eds por nuestra compa\u00f1\u00eda basada en la introducci\u00f3n de tecnolog\u00eda avanzada extranjera. El instrumento adopta el principio de alta frecuencia , pantalla digital, sensores y cuerpo principal juntos como uno, pertrechado con diez engranajes se emplea para medir diferentes tipos de algod\u00f3n, ropa, hilo, etc. Este medidor de humedad tiene instrumentos de medici\u00f3n de alta precisi\u00f3n, y el tama\u00f1o peque\u00f1o, peso r\u00e1pido , port\u00e1til en el sitio de pruebas. Prueba de agua en la industria de la madera en el desarrollo de producci\u00f3n del instrumento ideal.  DM200P Medidor de humedad textil principio de funcionamiento.  Este instrumento adopta el principio de alta continuidad basado en la introducci\u00f3n de la tecnolog\u00eda mucho m\u00e1s avanzada de pa\u00edses extranjeros. En otras expresiones , hay una frecuencia fija dentro del equipo. Una vez transportada la humedad de los elementos detectados, la frecuencia a trav\u00e9s del sensor ser\u00e1 diferente. La deferencia entre las frecuencias se mostrar\u00e1 en la figura tras la conversi\u00f3n por convertidor de continuidad actual.  Especificaci\u00f3n del medidor de humedad textil DM200T.   La pantalla Digital con luz trasera proporciona una lectura exacta y clara aunque permanece en condiciones sombr\u00edas.  Apagado Manual en cualquier momento. Apagado autom\u00e1tico despu\u00e9s de 5 minutos desde la \u00faltima operaci\u00f3n.  Es de tama\u00f1o peque\u00f1o, ligero, f\u00e1cil de llevar a cabo para el trabajo de campo si es necesario.  Su dise\u00f1o integrador es c\u00f3modo de llevar al exterior para realizar pruebas.  Especificaciones:   Dimensiones: 160mm \u00d7 60mm \u00d7 25mm  Condiciones de funcionamiento: Temperatura: 0-60 humedad: 5%-90%  Rango de medici\u00f3n: 0%-50%  Peso: 203g (no incluye bater\u00edas)  Fuente de alimentaci\u00f3n: Bater\u00eda de 9V (6F22)  Resoluci\u00f3n: 0,1  Pantalla: 4 LCD digital  Precisi\u00f3n: 0.5% n","og_url":"https:\/\/abaa.mx\/tienda\/medidor-de-humedad-en-textiles-dm200p\/","og_site_name":"Abaa tienda online","article_modified_time":"2023-11-07T19:37:24+00:00","og_image":[{"width":349,"height":528,"url":"https:\/\/abaa.mx\/tienda\/wp-content\/uploads\/2023\/11\/ALFAMETRIC-DM200P.jpg","type":"image\/jpeg"}],"twitter_card":"summary_large_image","twitter_misc":{"Tiempo de lectura":"1 minuto"},"schema":{"@context":"https:\/\/schema.org","@graph":[{"@type":"WebPage","@id":"https:\/\/abaa.mx\/tienda\/medidor-de-humedad-en-textiles-dm200p\/","url":"https:\/\/abaa.mx\/tienda\/medidor-de-humedad-en-textiles-dm200p\/","name":"Medidor de Humedad en Textiles DM200P - Abaa tienda online","isPartOf":{"@id":"https:\/\/abaa.mx\/tienda\/#website"},"primaryImageOfPage":{"@id":"https:\/\/abaa.mx\/tienda\/medidor-de-humedad-en-textiles-dm200p\/#primaryimage"},"image":{"@id":"https:\/\/abaa.mx\/tienda\/medidor-de-humedad-en-textiles-dm200p\/#primaryimage"},"thumbnailUrl":"https:\/\/abaa.mx\/tienda\/wp-content\/uploads\/2023\/11\/ALFAMETRIC-DM200P.jpg","datePublished":"2023-11-07T19:37:23+00:00","dateModified":"2023-11-07T19:37:24+00:00","breadcrumb":{"@id":"https:\/\/abaa.mx\/tienda\/medidor-de-humedad-en-textiles-dm200p\/#breadcrumb"},"inLanguage":"es","potentialAction":[{"@type":"ReadAction","target":["https:\/\/abaa.mx\/tienda\/medidor-de-humedad-en-textiles-dm200p\/"]}]},{"@type":"ImageObject","inLanguage":"es","@id":"https:\/\/abaa.mx\/tienda\/medidor-de-humedad-en-textiles-dm200p\/#primaryimage","url":"https:\/\/abaa.mx\/tienda\/wp-content\/uploads\/2023\/11\/ALFAMETRIC-DM200P.jpg","contentUrl":"https:\/\/abaa.mx\/tienda\/wp-content\/uploads\/2023\/11\/ALFAMETRIC-DM200P.jpg","width":349,"height":528,"caption":"ALFAMETRIC-DM200P"},{"@type":"BreadcrumbList","@id":"https:\/\/abaa.mx\/tienda\/medidor-de-humedad-en-textiles-dm200p\/#breadcrumb","itemListElement":[{"@type":"ListItem","position":1,"name":"Inicio","item":"https:\/\/abaa.mx\/tienda\/"},{"@type":"ListItem","position":2,"name":"Tienda","item":"https:\/\/abaa.mx\/tienda\/"},{"@type":"ListItem","position":3,"name":"Medidor de Humedad en Textiles DM200P"}]},{"@type":"WebSite","@id":"https:\/\/abaa.mx\/tienda\/#website","url":"https:\/\/abaa.mx\/tienda\/","name":"Abaa tienda online","description":"Instrumentos de medici\u00f3n","publisher":{"@id":"https:\/\/abaa.mx\/tienda\/#organization"},"potentialAction":[{"@type":"SearchAction","target":{"@type":"EntryPoint","urlTemplate":"https:\/\/abaa.mx\/tienda\/?s={search_term_string}"},"query-input":{"@type":"PropertyValueSpecification","valueRequired":true,"valueName":"search_term_string"}}],"inLanguage":"es"},{"@type":"Organization","@id":"https:\/\/abaa.mx\/tienda\/#organization","name":"Abaa tienda online","url":"https:\/\/abaa.mx\/tienda\/","logo":{"@type":"ImageObject","inLanguage":"es","@id":"https:\/\/abaa.mx\/tienda\/#\/schema\/logo\/image\/","url":"https:\/\/abaa.mx\/tienda\/wp-content\/uploads\/2024\/01\/abaa-metrologia-tienda.png","contentUrl":"https:\/\/abaa.mx\/tienda\/wp-content\/uploads\/2024\/01\/abaa-metrologia-tienda.png","width":300,"height":141,"caption":"Abaa tienda online"},"image":{"@id":"https:\/\/abaa.mx\/tienda\/#\/schema\/logo\/image\/"}}]}},"_links":{"self":[{"href":"https:\/\/abaa.mx\/tienda\/wp-json\/wp\/v2\/product\/8590","targetHints":{"allow":["GET"]}}],"collection":[{"href":"https:\/\/abaa.mx\/tienda\/wp-json\/wp\/v2\/product"}],"about":[{"href":"https:\/\/abaa.mx\/tienda\/wp-json\/wp\/v2\/types\/product"}],"replies":[{"embeddable":true,"href":"https:\/\/abaa.mx\/tienda\/wp-json\/wp\/v2\/comments?post=8590"}],"wp:featuredmedia":[{"embeddable":true,"href":"https:\/\/abaa.mx\/tienda\/wp-json\/wp\/v2\/media\/8591"}],"wp:attachment":[{"href":"https:\/\/abaa.mx\/tienda\/wp-json\/wp\/v2\/media?parent=8590"}],"wp:term":[{"taxonomy":"product_brand","embeddable":true,"href":"https:\/\/abaa.mx\/tienda\/wp-json\/wp\/v2\/product_brand?post=8590"},{"taxonomy":"product_cat","embeddable":true,"href":"https:\/\/abaa.mx\/tienda\/wp-json\/wp\/v2\/product_cat?post=8590"},{"taxonomy":"product_tag","embeddable":true,"href":"https:\/\/abaa.mx\/tienda\/wp-json\/wp\/v2\/product_tag?post=8590"}],"curies":[{"name":"wp","href":"https:\/\/api.w.org\/{rel}","templated":true}]}}