{"id":8548,"date":"2023-11-06T16:38:08","date_gmt":"2023-11-06T16:38:08","guid":{"rendered":"https:\/\/abaa.mx\/tienda\/?post_type=product&#038;p=8548"},"modified":"2023-11-06T16:38:08","modified_gmt":"2023-11-06T16:38:08","slug":"base-de-pruebas-para-sondas-defelsko-stand","status":"publish","type":"product","link":"https:\/\/abaa.mx\/tienda\/base-de-pruebas-para-sondas-defelsko-stand\/","title":{"rendered":"Base de pruebas para sondas DeFelsko &#8211; STAND"},"content":{"rendered":"<p>Base de pruebas para sondas DeFelsko &#8211; STAND<\/p>\n","protected":false},"excerpt":{"rendered":"<p>Contenido de la Caja: Una consola PosiTector Est\u00e1ndar, una sonda PosiTector 6000 modelo &#8220;FN&#8221; medidor de espesor de pel\u00edcula seca sobre sustrato ferroso (sin cable), una sonda PosiTector DPM para la funci\u00f3n de medici\u00f3n de punto de roc\u00edo y propiedades del ambiente , una sonda PosiTector SPG medidor de perfil de anclaje.<\/p>\n<p>Accesorios incluidos: juego de 5 laminas de verificaci\u00f3n de precisi\u00f3n, l\u00e1minas de verificaci\u00f3n a cero y 3 mils para perfil de anclaje, clip para cintur\u00f3n, correa para la mano, 3 pilas &#8220;AAA&#8221; instaladas, 3 manuales de operaci\u00f3n, malet\u00edn de pl\u00e1stico, una mica protectora de pantalla, 3 Certificados de medici\u00f3n (uno por cada sonda) trazable al NIST emitido por el fabricante.<\/p>\n","protected":false},"featured_media":8549,"comment_status":"open","ping_status":"closed","template":"","meta":{"_joinchat":[]},"product_brand":[],"product_cat":[111],"product_tag":[],"class_list":{"0":"post-8548","1":"product","2":"type-product","3":"status-publish","4":"has-post-thumbnail","6":"product_cat-medidores-de-espesor","8":"first","9":"instock","10":"shipping-taxable","11":"product-type-simple"},"yoast_head":"<!-- This site is optimized with the Yoast SEO plugin v26.4 - https:\/\/yoast.com\/wordpress\/plugins\/seo\/ -->\n<title>Base de pruebas para sondas DeFelsko - STAND - Abaa tienda online<\/title>\n<meta name=\"robots\" content=\"index, follow, max-snippet:-1, max-image-preview:large, max-video-preview:-1\" \/>\n<link rel=\"canonical\" href=\"https:\/\/abaa.mx\/tienda\/base-de-pruebas-para-sondas-defelsko-stand\/\" \/>\n<meta property=\"og:locale\" content=\"es_MX\" \/>\n<meta property=\"og:type\" content=\"article\" \/>\n<meta property=\"og:title\" content=\"Base de pruebas para sondas DeFelsko - STAND - Abaa tienda online\" \/>\n<meta property=\"og:description\" content=\"Contenido de la Caja: Una consola PosiTector Est\u00e1ndar, una sonda PosiTector 6000 modelo &quot;FN&quot; medidor de espesor de pel\u00edcula seca sobre sustrato ferroso (sin cable), una sonda PosiTector DPM para la funci\u00f3n de medici\u00f3n de punto de roc\u00edo y propiedades del ambiente , una sonda PosiTector SPG medidor de perfil de anclaje.  Accesorios incluidos: juego de 5 laminas de verificaci\u00f3n de precisi\u00f3n, l\u00e1minas de verificaci\u00f3n a cero y 3 mils para perfil de anclaje, clip para cintur\u00f3n, correa para la mano, 3 pilas &quot;AAA&quot; instaladas, 3 manuales de operaci\u00f3n, malet\u00edn de pl\u00e1stico, una mica protectora de pantalla, 3 Certificados de medici\u00f3n (uno por cada sonda) trazable al NIST emitido por el fabricante.\" \/>\n<meta property=\"og:url\" content=\"https:\/\/abaa.mx\/tienda\/base-de-pruebas-para-sondas-defelsko-stand\/\" \/>\n<meta property=\"og:site_name\" content=\"Abaa tienda online\" \/>\n<meta property=\"og:image\" content=\"https:\/\/abaa.mx\/tienda\/wp-content\/uploads\/2023\/11\/DEFELSKO-STAND.jpg\" \/>\n\t<meta property=\"og:image:width\" content=\"441\" \/>\n\t<meta property=\"og:image:height\" content=\"428\" \/>\n\t<meta property=\"og:image:type\" content=\"image\/jpeg\" \/>\n<meta name=\"twitter:card\" content=\"summary_large_image\" \/>\n<meta name=\"twitter:label1\" content=\"Tiempo de lectura\" \/>\n\t<meta name=\"twitter:data1\" content=\"1 minuto\" \/>\n<script type=\"application\/ld+json\" class=\"yoast-schema-graph\">{\"@context\":\"https:\/\/schema.org\",\"@graph\":[{\"@type\":\"WebPage\",\"@id\":\"https:\/\/abaa.mx\/tienda\/base-de-pruebas-para-sondas-defelsko-stand\/\",\"url\":\"https:\/\/abaa.mx\/tienda\/base-de-pruebas-para-sondas-defelsko-stand\/\",\"name\":\"Base de pruebas para sondas DeFelsko - STAND - Abaa tienda online\",\"isPartOf\":{\"@id\":\"https:\/\/abaa.mx\/tienda\/#website\"},\"primaryImageOfPage\":{\"@id\":\"https:\/\/abaa.mx\/tienda\/base-de-pruebas-para-sondas-defelsko-stand\/#primaryimage\"},\"image\":{\"@id\":\"https:\/\/abaa.mx\/tienda\/base-de-pruebas-para-sondas-defelsko-stand\/#primaryimage\"},\"thumbnailUrl\":\"https:\/\/abaa.mx\/tienda\/wp-content\/uploads\/2023\/11\/DEFELSKO-STAND.jpg\",\"datePublished\":\"2023-11-06T16:38:08+00:00\",\"breadcrumb\":{\"@id\":\"https:\/\/abaa.mx\/tienda\/base-de-pruebas-para-sondas-defelsko-stand\/#breadcrumb\"},\"inLanguage\":\"es\",\"potentialAction\":[{\"@type\":\"ReadAction\",\"target\":[\"https:\/\/abaa.mx\/tienda\/base-de-pruebas-para-sondas-defelsko-stand\/\"]}]},{\"@type\":\"ImageObject\",\"inLanguage\":\"es\",\"@id\":\"https:\/\/abaa.mx\/tienda\/base-de-pruebas-para-sondas-defelsko-stand\/#primaryimage\",\"url\":\"https:\/\/abaa.mx\/tienda\/wp-content\/uploads\/2023\/11\/DEFELSKO-STAND.jpg\",\"contentUrl\":\"https:\/\/abaa.mx\/tienda\/wp-content\/uploads\/2023\/11\/DEFELSKO-STAND.jpg\",\"width\":441,\"height\":428,\"caption\":\"DEFELSKO-STAND\"},{\"@type\":\"BreadcrumbList\",\"@id\":\"https:\/\/abaa.mx\/tienda\/base-de-pruebas-para-sondas-defelsko-stand\/#breadcrumb\",\"itemListElement\":[{\"@type\":\"ListItem\",\"position\":1,\"name\":\"Inicio\",\"item\":\"https:\/\/abaa.mx\/tienda\/\"},{\"@type\":\"ListItem\",\"position\":2,\"name\":\"Tienda\",\"item\":\"https:\/\/abaa.mx\/tienda\/\"},{\"@type\":\"ListItem\",\"position\":3,\"name\":\"Base de pruebas para sondas DeFelsko &#8211; STAND\"}]},{\"@type\":\"WebSite\",\"@id\":\"https:\/\/abaa.mx\/tienda\/#website\",\"url\":\"https:\/\/abaa.mx\/tienda\/\",\"name\":\"Abaa tienda online\",\"description\":\"Instrumentos de medici\u00f3n\",\"publisher\":{\"@id\":\"https:\/\/abaa.mx\/tienda\/#organization\"},\"potentialAction\":[{\"@type\":\"SearchAction\",\"target\":{\"@type\":\"EntryPoint\",\"urlTemplate\":\"https:\/\/abaa.mx\/tienda\/?s={search_term_string}\"},\"query-input\":{\"@type\":\"PropertyValueSpecification\",\"valueRequired\":true,\"valueName\":\"search_term_string\"}}],\"inLanguage\":\"es\"},{\"@type\":\"Organization\",\"@id\":\"https:\/\/abaa.mx\/tienda\/#organization\",\"name\":\"Abaa tienda online\",\"url\":\"https:\/\/abaa.mx\/tienda\/\",\"logo\":{\"@type\":\"ImageObject\",\"inLanguage\":\"es\",\"@id\":\"https:\/\/abaa.mx\/tienda\/#\/schema\/logo\/image\/\",\"url\":\"https:\/\/abaa.mx\/tienda\/wp-content\/uploads\/2024\/01\/abaa-metrologia-tienda.png\",\"contentUrl\":\"https:\/\/abaa.mx\/tienda\/wp-content\/uploads\/2024\/01\/abaa-metrologia-tienda.png\",\"width\":300,\"height\":141,\"caption\":\"Abaa tienda online\"},\"image\":{\"@id\":\"https:\/\/abaa.mx\/tienda\/#\/schema\/logo\/image\/\"}}]}<\/script>\n<!-- \/ Yoast SEO plugin. -->","yoast_head_json":{"title":"Base de pruebas para sondas DeFelsko - STAND - Abaa tienda online","robots":{"index":"index","follow":"follow","max-snippet":"max-snippet:-1","max-image-preview":"max-image-preview:large","max-video-preview":"max-video-preview:-1"},"canonical":"https:\/\/abaa.mx\/tienda\/base-de-pruebas-para-sondas-defelsko-stand\/","og_locale":"es_MX","og_type":"article","og_title":"Base de pruebas para sondas DeFelsko - STAND - Abaa tienda online","og_description":"Contenido de la Caja: Una consola PosiTector Est\u00e1ndar, una sonda PosiTector 6000 modelo \"FN\" medidor de espesor de pel\u00edcula seca sobre sustrato ferroso (sin cable), una sonda PosiTector DPM para la funci\u00f3n de medici\u00f3n de punto de roc\u00edo y propiedades del ambiente , una sonda PosiTector SPG medidor de perfil de anclaje.  Accesorios incluidos: juego de 5 laminas de verificaci\u00f3n de precisi\u00f3n, l\u00e1minas de verificaci\u00f3n a cero y 3 mils para perfil de anclaje, clip para cintur\u00f3n, correa para la mano, 3 pilas \"AAA\" instaladas, 3 manuales de operaci\u00f3n, malet\u00edn de pl\u00e1stico, una mica protectora de pantalla, 3 Certificados de medici\u00f3n (uno por cada sonda) trazable al NIST emitido por el fabricante.","og_url":"https:\/\/abaa.mx\/tienda\/base-de-pruebas-para-sondas-defelsko-stand\/","og_site_name":"Abaa tienda online","og_image":[{"width":441,"height":428,"url":"https:\/\/abaa.mx\/tienda\/wp-content\/uploads\/2023\/11\/DEFELSKO-STAND.jpg","type":"image\/jpeg"}],"twitter_card":"summary_large_image","twitter_misc":{"Tiempo de lectura":"1 minuto"},"schema":{"@context":"https:\/\/schema.org","@graph":[{"@type":"WebPage","@id":"https:\/\/abaa.mx\/tienda\/base-de-pruebas-para-sondas-defelsko-stand\/","url":"https:\/\/abaa.mx\/tienda\/base-de-pruebas-para-sondas-defelsko-stand\/","name":"Base de pruebas para sondas DeFelsko - STAND - Abaa tienda online","isPartOf":{"@id":"https:\/\/abaa.mx\/tienda\/#website"},"primaryImageOfPage":{"@id":"https:\/\/abaa.mx\/tienda\/base-de-pruebas-para-sondas-defelsko-stand\/#primaryimage"},"image":{"@id":"https:\/\/abaa.mx\/tienda\/base-de-pruebas-para-sondas-defelsko-stand\/#primaryimage"},"thumbnailUrl":"https:\/\/abaa.mx\/tienda\/wp-content\/uploads\/2023\/11\/DEFELSKO-STAND.jpg","datePublished":"2023-11-06T16:38:08+00:00","breadcrumb":{"@id":"https:\/\/abaa.mx\/tienda\/base-de-pruebas-para-sondas-defelsko-stand\/#breadcrumb"},"inLanguage":"es","potentialAction":[{"@type":"ReadAction","target":["https:\/\/abaa.mx\/tienda\/base-de-pruebas-para-sondas-defelsko-stand\/"]}]},{"@type":"ImageObject","inLanguage":"es","@id":"https:\/\/abaa.mx\/tienda\/base-de-pruebas-para-sondas-defelsko-stand\/#primaryimage","url":"https:\/\/abaa.mx\/tienda\/wp-content\/uploads\/2023\/11\/DEFELSKO-STAND.jpg","contentUrl":"https:\/\/abaa.mx\/tienda\/wp-content\/uploads\/2023\/11\/DEFELSKO-STAND.jpg","width":441,"height":428,"caption":"DEFELSKO-STAND"},{"@type":"BreadcrumbList","@id":"https:\/\/abaa.mx\/tienda\/base-de-pruebas-para-sondas-defelsko-stand\/#breadcrumb","itemListElement":[{"@type":"ListItem","position":1,"name":"Inicio","item":"https:\/\/abaa.mx\/tienda\/"},{"@type":"ListItem","position":2,"name":"Tienda","item":"https:\/\/abaa.mx\/tienda\/"},{"@type":"ListItem","position":3,"name":"Base de pruebas para sondas DeFelsko &#8211; STAND"}]},{"@type":"WebSite","@id":"https:\/\/abaa.mx\/tienda\/#website","url":"https:\/\/abaa.mx\/tienda\/","name":"Abaa tienda online","description":"Instrumentos de medici\u00f3n","publisher":{"@id":"https:\/\/abaa.mx\/tienda\/#organization"},"potentialAction":[{"@type":"SearchAction","target":{"@type":"EntryPoint","urlTemplate":"https:\/\/abaa.mx\/tienda\/?s={search_term_string}"},"query-input":{"@type":"PropertyValueSpecification","valueRequired":true,"valueName":"search_term_string"}}],"inLanguage":"es"},{"@type":"Organization","@id":"https:\/\/abaa.mx\/tienda\/#organization","name":"Abaa tienda online","url":"https:\/\/abaa.mx\/tienda\/","logo":{"@type":"ImageObject","inLanguage":"es","@id":"https:\/\/abaa.mx\/tienda\/#\/schema\/logo\/image\/","url":"https:\/\/abaa.mx\/tienda\/wp-content\/uploads\/2024\/01\/abaa-metrologia-tienda.png","contentUrl":"https:\/\/abaa.mx\/tienda\/wp-content\/uploads\/2024\/01\/abaa-metrologia-tienda.png","width":300,"height":141,"caption":"Abaa tienda online"},"image":{"@id":"https:\/\/abaa.mx\/tienda\/#\/schema\/logo\/image\/"}}]}},"_links":{"self":[{"href":"https:\/\/abaa.mx\/tienda\/wp-json\/wp\/v2\/product\/8548","targetHints":{"allow":["GET"]}}],"collection":[{"href":"https:\/\/abaa.mx\/tienda\/wp-json\/wp\/v2\/product"}],"about":[{"href":"https:\/\/abaa.mx\/tienda\/wp-json\/wp\/v2\/types\/product"}],"replies":[{"embeddable":true,"href":"https:\/\/abaa.mx\/tienda\/wp-json\/wp\/v2\/comments?post=8548"}],"wp:featuredmedia":[{"embeddable":true,"href":"https:\/\/abaa.mx\/tienda\/wp-json\/wp\/v2\/media\/8549"}],"wp:attachment":[{"href":"https:\/\/abaa.mx\/tienda\/wp-json\/wp\/v2\/media?parent=8548"}],"wp:term":[{"taxonomy":"product_brand","embeddable":true,"href":"https:\/\/abaa.mx\/tienda\/wp-json\/wp\/v2\/product_brand?post=8548"},{"taxonomy":"product_cat","embeddable":true,"href":"https:\/\/abaa.mx\/tienda\/wp-json\/wp\/v2\/product_cat?post=8548"},{"taxonomy":"product_tag","embeddable":true,"href":"https:\/\/abaa.mx\/tienda\/wp-json\/wp\/v2\/product_tag?post=8548"}],"curies":[{"name":"wp","href":"https:\/\/api.w.org\/{rel}","templated":true}]}}