{"id":8502,"date":"2023-11-03T15:23:45","date_gmt":"2023-11-03T15:23:45","guid":{"rendered":"https:\/\/abaa.mx\/tienda\/?post_type=product&#038;p=8502"},"modified":"2023-11-03T15:23:46","modified_gmt":"2023-11-03T15:23:46","slug":"detector-compacto-de-porosidad-pcwi-15kv-925","status":"publish","type":"product","link":"https:\/\/abaa.mx\/tienda\/detector-compacto-de-porosidad-pcwi-15kv-925\/","title":{"rendered":"Detector Compacto de Porosidad PCWI 15kV &#8211; 925"},"content":{"rendered":"<p>Detector Compacto de Porosidad PCWI 15kV &#8211; 925.<\/p>\n","protected":false},"excerpt":{"rendered":"<p>Conocido generalmente como jeepers detectores Holiday o probadores de chispa. Se ajusta a los requisitos del As38941-1991. Peculiaridades primordiales : Indicio digital de voltaje aplicado. Controles actuales , totalmente ajustables de prueba incesante del voltaje y de la sensibilidad. Puede ser usada en la mayor parte de las apps introduciendo ca\u00f1er\u00edas , las estructuras de acero y trabajo en tanques. Pantalla LCD (Incluye indicio de la condici\u00f3n de la bater\u00eda). Control de voltaje. Alarma visual que indica en el momento en que una falta es encontrada. Interruptor de encendido. Interruptor de Apagado \/ Prueba. Control de sensibilidad para la alarma. Alarma audible cuando una falta es encontrada. Conector de prueba de alto voltaje. Fusible (1.6A de bajo flu\u00eddo ) 5&#215;20 mm. Punto de conexi\u00f3n a tierra.<\/p>\n<p>&nbsp;<\/p>\n","protected":false},"featured_media":8506,"comment_status":"open","ping_status":"closed","template":"","meta":{"_joinchat":[]},"product_brand":[],"product_cat":[110],"product_tag":[],"class_list":{"0":"post-8502","1":"product","2":"type-product","3":"status-publish","4":"has-post-thumbnail","6":"product_cat-medidores-de-falla-de-recubrimiento","8":"first","9":"instock","10":"shipping-taxable","11":"product-type-simple"},"yoast_head":"<!-- This site is optimized with the Yoast SEO plugin v26.4 - https:\/\/yoast.com\/wordpress\/plugins\/seo\/ -->\n<title>Detector Compacto de Porosidad PCWI 15kV - 925 - Abaa tienda online<\/title>\n<meta name=\"robots\" content=\"index, follow, max-snippet:-1, max-image-preview:large, max-video-preview:-1\" \/>\n<link rel=\"canonical\" href=\"https:\/\/abaa.mx\/tienda\/detector-compacto-de-porosidad-pcwi-15kv-925\/\" \/>\n<meta property=\"og:locale\" content=\"es_MX\" \/>\n<meta property=\"og:type\" content=\"article\" \/>\n<meta property=\"og:title\" content=\"Detector Compacto de Porosidad PCWI 15kV - 925 - Abaa tienda online\" \/>\n<meta property=\"og:description\" content=\"Conocido generalmente como jeepers detectores Holiday o probadores de chispa. Se ajusta a los requisitos del As38941-1991. Peculiaridades primordiales : Indicio digital de voltaje aplicado. Controles actuales , totalmente ajustables de prueba incesante del voltaje y de la sensibilidad. Puede ser usada en la mayor parte de las apps introduciendo ca\u00f1er\u00edas , las estructuras de acero y trabajo en tanques. Pantalla LCD (Incluye indicio de la condici\u00f3n de la bater\u00eda). Control de voltaje. Alarma visual que indica en el momento en que una falta es encontrada. Interruptor de encendido. Interruptor de Apagado \/ Prueba. Control de sensibilidad para la alarma. Alarma audible cuando una falta es encontrada. Conector de prueba de alto voltaje. Fusible (1.6A de bajo flu\u00eddo ) 5x20 mm. Punto de conexi\u00f3n a tierra.  &nbsp;\" \/>\n<meta property=\"og:url\" content=\"https:\/\/abaa.mx\/tienda\/detector-compacto-de-porosidad-pcwi-15kv-925\/\" \/>\n<meta property=\"og:site_name\" content=\"Abaa tienda online\" \/>\n<meta property=\"article:modified_time\" content=\"2023-11-03T15:23:46+00:00\" \/>\n<meta property=\"og:image\" content=\"https:\/\/abaa.mx\/tienda\/wp-content\/uploads\/2023\/11\/PCWI-15KV-925.jpg\" \/>\n\t<meta property=\"og:image:width\" content=\"550\" \/>\n\t<meta property=\"og:image:height\" content=\"433\" \/>\n\t<meta property=\"og:image:type\" content=\"image\/jpeg\" \/>\n<meta name=\"twitter:card\" content=\"summary_large_image\" \/>\n<meta name=\"twitter:label1\" content=\"Tiempo de lectura\" \/>\n\t<meta name=\"twitter:data1\" content=\"1 minuto\" \/>\n<script type=\"application\/ld+json\" class=\"yoast-schema-graph\">{\"@context\":\"https:\/\/schema.org\",\"@graph\":[{\"@type\":\"WebPage\",\"@id\":\"https:\/\/abaa.mx\/tienda\/detector-compacto-de-porosidad-pcwi-15kv-925\/\",\"url\":\"https:\/\/abaa.mx\/tienda\/detector-compacto-de-porosidad-pcwi-15kv-925\/\",\"name\":\"Detector Compacto de Porosidad PCWI 15kV - 925 - Abaa tienda online\",\"isPartOf\":{\"@id\":\"https:\/\/abaa.mx\/tienda\/#website\"},\"primaryImageOfPage\":{\"@id\":\"https:\/\/abaa.mx\/tienda\/detector-compacto-de-porosidad-pcwi-15kv-925\/#primaryimage\"},\"image\":{\"@id\":\"https:\/\/abaa.mx\/tienda\/detector-compacto-de-porosidad-pcwi-15kv-925\/#primaryimage\"},\"thumbnailUrl\":\"https:\/\/abaa.mx\/tienda\/wp-content\/uploads\/2023\/11\/PCWI-15KV-925.jpg\",\"datePublished\":\"2023-11-03T15:23:45+00:00\",\"dateModified\":\"2023-11-03T15:23:46+00:00\",\"breadcrumb\":{\"@id\":\"https:\/\/abaa.mx\/tienda\/detector-compacto-de-porosidad-pcwi-15kv-925\/#breadcrumb\"},\"inLanguage\":\"es\",\"potentialAction\":[{\"@type\":\"ReadAction\",\"target\":[\"https:\/\/abaa.mx\/tienda\/detector-compacto-de-porosidad-pcwi-15kv-925\/\"]}]},{\"@type\":\"ImageObject\",\"inLanguage\":\"es\",\"@id\":\"https:\/\/abaa.mx\/tienda\/detector-compacto-de-porosidad-pcwi-15kv-925\/#primaryimage\",\"url\":\"https:\/\/abaa.mx\/tienda\/wp-content\/uploads\/2023\/11\/PCWI-15KV-925.jpg\",\"contentUrl\":\"https:\/\/abaa.mx\/tienda\/wp-content\/uploads\/2023\/11\/PCWI-15KV-925.jpg\",\"width\":550,\"height\":433,\"caption\":\"PCWI-15KV-925\"},{\"@type\":\"BreadcrumbList\",\"@id\":\"https:\/\/abaa.mx\/tienda\/detector-compacto-de-porosidad-pcwi-15kv-925\/#breadcrumb\",\"itemListElement\":[{\"@type\":\"ListItem\",\"position\":1,\"name\":\"Inicio\",\"item\":\"https:\/\/abaa.mx\/tienda\/\"},{\"@type\":\"ListItem\",\"position\":2,\"name\":\"Tienda\",\"item\":\"https:\/\/abaa.mx\/tienda\/\"},{\"@type\":\"ListItem\",\"position\":3,\"name\":\"Detector Compacto de Porosidad PCWI 15kV &#8211; 925\"}]},{\"@type\":\"WebSite\",\"@id\":\"https:\/\/abaa.mx\/tienda\/#website\",\"url\":\"https:\/\/abaa.mx\/tienda\/\",\"name\":\"Abaa tienda online\",\"description\":\"Instrumentos de medici\u00f3n\",\"publisher\":{\"@id\":\"https:\/\/abaa.mx\/tienda\/#organization\"},\"potentialAction\":[{\"@type\":\"SearchAction\",\"target\":{\"@type\":\"EntryPoint\",\"urlTemplate\":\"https:\/\/abaa.mx\/tienda\/?s={search_term_string}\"},\"query-input\":{\"@type\":\"PropertyValueSpecification\",\"valueRequired\":true,\"valueName\":\"search_term_string\"}}],\"inLanguage\":\"es\"},{\"@type\":\"Organization\",\"@id\":\"https:\/\/abaa.mx\/tienda\/#organization\",\"name\":\"Abaa tienda online\",\"url\":\"https:\/\/abaa.mx\/tienda\/\",\"logo\":{\"@type\":\"ImageObject\",\"inLanguage\":\"es\",\"@id\":\"https:\/\/abaa.mx\/tienda\/#\/schema\/logo\/image\/\",\"url\":\"https:\/\/abaa.mx\/tienda\/wp-content\/uploads\/2024\/01\/abaa-metrologia-tienda.png\",\"contentUrl\":\"https:\/\/abaa.mx\/tienda\/wp-content\/uploads\/2024\/01\/abaa-metrologia-tienda.png\",\"width\":300,\"height\":141,\"caption\":\"Abaa tienda online\"},\"image\":{\"@id\":\"https:\/\/abaa.mx\/tienda\/#\/schema\/logo\/image\/\"}}]}<\/script>\n<!-- \/ Yoast SEO plugin. -->","yoast_head_json":{"title":"Detector Compacto de Porosidad PCWI 15kV - 925 - Abaa tienda online","robots":{"index":"index","follow":"follow","max-snippet":"max-snippet:-1","max-image-preview":"max-image-preview:large","max-video-preview":"max-video-preview:-1"},"canonical":"https:\/\/abaa.mx\/tienda\/detector-compacto-de-porosidad-pcwi-15kv-925\/","og_locale":"es_MX","og_type":"article","og_title":"Detector Compacto de Porosidad PCWI 15kV - 925 - Abaa tienda online","og_description":"Conocido generalmente como jeepers detectores Holiday o probadores de chispa. Se ajusta a los requisitos del As38941-1991. Peculiaridades primordiales : Indicio digital de voltaje aplicado. Controles actuales , totalmente ajustables de prueba incesante del voltaje y de la sensibilidad. Puede ser usada en la mayor parte de las apps introduciendo ca\u00f1er\u00edas , las estructuras de acero y trabajo en tanques. Pantalla LCD (Incluye indicio de la condici\u00f3n de la bater\u00eda). Control de voltaje. Alarma visual que indica en el momento en que una falta es encontrada. Interruptor de encendido. Interruptor de Apagado \/ Prueba. Control de sensibilidad para la alarma. Alarma audible cuando una falta es encontrada. Conector de prueba de alto voltaje. Fusible (1.6A de bajo flu\u00eddo ) 5x20 mm. Punto de conexi\u00f3n a tierra.  &nbsp;","og_url":"https:\/\/abaa.mx\/tienda\/detector-compacto-de-porosidad-pcwi-15kv-925\/","og_site_name":"Abaa tienda online","article_modified_time":"2023-11-03T15:23:46+00:00","og_image":[{"width":550,"height":433,"url":"https:\/\/abaa.mx\/tienda\/wp-content\/uploads\/2023\/11\/PCWI-15KV-925.jpg","type":"image\/jpeg"}],"twitter_card":"summary_large_image","twitter_misc":{"Tiempo de lectura":"1 minuto"},"schema":{"@context":"https:\/\/schema.org","@graph":[{"@type":"WebPage","@id":"https:\/\/abaa.mx\/tienda\/detector-compacto-de-porosidad-pcwi-15kv-925\/","url":"https:\/\/abaa.mx\/tienda\/detector-compacto-de-porosidad-pcwi-15kv-925\/","name":"Detector Compacto de Porosidad PCWI 15kV - 925 - Abaa tienda online","isPartOf":{"@id":"https:\/\/abaa.mx\/tienda\/#website"},"primaryImageOfPage":{"@id":"https:\/\/abaa.mx\/tienda\/detector-compacto-de-porosidad-pcwi-15kv-925\/#primaryimage"},"image":{"@id":"https:\/\/abaa.mx\/tienda\/detector-compacto-de-porosidad-pcwi-15kv-925\/#primaryimage"},"thumbnailUrl":"https:\/\/abaa.mx\/tienda\/wp-content\/uploads\/2023\/11\/PCWI-15KV-925.jpg","datePublished":"2023-11-03T15:23:45+00:00","dateModified":"2023-11-03T15:23:46+00:00","breadcrumb":{"@id":"https:\/\/abaa.mx\/tienda\/detector-compacto-de-porosidad-pcwi-15kv-925\/#breadcrumb"},"inLanguage":"es","potentialAction":[{"@type":"ReadAction","target":["https:\/\/abaa.mx\/tienda\/detector-compacto-de-porosidad-pcwi-15kv-925\/"]}]},{"@type":"ImageObject","inLanguage":"es","@id":"https:\/\/abaa.mx\/tienda\/detector-compacto-de-porosidad-pcwi-15kv-925\/#primaryimage","url":"https:\/\/abaa.mx\/tienda\/wp-content\/uploads\/2023\/11\/PCWI-15KV-925.jpg","contentUrl":"https:\/\/abaa.mx\/tienda\/wp-content\/uploads\/2023\/11\/PCWI-15KV-925.jpg","width":550,"height":433,"caption":"PCWI-15KV-925"},{"@type":"BreadcrumbList","@id":"https:\/\/abaa.mx\/tienda\/detector-compacto-de-porosidad-pcwi-15kv-925\/#breadcrumb","itemListElement":[{"@type":"ListItem","position":1,"name":"Inicio","item":"https:\/\/abaa.mx\/tienda\/"},{"@type":"ListItem","position":2,"name":"Tienda","item":"https:\/\/abaa.mx\/tienda\/"},{"@type":"ListItem","position":3,"name":"Detector Compacto de Porosidad PCWI 15kV &#8211; 925"}]},{"@type":"WebSite","@id":"https:\/\/abaa.mx\/tienda\/#website","url":"https:\/\/abaa.mx\/tienda\/","name":"Abaa tienda online","description":"Instrumentos de medici\u00f3n","publisher":{"@id":"https:\/\/abaa.mx\/tienda\/#organization"},"potentialAction":[{"@type":"SearchAction","target":{"@type":"EntryPoint","urlTemplate":"https:\/\/abaa.mx\/tienda\/?s={search_term_string}"},"query-input":{"@type":"PropertyValueSpecification","valueRequired":true,"valueName":"search_term_string"}}],"inLanguage":"es"},{"@type":"Organization","@id":"https:\/\/abaa.mx\/tienda\/#organization","name":"Abaa tienda online","url":"https:\/\/abaa.mx\/tienda\/","logo":{"@type":"ImageObject","inLanguage":"es","@id":"https:\/\/abaa.mx\/tienda\/#\/schema\/logo\/image\/","url":"https:\/\/abaa.mx\/tienda\/wp-content\/uploads\/2024\/01\/abaa-metrologia-tienda.png","contentUrl":"https:\/\/abaa.mx\/tienda\/wp-content\/uploads\/2024\/01\/abaa-metrologia-tienda.png","width":300,"height":141,"caption":"Abaa tienda online"},"image":{"@id":"https:\/\/abaa.mx\/tienda\/#\/schema\/logo\/image\/"}}]}},"_links":{"self":[{"href":"https:\/\/abaa.mx\/tienda\/wp-json\/wp\/v2\/product\/8502","targetHints":{"allow":["GET"]}}],"collection":[{"href":"https:\/\/abaa.mx\/tienda\/wp-json\/wp\/v2\/product"}],"about":[{"href":"https:\/\/abaa.mx\/tienda\/wp-json\/wp\/v2\/types\/product"}],"replies":[{"embeddable":true,"href":"https:\/\/abaa.mx\/tienda\/wp-json\/wp\/v2\/comments?post=8502"}],"wp:featuredmedia":[{"embeddable":true,"href":"https:\/\/abaa.mx\/tienda\/wp-json\/wp\/v2\/media\/8506"}],"wp:attachment":[{"href":"https:\/\/abaa.mx\/tienda\/wp-json\/wp\/v2\/media?parent=8502"}],"wp:term":[{"taxonomy":"product_brand","embeddable":true,"href":"https:\/\/abaa.mx\/tienda\/wp-json\/wp\/v2\/product_brand?post=8502"},{"taxonomy":"product_cat","embeddable":true,"href":"https:\/\/abaa.mx\/tienda\/wp-json\/wp\/v2\/product_cat?post=8502"},{"taxonomy":"product_tag","embeddable":true,"href":"https:\/\/abaa.mx\/tienda\/wp-json\/wp\/v2\/product_tag?post=8502"}],"curies":[{"name":"wp","href":"https:\/\/api.w.org\/{rel}","templated":true}]}}