{"id":8501,"date":"2023-11-03T15:20:17","date_gmt":"2023-11-03T15:20:17","guid":{"rendered":"https:\/\/abaa.mx\/tienda\/?post_type=product&#038;p=8501"},"modified":"2023-11-03T15:20:17","modified_gmt":"2023-11-03T15:20:17","slug":"detector-de-porosidad-de-pulso-para-tuberia-40-kv-0955","status":"publish","type":"product","link":"https:\/\/abaa.mx\/tienda\/detector-de-porosidad-de-pulso-para-tuberia-40-kv-0955\/","title":{"rendered":"Detector de Porosidad de Pulso para Tuber\u00eda, 40 Kv &#8211; 0955"},"content":{"rendered":"<p>Detector de Porosidad de Pulso para Tuber\u00eda, 40 Kv &#8211; 0955<\/p>\n","protected":false},"excerpt":{"rendered":"<p>Es la herramienta indispensable para detectar porosidades no visibles al ojo humano en piezas de trabajo de enormes dimensiones como tuber\u00eda subterr\u00e1nea, tanques, estructuras de puentes, etc. Inspecci\u00f3n para la localizaci\u00f3n de fallas de recubrimientos en trabajos cuyas condiciones de humedad y temperatura previenen el acertado funcionamiento de los detectores de porosidad tipo Holiday de corriente directa.<\/p>\n<p>EL PW-0955 es un probador de discontinuidad de pel\u00edcula de revestimiento con capacidad de 40 KVCD. Emite pulsos el\u00e9ctricos de alto que dejan al inspector realizar pruebas en revestimientos de hule impregnados con carb\u00f3n, recubrimientos de prominente espesor como liners de hule y en sistemas de pl\u00e1stico-fibra de vidrio que tienen la posibilidad de conseguir carga electrost\u00e1ticas, tambi\u00e9n en recubrimientos ahulados empapados de carb\u00f3n y sistemas de hule-fibra de vidrio que tienen la posibilidad de cargarse electrost\u00e1ticamente. Estos modelos son ideales en condiciones de humedad ambiental y tambi\u00e9n en recubrimientos h\u00famedos y contaminados.<\/p>\n<p>El PW-0955 detector compacto de porosidad de pulso es popular por muchos otros nombres recurrentes tales como probador de chispa, poros\u00edmetro, descubridor tipo Holiday, Jeeper, detector de fallas de revestimiento , entre otros muchos.<\/p>\n","protected":false},"featured_media":8505,"comment_status":"open","ping_status":"closed","template":"","meta":{"_joinchat":[]},"product_brand":[],"product_cat":[110],"product_tag":[],"class_list":{"0":"post-8501","1":"product","2":"type-product","3":"status-publish","4":"has-post-thumbnail","6":"product_cat-medidores-de-falla-de-recubrimiento","8":"first","9":"instock","10":"shipping-taxable","11":"product-type-simple"},"yoast_head":"<!-- This site is optimized with the Yoast SEO plugin v26.4 - https:\/\/yoast.com\/wordpress\/plugins\/seo\/ -->\n<title>Detector de Porosidad de Pulso para Tuber\u00eda, 40 Kv - 0955 - Abaa tienda online<\/title>\n<meta name=\"robots\" content=\"index, follow, max-snippet:-1, max-image-preview:large, max-video-preview:-1\" \/>\n<link rel=\"canonical\" href=\"https:\/\/abaa.mx\/tienda\/detector-de-porosidad-de-pulso-para-tuberia-40-kv-0955\/\" \/>\n<meta property=\"og:locale\" content=\"es_MX\" \/>\n<meta property=\"og:type\" content=\"article\" \/>\n<meta property=\"og:title\" content=\"Detector de Porosidad de Pulso para Tuber\u00eda, 40 Kv - 0955 - Abaa tienda online\" \/>\n<meta property=\"og:description\" content=\"Es la herramienta indispensable para detectar porosidades no visibles al ojo humano en piezas de trabajo de enormes dimensiones como tuber\u00eda subterr\u00e1nea, tanques, estructuras de puentes, etc. Inspecci\u00f3n para la localizaci\u00f3n de fallas de recubrimientos en trabajos cuyas condiciones de humedad y temperatura previenen el acertado funcionamiento de los detectores de porosidad tipo Holiday de corriente directa.  EL PW-0955 es un probador de discontinuidad de pel\u00edcula de revestimiento con capacidad de 40 KVCD. Emite pulsos el\u00e9ctricos de alto que dejan al inspector realizar pruebas en revestimientos de hule impregnados con carb\u00f3n, recubrimientos de prominente espesor como liners de hule y en sistemas de pl\u00e1stico-fibra de vidrio que tienen la posibilidad de conseguir carga electrost\u00e1ticas, tambi\u00e9n en recubrimientos ahulados empapados de carb\u00f3n y sistemas de hule-fibra de vidrio que tienen la posibilidad de cargarse electrost\u00e1ticamente. Estos modelos son ideales en condiciones de humedad ambiental y tambi\u00e9n en recubrimientos h\u00famedos y contaminados.  El PW-0955 detector compacto de porosidad de pulso es popular por muchos otros nombres recurrentes tales como probador de chispa, poros\u00edmetro, descubridor tipo Holiday, Jeeper, detector de fallas de revestimiento , entre otros muchos.\" \/>\n<meta property=\"og:url\" content=\"https:\/\/abaa.mx\/tienda\/detector-de-porosidad-de-pulso-para-tuberia-40-kv-0955\/\" \/>\n<meta property=\"og:site_name\" content=\"Abaa tienda online\" \/>\n<meta property=\"og:image\" content=\"https:\/\/abaa.mx\/tienda\/wp-content\/uploads\/2023\/11\/PCWI-40KV-0955.jpg\" \/>\n\t<meta property=\"og:image:width\" content=\"515\" \/>\n\t<meta property=\"og:image:height\" content=\"465\" \/>\n\t<meta property=\"og:image:type\" content=\"image\/jpeg\" \/>\n<meta name=\"twitter:card\" content=\"summary_large_image\" \/>\n<meta name=\"twitter:label1\" content=\"Tiempo de lectura\" \/>\n\t<meta name=\"twitter:data1\" content=\"1 minuto\" \/>\n<script type=\"application\/ld+json\" class=\"yoast-schema-graph\">{\"@context\":\"https:\/\/schema.org\",\"@graph\":[{\"@type\":\"WebPage\",\"@id\":\"https:\/\/abaa.mx\/tienda\/detector-de-porosidad-de-pulso-para-tuberia-40-kv-0955\/\",\"url\":\"https:\/\/abaa.mx\/tienda\/detector-de-porosidad-de-pulso-para-tuberia-40-kv-0955\/\",\"name\":\"Detector de Porosidad de Pulso para Tuber\u00eda, 40 Kv - 0955 - Abaa tienda online\",\"isPartOf\":{\"@id\":\"https:\/\/abaa.mx\/tienda\/#website\"},\"primaryImageOfPage\":{\"@id\":\"https:\/\/abaa.mx\/tienda\/detector-de-porosidad-de-pulso-para-tuberia-40-kv-0955\/#primaryimage\"},\"image\":{\"@id\":\"https:\/\/abaa.mx\/tienda\/detector-de-porosidad-de-pulso-para-tuberia-40-kv-0955\/#primaryimage\"},\"thumbnailUrl\":\"https:\/\/abaa.mx\/tienda\/wp-content\/uploads\/2023\/11\/PCWI-40KV-0955.jpg\",\"datePublished\":\"2023-11-03T15:20:17+00:00\",\"breadcrumb\":{\"@id\":\"https:\/\/abaa.mx\/tienda\/detector-de-porosidad-de-pulso-para-tuberia-40-kv-0955\/#breadcrumb\"},\"inLanguage\":\"es\",\"potentialAction\":[{\"@type\":\"ReadAction\",\"target\":[\"https:\/\/abaa.mx\/tienda\/detector-de-porosidad-de-pulso-para-tuberia-40-kv-0955\/\"]}]},{\"@type\":\"ImageObject\",\"inLanguage\":\"es\",\"@id\":\"https:\/\/abaa.mx\/tienda\/detector-de-porosidad-de-pulso-para-tuberia-40-kv-0955\/#primaryimage\",\"url\":\"https:\/\/abaa.mx\/tienda\/wp-content\/uploads\/2023\/11\/PCWI-40KV-0955.jpg\",\"contentUrl\":\"https:\/\/abaa.mx\/tienda\/wp-content\/uploads\/2023\/11\/PCWI-40KV-0955.jpg\",\"width\":515,\"height\":465,\"caption\":\"PCWI-40KV-0955\"},{\"@type\":\"BreadcrumbList\",\"@id\":\"https:\/\/abaa.mx\/tienda\/detector-de-porosidad-de-pulso-para-tuberia-40-kv-0955\/#breadcrumb\",\"itemListElement\":[{\"@type\":\"ListItem\",\"position\":1,\"name\":\"Inicio\",\"item\":\"https:\/\/abaa.mx\/tienda\/\"},{\"@type\":\"ListItem\",\"position\":2,\"name\":\"Tienda\",\"item\":\"https:\/\/abaa.mx\/tienda\/\"},{\"@type\":\"ListItem\",\"position\":3,\"name\":\"Detector de Porosidad de Pulso para Tuber\u00eda, 40 Kv &#8211; 0955\"}]},{\"@type\":\"WebSite\",\"@id\":\"https:\/\/abaa.mx\/tienda\/#website\",\"url\":\"https:\/\/abaa.mx\/tienda\/\",\"name\":\"Abaa tienda online\",\"description\":\"Instrumentos de medici\u00f3n\",\"publisher\":{\"@id\":\"https:\/\/abaa.mx\/tienda\/#organization\"},\"potentialAction\":[{\"@type\":\"SearchAction\",\"target\":{\"@type\":\"EntryPoint\",\"urlTemplate\":\"https:\/\/abaa.mx\/tienda\/?s={search_term_string}\"},\"query-input\":{\"@type\":\"PropertyValueSpecification\",\"valueRequired\":true,\"valueName\":\"search_term_string\"}}],\"inLanguage\":\"es\"},{\"@type\":\"Organization\",\"@id\":\"https:\/\/abaa.mx\/tienda\/#organization\",\"name\":\"Abaa tienda online\",\"url\":\"https:\/\/abaa.mx\/tienda\/\",\"logo\":{\"@type\":\"ImageObject\",\"inLanguage\":\"es\",\"@id\":\"https:\/\/abaa.mx\/tienda\/#\/schema\/logo\/image\/\",\"url\":\"https:\/\/abaa.mx\/tienda\/wp-content\/uploads\/2024\/01\/abaa-metrologia-tienda.png\",\"contentUrl\":\"https:\/\/abaa.mx\/tienda\/wp-content\/uploads\/2024\/01\/abaa-metrologia-tienda.png\",\"width\":300,\"height\":141,\"caption\":\"Abaa tienda online\"},\"image\":{\"@id\":\"https:\/\/abaa.mx\/tienda\/#\/schema\/logo\/image\/\"}}]}<\/script>\n<!-- \/ Yoast SEO plugin. -->","yoast_head_json":{"title":"Detector de Porosidad de Pulso para Tuber\u00eda, 40 Kv - 0955 - Abaa tienda online","robots":{"index":"index","follow":"follow","max-snippet":"max-snippet:-1","max-image-preview":"max-image-preview:large","max-video-preview":"max-video-preview:-1"},"canonical":"https:\/\/abaa.mx\/tienda\/detector-de-porosidad-de-pulso-para-tuberia-40-kv-0955\/","og_locale":"es_MX","og_type":"article","og_title":"Detector de Porosidad de Pulso para Tuber\u00eda, 40 Kv - 0955 - Abaa tienda online","og_description":"Es la herramienta indispensable para detectar porosidades no visibles al ojo humano en piezas de trabajo de enormes dimensiones como tuber\u00eda subterr\u00e1nea, tanques, estructuras de puentes, etc. Inspecci\u00f3n para la localizaci\u00f3n de fallas de recubrimientos en trabajos cuyas condiciones de humedad y temperatura previenen el acertado funcionamiento de los detectores de porosidad tipo Holiday de corriente directa.  EL PW-0955 es un probador de discontinuidad de pel\u00edcula de revestimiento con capacidad de 40 KVCD. Emite pulsos el\u00e9ctricos de alto que dejan al inspector realizar pruebas en revestimientos de hule impregnados con carb\u00f3n, recubrimientos de prominente espesor como liners de hule y en sistemas de pl\u00e1stico-fibra de vidrio que tienen la posibilidad de conseguir carga electrost\u00e1ticas, tambi\u00e9n en recubrimientos ahulados empapados de carb\u00f3n y sistemas de hule-fibra de vidrio que tienen la posibilidad de cargarse electrost\u00e1ticamente. Estos modelos son ideales en condiciones de humedad ambiental y tambi\u00e9n en recubrimientos h\u00famedos y contaminados.  El PW-0955 detector compacto de porosidad de pulso es popular por muchos otros nombres recurrentes tales como probador de chispa, poros\u00edmetro, descubridor tipo Holiday, Jeeper, detector de fallas de revestimiento , entre otros muchos.","og_url":"https:\/\/abaa.mx\/tienda\/detector-de-porosidad-de-pulso-para-tuberia-40-kv-0955\/","og_site_name":"Abaa tienda online","og_image":[{"width":515,"height":465,"url":"https:\/\/abaa.mx\/tienda\/wp-content\/uploads\/2023\/11\/PCWI-40KV-0955.jpg","type":"image\/jpeg"}],"twitter_card":"summary_large_image","twitter_misc":{"Tiempo de lectura":"1 minuto"},"schema":{"@context":"https:\/\/schema.org","@graph":[{"@type":"WebPage","@id":"https:\/\/abaa.mx\/tienda\/detector-de-porosidad-de-pulso-para-tuberia-40-kv-0955\/","url":"https:\/\/abaa.mx\/tienda\/detector-de-porosidad-de-pulso-para-tuberia-40-kv-0955\/","name":"Detector de Porosidad de Pulso para Tuber\u00eda, 40 Kv - 0955 - Abaa tienda online","isPartOf":{"@id":"https:\/\/abaa.mx\/tienda\/#website"},"primaryImageOfPage":{"@id":"https:\/\/abaa.mx\/tienda\/detector-de-porosidad-de-pulso-para-tuberia-40-kv-0955\/#primaryimage"},"image":{"@id":"https:\/\/abaa.mx\/tienda\/detector-de-porosidad-de-pulso-para-tuberia-40-kv-0955\/#primaryimage"},"thumbnailUrl":"https:\/\/abaa.mx\/tienda\/wp-content\/uploads\/2023\/11\/PCWI-40KV-0955.jpg","datePublished":"2023-11-03T15:20:17+00:00","breadcrumb":{"@id":"https:\/\/abaa.mx\/tienda\/detector-de-porosidad-de-pulso-para-tuberia-40-kv-0955\/#breadcrumb"},"inLanguage":"es","potentialAction":[{"@type":"ReadAction","target":["https:\/\/abaa.mx\/tienda\/detector-de-porosidad-de-pulso-para-tuberia-40-kv-0955\/"]}]},{"@type":"ImageObject","inLanguage":"es","@id":"https:\/\/abaa.mx\/tienda\/detector-de-porosidad-de-pulso-para-tuberia-40-kv-0955\/#primaryimage","url":"https:\/\/abaa.mx\/tienda\/wp-content\/uploads\/2023\/11\/PCWI-40KV-0955.jpg","contentUrl":"https:\/\/abaa.mx\/tienda\/wp-content\/uploads\/2023\/11\/PCWI-40KV-0955.jpg","width":515,"height":465,"caption":"PCWI-40KV-0955"},{"@type":"BreadcrumbList","@id":"https:\/\/abaa.mx\/tienda\/detector-de-porosidad-de-pulso-para-tuberia-40-kv-0955\/#breadcrumb","itemListElement":[{"@type":"ListItem","position":1,"name":"Inicio","item":"https:\/\/abaa.mx\/tienda\/"},{"@type":"ListItem","position":2,"name":"Tienda","item":"https:\/\/abaa.mx\/tienda\/"},{"@type":"ListItem","position":3,"name":"Detector de Porosidad de Pulso para Tuber\u00eda, 40 Kv &#8211; 0955"}]},{"@type":"WebSite","@id":"https:\/\/abaa.mx\/tienda\/#website","url":"https:\/\/abaa.mx\/tienda\/","name":"Abaa tienda online","description":"Instrumentos de medici\u00f3n","publisher":{"@id":"https:\/\/abaa.mx\/tienda\/#organization"},"potentialAction":[{"@type":"SearchAction","target":{"@type":"EntryPoint","urlTemplate":"https:\/\/abaa.mx\/tienda\/?s={search_term_string}"},"query-input":{"@type":"PropertyValueSpecification","valueRequired":true,"valueName":"search_term_string"}}],"inLanguage":"es"},{"@type":"Organization","@id":"https:\/\/abaa.mx\/tienda\/#organization","name":"Abaa tienda online","url":"https:\/\/abaa.mx\/tienda\/","logo":{"@type":"ImageObject","inLanguage":"es","@id":"https:\/\/abaa.mx\/tienda\/#\/schema\/logo\/image\/","url":"https:\/\/abaa.mx\/tienda\/wp-content\/uploads\/2024\/01\/abaa-metrologia-tienda.png","contentUrl":"https:\/\/abaa.mx\/tienda\/wp-content\/uploads\/2024\/01\/abaa-metrologia-tienda.png","width":300,"height":141,"caption":"Abaa tienda online"},"image":{"@id":"https:\/\/abaa.mx\/tienda\/#\/schema\/logo\/image\/"}}]}},"_links":{"self":[{"href":"https:\/\/abaa.mx\/tienda\/wp-json\/wp\/v2\/product\/8501","targetHints":{"allow":["GET"]}}],"collection":[{"href":"https:\/\/abaa.mx\/tienda\/wp-json\/wp\/v2\/product"}],"about":[{"href":"https:\/\/abaa.mx\/tienda\/wp-json\/wp\/v2\/types\/product"}],"replies":[{"embeddable":true,"href":"https:\/\/abaa.mx\/tienda\/wp-json\/wp\/v2\/comments?post=8501"}],"wp:featuredmedia":[{"embeddable":true,"href":"https:\/\/abaa.mx\/tienda\/wp-json\/wp\/v2\/media\/8505"}],"wp:attachment":[{"href":"https:\/\/abaa.mx\/tienda\/wp-json\/wp\/v2\/media?parent=8501"}],"wp:term":[{"taxonomy":"product_brand","embeddable":true,"href":"https:\/\/abaa.mx\/tienda\/wp-json\/wp\/v2\/product_brand?post=8501"},{"taxonomy":"product_cat","embeddable":true,"href":"https:\/\/abaa.mx\/tienda\/wp-json\/wp\/v2\/product_cat?post=8501"},{"taxonomy":"product_tag","embeddable":true,"href":"https:\/\/abaa.mx\/tienda\/wp-json\/wp\/v2\/product_tag?post=8501"}],"curies":[{"name":"wp","href":"https:\/\/api.w.org\/{rel}","templated":true}]}}