{"id":8479,"date":"2023-11-02T19:15:57","date_gmt":"2023-11-02T19:15:57","guid":{"rendered":"https:\/\/abaa.mx\/tienda\/?post_type=product&#038;p=8479"},"modified":"2023-11-02T19:15:57","modified_gmt":"2023-11-02T19:15:57","slug":"medidor-de-conductividad-en-metales-no-ferrosos-corriente-eddy-fd101","status":"publish","type":"product","link":"https:\/\/abaa.mx\/tienda\/medidor-de-conductividad-en-metales-no-ferrosos-corriente-eddy-fd101\/","title":{"rendered":"Medidor de Conductividad en Metales no Ferrosos corriente Eddy &#8211; FD101"},"content":{"rendered":"<p>Medidor de Conductividad en Metales no Ferrosos corriente Eddy &#8211; FD101<\/p>\n","protected":false},"excerpt":{"rendered":"<p>Medidor de conductividad el\u00e9ctrica de corriente de Foucault FD-101<\/p>\n<p><strong>Aplicaci\u00f3n:<\/strong><\/p>\n<ul>\n<li>En la industria aeroespacial y automotriz, supervise el proceso de tratamiento t\u00e9rmico, la resistencia y dureza de la aleaci\u00f3n de aluminio.<\/li>\n<li>Medici\u00f3n de la pureza de metales no ferrosos.<\/li>\n<li>Analizar las propiedades t\u00e9rmicas de los materiales.<\/li>\n<li>Pruebe la resistividad de los materiales conductores.<\/li>\n<li>Pruebe la conductividad cuando el aluminio no se haya oxidado.<\/li>\n<li>Medida absoluta de la conductividad el\u00e9ctrica de casi todos los metales no ferrosos; (Ti-Ag).<\/li>\n<\/ul>\n<h3><strong>Referencias:\u00a0<\/strong><\/h3>\n<table width=\"630\">\n<tbody>\n<tr>\n<td width=\"196\">Tecnolog\u00eda de medici\u00f3n<\/td>\n<td width=\"196\">Corriente Eddy<\/td>\n<td rowspan=\"4\" width=\"196\">&nbsp;<\/td>\n<\/tr>\n<tr>\n<td width=\"196\">Frecuencia de operaci\u00f3n<\/td>\n<td width=\"196\">60KHz<\/td>\n<\/tr>\n<tr>\n<td width=\"196\">Pantalla de visualizaci\u00f3n<\/td>\n<td width=\"196\">Monocromo<\/td>\n<\/tr>\n<tr>\n<td width=\"196\">L*B*H<\/td>\n<td width=\"196\">180*76*35 mm<\/td>\n<\/tr>\n<tr>\n<td width=\"196\">Caja de instrumentos<\/td>\n<td width=\"196\">Poli\u00e9ster impermeabilizante anti-impacto intenso<\/td>\n<td width=\"196\">Match the fixed belt the\u00a0leather protective covering<\/td>\n<\/tr>\n<tr>\n<td width=\"196\">Peso<\/td>\n<td width=\"196\">300g<\/td>\n<td width=\"196\">Contain battery<\/td>\n<\/tr>\n<tr>\n<td width=\"196\">Fuente de alimentaci\u00f3n<\/td>\n<td width=\"196\">Bater\u00eda de pol\u00edmero de litio de alta capacidad y alto rendimiento<\/td>\n<td width=\"196\">Not back light illuminate may keep on working about 100 hours<\/td>\n<\/tr>\n<tr>\n<td width=\"196\">Rango de medici\u00f3n<\/td>\n<td width=\"196\">1%IACS\u2014105%IACS(0.58 MS\/m -61MS\/m)<\/td>\n<td width=\"196\">&nbsp;<\/td>\n<\/tr>\n<tr>\n<td width=\"196\">Tasa de diferenciaci\u00f3n<\/td>\n<td width=\"196\">0.1% IACS<\/td>\n<td width=\"196\">&nbsp;<\/td>\n<\/tr>\n<tr>\n<td width=\"196\">Exactitud de medici\u00f3n<\/td>\n<td width=\"196\">5\u00b0C a 40\u00b0C<\/p>\n<p>23%IACS :\u00b10.1%IACS 100%IACS :\u00b10.3%IACS<\/td>\n<td width=\"196\">&nbsp;<\/td>\n<\/tr>\n<tr>\n<td width=\"196\">Compensaci\u00f3n de temperatura<\/td>\n<td width=\"196\">5\u00b0C~40\u00b0C<\/td>\n<td width=\"196\">Funci\u00f3n de compensaci\u00f3n autom\u00e1tica<\/td>\n<\/tr>\n<tr>\n<td rowspan=\"2\" width=\"196\">Entorno laboral normal<\/td>\n<td width=\"196\">Humedad relativa<\/td>\n<td width=\"196\">0~95%<\/p>\n<p>&nbsp;<\/td>\n<\/tr>\n<tr>\n<td width=\"196\">Temperatura de funcionamiento<\/td>\n<td width=\"196\">5\u00b0C~40\u00b0C<\/td>\n<\/tr>\n<tr>\n<td width=\"196\">Que contiene?<\/td>\n<td width=\"196\">Caja port\u00e1til; Investigacion; sonda en cable; manual de instrucciones; muestra est\u00e1ndar de conductividad; adaptador<\/td>\n<td width=\"196\">La muestra de conductividad se instala en el instrumento para verificar y garantizar la compensaci\u00f3n de temperatura.<\/td>\n<\/tr>\n<tr>\n<td width=\"196\">Di\u00e1metro de la sonda<\/td>\n<td width=\"196\">12,7 mm (aplicable al di\u00e1metro m\u00ednimo del \u00e1rea de medici\u00f3n a 60 KHz es 13 mm).<\/td>\n<td width=\"196\">&nbsp;<\/td>\n<\/tr>\n<\/tbody>\n<\/table>\n","protected":false},"featured_media":8480,"comment_status":"open","ping_status":"closed","template":"","meta":{"_joinchat":[]},"product_brand":[],"product_cat":[107],"product_tag":[],"class_list":{"0":"post-8479","1":"product","2":"type-product","3":"status-publish","4":"has-post-thumbnail","6":"product_cat-medidor-de-conductividad","8":"first","9":"instock","10":"shipping-taxable","11":"product-type-simple"},"yoast_head":"<!-- This site is optimized with the Yoast SEO plugin v26.4 - https:\/\/yoast.com\/wordpress\/plugins\/seo\/ -->\n<title>Medidor de Conductividad en Metales no Ferrosos corriente Eddy - FD101 - Abaa tienda online<\/title>\n<meta name=\"robots\" content=\"index, follow, max-snippet:-1, max-image-preview:large, max-video-preview:-1\" \/>\n<link rel=\"canonical\" href=\"https:\/\/abaa.mx\/tienda\/medidor-de-conductividad-en-metales-no-ferrosos-corriente-eddy-fd101\/\" \/>\n<meta property=\"og:locale\" content=\"es_MX\" \/>\n<meta property=\"og:type\" content=\"article\" \/>\n<meta property=\"og:title\" content=\"Medidor de Conductividad en Metales no Ferrosos corriente Eddy - FD101 - Abaa tienda online\" \/>\n<meta property=\"og:description\" content=\"Medidor de conductividad el\u00e9ctrica de corriente de Foucault FD-101  Aplicaci\u00f3n:   En la industria aeroespacial y automotriz, supervise el proceso de tratamiento t\u00e9rmico, la resistencia y dureza de la aleaci\u00f3n de aluminio.  Medici\u00f3n de la pureza de metales no ferrosos.  Analizar las propiedades t\u00e9rmicas de los materiales.  Pruebe la resistividad de los materiales conductores.  Pruebe la conductividad cuando el aluminio no se haya oxidado.  Medida absoluta de la conductividad el\u00e9ctrica de casi todos los metales no ferrosos; (Ti-Ag).  Referencias:\u00a0    Tecnolog\u00eda de medici\u00f3n Corriente Eddy &nbsp;   Frecuencia de operaci\u00f3n 60KHz   Pantalla de visualizaci\u00f3n Monocromo   L*B*H 180*76*35 mm   Caja de instrumentos Poli\u00e9ster impermeabilizante anti-impacto intenso Match the fixed belt the\u00a0leather protective covering   Peso 300g Contain battery   Fuente de alimentaci\u00f3n Bater\u00eda de pol\u00edmero de litio de alta capacidad y alto rendimiento Not back light illuminate may keep on working about 100 hours   Rango de medici\u00f3n 1%IACS\u2014105%IACS(0.58 MS\/m -61MS\/m) &nbsp;   Tasa de diferenciaci\u00f3n 0.1% IACS &nbsp;   Exactitud de medici\u00f3n 5\u00b0C a 40\u00b0C  23%IACS :\u00b10.1%IACS 100%IACS :\u00b10.3%IACS &nbsp;   Compensaci\u00f3n de temperatura 5\u00b0C~40\u00b0C Funci\u00f3n de compensaci\u00f3n autom\u00e1tica   Entorno laboral normal Humedad relativa 0~95%  &nbsp;   Temperatura de funcionamiento 5\u00b0C~40\u00b0C   Que contiene? Caja port\u00e1til; Investigacion; sonda en cable; manual de instrucciones; muestra est\u00e1ndar de conductividad; adaptador La muestra de conductividad se instala en el instrumento para verificar y garantizar la compensaci\u00f3n de temperatura.   Di\u00e1metro de la sonda 12,7 mm (aplicable al di\u00e1metro m\u00ednimo del \u00e1rea de medici\u00f3n a 60 KHz es 13 mm). &nbsp;\" \/>\n<meta property=\"og:url\" content=\"https:\/\/abaa.mx\/tienda\/medidor-de-conductividad-en-metales-no-ferrosos-corriente-eddy-fd101\/\" \/>\n<meta property=\"og:site_name\" content=\"Abaa tienda online\" \/>\n<meta property=\"og:image\" content=\"https:\/\/abaa.mx\/tienda\/wp-content\/uploads\/2023\/11\/EDDY-FD101.jpg\" \/>\n\t<meta property=\"og:image:width\" content=\"553\" \/>\n\t<meta property=\"og:image:height\" content=\"486\" \/>\n\t<meta property=\"og:image:type\" content=\"image\/jpeg\" \/>\n<meta name=\"twitter:card\" content=\"summary_large_image\" \/>\n<meta name=\"twitter:label1\" content=\"Tiempo de lectura\" \/>\n\t<meta name=\"twitter:data1\" content=\"1 minuto\" \/>\n<script type=\"application\/ld+json\" class=\"yoast-schema-graph\">{\"@context\":\"https:\/\/schema.org\",\"@graph\":[{\"@type\":\"WebPage\",\"@id\":\"https:\/\/abaa.mx\/tienda\/medidor-de-conductividad-en-metales-no-ferrosos-corriente-eddy-fd101\/\",\"url\":\"https:\/\/abaa.mx\/tienda\/medidor-de-conductividad-en-metales-no-ferrosos-corriente-eddy-fd101\/\",\"name\":\"Medidor de Conductividad en Metales no Ferrosos corriente Eddy - FD101 - Abaa tienda online\",\"isPartOf\":{\"@id\":\"https:\/\/abaa.mx\/tienda\/#website\"},\"primaryImageOfPage\":{\"@id\":\"https:\/\/abaa.mx\/tienda\/medidor-de-conductividad-en-metales-no-ferrosos-corriente-eddy-fd101\/#primaryimage\"},\"image\":{\"@id\":\"https:\/\/abaa.mx\/tienda\/medidor-de-conductividad-en-metales-no-ferrosos-corriente-eddy-fd101\/#primaryimage\"},\"thumbnailUrl\":\"https:\/\/abaa.mx\/tienda\/wp-content\/uploads\/2023\/11\/EDDY-FD101.jpg\",\"datePublished\":\"2023-11-02T19:15:57+00:00\",\"breadcrumb\":{\"@id\":\"https:\/\/abaa.mx\/tienda\/medidor-de-conductividad-en-metales-no-ferrosos-corriente-eddy-fd101\/#breadcrumb\"},\"inLanguage\":\"es\",\"potentialAction\":[{\"@type\":\"ReadAction\",\"target\":[\"https:\/\/abaa.mx\/tienda\/medidor-de-conductividad-en-metales-no-ferrosos-corriente-eddy-fd101\/\"]}]},{\"@type\":\"ImageObject\",\"inLanguage\":\"es\",\"@id\":\"https:\/\/abaa.mx\/tienda\/medidor-de-conductividad-en-metales-no-ferrosos-corriente-eddy-fd101\/#primaryimage\",\"url\":\"https:\/\/abaa.mx\/tienda\/wp-content\/uploads\/2023\/11\/EDDY-FD101.jpg\",\"contentUrl\":\"https:\/\/abaa.mx\/tienda\/wp-content\/uploads\/2023\/11\/EDDY-FD101.jpg\",\"width\":553,\"height\":486,\"caption\":\"EDDY-FD101\"},{\"@type\":\"BreadcrumbList\",\"@id\":\"https:\/\/abaa.mx\/tienda\/medidor-de-conductividad-en-metales-no-ferrosos-corriente-eddy-fd101\/#breadcrumb\",\"itemListElement\":[{\"@type\":\"ListItem\",\"position\":1,\"name\":\"Inicio\",\"item\":\"https:\/\/abaa.mx\/tienda\/\"},{\"@type\":\"ListItem\",\"position\":2,\"name\":\"Tienda\",\"item\":\"https:\/\/abaa.mx\/tienda\/\"},{\"@type\":\"ListItem\",\"position\":3,\"name\":\"Medidor de Conductividad en Metales no Ferrosos corriente Eddy &#8211; FD101\"}]},{\"@type\":\"WebSite\",\"@id\":\"https:\/\/abaa.mx\/tienda\/#website\",\"url\":\"https:\/\/abaa.mx\/tienda\/\",\"name\":\"Abaa tienda online\",\"description\":\"Instrumentos de medici\u00f3n\",\"publisher\":{\"@id\":\"https:\/\/abaa.mx\/tienda\/#organization\"},\"potentialAction\":[{\"@type\":\"SearchAction\",\"target\":{\"@type\":\"EntryPoint\",\"urlTemplate\":\"https:\/\/abaa.mx\/tienda\/?s={search_term_string}\"},\"query-input\":{\"@type\":\"PropertyValueSpecification\",\"valueRequired\":true,\"valueName\":\"search_term_string\"}}],\"inLanguage\":\"es\"},{\"@type\":\"Organization\",\"@id\":\"https:\/\/abaa.mx\/tienda\/#organization\",\"name\":\"Abaa tienda online\",\"url\":\"https:\/\/abaa.mx\/tienda\/\",\"logo\":{\"@type\":\"ImageObject\",\"inLanguage\":\"es\",\"@id\":\"https:\/\/abaa.mx\/tienda\/#\/schema\/logo\/image\/\",\"url\":\"https:\/\/abaa.mx\/tienda\/wp-content\/uploads\/2024\/01\/abaa-metrologia-tienda.png\",\"contentUrl\":\"https:\/\/abaa.mx\/tienda\/wp-content\/uploads\/2024\/01\/abaa-metrologia-tienda.png\",\"width\":300,\"height\":141,\"caption\":\"Abaa tienda online\"},\"image\":{\"@id\":\"https:\/\/abaa.mx\/tienda\/#\/schema\/logo\/image\/\"}}]}<\/script>\n<!-- \/ Yoast SEO plugin. -->","yoast_head_json":{"title":"Medidor de Conductividad en Metales no Ferrosos corriente Eddy - FD101 - Abaa tienda online","robots":{"index":"index","follow":"follow","max-snippet":"max-snippet:-1","max-image-preview":"max-image-preview:large","max-video-preview":"max-video-preview:-1"},"canonical":"https:\/\/abaa.mx\/tienda\/medidor-de-conductividad-en-metales-no-ferrosos-corriente-eddy-fd101\/","og_locale":"es_MX","og_type":"article","og_title":"Medidor de Conductividad en Metales no Ferrosos corriente Eddy - FD101 - Abaa tienda online","og_description":"Medidor de conductividad el\u00e9ctrica de corriente de Foucault FD-101  Aplicaci\u00f3n:   En la industria aeroespacial y automotriz, supervise el proceso de tratamiento t\u00e9rmico, la resistencia y dureza de la aleaci\u00f3n de aluminio.  Medici\u00f3n de la pureza de metales no ferrosos.  Analizar las propiedades t\u00e9rmicas de los materiales.  Pruebe la resistividad de los materiales conductores.  Pruebe la conductividad cuando el aluminio no se haya oxidado.  Medida absoluta de la conductividad el\u00e9ctrica de casi todos los metales no ferrosos; (Ti-Ag).  Referencias:\u00a0    Tecnolog\u00eda de medici\u00f3n Corriente Eddy &nbsp;   Frecuencia de operaci\u00f3n 60KHz   Pantalla de visualizaci\u00f3n Monocromo   L*B*H 180*76*35 mm   Caja de instrumentos Poli\u00e9ster impermeabilizante anti-impacto intenso Match the fixed belt the\u00a0leather protective covering   Peso 300g Contain battery   Fuente de alimentaci\u00f3n Bater\u00eda de pol\u00edmero de litio de alta capacidad y alto rendimiento Not back light illuminate may keep on working about 100 hours   Rango de medici\u00f3n 1%IACS\u2014105%IACS(0.58 MS\/m -61MS\/m) &nbsp;   Tasa de diferenciaci\u00f3n 0.1% IACS &nbsp;   Exactitud de medici\u00f3n 5\u00b0C a 40\u00b0C  23%IACS :\u00b10.1%IACS 100%IACS :\u00b10.3%IACS &nbsp;   Compensaci\u00f3n de temperatura 5\u00b0C~40\u00b0C Funci\u00f3n de compensaci\u00f3n autom\u00e1tica   Entorno laboral normal Humedad relativa 0~95%  &nbsp;   Temperatura de funcionamiento 5\u00b0C~40\u00b0C   Que contiene? Caja port\u00e1til; Investigacion; sonda en cable; manual de instrucciones; muestra est\u00e1ndar de conductividad; adaptador La muestra de conductividad se instala en el instrumento para verificar y garantizar la compensaci\u00f3n de temperatura.   Di\u00e1metro de la sonda 12,7 mm (aplicable al di\u00e1metro m\u00ednimo del \u00e1rea de medici\u00f3n a 60 KHz es 13 mm). &nbsp;","og_url":"https:\/\/abaa.mx\/tienda\/medidor-de-conductividad-en-metales-no-ferrosos-corriente-eddy-fd101\/","og_site_name":"Abaa tienda online","og_image":[{"width":553,"height":486,"url":"https:\/\/abaa.mx\/tienda\/wp-content\/uploads\/2023\/11\/EDDY-FD101.jpg","type":"image\/jpeg"}],"twitter_card":"summary_large_image","twitter_misc":{"Tiempo de lectura":"1 minuto"},"schema":{"@context":"https:\/\/schema.org","@graph":[{"@type":"WebPage","@id":"https:\/\/abaa.mx\/tienda\/medidor-de-conductividad-en-metales-no-ferrosos-corriente-eddy-fd101\/","url":"https:\/\/abaa.mx\/tienda\/medidor-de-conductividad-en-metales-no-ferrosos-corriente-eddy-fd101\/","name":"Medidor de Conductividad en Metales no Ferrosos corriente Eddy - FD101 - Abaa tienda online","isPartOf":{"@id":"https:\/\/abaa.mx\/tienda\/#website"},"primaryImageOfPage":{"@id":"https:\/\/abaa.mx\/tienda\/medidor-de-conductividad-en-metales-no-ferrosos-corriente-eddy-fd101\/#primaryimage"},"image":{"@id":"https:\/\/abaa.mx\/tienda\/medidor-de-conductividad-en-metales-no-ferrosos-corriente-eddy-fd101\/#primaryimage"},"thumbnailUrl":"https:\/\/abaa.mx\/tienda\/wp-content\/uploads\/2023\/11\/EDDY-FD101.jpg","datePublished":"2023-11-02T19:15:57+00:00","breadcrumb":{"@id":"https:\/\/abaa.mx\/tienda\/medidor-de-conductividad-en-metales-no-ferrosos-corriente-eddy-fd101\/#breadcrumb"},"inLanguage":"es","potentialAction":[{"@type":"ReadAction","target":["https:\/\/abaa.mx\/tienda\/medidor-de-conductividad-en-metales-no-ferrosos-corriente-eddy-fd101\/"]}]},{"@type":"ImageObject","inLanguage":"es","@id":"https:\/\/abaa.mx\/tienda\/medidor-de-conductividad-en-metales-no-ferrosos-corriente-eddy-fd101\/#primaryimage","url":"https:\/\/abaa.mx\/tienda\/wp-content\/uploads\/2023\/11\/EDDY-FD101.jpg","contentUrl":"https:\/\/abaa.mx\/tienda\/wp-content\/uploads\/2023\/11\/EDDY-FD101.jpg","width":553,"height":486,"caption":"EDDY-FD101"},{"@type":"BreadcrumbList","@id":"https:\/\/abaa.mx\/tienda\/medidor-de-conductividad-en-metales-no-ferrosos-corriente-eddy-fd101\/#breadcrumb","itemListElement":[{"@type":"ListItem","position":1,"name":"Inicio","item":"https:\/\/abaa.mx\/tienda\/"},{"@type":"ListItem","position":2,"name":"Tienda","item":"https:\/\/abaa.mx\/tienda\/"},{"@type":"ListItem","position":3,"name":"Medidor de Conductividad en Metales no Ferrosos corriente Eddy &#8211; FD101"}]},{"@type":"WebSite","@id":"https:\/\/abaa.mx\/tienda\/#website","url":"https:\/\/abaa.mx\/tienda\/","name":"Abaa tienda online","description":"Instrumentos de medici\u00f3n","publisher":{"@id":"https:\/\/abaa.mx\/tienda\/#organization"},"potentialAction":[{"@type":"SearchAction","target":{"@type":"EntryPoint","urlTemplate":"https:\/\/abaa.mx\/tienda\/?s={search_term_string}"},"query-input":{"@type":"PropertyValueSpecification","valueRequired":true,"valueName":"search_term_string"}}],"inLanguage":"es"},{"@type":"Organization","@id":"https:\/\/abaa.mx\/tienda\/#organization","name":"Abaa tienda online","url":"https:\/\/abaa.mx\/tienda\/","logo":{"@type":"ImageObject","inLanguage":"es","@id":"https:\/\/abaa.mx\/tienda\/#\/schema\/logo\/image\/","url":"https:\/\/abaa.mx\/tienda\/wp-content\/uploads\/2024\/01\/abaa-metrologia-tienda.png","contentUrl":"https:\/\/abaa.mx\/tienda\/wp-content\/uploads\/2024\/01\/abaa-metrologia-tienda.png","width":300,"height":141,"caption":"Abaa tienda online"},"image":{"@id":"https:\/\/abaa.mx\/tienda\/#\/schema\/logo\/image\/"}}]}},"_links":{"self":[{"href":"https:\/\/abaa.mx\/tienda\/wp-json\/wp\/v2\/product\/8479","targetHints":{"allow":["GET"]}}],"collection":[{"href":"https:\/\/abaa.mx\/tienda\/wp-json\/wp\/v2\/product"}],"about":[{"href":"https:\/\/abaa.mx\/tienda\/wp-json\/wp\/v2\/types\/product"}],"replies":[{"embeddable":true,"href":"https:\/\/abaa.mx\/tienda\/wp-json\/wp\/v2\/comments?post=8479"}],"wp:featuredmedia":[{"embeddable":true,"href":"https:\/\/abaa.mx\/tienda\/wp-json\/wp\/v2\/media\/8480"}],"wp:attachment":[{"href":"https:\/\/abaa.mx\/tienda\/wp-json\/wp\/v2\/media?parent=8479"}],"wp:term":[{"taxonomy":"product_brand","embeddable":true,"href":"https:\/\/abaa.mx\/tienda\/wp-json\/wp\/v2\/product_brand?post=8479"},{"taxonomy":"product_cat","embeddable":true,"href":"https:\/\/abaa.mx\/tienda\/wp-json\/wp\/v2\/product_cat?post=8479"},{"taxonomy":"product_tag","embeddable":true,"href":"https:\/\/abaa.mx\/tienda\/wp-json\/wp\/v2\/product_tag?post=8479"}],"curies":[{"name":"wp","href":"https:\/\/api.w.org\/{rel}","templated":true}]}}