{"id":8447,"date":"2023-11-02T16:54:26","date_gmt":"2023-11-02T16:54:26","guid":{"rendered":"https:\/\/abaa.mx\/tienda\/?post_type=product&#038;p=8447"},"modified":"2023-11-02T16:54:27","modified_gmt":"2023-11-02T16:54:27","slug":"ar8601-kit-de-adherencia-astmd3359","status":"publish","type":"product","link":"https:\/\/abaa.mx\/tienda\/ar8601-kit-de-adherencia-astmd3359\/","title":{"rendered":"AR8601 Kit de Adherencia ASTMD3359"},"content":{"rendered":"<p>AR8601 Kit de Adherencia ASTMD3359<\/p>\n","protected":false},"excerpt":{"rendered":"<p>El kit se constituye de una cuchilla dentada cuyos dientes est\u00e1n separados por una distancia establecida, un mango que aguanta la navaja, una llave exagonal tipo Allen, un tornillo de uni\u00f3n agregada , un cepillo de limpieza, una lupa alumbrada y un rollo de cinta de prueba.<\/p>\n<p>Cualquiera de los kits de prueba de adherencia modelo AR860 le proporciona los elementos necesarios para hacer ensayos de adhesi\u00f3n en conformidad con la regla ASTM D-3359.<\/p>\n<p><strong>Contenido de la Caja:<\/strong><\/p>\n<ul>\n<li>-Cinta IP-51596(Tambi\u00e9n vendemos unicamente la Cinta).<\/li>\n<li>-L\u00e1mpara con lupa.<\/li>\n<li>-Cepillo.<\/li>\n<li>-Manguillo.<\/li>\n<li>-Tornillo de repuesto.<\/li>\n<li>Navaja de corte.<\/li>\n<\/ul>\n<p><strong>Modelos disponibles y especificaciones: \u00a0<\/strong><\/p>\n<div class=\"scrollable-wrapper\">\n<table width=\"525\">\n<tbody>\n<tr>\n<td width=\"55\"><strong>Modelo<\/strong><\/td>\n<td width=\"161\"><strong>Distancia entre dientes de la navaja<\/strong><\/td>\n<td width=\"94\"><strong>Cantidad de Dientes<\/strong><\/td>\n<td width=\"121\"><strong>Espesor de Recubrimiento<\/strong><\/td>\n<\/tr>\n<tr>\n<td width=\"55\">AR8601<\/td>\n<td width=\"161\">1.0 mm de separaci\u00f3n<\/td>\n<td width=\"94\">11<\/td>\n<td width=\"121\">Espesor &lt; 60 micras<\/td>\n<\/tr>\n<tr>\n<td width=\"55\">AR8602<\/td>\n<td width=\"161\">1.5 mm de separaci\u00f3n<\/td>\n<td width=\"94\">11<\/td>\n<td width=\"121\">Espesores de 60-120 micras<\/td>\n<\/tr>\n<tr>\n<td width=\"55\">AR8603<\/td>\n<td width=\"161\">2.0 mm de separaci\u00f3n<\/td>\n<td width=\"94\">6<\/td>\n<td width=\"121\">Espesor &gt; 120 micras<\/td>\n<\/tr>\n<tr>\n<td width=\"55\">AR8604<\/td>\n<td width=\"161\">3.0 mm de separaci\u00f3n<\/td>\n<td width=\"94\">6<\/td>\n<td width=\"121\">Espesores &gt; 180 micras<\/td>\n<\/tr>\n<\/tbody>\n<\/table>\n<\/div>\n","protected":false},"featured_media":8448,"comment_status":"open","ping_status":"closed","template":"","meta":{"_joinchat":[]},"product_brand":[],"product_cat":[105],"product_tag":[],"class_list":{"0":"post-8447","1":"product","2":"type-product","3":"status-publish","4":"has-post-thumbnail","6":"product_cat-medidor-de-adhesion","8":"first","9":"instock","10":"shipping-taxable","11":"product-type-simple"},"yoast_head":"<!-- This site is optimized with the Yoast SEO plugin v26.4 - https:\/\/yoast.com\/wordpress\/plugins\/seo\/ -->\n<title>AR8601 Kit de Adherencia ASTMD3359 - Abaa tienda online<\/title>\n<meta name=\"robots\" content=\"index, follow, max-snippet:-1, max-image-preview:large, max-video-preview:-1\" \/>\n<link rel=\"canonical\" href=\"https:\/\/abaa.mx\/tienda\/ar8601-kit-de-adherencia-astmd3359\/\" \/>\n<meta property=\"og:locale\" content=\"es_MX\" \/>\n<meta property=\"og:type\" content=\"article\" \/>\n<meta property=\"og:title\" content=\"AR8601 Kit de Adherencia ASTMD3359 - Abaa tienda online\" \/>\n<meta property=\"og:description\" content=\"El kit se constituye de una cuchilla dentada cuyos dientes est\u00e1n separados por una distancia establecida, un mango que aguanta la navaja, una llave exagonal tipo Allen, un tornillo de uni\u00f3n agregada , un cepillo de limpieza, una lupa alumbrada y un rollo de cinta de prueba.  Cualquiera de los kits de prueba de adherencia modelo AR860 le proporciona los elementos necesarios para hacer ensayos de adhesi\u00f3n en conformidad con la regla ASTM D-3359.  Contenido de la Caja:   -Cinta IP-51596(Tambi\u00e9n vendemos unicamente la Cinta).  -L\u00e1mpara con lupa.  -Cepillo.  -Manguillo.  -Tornillo de repuesto.  Navaja de corte.  Modelos disponibles y especificaciones: \u00a0     Modelo Distancia entre dientes de la navaja Cantidad de Dientes Espesor de Recubrimiento   AR8601 1.0 mm de separaci\u00f3n 11 Espesor &lt; 60 micras   AR8602 1.5 mm de separaci\u00f3n 11 Espesores de 60-120 micras   AR8603 2.0 mm de separaci\u00f3n 6 Espesor &gt; 120 micras   AR8604 3.0 mm de separaci\u00f3n 6 Espesores &gt; 180 micras\" \/>\n<meta property=\"og:url\" content=\"https:\/\/abaa.mx\/tienda\/ar8601-kit-de-adherencia-astmd3359\/\" \/>\n<meta property=\"og:site_name\" content=\"Abaa tienda online\" \/>\n<meta property=\"article:modified_time\" content=\"2023-11-02T16:54:27+00:00\" \/>\n<meta property=\"og:image\" content=\"https:\/\/abaa.mx\/tienda\/wp-content\/uploads\/2023\/11\/PT-ASTMP3359.jpg\" \/>\n\t<meta property=\"og:image:width\" content=\"587\" \/>\n\t<meta property=\"og:image:height\" content=\"415\" \/>\n\t<meta property=\"og:image:type\" content=\"image\/jpeg\" \/>\n<meta name=\"twitter:card\" content=\"summary_large_image\" \/>\n<meta name=\"twitter:label1\" content=\"Tiempo de lectura\" \/>\n\t<meta name=\"twitter:data1\" content=\"1 minuto\" \/>\n<script type=\"application\/ld+json\" class=\"yoast-schema-graph\">{\"@context\":\"https:\/\/schema.org\",\"@graph\":[{\"@type\":\"WebPage\",\"@id\":\"https:\/\/abaa.mx\/tienda\/ar8601-kit-de-adherencia-astmd3359\/\",\"url\":\"https:\/\/abaa.mx\/tienda\/ar8601-kit-de-adherencia-astmd3359\/\",\"name\":\"AR8601 Kit de Adherencia ASTMD3359 - Abaa tienda online\",\"isPartOf\":{\"@id\":\"https:\/\/abaa.mx\/tienda\/#website\"},\"primaryImageOfPage\":{\"@id\":\"https:\/\/abaa.mx\/tienda\/ar8601-kit-de-adherencia-astmd3359\/#primaryimage\"},\"image\":{\"@id\":\"https:\/\/abaa.mx\/tienda\/ar8601-kit-de-adherencia-astmd3359\/#primaryimage\"},\"thumbnailUrl\":\"https:\/\/abaa.mx\/tienda\/wp-content\/uploads\/2023\/11\/PT-ASTMP3359.jpg\",\"datePublished\":\"2023-11-02T16:54:26+00:00\",\"dateModified\":\"2023-11-02T16:54:27+00:00\",\"breadcrumb\":{\"@id\":\"https:\/\/abaa.mx\/tienda\/ar8601-kit-de-adherencia-astmd3359\/#breadcrumb\"},\"inLanguage\":\"es\",\"potentialAction\":[{\"@type\":\"ReadAction\",\"target\":[\"https:\/\/abaa.mx\/tienda\/ar8601-kit-de-adherencia-astmd3359\/\"]}]},{\"@type\":\"ImageObject\",\"inLanguage\":\"es\",\"@id\":\"https:\/\/abaa.mx\/tienda\/ar8601-kit-de-adherencia-astmd3359\/#primaryimage\",\"url\":\"https:\/\/abaa.mx\/tienda\/wp-content\/uploads\/2023\/11\/PT-ASTMP3359.jpg\",\"contentUrl\":\"https:\/\/abaa.mx\/tienda\/wp-content\/uploads\/2023\/11\/PT-ASTMP3359.jpg\",\"width\":587,\"height\":415,\"caption\":\"PT-ASTMP3359\"},{\"@type\":\"BreadcrumbList\",\"@id\":\"https:\/\/abaa.mx\/tienda\/ar8601-kit-de-adherencia-astmd3359\/#breadcrumb\",\"itemListElement\":[{\"@type\":\"ListItem\",\"position\":1,\"name\":\"Inicio\",\"item\":\"https:\/\/abaa.mx\/tienda\/\"},{\"@type\":\"ListItem\",\"position\":2,\"name\":\"Tienda\",\"item\":\"https:\/\/abaa.mx\/tienda\/\"},{\"@type\":\"ListItem\",\"position\":3,\"name\":\"AR8601 Kit de Adherencia ASTMD3359\"}]},{\"@type\":\"WebSite\",\"@id\":\"https:\/\/abaa.mx\/tienda\/#website\",\"url\":\"https:\/\/abaa.mx\/tienda\/\",\"name\":\"Abaa tienda online\",\"description\":\"Instrumentos de medici\u00f3n\",\"publisher\":{\"@id\":\"https:\/\/abaa.mx\/tienda\/#organization\"},\"potentialAction\":[{\"@type\":\"SearchAction\",\"target\":{\"@type\":\"EntryPoint\",\"urlTemplate\":\"https:\/\/abaa.mx\/tienda\/?s={search_term_string}\"},\"query-input\":{\"@type\":\"PropertyValueSpecification\",\"valueRequired\":true,\"valueName\":\"search_term_string\"}}],\"inLanguage\":\"es\"},{\"@type\":\"Organization\",\"@id\":\"https:\/\/abaa.mx\/tienda\/#organization\",\"name\":\"Abaa tienda online\",\"url\":\"https:\/\/abaa.mx\/tienda\/\",\"logo\":{\"@type\":\"ImageObject\",\"inLanguage\":\"es\",\"@id\":\"https:\/\/abaa.mx\/tienda\/#\/schema\/logo\/image\/\",\"url\":\"https:\/\/abaa.mx\/tienda\/wp-content\/uploads\/2024\/01\/abaa-metrologia-tienda.png\",\"contentUrl\":\"https:\/\/abaa.mx\/tienda\/wp-content\/uploads\/2024\/01\/abaa-metrologia-tienda.png\",\"width\":300,\"height\":141,\"caption\":\"Abaa tienda online\"},\"image\":{\"@id\":\"https:\/\/abaa.mx\/tienda\/#\/schema\/logo\/image\/\"}}]}<\/script>\n<!-- \/ Yoast SEO plugin. -->","yoast_head_json":{"title":"AR8601 Kit de Adherencia ASTMD3359 - Abaa tienda online","robots":{"index":"index","follow":"follow","max-snippet":"max-snippet:-1","max-image-preview":"max-image-preview:large","max-video-preview":"max-video-preview:-1"},"canonical":"https:\/\/abaa.mx\/tienda\/ar8601-kit-de-adherencia-astmd3359\/","og_locale":"es_MX","og_type":"article","og_title":"AR8601 Kit de Adherencia ASTMD3359 - Abaa tienda online","og_description":"El kit se constituye de una cuchilla dentada cuyos dientes est\u00e1n separados por una distancia establecida, un mango que aguanta la navaja, una llave exagonal tipo Allen, un tornillo de uni\u00f3n agregada , un cepillo de limpieza, una lupa alumbrada y un rollo de cinta de prueba.  Cualquiera de los kits de prueba de adherencia modelo AR860 le proporciona los elementos necesarios para hacer ensayos de adhesi\u00f3n en conformidad con la regla ASTM D-3359.  Contenido de la Caja:   -Cinta IP-51596(Tambi\u00e9n vendemos unicamente la Cinta).  -L\u00e1mpara con lupa.  -Cepillo.  -Manguillo.  -Tornillo de repuesto.  Navaja de corte.  Modelos disponibles y especificaciones: \u00a0     Modelo Distancia entre dientes de la navaja Cantidad de Dientes Espesor de Recubrimiento   AR8601 1.0 mm de separaci\u00f3n 11 Espesor &lt; 60 micras   AR8602 1.5 mm de separaci\u00f3n 11 Espesores de 60-120 micras   AR8603 2.0 mm de separaci\u00f3n 6 Espesor &gt; 120 micras   AR8604 3.0 mm de separaci\u00f3n 6 Espesores &gt; 180 micras","og_url":"https:\/\/abaa.mx\/tienda\/ar8601-kit-de-adherencia-astmd3359\/","og_site_name":"Abaa tienda online","article_modified_time":"2023-11-02T16:54:27+00:00","og_image":[{"width":587,"height":415,"url":"https:\/\/abaa.mx\/tienda\/wp-content\/uploads\/2023\/11\/PT-ASTMP3359.jpg","type":"image\/jpeg"}],"twitter_card":"summary_large_image","twitter_misc":{"Tiempo de lectura":"1 minuto"},"schema":{"@context":"https:\/\/schema.org","@graph":[{"@type":"WebPage","@id":"https:\/\/abaa.mx\/tienda\/ar8601-kit-de-adherencia-astmd3359\/","url":"https:\/\/abaa.mx\/tienda\/ar8601-kit-de-adherencia-astmd3359\/","name":"AR8601 Kit de Adherencia ASTMD3359 - Abaa tienda online","isPartOf":{"@id":"https:\/\/abaa.mx\/tienda\/#website"},"primaryImageOfPage":{"@id":"https:\/\/abaa.mx\/tienda\/ar8601-kit-de-adherencia-astmd3359\/#primaryimage"},"image":{"@id":"https:\/\/abaa.mx\/tienda\/ar8601-kit-de-adherencia-astmd3359\/#primaryimage"},"thumbnailUrl":"https:\/\/abaa.mx\/tienda\/wp-content\/uploads\/2023\/11\/PT-ASTMP3359.jpg","datePublished":"2023-11-02T16:54:26+00:00","dateModified":"2023-11-02T16:54:27+00:00","breadcrumb":{"@id":"https:\/\/abaa.mx\/tienda\/ar8601-kit-de-adherencia-astmd3359\/#breadcrumb"},"inLanguage":"es","potentialAction":[{"@type":"ReadAction","target":["https:\/\/abaa.mx\/tienda\/ar8601-kit-de-adherencia-astmd3359\/"]}]},{"@type":"ImageObject","inLanguage":"es","@id":"https:\/\/abaa.mx\/tienda\/ar8601-kit-de-adherencia-astmd3359\/#primaryimage","url":"https:\/\/abaa.mx\/tienda\/wp-content\/uploads\/2023\/11\/PT-ASTMP3359.jpg","contentUrl":"https:\/\/abaa.mx\/tienda\/wp-content\/uploads\/2023\/11\/PT-ASTMP3359.jpg","width":587,"height":415,"caption":"PT-ASTMP3359"},{"@type":"BreadcrumbList","@id":"https:\/\/abaa.mx\/tienda\/ar8601-kit-de-adherencia-astmd3359\/#breadcrumb","itemListElement":[{"@type":"ListItem","position":1,"name":"Inicio","item":"https:\/\/abaa.mx\/tienda\/"},{"@type":"ListItem","position":2,"name":"Tienda","item":"https:\/\/abaa.mx\/tienda\/"},{"@type":"ListItem","position":3,"name":"AR8601 Kit de Adherencia ASTMD3359"}]},{"@type":"WebSite","@id":"https:\/\/abaa.mx\/tienda\/#website","url":"https:\/\/abaa.mx\/tienda\/","name":"Abaa tienda online","description":"Instrumentos de medici\u00f3n","publisher":{"@id":"https:\/\/abaa.mx\/tienda\/#organization"},"potentialAction":[{"@type":"SearchAction","target":{"@type":"EntryPoint","urlTemplate":"https:\/\/abaa.mx\/tienda\/?s={search_term_string}"},"query-input":{"@type":"PropertyValueSpecification","valueRequired":true,"valueName":"search_term_string"}}],"inLanguage":"es"},{"@type":"Organization","@id":"https:\/\/abaa.mx\/tienda\/#organization","name":"Abaa tienda online","url":"https:\/\/abaa.mx\/tienda\/","logo":{"@type":"ImageObject","inLanguage":"es","@id":"https:\/\/abaa.mx\/tienda\/#\/schema\/logo\/image\/","url":"https:\/\/abaa.mx\/tienda\/wp-content\/uploads\/2024\/01\/abaa-metrologia-tienda.png","contentUrl":"https:\/\/abaa.mx\/tienda\/wp-content\/uploads\/2024\/01\/abaa-metrologia-tienda.png","width":300,"height":141,"caption":"Abaa tienda online"},"image":{"@id":"https:\/\/abaa.mx\/tienda\/#\/schema\/logo\/image\/"}}]}},"_links":{"self":[{"href":"https:\/\/abaa.mx\/tienda\/wp-json\/wp\/v2\/product\/8447","targetHints":{"allow":["GET"]}}],"collection":[{"href":"https:\/\/abaa.mx\/tienda\/wp-json\/wp\/v2\/product"}],"about":[{"href":"https:\/\/abaa.mx\/tienda\/wp-json\/wp\/v2\/types\/product"}],"replies":[{"embeddable":true,"href":"https:\/\/abaa.mx\/tienda\/wp-json\/wp\/v2\/comments?post=8447"}],"wp:featuredmedia":[{"embeddable":true,"href":"https:\/\/abaa.mx\/tienda\/wp-json\/wp\/v2\/media\/8448"}],"wp:attachment":[{"href":"https:\/\/abaa.mx\/tienda\/wp-json\/wp\/v2\/media?parent=8447"}],"wp:term":[{"taxonomy":"product_brand","embeddable":true,"href":"https:\/\/abaa.mx\/tienda\/wp-json\/wp\/v2\/product_brand?post=8447"},{"taxonomy":"product_cat","embeddable":true,"href":"https:\/\/abaa.mx\/tienda\/wp-json\/wp\/v2\/product_cat?post=8447"},{"taxonomy":"product_tag","embeddable":true,"href":"https:\/\/abaa.mx\/tienda\/wp-json\/wp\/v2\/product_tag?post=8447"}],"curies":[{"name":"wp","href":"https:\/\/api.w.org\/{rel}","templated":true}]}}