{"id":8363,"date":"2023-11-01T16:34:19","date_gmt":"2023-11-01T16:34:19","guid":{"rendered":"https:\/\/abaa.mx\/tienda\/?post_type=product&#038;p=8363"},"modified":"2023-11-01T16:34:19","modified_gmt":"2023-11-01T16:34:19","slug":"gaussimetro-medidor-de-campos-magneticos-2-ejes-emf827","status":"publish","type":"product","link":"https:\/\/abaa.mx\/tienda\/gaussimetro-medidor-de-campos-magneticos-2-ejes-emf827\/","title":{"rendered":"Gaussimetro medidor de campos magn\u00e9ticos 2 ejes &#8211; EMF827"},"content":{"rendered":"<p>Gaussimetro medidor de campos magn\u00e9ticos 2 ejes &#8211; EMF827<\/p>\n","protected":false},"excerpt":{"rendered":"<p><b>Caracter\u00edsticas:<\/b><\/p>\n<ul>\n<li>El probador EMF es un instrumento port\u00e1til de bajo costo dise\u00f1ado y calibrado para medir la radiaci\u00f3n de campo electromagn\u00e9tico a diferentes anchos de banda de hasta 50 Hz \/ 60 Hz.<\/li>\n<li>Sonda separada, operaci\u00f3n f\u00e1cil y medida alejada.<\/li>\n<li>Rangos de medici\u00f3n amplios, 20\/200 \/ 2.000 micro Tesla, 200 \/ 2.000 \/ 20.000 mili Gauss.<\/li>\n<li>El probador EMF est\u00e1 dise\u00f1ado para proporcionar al usuario una forma r\u00e1pida, fiable y f\u00e1cil de medir los niveles de radiaci\u00f3n de campo electromagn\u00e9tico alrededor de l\u00edneas el\u00e9ctricas, electrodom\u00e9sticos y dispositivos industriales.<\/li>\n<\/ul>\n<p><b>EMF TESTER (Prueba de Campo Electromagnetico) con sonda separada:<\/b><\/p>\n<div id=\"shopify-section-product-template\" class=\"shopify-section\">\n<div id=\"ProductSection-product-template\" class=\"product-template__container page-width\" data-section-id=\"product-template\" data-section-type=\"product\" data-enable-history-state=\"true\" data-ajax-enabled=\"true\">\n<div class=\"grid product-single product-single--medium-media\">\n<div class=\"grid__item medium-up--one-half\">\n<div class=\"product-single__description rte\">\n<ul>\n<li type=\"circle\">El probador EMF est\u00e1 dise\u00f1ado para proporcionar al usuario una forma r\u00e1pida, fiable y f\u00e1cil de medir los niveles de radiaci\u00f3n de campo electromagn\u00e9tico alrededor de l\u00edneas el\u00e9ctricas, electrodom\u00e9sticos e industriales.<\/li>\n<li type=\"circle\">Sonda separada, operaci\u00f3n f\u00e1cil y medida alejada.<\/li>\n<li type=\"circle\">Rangos de medici\u00f3n amplios, 20\/200 \/ 2.000 micro Tesla, 200 \/ 2.000 \/ 20.000 mili Gauss.<\/li>\n<li type=\"circle\">El probador EMF es un instrumento de mano, rentable, dise\u00f1ado y calibrado para medir la radiaci\u00f3n del campo electromagn\u00e9tico a diferentes anchos de banda hasta 50 Hz \/ 60 Hz.<\/li>\n<\/ul>\n<\/div>\n<\/div>\n<\/div>\n<\/div>\n<\/div>\n<div id=\"shopify-section-product-recommendations\" class=\"shopify-section\">\n<div class=\"page-width\" data-base-url=\"\/recommendations\/products\" data-product-id=\"6678680567995\" data-section-id=\"product-recommendations\" data-section-type=\"product-recommendations\">\n<div class=\"product-recommendations__inner\">\n<div class=\"section-header text-center\"><\/div>\n<\/div>\n<\/div>\n<\/div>\n","protected":false},"featured_media":8366,"comment_status":"open","ping_status":"closed","template":"","meta":{"_joinchat":[]},"product_brand":[],"product_cat":[98],"product_tag":[],"class_list":{"0":"post-8363","1":"product","2":"type-product","3":"status-publish","4":"has-post-thumbnail","6":"product_cat-gaussimetros","8":"first","9":"instock","10":"shipping-taxable","11":"product-type-simple"},"yoast_head":"<!-- This site is optimized with the Yoast SEO plugin v26.4 - https:\/\/yoast.com\/wordpress\/plugins\/seo\/ -->\n<title>Gaussimetro medidor de campos magn\u00e9ticos 2 ejes - EMF827 - Abaa tienda online<\/title>\n<meta name=\"robots\" content=\"index, follow, max-snippet:-1, max-image-preview:large, max-video-preview:-1\" \/>\n<link rel=\"canonical\" href=\"https:\/\/abaa.mx\/tienda\/gaussimetro-medidor-de-campos-magneticos-2-ejes-emf827\/\" \/>\n<meta property=\"og:locale\" content=\"es_MX\" \/>\n<meta property=\"og:type\" content=\"article\" \/>\n<meta property=\"og:title\" content=\"Gaussimetro medidor de campos magn\u00e9ticos 2 ejes - EMF827 - Abaa tienda online\" \/>\n<meta property=\"og:description\" content=\"Caracter\u00edsticas:   El probador EMF es un instrumento port\u00e1til de bajo costo dise\u00f1ado y calibrado para medir la radiaci\u00f3n de campo electromagn\u00e9tico a diferentes anchos de banda de hasta 50 Hz \/ 60 Hz.  Sonda separada, operaci\u00f3n f\u00e1cil y medida alejada.  Rangos de medici\u00f3n amplios, 20\/200 \/ 2.000 micro Tesla, 200 \/ 2.000 \/ 20.000 mili Gauss.  El probador EMF est\u00e1 dise\u00f1ado para proporcionar al usuario una forma r\u00e1pida, fiable y f\u00e1cil de medir los niveles de radiaci\u00f3n de campo electromagn\u00e9tico alrededor de l\u00edneas el\u00e9ctricas, electrodom\u00e9sticos y dispositivos industriales.  EMF TESTER (Prueba de Campo Electromagnetico) con sonda separada:        El probador EMF est\u00e1 dise\u00f1ado para proporcionar al usuario una forma r\u00e1pida, fiable y f\u00e1cil de medir los niveles de radiaci\u00f3n de campo electromagn\u00e9tico alrededor de l\u00edneas el\u00e9ctricas, electrodom\u00e9sticos e industriales.  Sonda separada, operaci\u00f3n f\u00e1cil y medida alejada.  Rangos de medici\u00f3n amplios, 20\/200 \/ 2.000 micro Tesla, 200 \/ 2.000 \/ 20.000 mili Gauss.  El probador EMF es un instrumento de mano, rentable, dise\u00f1ado y calibrado para medir la radiaci\u00f3n del campo electromagn\u00e9tico a diferentes anchos de banda hasta 50 Hz \/ 60 Hz.\" \/>\n<meta property=\"og:url\" content=\"https:\/\/abaa.mx\/tienda\/gaussimetro-medidor-de-campos-magneticos-2-ejes-emf827\/\" \/>\n<meta property=\"og:site_name\" content=\"Abaa tienda online\" \/>\n<meta property=\"og:image\" content=\"https:\/\/abaa.mx\/tienda\/wp-content\/uploads\/2023\/11\/LUTRON-EMF827.jpg\" \/>\n\t<meta property=\"og:image:width\" content=\"391\" \/>\n\t<meta property=\"og:image:height\" content=\"383\" \/>\n\t<meta property=\"og:image:type\" content=\"image\/jpeg\" \/>\n<meta name=\"twitter:card\" content=\"summary_large_image\" \/>\n<meta name=\"twitter:label1\" content=\"Tiempo de lectura\" \/>\n\t<meta name=\"twitter:data1\" content=\"1 minuto\" \/>\n<script type=\"application\/ld+json\" class=\"yoast-schema-graph\">{\"@context\":\"https:\/\/schema.org\",\"@graph\":[{\"@type\":\"WebPage\",\"@id\":\"https:\/\/abaa.mx\/tienda\/gaussimetro-medidor-de-campos-magneticos-2-ejes-emf827\/\",\"url\":\"https:\/\/abaa.mx\/tienda\/gaussimetro-medidor-de-campos-magneticos-2-ejes-emf827\/\",\"name\":\"Gaussimetro medidor de campos magn\u00e9ticos 2 ejes - EMF827 - Abaa tienda online\",\"isPartOf\":{\"@id\":\"https:\/\/abaa.mx\/tienda\/#website\"},\"primaryImageOfPage\":{\"@id\":\"https:\/\/abaa.mx\/tienda\/gaussimetro-medidor-de-campos-magneticos-2-ejes-emf827\/#primaryimage\"},\"image\":{\"@id\":\"https:\/\/abaa.mx\/tienda\/gaussimetro-medidor-de-campos-magneticos-2-ejes-emf827\/#primaryimage\"},\"thumbnailUrl\":\"https:\/\/abaa.mx\/tienda\/wp-content\/uploads\/2023\/11\/LUTRON-EMF827.jpg\",\"datePublished\":\"2023-11-01T16:34:19+00:00\",\"breadcrumb\":{\"@id\":\"https:\/\/abaa.mx\/tienda\/gaussimetro-medidor-de-campos-magneticos-2-ejes-emf827\/#breadcrumb\"},\"inLanguage\":\"es\",\"potentialAction\":[{\"@type\":\"ReadAction\",\"target\":[\"https:\/\/abaa.mx\/tienda\/gaussimetro-medidor-de-campos-magneticos-2-ejes-emf827\/\"]}]},{\"@type\":\"ImageObject\",\"inLanguage\":\"es\",\"@id\":\"https:\/\/abaa.mx\/tienda\/gaussimetro-medidor-de-campos-magneticos-2-ejes-emf827\/#primaryimage\",\"url\":\"https:\/\/abaa.mx\/tienda\/wp-content\/uploads\/2023\/11\/LUTRON-EMF827.jpg\",\"contentUrl\":\"https:\/\/abaa.mx\/tienda\/wp-content\/uploads\/2023\/11\/LUTRON-EMF827.jpg\",\"width\":391,\"height\":383,\"caption\":\"LUTRON-EMF827\"},{\"@type\":\"BreadcrumbList\",\"@id\":\"https:\/\/abaa.mx\/tienda\/gaussimetro-medidor-de-campos-magneticos-2-ejes-emf827\/#breadcrumb\",\"itemListElement\":[{\"@type\":\"ListItem\",\"position\":1,\"name\":\"Inicio\",\"item\":\"https:\/\/abaa.mx\/tienda\/\"},{\"@type\":\"ListItem\",\"position\":2,\"name\":\"Tienda\",\"item\":\"https:\/\/abaa.mx\/tienda\/\"},{\"@type\":\"ListItem\",\"position\":3,\"name\":\"Gaussimetro medidor de campos magn\u00e9ticos 2 ejes &#8211; EMF827\"}]},{\"@type\":\"WebSite\",\"@id\":\"https:\/\/abaa.mx\/tienda\/#website\",\"url\":\"https:\/\/abaa.mx\/tienda\/\",\"name\":\"Abaa tienda online\",\"description\":\"Instrumentos de medici\u00f3n\",\"publisher\":{\"@id\":\"https:\/\/abaa.mx\/tienda\/#organization\"},\"potentialAction\":[{\"@type\":\"SearchAction\",\"target\":{\"@type\":\"EntryPoint\",\"urlTemplate\":\"https:\/\/abaa.mx\/tienda\/?s={search_term_string}\"},\"query-input\":{\"@type\":\"PropertyValueSpecification\",\"valueRequired\":true,\"valueName\":\"search_term_string\"}}],\"inLanguage\":\"es\"},{\"@type\":\"Organization\",\"@id\":\"https:\/\/abaa.mx\/tienda\/#organization\",\"name\":\"Abaa tienda online\",\"url\":\"https:\/\/abaa.mx\/tienda\/\",\"logo\":{\"@type\":\"ImageObject\",\"inLanguage\":\"es\",\"@id\":\"https:\/\/abaa.mx\/tienda\/#\/schema\/logo\/image\/\",\"url\":\"https:\/\/abaa.mx\/tienda\/wp-content\/uploads\/2024\/01\/abaa-metrologia-tienda.png\",\"contentUrl\":\"https:\/\/abaa.mx\/tienda\/wp-content\/uploads\/2024\/01\/abaa-metrologia-tienda.png\",\"width\":300,\"height\":141,\"caption\":\"Abaa tienda online\"},\"image\":{\"@id\":\"https:\/\/abaa.mx\/tienda\/#\/schema\/logo\/image\/\"}}]}<\/script>\n<!-- \/ Yoast SEO plugin. -->","yoast_head_json":{"title":"Gaussimetro medidor de campos magn\u00e9ticos 2 ejes - EMF827 - Abaa tienda online","robots":{"index":"index","follow":"follow","max-snippet":"max-snippet:-1","max-image-preview":"max-image-preview:large","max-video-preview":"max-video-preview:-1"},"canonical":"https:\/\/abaa.mx\/tienda\/gaussimetro-medidor-de-campos-magneticos-2-ejes-emf827\/","og_locale":"es_MX","og_type":"article","og_title":"Gaussimetro medidor de campos magn\u00e9ticos 2 ejes - EMF827 - Abaa tienda online","og_description":"Caracter\u00edsticas:   El probador EMF es un instrumento port\u00e1til de bajo costo dise\u00f1ado y calibrado para medir la radiaci\u00f3n de campo electromagn\u00e9tico a diferentes anchos de banda de hasta 50 Hz \/ 60 Hz.  Sonda separada, operaci\u00f3n f\u00e1cil y medida alejada.  Rangos de medici\u00f3n amplios, 20\/200 \/ 2.000 micro Tesla, 200 \/ 2.000 \/ 20.000 mili Gauss.  El probador EMF est\u00e1 dise\u00f1ado para proporcionar al usuario una forma r\u00e1pida, fiable y f\u00e1cil de medir los niveles de radiaci\u00f3n de campo electromagn\u00e9tico alrededor de l\u00edneas el\u00e9ctricas, electrodom\u00e9sticos y dispositivos industriales.  EMF TESTER (Prueba de Campo Electromagnetico) con sonda separada:        El probador EMF est\u00e1 dise\u00f1ado para proporcionar al usuario una forma r\u00e1pida, fiable y f\u00e1cil de medir los niveles de radiaci\u00f3n de campo electromagn\u00e9tico alrededor de l\u00edneas el\u00e9ctricas, electrodom\u00e9sticos e industriales.  Sonda separada, operaci\u00f3n f\u00e1cil y medida alejada.  Rangos de medici\u00f3n amplios, 20\/200 \/ 2.000 micro Tesla, 200 \/ 2.000 \/ 20.000 mili Gauss.  El probador EMF es un instrumento de mano, rentable, dise\u00f1ado y calibrado para medir la radiaci\u00f3n del campo electromagn\u00e9tico a diferentes anchos de banda hasta 50 Hz \/ 60 Hz.","og_url":"https:\/\/abaa.mx\/tienda\/gaussimetro-medidor-de-campos-magneticos-2-ejes-emf827\/","og_site_name":"Abaa tienda online","og_image":[{"width":391,"height":383,"url":"https:\/\/abaa.mx\/tienda\/wp-content\/uploads\/2023\/11\/LUTRON-EMF827.jpg","type":"image\/jpeg"}],"twitter_card":"summary_large_image","twitter_misc":{"Tiempo de lectura":"1 minuto"},"schema":{"@context":"https:\/\/schema.org","@graph":[{"@type":"WebPage","@id":"https:\/\/abaa.mx\/tienda\/gaussimetro-medidor-de-campos-magneticos-2-ejes-emf827\/","url":"https:\/\/abaa.mx\/tienda\/gaussimetro-medidor-de-campos-magneticos-2-ejes-emf827\/","name":"Gaussimetro medidor de campos magn\u00e9ticos 2 ejes - EMF827 - Abaa tienda online","isPartOf":{"@id":"https:\/\/abaa.mx\/tienda\/#website"},"primaryImageOfPage":{"@id":"https:\/\/abaa.mx\/tienda\/gaussimetro-medidor-de-campos-magneticos-2-ejes-emf827\/#primaryimage"},"image":{"@id":"https:\/\/abaa.mx\/tienda\/gaussimetro-medidor-de-campos-magneticos-2-ejes-emf827\/#primaryimage"},"thumbnailUrl":"https:\/\/abaa.mx\/tienda\/wp-content\/uploads\/2023\/11\/LUTRON-EMF827.jpg","datePublished":"2023-11-01T16:34:19+00:00","breadcrumb":{"@id":"https:\/\/abaa.mx\/tienda\/gaussimetro-medidor-de-campos-magneticos-2-ejes-emf827\/#breadcrumb"},"inLanguage":"es","potentialAction":[{"@type":"ReadAction","target":["https:\/\/abaa.mx\/tienda\/gaussimetro-medidor-de-campos-magneticos-2-ejes-emf827\/"]}]},{"@type":"ImageObject","inLanguage":"es","@id":"https:\/\/abaa.mx\/tienda\/gaussimetro-medidor-de-campos-magneticos-2-ejes-emf827\/#primaryimage","url":"https:\/\/abaa.mx\/tienda\/wp-content\/uploads\/2023\/11\/LUTRON-EMF827.jpg","contentUrl":"https:\/\/abaa.mx\/tienda\/wp-content\/uploads\/2023\/11\/LUTRON-EMF827.jpg","width":391,"height":383,"caption":"LUTRON-EMF827"},{"@type":"BreadcrumbList","@id":"https:\/\/abaa.mx\/tienda\/gaussimetro-medidor-de-campos-magneticos-2-ejes-emf827\/#breadcrumb","itemListElement":[{"@type":"ListItem","position":1,"name":"Inicio","item":"https:\/\/abaa.mx\/tienda\/"},{"@type":"ListItem","position":2,"name":"Tienda","item":"https:\/\/abaa.mx\/tienda\/"},{"@type":"ListItem","position":3,"name":"Gaussimetro medidor de campos magn\u00e9ticos 2 ejes &#8211; EMF827"}]},{"@type":"WebSite","@id":"https:\/\/abaa.mx\/tienda\/#website","url":"https:\/\/abaa.mx\/tienda\/","name":"Abaa tienda online","description":"Instrumentos de medici\u00f3n","publisher":{"@id":"https:\/\/abaa.mx\/tienda\/#organization"},"potentialAction":[{"@type":"SearchAction","target":{"@type":"EntryPoint","urlTemplate":"https:\/\/abaa.mx\/tienda\/?s={search_term_string}"},"query-input":{"@type":"PropertyValueSpecification","valueRequired":true,"valueName":"search_term_string"}}],"inLanguage":"es"},{"@type":"Organization","@id":"https:\/\/abaa.mx\/tienda\/#organization","name":"Abaa tienda online","url":"https:\/\/abaa.mx\/tienda\/","logo":{"@type":"ImageObject","inLanguage":"es","@id":"https:\/\/abaa.mx\/tienda\/#\/schema\/logo\/image\/","url":"https:\/\/abaa.mx\/tienda\/wp-content\/uploads\/2024\/01\/abaa-metrologia-tienda.png","contentUrl":"https:\/\/abaa.mx\/tienda\/wp-content\/uploads\/2024\/01\/abaa-metrologia-tienda.png","width":300,"height":141,"caption":"Abaa tienda online"},"image":{"@id":"https:\/\/abaa.mx\/tienda\/#\/schema\/logo\/image\/"}}]}},"_links":{"self":[{"href":"https:\/\/abaa.mx\/tienda\/wp-json\/wp\/v2\/product\/8363","targetHints":{"allow":["GET"]}}],"collection":[{"href":"https:\/\/abaa.mx\/tienda\/wp-json\/wp\/v2\/product"}],"about":[{"href":"https:\/\/abaa.mx\/tienda\/wp-json\/wp\/v2\/types\/product"}],"replies":[{"embeddable":true,"href":"https:\/\/abaa.mx\/tienda\/wp-json\/wp\/v2\/comments?post=8363"}],"wp:featuredmedia":[{"embeddable":true,"href":"https:\/\/abaa.mx\/tienda\/wp-json\/wp\/v2\/media\/8366"}],"wp:attachment":[{"href":"https:\/\/abaa.mx\/tienda\/wp-json\/wp\/v2\/media?parent=8363"}],"wp:term":[{"taxonomy":"product_brand","embeddable":true,"href":"https:\/\/abaa.mx\/tienda\/wp-json\/wp\/v2\/product_brand?post=8363"},{"taxonomy":"product_cat","embeddable":true,"href":"https:\/\/abaa.mx\/tienda\/wp-json\/wp\/v2\/product_cat?post=8363"},{"taxonomy":"product_tag","embeddable":true,"href":"https:\/\/abaa.mx\/tienda\/wp-json\/wp\/v2\/product_tag?post=8363"}],"curies":[{"name":"wp","href":"https:\/\/api.w.org\/{rel}","templated":true}]}}