{"id":8350,"date":"2023-11-01T15:58:11","date_gmt":"2023-11-01T15:58:11","guid":{"rendered":"https:\/\/abaa.mx\/tienda\/?post_type=product&#038;p=8350"},"modified":"2023-12-01T20:24:30","modified_gmt":"2023-12-01T20:24:30","slug":"medidor-de-campo-magnetico-ca-dv-tm197","status":"publish","type":"product","link":"https:\/\/abaa.mx\/tienda\/medidor-de-campo-magnetico-ca-dv-tm197\/","title":{"rendered":"Medidor de campo magn\u00e9tico CA-DV TM197"},"content":{"rendered":"<p>Medidor de campo magn\u00e9tico CA\/DV TM197<\/p>\n","protected":false},"excerpt":{"rendered":"<h3>Ficha t\u00e9cnica:<\/h3>\n<p>&nbsp;<\/p>\n<p>&nbsp;<\/p>\n<ul>\n<li>Medici\u00f3n del magnetismo residual generado por la tensi\u00f3n despu\u00e9s del procesamiento de material inoxidable.<\/li>\n<li>Medici\u00f3n de la intensidad del campo magn\u00e9tico de aplicaciones magn\u00e9ticas.<\/li>\n<li>Medida del campo magn\u00e9tico generado por Corriente Directa (DC, con visualizaci\u00f3n por polaridad magn\u00e9tica N\/S) o Corriente Alterna (AC en 40-500Hz).<\/li>\n<li>Medici\u00f3n de la fuerza del campo magn\u00e9tico de imanes permanentes.<\/li>\n<li>Medici\u00f3n del magnetismo residual despu\u00e9s del procesamiento de piezas mec\u00e1nicas.<\/li>\n<li>Medici\u00f3n para los diversos materiales de acero con magnetismo natural.<\/li>\n<li>Medici\u00f3n de la fuerza magn\u00e9tica de materiales magn\u00e9ticos.<\/li>\n<li>Detecci\u00f3n del campo magn\u00e9tico de fuga generado por imanes superconductores.<\/li>\n<li>Medici\u00f3n de la fuerza del campo magn\u00e9tico de motores en varios aparatos el\u00e9ctricos.<\/li>\n<\/ul>\n<p><strong>Caracter\u00edsticas:<\/strong><\/p>\n<ul>\n<li>Habilite y deshabilite la funci\u00f3n de apagado autom\u00e1tico (el apagado predeterminado es de 15 minutos desde la \u00faltima operaci\u00f3n).<\/li>\n<li>Conversi\u00f3n de unidades: 1mT (milli Tesla) = 10G (Gauss).<\/li>\n<li>RETENCI\u00d3N DE DATOS (retenci\u00f3n de datos)<\/li>\n<li>Registro manual: hasta 200 registros.<\/li>\n<li>Valor relativo\/Retenci\u00f3n de picos\/Funci\u00f3n de puesta a cero en tiempo real.<\/li>\n<li>Pantalla de sobrecarga: \u201cOL\u201d.<\/li>\n<li>Registro autom\u00e1tico: hasta 7000 registros donde el intervalo de registro se configurar\u00e1 con PC .<\/li>\n<li>Interruptor de unidad para Gauss\/Tesla.<\/li>\n<li>Cuando est\u00e9 conectado a una PC, presione REC para grabar los datos en tiempo real en la PC.<\/li>\n<li>La funci\u00f3n de alarma PASA y NO PASA y sus configuraciones que se pueden aplicar para detectar productos buenos y defectuosos en la l\u00ednea de producci\u00f3n.<\/li>\n<li>MAX\/MIN (retenci\u00f3n m\u00e1xima\/retenci\u00f3n m\u00ednima).<\/li>\n<li>Pantalla de cristal l\u00edquido (LCD) de 5 d\u00edgitos con un valor de visualizaci\u00f3n de hasta 30000.<\/li>\n<li>Rango de medici\u00f3n: 0~3000mT (milli Tesla) \/ 0~30000G (Gauss); Funci\u00f3n de rango autom\u00e1tico (con medici\u00f3n autom\u00e1tica).<\/li>\n<li>Habilite y deshabilite la funci\u00f3n de apagado autom\u00e1tico (predeterminado 15 minutos).<\/li>\n<li>Pantalla retroiluminada. La retroiluminaci\u00f3n se enciende manualmente (se apagar\u00e1 autom\u00e1ticamente despu\u00e9s de encenderse durante 30 segundos) y se apaga. Si se conecta a trav\u00e9s de una fuente de alimentaci\u00f3n externa, la luz de fondo se encender\u00e1 y permanecer\u00e1 encendida; se apagar\u00e1 hasta que se desconecte la fuente de alimentaci\u00f3n externa.<\/li>\n<li>Los valores m\u00e1ximo, m\u00ednimo y promedio: exporta autom\u00e1ticamente los 10 valores m\u00e1ximos principales\/10 m\u00ednimos principales\/valores promedio en funci\u00f3n de los datos que se registran y descargan en la computadora.<\/li>\n<\/ul>\n<p><strong>Especificaciones:<\/strong><\/p>\n<ul>\n<li>Enchufe: el pin en el centro se conecta al electrodo positivo y la carcasa exterior es el electrodo negativo<\/li>\n<li>Dimensiones: 156x73x35mm (largo x ancho x alto).<\/li>\n<li>Di\u00e1metro: 5,5 mm; di\u00e1metro interno: 2,1 mm<\/li>\n<li>Adaptador de CA a CC<\/li>\n<li>Peso: Aproximadamente 320 gramos.<\/li>\n<li>Fuente de alimentaci\u00f3n externa CA 100~240V a CC 9V\/0.5A<\/li>\n<\/ul>\n<div>\n<div><\/div>\n<div><strong>ESPECIFICACIONES EL\u00c9CTRICAS\u00a0\u00a0<\/strong>(\u00a023\u00b0C \u00b1 5\u00b0C con RH&lt;80%)<\/div>\n<\/div>\n<div>\n<div class=\"table-responsive\">\n<div class=\"scrollable-wrapper\">\n<table border=\"1\" cellspacing=\"1\" cellpadding=\"1\">\n<tbody>\n<tr>\n<td>\n<div>Especificaciones<\/div>\n<\/td>\n<td>\n<div>Rango<\/div>\n<\/td>\n<td>\n<div>Resoluci\u00f3n<\/div>\n<\/td>\n<td>\n<div>Precisi\u00f3n<\/div>\n<\/td>\n<\/tr>\n<tr>\n<td rowspan=\"3\">\n<div>CC mili Tesla<\/div>\n<\/td>\n<td>\n<div>300.00mT<\/div>\n<\/td>\n<td>\n<div>0.01mT<\/div>\n<\/td>\n<td colspan=\"1\" rowspan=\"2\">\n<div>\u00b1(4%+10 d\u00edgitos)<\/div>\n<\/td>\n<\/tr>\n<tr>\n<td>\n<div>2000,0 millones de toneladas<\/div>\n<\/td>\n<td>\n<div>0.1mT<\/div>\n<\/td>\n<\/tr>\n<tr>\n<td colspan=\"1\">\n<div>2000.1~3000.0mT<\/div>\n<\/td>\n<td>\n<div>0.1mT<\/div>\n<\/td>\n<td>\n<div>N \/ A<\/div>\n<\/td>\n<\/tr>\n<tr>\n<td rowspan=\"3\">\n<div>Gauss CC<\/div>\n<\/td>\n<td>\n<div>3000.0G<\/div>\n<\/td>\n<td>\n<div>0.1G<\/div>\n<\/td>\n<td colspan=\"1\" rowspan=\"2\">\n<div>\u00b1(4%+10 d\u00edgitos)<\/div>\n<\/td>\n<\/tr>\n<tr>\n<td>\n<div>20,000G<\/div>\n<\/td>\n<td>\n<div>1G<\/div>\n<\/td>\n<\/tr>\n<tr>\n<td>\n<div>20.001~30.000G<\/div>\n<\/td>\n<td>\n<div>1G<\/div>\n<\/td>\n<td>\n<div>\u00a0N \/ A<\/div>\n<\/td>\n<\/tr>\n<tr>\n<td rowspan=\"2\">\n<div>CA mili Tesla<\/div>\n<\/td>\n<td>\n<div>150.00mT<\/div>\n<\/td>\n<td>\n<div>0.01mT<\/div>\n<\/td>\n<td colspan=\"1\" rowspan=\"4\">\n<div>\u00b1(5%\u00a0+\u00a020 d\u00edgitos)<\/div>\n<\/td>\n<\/tr>\n<tr>\n<td>\n<div>1500.0G<\/div>\n<\/td>\n<td>\n<div>0.1mT<\/div>\n<\/td>\n<\/tr>\n<tr>\n<td rowspan=\"2\">\n<div>CA Gauss<\/div>\n<\/td>\n<td>\n<div>1500.0G<\/div>\n<\/td>\n<td>\n<div>0.1G<\/div>\n<\/td>\n<\/tr>\n<tr>\n<td>\n<div>15,000G<\/div>\n<\/td>\n<td>\n<div>1G<\/div>\n<\/td>\n<\/tr>\n<\/tbody>\n<\/table>\n<\/div>\n<div class=\"scrollable-wrapper\">\n<table border=\"1\" cellspacing=\"1\" cellpadding=\"1\">\n<tbody>\n<tr>\n<td colspan=\"2\">\n<div><strong>Temperaturas<\/strong><\/div>\n<\/td>\n<\/tr>\n<tr>\n<td>\n<div>Rango<\/div>\n<\/td>\n<td>\n<div>-20~50\u00b0C\/-4~122\u00b0F<\/div>\n<\/td>\n<\/tr>\n<tr>\n<td>\n<div>Resoluci\u00f3n<\/div>\n<\/td>\n<td>\n<div>\u00b10,1 \u00b0C\/\u00b10,1 \u00b0F<\/div>\n<\/td>\n<\/tr>\n<tr>\n<td>\n<div>Tolerancia<\/div>\n<\/td>\n<td>\n<div>\u00b11,0 \u00b0C\/\u00b11,8 \u00b0F<\/div>\n<\/td>\n<\/tr>\n<\/tbody>\n<\/table>\n<p>&nbsp;<\/p>\n<\/div>\n<\/div>\n<\/div>\n","protected":false},"featured_media":8353,"comment_status":"open","ping_status":"closed","template":"","meta":{"_joinchat":[]},"product_brand":[],"product_cat":[98],"product_tag":[],"class_list":{"0":"post-8350","1":"product","2":"type-product","3":"status-publish","4":"has-post-thumbnail","6":"product_cat-gaussimetros","8":"first","9":"instock","10":"shipping-taxable","11":"product-type-simple"},"yoast_head":"<!-- This site is optimized with the Yoast SEO plugin v26.4 - https:\/\/yoast.com\/wordpress\/plugins\/seo\/ -->\n<title>Medidor de campo magn\u00e9tico CA-DV TM197 - Abaa tienda online<\/title>\n<meta name=\"robots\" content=\"index, follow, max-snippet:-1, max-image-preview:large, max-video-preview:-1\" \/>\n<link rel=\"canonical\" href=\"https:\/\/abaa.mx\/tienda\/medidor-de-campo-magnetico-ca-dv-tm197\/\" \/>\n<meta property=\"og:locale\" content=\"es_MX\" \/>\n<meta property=\"og:type\" content=\"article\" \/>\n<meta property=\"og:title\" content=\"Medidor de campo magn\u00e9tico CA-DV TM197 - Abaa tienda online\" \/>\n<meta property=\"og:description\" content=\"Ficha t\u00e9cnica: &nbsp;  &nbsp;   Medici\u00f3n del magnetismo residual generado por la tensi\u00f3n despu\u00e9s del procesamiento de material inoxidable.  Medici\u00f3n de la intensidad del campo magn\u00e9tico de aplicaciones magn\u00e9ticas.  Medida del campo magn\u00e9tico generado por Corriente Directa (DC, con visualizaci\u00f3n por polaridad magn\u00e9tica N\/S) o Corriente Alterna (AC en 40-500Hz).  Medici\u00f3n de la fuerza del campo magn\u00e9tico de imanes permanentes.  Medici\u00f3n del magnetismo residual despu\u00e9s del procesamiento de piezas mec\u00e1nicas.  Medici\u00f3n para los diversos materiales de acero con magnetismo natural.  Medici\u00f3n de la fuerza magn\u00e9tica de materiales magn\u00e9ticos.  Detecci\u00f3n del campo magn\u00e9tico de fuga generado por imanes superconductores.  Medici\u00f3n de la fuerza del campo magn\u00e9tico de motores en varios aparatos el\u00e9ctricos.  Caracter\u00edsticas:   Habilite y deshabilite la funci\u00f3n de apagado autom\u00e1tico (el apagado predeterminado es de 15 minutos desde la \u00faltima operaci\u00f3n).  Conversi\u00f3n de unidades: 1mT (milli Tesla) = 10G (Gauss).  RETENCI\u00d3N DE DATOS (retenci\u00f3n de datos)  Registro manual: hasta 200 registros.  Valor relativo\/Retenci\u00f3n de picos\/Funci\u00f3n de puesta a cero en tiempo real.  Pantalla de sobrecarga: \u201cOL\u201d.  Registro autom\u00e1tico: hasta 7000 registros donde el intervalo de registro se configurar\u00e1 con PC .  Interruptor de unidad para Gauss\/Tesla.  Cuando est\u00e9 conectado a una PC, presione REC para grabar los datos en tiempo real en la PC.  La funci\u00f3n de alarma PASA y NO PASA y sus configuraciones que se pueden aplicar para detectar productos buenos y defectuosos en la l\u00ednea de producci\u00f3n.  MAX\/MIN (retenci\u00f3n m\u00e1xima\/retenci\u00f3n m\u00ednima).  Pantalla de cristal l\u00edquido (LCD) de 5 d\u00edgitos con un valor de visualizaci\u00f3n de hasta 30000.  Rango de medici\u00f3n: 0~3000mT (milli Tesla) \/ 0~30000G (Gauss); Funci\u00f3n de rango autom\u00e1tico (con medici\u00f3n autom\u00e1tica).  Habilite y deshabilite la funci\u00f3n de apagado autom\u00e1tico (predeterminado 15 minutos).  Pantalla retroiluminada. La retroiluminaci\u00f3n se enciende manualmente (se apagar\u00e1 autom\u00e1ticamente despu\u00e9s de encenderse durante 30 segundos) y se apaga. Si se conecta a trav\u00e9s de una fuente de alimentaci\u00f3n externa, la luz de fondo se encender\u00e1 y permanecer\u00e1 encendida; se apagar\u00e1 hasta que se desconecte la fuente de alimentaci\u00f3n externa.  Los valores m\u00e1ximo, m\u00ednimo y promedio: exporta autom\u00e1ticamente los 10 valores m\u00e1ximos principales\/10 m\u00ednimos principales\/valores promedio en funci\u00f3n de los datos que se registran y descargan en la computadora.  Especificaciones:   Enchufe: el pin en el centro se conecta al electrodo positivo y la carcasa exterior es el electrodo negativo  Dimensiones: 156x73x35mm (largo x ancho x alto).  Di\u00e1metro: 5,5 mm; di\u00e1metro interno: 2,1 mm  Adaptador de CA a CC  Peso: Aproximadamente 320 gramos.  Fuente de alimentaci\u00f3n externa CA 100~240V a CC 9V\/0.5A    ESPECIFICACIONES EL\u00c9CTRICAS\u00a0\u00a0(\u00a023\u00b0C \u00b1 5\u00b0C con RH&lt;80%)         Especificaciones  Rango  Resoluci\u00f3n  Precisi\u00f3n    CC mili Tesla  300.00mT  0.01mT  \u00b1(4%+10 d\u00edgitos)    2000,0 millones de toneladas  0.1mT    2000.1~3000.0mT  0.1mT  N \/ A    Gauss CC  3000.0G  0.1G  \u00b1(4%+10 d\u00edgitos)    20,000G  1G    20.001~30.000G  1G  \u00a0N \/ A    CA mili Tesla  150.00mT  0.01mT  \u00b1(5%\u00a0+\u00a020 d\u00edgitos)    1500.0G  0.1mT    CA Gauss  1500.0G  0.1G    15,000G  1G          Temperaturas    Rango  -20~50\u00b0C\/-4~122\u00b0F    Resoluci\u00f3n  \u00b10,1 \u00b0C\/\u00b10,1 \u00b0F    Tolerancia  \u00b11,0 \u00b0C\/\u00b11,8 \u00b0F    &nbsp;\" \/>\n<meta property=\"og:url\" content=\"https:\/\/abaa.mx\/tienda\/medidor-de-campo-magnetico-ca-dv-tm197\/\" \/>\n<meta property=\"og:site_name\" content=\"Abaa tienda online\" \/>\n<meta property=\"article:modified_time\" content=\"2023-12-01T20:24:30+00:00\" \/>\n<meta property=\"og:image\" content=\"https:\/\/abaa.mx\/tienda\/wp-content\/uploads\/2023\/11\/TENMARS-TM197.jpg\" \/>\n\t<meta property=\"og:image:width\" content=\"582\" \/>\n\t<meta property=\"og:image:height\" content=\"623\" \/>\n\t<meta property=\"og:image:type\" content=\"image\/jpeg\" \/>\n<meta name=\"twitter:card\" content=\"summary_large_image\" \/>\n<meta name=\"twitter:label1\" content=\"Tiempo de lectura\" \/>\n\t<meta name=\"twitter:data1\" content=\"1 minuto\" \/>\n<script type=\"application\/ld+json\" class=\"yoast-schema-graph\">{\"@context\":\"https:\/\/schema.org\",\"@graph\":[{\"@type\":\"WebPage\",\"@id\":\"https:\/\/abaa.mx\/tienda\/medidor-de-campo-magnetico-ca-dv-tm197\/\",\"url\":\"https:\/\/abaa.mx\/tienda\/medidor-de-campo-magnetico-ca-dv-tm197\/\",\"name\":\"Medidor de campo magn\u00e9tico CA-DV TM197 - Abaa tienda online\",\"isPartOf\":{\"@id\":\"https:\/\/abaa.mx\/tienda\/#website\"},\"primaryImageOfPage\":{\"@id\":\"https:\/\/abaa.mx\/tienda\/medidor-de-campo-magnetico-ca-dv-tm197\/#primaryimage\"},\"image\":{\"@id\":\"https:\/\/abaa.mx\/tienda\/medidor-de-campo-magnetico-ca-dv-tm197\/#primaryimage\"},\"thumbnailUrl\":\"https:\/\/abaa.mx\/tienda\/wp-content\/uploads\/2023\/11\/TENMARS-TM197.jpg\",\"datePublished\":\"2023-11-01T15:58:11+00:00\",\"dateModified\":\"2023-12-01T20:24:30+00:00\",\"breadcrumb\":{\"@id\":\"https:\/\/abaa.mx\/tienda\/medidor-de-campo-magnetico-ca-dv-tm197\/#breadcrumb\"},\"inLanguage\":\"es\",\"potentialAction\":[{\"@type\":\"ReadAction\",\"target\":[\"https:\/\/abaa.mx\/tienda\/medidor-de-campo-magnetico-ca-dv-tm197\/\"]}]},{\"@type\":\"ImageObject\",\"inLanguage\":\"es\",\"@id\":\"https:\/\/abaa.mx\/tienda\/medidor-de-campo-magnetico-ca-dv-tm197\/#primaryimage\",\"url\":\"https:\/\/abaa.mx\/tienda\/wp-content\/uploads\/2023\/11\/TENMARS-TM197.jpg\",\"contentUrl\":\"https:\/\/abaa.mx\/tienda\/wp-content\/uploads\/2023\/11\/TENMARS-TM197.jpg\",\"width\":582,\"height\":623,\"caption\":\"TENMARS-TM197\"},{\"@type\":\"BreadcrumbList\",\"@id\":\"https:\/\/abaa.mx\/tienda\/medidor-de-campo-magnetico-ca-dv-tm197\/#breadcrumb\",\"itemListElement\":[{\"@type\":\"ListItem\",\"position\":1,\"name\":\"Inicio\",\"item\":\"https:\/\/abaa.mx\/tienda\/\"},{\"@type\":\"ListItem\",\"position\":2,\"name\":\"Tienda\",\"item\":\"https:\/\/abaa.mx\/tienda\/\"},{\"@type\":\"ListItem\",\"position\":3,\"name\":\"Medidor de campo magn\u00e9tico CA-DV TM197\"}]},{\"@type\":\"WebSite\",\"@id\":\"https:\/\/abaa.mx\/tienda\/#website\",\"url\":\"https:\/\/abaa.mx\/tienda\/\",\"name\":\"Abaa tienda online\",\"description\":\"Instrumentos de medici\u00f3n\",\"publisher\":{\"@id\":\"https:\/\/abaa.mx\/tienda\/#organization\"},\"potentialAction\":[{\"@type\":\"SearchAction\",\"target\":{\"@type\":\"EntryPoint\",\"urlTemplate\":\"https:\/\/abaa.mx\/tienda\/?s={search_term_string}\"},\"query-input\":{\"@type\":\"PropertyValueSpecification\",\"valueRequired\":true,\"valueName\":\"search_term_string\"}}],\"inLanguage\":\"es\"},{\"@type\":\"Organization\",\"@id\":\"https:\/\/abaa.mx\/tienda\/#organization\",\"name\":\"Abaa tienda online\",\"url\":\"https:\/\/abaa.mx\/tienda\/\",\"logo\":{\"@type\":\"ImageObject\",\"inLanguage\":\"es\",\"@id\":\"https:\/\/abaa.mx\/tienda\/#\/schema\/logo\/image\/\",\"url\":\"https:\/\/abaa.mx\/tienda\/wp-content\/uploads\/2024\/01\/abaa-metrologia-tienda.png\",\"contentUrl\":\"https:\/\/abaa.mx\/tienda\/wp-content\/uploads\/2024\/01\/abaa-metrologia-tienda.png\",\"width\":300,\"height\":141,\"caption\":\"Abaa tienda online\"},\"image\":{\"@id\":\"https:\/\/abaa.mx\/tienda\/#\/schema\/logo\/image\/\"}}]}<\/script>\n<!-- \/ Yoast SEO plugin. -->","yoast_head_json":{"title":"Medidor de campo magn\u00e9tico CA-DV TM197 - Abaa tienda online","robots":{"index":"index","follow":"follow","max-snippet":"max-snippet:-1","max-image-preview":"max-image-preview:large","max-video-preview":"max-video-preview:-1"},"canonical":"https:\/\/abaa.mx\/tienda\/medidor-de-campo-magnetico-ca-dv-tm197\/","og_locale":"es_MX","og_type":"article","og_title":"Medidor de campo magn\u00e9tico CA-DV TM197 - Abaa tienda online","og_description":"Ficha t\u00e9cnica: &nbsp;  &nbsp;   Medici\u00f3n del magnetismo residual generado por la tensi\u00f3n despu\u00e9s del procesamiento de material inoxidable.  Medici\u00f3n de la intensidad del campo magn\u00e9tico de aplicaciones magn\u00e9ticas.  Medida del campo magn\u00e9tico generado por Corriente Directa (DC, con visualizaci\u00f3n por polaridad magn\u00e9tica N\/S) o Corriente Alterna (AC en 40-500Hz).  Medici\u00f3n de la fuerza del campo magn\u00e9tico de imanes permanentes.  Medici\u00f3n del magnetismo residual despu\u00e9s del procesamiento de piezas mec\u00e1nicas.  Medici\u00f3n para los diversos materiales de acero con magnetismo natural.  Medici\u00f3n de la fuerza magn\u00e9tica de materiales magn\u00e9ticos.  Detecci\u00f3n del campo magn\u00e9tico de fuga generado por imanes superconductores.  Medici\u00f3n de la fuerza del campo magn\u00e9tico de motores en varios aparatos el\u00e9ctricos.  Caracter\u00edsticas:   Habilite y deshabilite la funci\u00f3n de apagado autom\u00e1tico (el apagado predeterminado es de 15 minutos desde la \u00faltima operaci\u00f3n).  Conversi\u00f3n de unidades: 1mT (milli Tesla) = 10G (Gauss).  RETENCI\u00d3N DE DATOS (retenci\u00f3n de datos)  Registro manual: hasta 200 registros.  Valor relativo\/Retenci\u00f3n de picos\/Funci\u00f3n de puesta a cero en tiempo real.  Pantalla de sobrecarga: \u201cOL\u201d.  Registro autom\u00e1tico: hasta 7000 registros donde el intervalo de registro se configurar\u00e1 con PC .  Interruptor de unidad para Gauss\/Tesla.  Cuando est\u00e9 conectado a una PC, presione REC para grabar los datos en tiempo real en la PC.  La funci\u00f3n de alarma PASA y NO PASA y sus configuraciones que se pueden aplicar para detectar productos buenos y defectuosos en la l\u00ednea de producci\u00f3n.  MAX\/MIN (retenci\u00f3n m\u00e1xima\/retenci\u00f3n m\u00ednima).  Pantalla de cristal l\u00edquido (LCD) de 5 d\u00edgitos con un valor de visualizaci\u00f3n de hasta 30000.  Rango de medici\u00f3n: 0~3000mT (milli Tesla) \/ 0~30000G (Gauss); Funci\u00f3n de rango autom\u00e1tico (con medici\u00f3n autom\u00e1tica).  Habilite y deshabilite la funci\u00f3n de apagado autom\u00e1tico (predeterminado 15 minutos).  Pantalla retroiluminada. La retroiluminaci\u00f3n se enciende manualmente (se apagar\u00e1 autom\u00e1ticamente despu\u00e9s de encenderse durante 30 segundos) y se apaga. Si se conecta a trav\u00e9s de una fuente de alimentaci\u00f3n externa, la luz de fondo se encender\u00e1 y permanecer\u00e1 encendida; se apagar\u00e1 hasta que se desconecte la fuente de alimentaci\u00f3n externa.  Los valores m\u00e1ximo, m\u00ednimo y promedio: exporta autom\u00e1ticamente los 10 valores m\u00e1ximos principales\/10 m\u00ednimos principales\/valores promedio en funci\u00f3n de los datos que se registran y descargan en la computadora.  Especificaciones:   Enchufe: el pin en el centro se conecta al electrodo positivo y la carcasa exterior es el electrodo negativo  Dimensiones: 156x73x35mm (largo x ancho x alto).  Di\u00e1metro: 5,5 mm; di\u00e1metro interno: 2,1 mm  Adaptador de CA a CC  Peso: Aproximadamente 320 gramos.  Fuente de alimentaci\u00f3n externa CA 100~240V a CC 9V\/0.5A    ESPECIFICACIONES EL\u00c9CTRICAS\u00a0\u00a0(\u00a023\u00b0C \u00b1 5\u00b0C con RH&lt;80%)         Especificaciones  Rango  Resoluci\u00f3n  Precisi\u00f3n    CC mili Tesla  300.00mT  0.01mT  \u00b1(4%+10 d\u00edgitos)    2000,0 millones de toneladas  0.1mT    2000.1~3000.0mT  0.1mT  N \/ A    Gauss CC  3000.0G  0.1G  \u00b1(4%+10 d\u00edgitos)    20,000G  1G    20.001~30.000G  1G  \u00a0N \/ A    CA mili Tesla  150.00mT  0.01mT  \u00b1(5%\u00a0+\u00a020 d\u00edgitos)    1500.0G  0.1mT    CA Gauss  1500.0G  0.1G    15,000G  1G          Temperaturas    Rango  -20~50\u00b0C\/-4~122\u00b0F    Resoluci\u00f3n  \u00b10,1 \u00b0C\/\u00b10,1 \u00b0F    Tolerancia  \u00b11,0 \u00b0C\/\u00b11,8 \u00b0F    &nbsp;","og_url":"https:\/\/abaa.mx\/tienda\/medidor-de-campo-magnetico-ca-dv-tm197\/","og_site_name":"Abaa tienda online","article_modified_time":"2023-12-01T20:24:30+00:00","og_image":[{"width":582,"height":623,"url":"https:\/\/abaa.mx\/tienda\/wp-content\/uploads\/2023\/11\/TENMARS-TM197.jpg","type":"image\/jpeg"}],"twitter_card":"summary_large_image","twitter_misc":{"Tiempo de lectura":"1 minuto"},"schema":{"@context":"https:\/\/schema.org","@graph":[{"@type":"WebPage","@id":"https:\/\/abaa.mx\/tienda\/medidor-de-campo-magnetico-ca-dv-tm197\/","url":"https:\/\/abaa.mx\/tienda\/medidor-de-campo-magnetico-ca-dv-tm197\/","name":"Medidor de campo magn\u00e9tico CA-DV TM197 - Abaa tienda online","isPartOf":{"@id":"https:\/\/abaa.mx\/tienda\/#website"},"primaryImageOfPage":{"@id":"https:\/\/abaa.mx\/tienda\/medidor-de-campo-magnetico-ca-dv-tm197\/#primaryimage"},"image":{"@id":"https:\/\/abaa.mx\/tienda\/medidor-de-campo-magnetico-ca-dv-tm197\/#primaryimage"},"thumbnailUrl":"https:\/\/abaa.mx\/tienda\/wp-content\/uploads\/2023\/11\/TENMARS-TM197.jpg","datePublished":"2023-11-01T15:58:11+00:00","dateModified":"2023-12-01T20:24:30+00:00","breadcrumb":{"@id":"https:\/\/abaa.mx\/tienda\/medidor-de-campo-magnetico-ca-dv-tm197\/#breadcrumb"},"inLanguage":"es","potentialAction":[{"@type":"ReadAction","target":["https:\/\/abaa.mx\/tienda\/medidor-de-campo-magnetico-ca-dv-tm197\/"]}]},{"@type":"ImageObject","inLanguage":"es","@id":"https:\/\/abaa.mx\/tienda\/medidor-de-campo-magnetico-ca-dv-tm197\/#primaryimage","url":"https:\/\/abaa.mx\/tienda\/wp-content\/uploads\/2023\/11\/TENMARS-TM197.jpg","contentUrl":"https:\/\/abaa.mx\/tienda\/wp-content\/uploads\/2023\/11\/TENMARS-TM197.jpg","width":582,"height":623,"caption":"TENMARS-TM197"},{"@type":"BreadcrumbList","@id":"https:\/\/abaa.mx\/tienda\/medidor-de-campo-magnetico-ca-dv-tm197\/#breadcrumb","itemListElement":[{"@type":"ListItem","position":1,"name":"Inicio","item":"https:\/\/abaa.mx\/tienda\/"},{"@type":"ListItem","position":2,"name":"Tienda","item":"https:\/\/abaa.mx\/tienda\/"},{"@type":"ListItem","position":3,"name":"Medidor de campo magn\u00e9tico CA-DV TM197"}]},{"@type":"WebSite","@id":"https:\/\/abaa.mx\/tienda\/#website","url":"https:\/\/abaa.mx\/tienda\/","name":"Abaa tienda online","description":"Instrumentos de medici\u00f3n","publisher":{"@id":"https:\/\/abaa.mx\/tienda\/#organization"},"potentialAction":[{"@type":"SearchAction","target":{"@type":"EntryPoint","urlTemplate":"https:\/\/abaa.mx\/tienda\/?s={search_term_string}"},"query-input":{"@type":"PropertyValueSpecification","valueRequired":true,"valueName":"search_term_string"}}],"inLanguage":"es"},{"@type":"Organization","@id":"https:\/\/abaa.mx\/tienda\/#organization","name":"Abaa tienda online","url":"https:\/\/abaa.mx\/tienda\/","logo":{"@type":"ImageObject","inLanguage":"es","@id":"https:\/\/abaa.mx\/tienda\/#\/schema\/logo\/image\/","url":"https:\/\/abaa.mx\/tienda\/wp-content\/uploads\/2024\/01\/abaa-metrologia-tienda.png","contentUrl":"https:\/\/abaa.mx\/tienda\/wp-content\/uploads\/2024\/01\/abaa-metrologia-tienda.png","width":300,"height":141,"caption":"Abaa tienda online"},"image":{"@id":"https:\/\/abaa.mx\/tienda\/#\/schema\/logo\/image\/"}}]}},"_links":{"self":[{"href":"https:\/\/abaa.mx\/tienda\/wp-json\/wp\/v2\/product\/8350","targetHints":{"allow":["GET"]}}],"collection":[{"href":"https:\/\/abaa.mx\/tienda\/wp-json\/wp\/v2\/product"}],"about":[{"href":"https:\/\/abaa.mx\/tienda\/wp-json\/wp\/v2\/types\/product"}],"replies":[{"embeddable":true,"href":"https:\/\/abaa.mx\/tienda\/wp-json\/wp\/v2\/comments?post=8350"}],"wp:featuredmedia":[{"embeddable":true,"href":"https:\/\/abaa.mx\/tienda\/wp-json\/wp\/v2\/media\/8353"}],"wp:attachment":[{"href":"https:\/\/abaa.mx\/tienda\/wp-json\/wp\/v2\/media?parent=8350"}],"wp:term":[{"taxonomy":"product_brand","embeddable":true,"href":"https:\/\/abaa.mx\/tienda\/wp-json\/wp\/v2\/product_brand?post=8350"},{"taxonomy":"product_cat","embeddable":true,"href":"https:\/\/abaa.mx\/tienda\/wp-json\/wp\/v2\/product_cat?post=8350"},{"taxonomy":"product_tag","embeddable":true,"href":"https:\/\/abaa.mx\/tienda\/wp-json\/wp\/v2\/product_tag?post=8350"}],"curies":[{"name":"wp","href":"https:\/\/api.w.org\/{rel}","templated":true}]}}