{"id":8342,"date":"2023-10-31T21:53:31","date_gmt":"2023-10-31T21:53:31","guid":{"rendered":"https:\/\/abaa.mx\/tienda\/?post_type=product&#038;p=8342"},"modified":"2023-10-31T21:53:31","modified_gmt":"2023-10-31T21:53:31","slug":"colorimetro-nr110-3nh-nr110","status":"publish","type":"product","link":"https:\/\/abaa.mx\/tienda\/colorimetro-nr110-3nh-nr110\/","title":{"rendered":"Color\u00edmetro NR110, 3NH &#8211; NR110"},"content":{"rendered":"<p>Color\u00edmetro NR110, 3NH &#8211; NR110<\/p>\n","protected":false},"excerpt":{"rendered":"<p><b>Especificaciones t\u00e9cnicas:<\/b><\/p>\n<ul>\n<li>Software para PC: Software CQCS3<\/li>\n<li>Tiempo de carga: 8 horas &#8211; 100% de electricidad<\/li>\n<li>Cara final de medici\u00f3n: Cara final estable grande y cara final convexa c\u00f3ncava peque\u00f1a<\/li>\n<li>Almacenamiento: 100pcs est\u00e1ndares 20000pcs muestras<\/li>\n<li>Dispositivo de fuente de luz: LED de luz azul de excitaci\u00f3n<\/li>\n<li>Peso: 450g<\/li>\n<li>Dimensiones: 205\u00d767\u00d780 mm<\/li>\n<li>Errores entre cada equipo: ?0.80?E*ab<\/li>\n<li>Language: Ingl\u00e9s \/ chino<\/li>\n<li>Fuente de alimentaci\u00f3n: Bater\u00eda recargable de iones de litio 3.7V@3200mAh<\/li>\n<li>Fuente de luz: D65<\/li>\n<li>Geometr\u00eda de iluminaci\u00f3n \/ visualizaci\u00f3n: 8\/d<\/li>\n<li>Espacio de color: CIEL * a * b * C * h * CIEL * a * b * CIEXYZ<\/li>\n<li>Vida de la l\u00e1mpara: 5 a\u00f1os, m\u00e1s de 1.6 millones de mediciones<\/li>\n<li>F\u00f3rmula de diferencia de color: ?E*ab?L*a*b*?E*C*h*<\/li>\n<li>Localizando: Ubicaci\u00f3n iluminadora \/ ubicaci\u00f3n cruzada<\/li>\n<li>Repetibilidad: Desviaci\u00f3n est\u00e1ndar dentro de ? E * ab 0.08 promedio de 30 mediciones de placa blanca est\u00e1ndar<\/li>\n<li>Apertura de medici\u00f3n: ?4mm<\/li>\n<li>Impresora (opcional): Impresora t\u00e9rmica en miniatura<\/li>\n<li>Detector: Diodo fotoel\u00e9ctrico de silicio<\/li>\n<\/ul>\n","protected":false},"featured_media":8344,"comment_status":"open","ping_status":"closed","template":"","meta":{"_joinchat":[]},"product_brand":[],"product_cat":[97],"product_tag":[],"class_list":{"0":"post-8342","1":"product","2":"type-product","3":"status-publish","4":"has-post-thumbnail","6":"product_cat-espectrofotometro","8":"first","9":"instock","10":"shipping-taxable","11":"product-type-simple"},"yoast_head":"<!-- This site is optimized with the Yoast SEO plugin v26.4 - https:\/\/yoast.com\/wordpress\/plugins\/seo\/ -->\n<title>Color\u00edmetro NR110, 3NH - NR110 - Abaa tienda online<\/title>\n<meta name=\"robots\" content=\"index, follow, max-snippet:-1, max-image-preview:large, max-video-preview:-1\" \/>\n<link rel=\"canonical\" href=\"https:\/\/abaa.mx\/tienda\/colorimetro-nr110-3nh-nr110\/\" \/>\n<meta property=\"og:locale\" content=\"es_MX\" \/>\n<meta property=\"og:type\" content=\"article\" \/>\n<meta property=\"og:title\" content=\"Color\u00edmetro NR110, 3NH - NR110 - Abaa tienda online\" \/>\n<meta property=\"og:description\" content=\"Especificaciones t\u00e9cnicas:   Software para PC: Software CQCS3  Tiempo de carga: 8 horas - 100% de electricidad  Cara final de medici\u00f3n: Cara final estable grande y cara final convexa c\u00f3ncava peque\u00f1a  Almacenamiento: 100pcs est\u00e1ndares 20000pcs muestras  Dispositivo de fuente de luz: LED de luz azul de excitaci\u00f3n  Peso: 450g  Dimensiones: 205\u00d767\u00d780 mm  Errores entre cada equipo: ?0.80?E*ab  Language: Ingl\u00e9s \/ chino  Fuente de alimentaci\u00f3n: Bater\u00eda recargable de iones de litio 3.7V@3200mAh  Fuente de luz: D65  Geometr\u00eda de iluminaci\u00f3n \/ visualizaci\u00f3n: 8\/d  Espacio de color: CIEL * a * b * C * h * CIEL * a * b * CIEXYZ  Vida de la l\u00e1mpara: 5 a\u00f1os, m\u00e1s de 1.6 millones de mediciones  F\u00f3rmula de diferencia de color: ?E*ab?L*a*b*?E*C*h*  Localizando: Ubicaci\u00f3n iluminadora \/ ubicaci\u00f3n cruzada  Repetibilidad: Desviaci\u00f3n est\u00e1ndar dentro de ? E * ab 0.08 promedio de 30 mediciones de placa blanca est\u00e1ndar  Apertura de medici\u00f3n: ?4mm  Impresora (opcional): Impresora t\u00e9rmica en miniatura  Detector: Diodo fotoel\u00e9ctrico de silicio\" \/>\n<meta property=\"og:url\" content=\"https:\/\/abaa.mx\/tienda\/colorimetro-nr110-3nh-nr110\/\" \/>\n<meta property=\"og:site_name\" content=\"Abaa tienda online\" \/>\n<meta property=\"og:image\" content=\"https:\/\/abaa.mx\/tienda\/wp-content\/uploads\/2023\/10\/3NH-NR110.jpg\" \/>\n\t<meta property=\"og:image:width\" content=\"462\" \/>\n\t<meta property=\"og:image:height\" content=\"598\" \/>\n\t<meta property=\"og:image:type\" content=\"image\/jpeg\" \/>\n<meta name=\"twitter:card\" content=\"summary_large_image\" \/>\n<meta name=\"twitter:label1\" content=\"Tiempo de lectura\" \/>\n\t<meta name=\"twitter:data1\" content=\"1 minuto\" \/>\n<script type=\"application\/ld+json\" class=\"yoast-schema-graph\">{\"@context\":\"https:\/\/schema.org\",\"@graph\":[{\"@type\":\"WebPage\",\"@id\":\"https:\/\/abaa.mx\/tienda\/colorimetro-nr110-3nh-nr110\/\",\"url\":\"https:\/\/abaa.mx\/tienda\/colorimetro-nr110-3nh-nr110\/\",\"name\":\"Color\u00edmetro NR110, 3NH - NR110 - Abaa tienda online\",\"isPartOf\":{\"@id\":\"https:\/\/abaa.mx\/tienda\/#website\"},\"primaryImageOfPage\":{\"@id\":\"https:\/\/abaa.mx\/tienda\/colorimetro-nr110-3nh-nr110\/#primaryimage\"},\"image\":{\"@id\":\"https:\/\/abaa.mx\/tienda\/colorimetro-nr110-3nh-nr110\/#primaryimage\"},\"thumbnailUrl\":\"https:\/\/abaa.mx\/tienda\/wp-content\/uploads\/2023\/10\/3NH-NR110.jpg\",\"datePublished\":\"2023-10-31T21:53:31+00:00\",\"breadcrumb\":{\"@id\":\"https:\/\/abaa.mx\/tienda\/colorimetro-nr110-3nh-nr110\/#breadcrumb\"},\"inLanguage\":\"es\",\"potentialAction\":[{\"@type\":\"ReadAction\",\"target\":[\"https:\/\/abaa.mx\/tienda\/colorimetro-nr110-3nh-nr110\/\"]}]},{\"@type\":\"ImageObject\",\"inLanguage\":\"es\",\"@id\":\"https:\/\/abaa.mx\/tienda\/colorimetro-nr110-3nh-nr110\/#primaryimage\",\"url\":\"https:\/\/abaa.mx\/tienda\/wp-content\/uploads\/2023\/10\/3NH-NR110.jpg\",\"contentUrl\":\"https:\/\/abaa.mx\/tienda\/wp-content\/uploads\/2023\/10\/3NH-NR110.jpg\",\"width\":462,\"height\":598,\"caption\":\"3NH-NR110\"},{\"@type\":\"BreadcrumbList\",\"@id\":\"https:\/\/abaa.mx\/tienda\/colorimetro-nr110-3nh-nr110\/#breadcrumb\",\"itemListElement\":[{\"@type\":\"ListItem\",\"position\":1,\"name\":\"Inicio\",\"item\":\"https:\/\/abaa.mx\/tienda\/\"},{\"@type\":\"ListItem\",\"position\":2,\"name\":\"Tienda\",\"item\":\"https:\/\/abaa.mx\/tienda\/\"},{\"@type\":\"ListItem\",\"position\":3,\"name\":\"Color\u00edmetro NR110, 3NH &#8211; NR110\"}]},{\"@type\":\"WebSite\",\"@id\":\"https:\/\/abaa.mx\/tienda\/#website\",\"url\":\"https:\/\/abaa.mx\/tienda\/\",\"name\":\"Abaa tienda online\",\"description\":\"Instrumentos de medici\u00f3n\",\"publisher\":{\"@id\":\"https:\/\/abaa.mx\/tienda\/#organization\"},\"potentialAction\":[{\"@type\":\"SearchAction\",\"target\":{\"@type\":\"EntryPoint\",\"urlTemplate\":\"https:\/\/abaa.mx\/tienda\/?s={search_term_string}\"},\"query-input\":{\"@type\":\"PropertyValueSpecification\",\"valueRequired\":true,\"valueName\":\"search_term_string\"}}],\"inLanguage\":\"es\"},{\"@type\":\"Organization\",\"@id\":\"https:\/\/abaa.mx\/tienda\/#organization\",\"name\":\"Abaa tienda online\",\"url\":\"https:\/\/abaa.mx\/tienda\/\",\"logo\":{\"@type\":\"ImageObject\",\"inLanguage\":\"es\",\"@id\":\"https:\/\/abaa.mx\/tienda\/#\/schema\/logo\/image\/\",\"url\":\"https:\/\/abaa.mx\/tienda\/wp-content\/uploads\/2024\/01\/abaa-metrologia-tienda.png\",\"contentUrl\":\"https:\/\/abaa.mx\/tienda\/wp-content\/uploads\/2024\/01\/abaa-metrologia-tienda.png\",\"width\":300,\"height\":141,\"caption\":\"Abaa tienda online\"},\"image\":{\"@id\":\"https:\/\/abaa.mx\/tienda\/#\/schema\/logo\/image\/\"}}]}<\/script>\n<!-- \/ Yoast SEO plugin. -->","yoast_head_json":{"title":"Color\u00edmetro NR110, 3NH - NR110 - Abaa tienda online","robots":{"index":"index","follow":"follow","max-snippet":"max-snippet:-1","max-image-preview":"max-image-preview:large","max-video-preview":"max-video-preview:-1"},"canonical":"https:\/\/abaa.mx\/tienda\/colorimetro-nr110-3nh-nr110\/","og_locale":"es_MX","og_type":"article","og_title":"Color\u00edmetro NR110, 3NH - NR110 - Abaa tienda online","og_description":"Especificaciones t\u00e9cnicas:   Software para PC: Software CQCS3  Tiempo de carga: 8 horas - 100% de electricidad  Cara final de medici\u00f3n: Cara final estable grande y cara final convexa c\u00f3ncava peque\u00f1a  Almacenamiento: 100pcs est\u00e1ndares 20000pcs muestras  Dispositivo de fuente de luz: LED de luz azul de excitaci\u00f3n  Peso: 450g  Dimensiones: 205\u00d767\u00d780 mm  Errores entre cada equipo: ?0.80?E*ab  Language: Ingl\u00e9s \/ chino  Fuente de alimentaci\u00f3n: Bater\u00eda recargable de iones de litio 3.7V@3200mAh  Fuente de luz: D65  Geometr\u00eda de iluminaci\u00f3n \/ visualizaci\u00f3n: 8\/d  Espacio de color: CIEL * a * b * C * h * CIEL * a * b * CIEXYZ  Vida de la l\u00e1mpara: 5 a\u00f1os, m\u00e1s de 1.6 millones de mediciones  F\u00f3rmula de diferencia de color: ?E*ab?L*a*b*?E*C*h*  Localizando: Ubicaci\u00f3n iluminadora \/ ubicaci\u00f3n cruzada  Repetibilidad: Desviaci\u00f3n est\u00e1ndar dentro de ? E * ab 0.08 promedio de 30 mediciones de placa blanca est\u00e1ndar  Apertura de medici\u00f3n: ?4mm  Impresora (opcional): Impresora t\u00e9rmica en miniatura  Detector: Diodo fotoel\u00e9ctrico de silicio","og_url":"https:\/\/abaa.mx\/tienda\/colorimetro-nr110-3nh-nr110\/","og_site_name":"Abaa tienda online","og_image":[{"width":462,"height":598,"url":"https:\/\/abaa.mx\/tienda\/wp-content\/uploads\/2023\/10\/3NH-NR110.jpg","type":"image\/jpeg"}],"twitter_card":"summary_large_image","twitter_misc":{"Tiempo de lectura":"1 minuto"},"schema":{"@context":"https:\/\/schema.org","@graph":[{"@type":"WebPage","@id":"https:\/\/abaa.mx\/tienda\/colorimetro-nr110-3nh-nr110\/","url":"https:\/\/abaa.mx\/tienda\/colorimetro-nr110-3nh-nr110\/","name":"Color\u00edmetro NR110, 3NH - NR110 - Abaa tienda online","isPartOf":{"@id":"https:\/\/abaa.mx\/tienda\/#website"},"primaryImageOfPage":{"@id":"https:\/\/abaa.mx\/tienda\/colorimetro-nr110-3nh-nr110\/#primaryimage"},"image":{"@id":"https:\/\/abaa.mx\/tienda\/colorimetro-nr110-3nh-nr110\/#primaryimage"},"thumbnailUrl":"https:\/\/abaa.mx\/tienda\/wp-content\/uploads\/2023\/10\/3NH-NR110.jpg","datePublished":"2023-10-31T21:53:31+00:00","breadcrumb":{"@id":"https:\/\/abaa.mx\/tienda\/colorimetro-nr110-3nh-nr110\/#breadcrumb"},"inLanguage":"es","potentialAction":[{"@type":"ReadAction","target":["https:\/\/abaa.mx\/tienda\/colorimetro-nr110-3nh-nr110\/"]}]},{"@type":"ImageObject","inLanguage":"es","@id":"https:\/\/abaa.mx\/tienda\/colorimetro-nr110-3nh-nr110\/#primaryimage","url":"https:\/\/abaa.mx\/tienda\/wp-content\/uploads\/2023\/10\/3NH-NR110.jpg","contentUrl":"https:\/\/abaa.mx\/tienda\/wp-content\/uploads\/2023\/10\/3NH-NR110.jpg","width":462,"height":598,"caption":"3NH-NR110"},{"@type":"BreadcrumbList","@id":"https:\/\/abaa.mx\/tienda\/colorimetro-nr110-3nh-nr110\/#breadcrumb","itemListElement":[{"@type":"ListItem","position":1,"name":"Inicio","item":"https:\/\/abaa.mx\/tienda\/"},{"@type":"ListItem","position":2,"name":"Tienda","item":"https:\/\/abaa.mx\/tienda\/"},{"@type":"ListItem","position":3,"name":"Color\u00edmetro NR110, 3NH &#8211; NR110"}]},{"@type":"WebSite","@id":"https:\/\/abaa.mx\/tienda\/#website","url":"https:\/\/abaa.mx\/tienda\/","name":"Abaa tienda online","description":"Instrumentos de medici\u00f3n","publisher":{"@id":"https:\/\/abaa.mx\/tienda\/#organization"},"potentialAction":[{"@type":"SearchAction","target":{"@type":"EntryPoint","urlTemplate":"https:\/\/abaa.mx\/tienda\/?s={search_term_string}"},"query-input":{"@type":"PropertyValueSpecification","valueRequired":true,"valueName":"search_term_string"}}],"inLanguage":"es"},{"@type":"Organization","@id":"https:\/\/abaa.mx\/tienda\/#organization","name":"Abaa tienda online","url":"https:\/\/abaa.mx\/tienda\/","logo":{"@type":"ImageObject","inLanguage":"es","@id":"https:\/\/abaa.mx\/tienda\/#\/schema\/logo\/image\/","url":"https:\/\/abaa.mx\/tienda\/wp-content\/uploads\/2024\/01\/abaa-metrologia-tienda.png","contentUrl":"https:\/\/abaa.mx\/tienda\/wp-content\/uploads\/2024\/01\/abaa-metrologia-tienda.png","width":300,"height":141,"caption":"Abaa tienda online"},"image":{"@id":"https:\/\/abaa.mx\/tienda\/#\/schema\/logo\/image\/"}}]}},"_links":{"self":[{"href":"https:\/\/abaa.mx\/tienda\/wp-json\/wp\/v2\/product\/8342","targetHints":{"allow":["GET"]}}],"collection":[{"href":"https:\/\/abaa.mx\/tienda\/wp-json\/wp\/v2\/product"}],"about":[{"href":"https:\/\/abaa.mx\/tienda\/wp-json\/wp\/v2\/types\/product"}],"replies":[{"embeddable":true,"href":"https:\/\/abaa.mx\/tienda\/wp-json\/wp\/v2\/comments?post=8342"}],"wp:featuredmedia":[{"embeddable":true,"href":"https:\/\/abaa.mx\/tienda\/wp-json\/wp\/v2\/media\/8344"}],"wp:attachment":[{"href":"https:\/\/abaa.mx\/tienda\/wp-json\/wp\/v2\/media?parent=8342"}],"wp:term":[{"taxonomy":"product_brand","embeddable":true,"href":"https:\/\/abaa.mx\/tienda\/wp-json\/wp\/v2\/product_brand?post=8342"},{"taxonomy":"product_cat","embeddable":true,"href":"https:\/\/abaa.mx\/tienda\/wp-json\/wp\/v2\/product_cat?post=8342"},{"taxonomy":"product_tag","embeddable":true,"href":"https:\/\/abaa.mx\/tienda\/wp-json\/wp\/v2\/product_tag?post=8342"}],"curies":[{"name":"wp","href":"https:\/\/api.w.org\/{rel}","templated":true}]}}