{"id":8339,"date":"2023-10-31T21:05:45","date_gmt":"2023-10-31T21:05:45","guid":{"rendered":"https:\/\/abaa.mx\/tienda\/?post_type=product&#038;p=8339"},"modified":"2024-01-30T17:39:52","modified_gmt":"2024-01-30T17:39:52","slug":"densitometro-iq150-tobbias","status":"publish","type":"product","link":"https:\/\/abaa.mx\/tienda\/densitometro-iq150-tobbias\/","title":{"rendered":"Densit\u00f3metro IQ150, Tobbias"},"content":{"rendered":"<p>Densit\u00f3metro IQ150, Tobbias<\/p>\n","protected":false},"excerpt":{"rendered":"<p>El Densit\u00f3metro IQ150, dise\u00f1ado con lo \u00faltimo en tecnolog\u00eda de programa , es tan f\u00e1cil de utilizar que un manual del operador ni siquiera es necesario! Sin embargo , el IQ150 asequible cumple con precisi\u00f3n las pretensiones de control de calidad de su prensa y pre impresi\u00f3n. Calcula r\u00e1pida y de forma f\u00e1cil las principales funcionalidades densito m\u00e9tricas: densidad , diferencia de densidad , \u00e1rea de puntos y ganancia de puntos. El Densit\u00f3metro IQ150 ha demostrado ser un caballo de guerra importante para impresoras. Ning\u00fan otro densit\u00f3metro port\u00e1til libre hoy puede ofrecer tanto, tan consistentemente, en un precio tan razonable.<\/p>\n<p>Funciones disponibles : Consistencia , Diferencia de Densidad , \u00c1rea de Puntos y Ganancia de Puntos.<br \/>\nVisualizaci\u00f3n simult\u00e1nea de todas las densidades de filtro: Muestra el valor del filtro principal en caracteres grandes ; Los tres valores inferiores se muestran mucho m\u00e1s peque\u00f1os.<br \/>\nPlainly worded, self-guiding prompts: Direcciones simples aparecen en la pantalla; No hay normas complicadas de operaci\u00f3n o manuales de entrenamiento para estudiar.<br \/>\n\u00c1rea de visualizaci\u00f3n grande y de alto contraste: La pantalla de f\u00e1cil lectura se puede ver pr\u00e1cticamente desde cualquier \u00e1ngulo.<\/p>\n","protected":false},"featured_media":10380,"comment_status":"open","ping_status":"closed","template":"","meta":{"_joinchat":[]},"product_brand":[],"product_cat":[97],"product_tag":[],"class_list":{"0":"post-8339","1":"product","2":"type-product","3":"status-publish","4":"has-post-thumbnail","6":"product_cat-espectrofotometro","8":"first","9":"instock","10":"shipping-taxable","11":"product-type-simple"},"yoast_head":"<!-- This site is optimized with the Yoast SEO plugin v26.4 - https:\/\/yoast.com\/wordpress\/plugins\/seo\/ -->\n<title>Densit\u00f3metro IQ150, Tobbias - Abaa tienda online<\/title>\n<meta name=\"robots\" content=\"index, follow, max-snippet:-1, max-image-preview:large, max-video-preview:-1\" \/>\n<link rel=\"canonical\" href=\"https:\/\/abaa.mx\/tienda\/densitometro-iq150-tobbias\/\" \/>\n<meta property=\"og:locale\" content=\"es_MX\" \/>\n<meta property=\"og:type\" content=\"article\" \/>\n<meta property=\"og:title\" content=\"Densit\u00f3metro IQ150, Tobbias - Abaa tienda online\" \/>\n<meta property=\"og:description\" content=\"El Densit\u00f3metro IQ150, dise\u00f1ado con lo \u00faltimo en tecnolog\u00eda de programa , es tan f\u00e1cil de utilizar que un manual del operador ni siquiera es necesario! Sin embargo , el IQ150 asequible cumple con precisi\u00f3n las pretensiones de control de calidad de su prensa y pre impresi\u00f3n. Calcula r\u00e1pida y de forma f\u00e1cil las principales funcionalidades densito m\u00e9tricas: densidad , diferencia de densidad , \u00e1rea de puntos y ganancia de puntos. El Densit\u00f3metro IQ150 ha demostrado ser un caballo de guerra importante para impresoras. Ning\u00fan otro densit\u00f3metro port\u00e1til libre hoy puede ofrecer tanto, tan consistentemente, en un precio tan razonable.  Funciones disponibles : Consistencia , Diferencia de Densidad , \u00c1rea de Puntos y Ganancia de Puntos. Visualizaci\u00f3n simult\u00e1nea de todas las densidades de filtro: Muestra el valor del filtro principal en caracteres grandes ; Los tres valores inferiores se muestran mucho m\u00e1s peque\u00f1os. Plainly worded, self-guiding prompts: Direcciones simples aparecen en la pantalla; No hay normas complicadas de operaci\u00f3n o manuales de entrenamiento para estudiar. \u00c1rea de visualizaci\u00f3n grande y de alto contraste: La pantalla de f\u00e1cil lectura se puede ver pr\u00e1cticamente desde cualquier \u00e1ngulo.\" \/>\n<meta property=\"og:url\" content=\"https:\/\/abaa.mx\/tienda\/densitometro-iq150-tobbias\/\" \/>\n<meta property=\"og:site_name\" content=\"Abaa tienda online\" \/>\n<meta property=\"article:modified_time\" content=\"2024-01-30T17:39:52+00:00\" \/>\n<meta property=\"og:image\" content=\"https:\/\/abaa.mx\/tienda\/wp-content\/uploads\/2023\/10\/3NH-IQ150-1.jpg\" \/>\n\t<meta property=\"og:image:width\" content=\"435\" \/>\n\t<meta property=\"og:image:height\" content=\"470\" \/>\n\t<meta property=\"og:image:type\" content=\"image\/jpeg\" \/>\n<meta name=\"twitter:card\" content=\"summary_large_image\" \/>\n<meta name=\"twitter:label1\" content=\"Tiempo de lectura\" \/>\n\t<meta name=\"twitter:data1\" content=\"1 minuto\" \/>\n<script type=\"application\/ld+json\" class=\"yoast-schema-graph\">{\"@context\":\"https:\/\/schema.org\",\"@graph\":[{\"@type\":\"WebPage\",\"@id\":\"https:\/\/abaa.mx\/tienda\/densitometro-iq150-tobbias\/\",\"url\":\"https:\/\/abaa.mx\/tienda\/densitometro-iq150-tobbias\/\",\"name\":\"Densit\u00f3metro IQ150, Tobbias - Abaa tienda online\",\"isPartOf\":{\"@id\":\"https:\/\/abaa.mx\/tienda\/#website\"},\"primaryImageOfPage\":{\"@id\":\"https:\/\/abaa.mx\/tienda\/densitometro-iq150-tobbias\/#primaryimage\"},\"image\":{\"@id\":\"https:\/\/abaa.mx\/tienda\/densitometro-iq150-tobbias\/#primaryimage\"},\"thumbnailUrl\":\"https:\/\/abaa.mx\/tienda\/wp-content\/uploads\/2023\/10\/3NH-IQ150-1.jpg\",\"datePublished\":\"2023-10-31T21:05:45+00:00\",\"dateModified\":\"2024-01-30T17:39:52+00:00\",\"breadcrumb\":{\"@id\":\"https:\/\/abaa.mx\/tienda\/densitometro-iq150-tobbias\/#breadcrumb\"},\"inLanguage\":\"es\",\"potentialAction\":[{\"@type\":\"ReadAction\",\"target\":[\"https:\/\/abaa.mx\/tienda\/densitometro-iq150-tobbias\/\"]}]},{\"@type\":\"ImageObject\",\"inLanguage\":\"es\",\"@id\":\"https:\/\/abaa.mx\/tienda\/densitometro-iq150-tobbias\/#primaryimage\",\"url\":\"https:\/\/abaa.mx\/tienda\/wp-content\/uploads\/2023\/10\/3NH-IQ150-1.jpg\",\"contentUrl\":\"https:\/\/abaa.mx\/tienda\/wp-content\/uploads\/2023\/10\/3NH-IQ150-1.jpg\",\"width\":435,\"height\":470,\"caption\":\"3NH-IQ150\"},{\"@type\":\"BreadcrumbList\",\"@id\":\"https:\/\/abaa.mx\/tienda\/densitometro-iq150-tobbias\/#breadcrumb\",\"itemListElement\":[{\"@type\":\"ListItem\",\"position\":1,\"name\":\"Inicio\",\"item\":\"https:\/\/abaa.mx\/tienda\/\"},{\"@type\":\"ListItem\",\"position\":2,\"name\":\"Tienda\",\"item\":\"https:\/\/abaa.mx\/tienda\/\"},{\"@type\":\"ListItem\",\"position\":3,\"name\":\"Densit\u00f3metro IQ150, Tobbias\"}]},{\"@type\":\"WebSite\",\"@id\":\"https:\/\/abaa.mx\/tienda\/#website\",\"url\":\"https:\/\/abaa.mx\/tienda\/\",\"name\":\"Abaa tienda online\",\"description\":\"Instrumentos de medici\u00f3n\",\"publisher\":{\"@id\":\"https:\/\/abaa.mx\/tienda\/#organization\"},\"potentialAction\":[{\"@type\":\"SearchAction\",\"target\":{\"@type\":\"EntryPoint\",\"urlTemplate\":\"https:\/\/abaa.mx\/tienda\/?s={search_term_string}\"},\"query-input\":{\"@type\":\"PropertyValueSpecification\",\"valueRequired\":true,\"valueName\":\"search_term_string\"}}],\"inLanguage\":\"es\"},{\"@type\":\"Organization\",\"@id\":\"https:\/\/abaa.mx\/tienda\/#organization\",\"name\":\"Abaa tienda online\",\"url\":\"https:\/\/abaa.mx\/tienda\/\",\"logo\":{\"@type\":\"ImageObject\",\"inLanguage\":\"es\",\"@id\":\"https:\/\/abaa.mx\/tienda\/#\/schema\/logo\/image\/\",\"url\":\"https:\/\/abaa.mx\/tienda\/wp-content\/uploads\/2024\/01\/abaa-metrologia-tienda.png\",\"contentUrl\":\"https:\/\/abaa.mx\/tienda\/wp-content\/uploads\/2024\/01\/abaa-metrologia-tienda.png\",\"width\":300,\"height\":141,\"caption\":\"Abaa tienda online\"},\"image\":{\"@id\":\"https:\/\/abaa.mx\/tienda\/#\/schema\/logo\/image\/\"}}]}<\/script>\n<!-- \/ Yoast SEO plugin. -->","yoast_head_json":{"title":"Densit\u00f3metro IQ150, Tobbias - Abaa tienda online","robots":{"index":"index","follow":"follow","max-snippet":"max-snippet:-1","max-image-preview":"max-image-preview:large","max-video-preview":"max-video-preview:-1"},"canonical":"https:\/\/abaa.mx\/tienda\/densitometro-iq150-tobbias\/","og_locale":"es_MX","og_type":"article","og_title":"Densit\u00f3metro IQ150, Tobbias - Abaa tienda online","og_description":"El Densit\u00f3metro IQ150, dise\u00f1ado con lo \u00faltimo en tecnolog\u00eda de programa , es tan f\u00e1cil de utilizar que un manual del operador ni siquiera es necesario! Sin embargo , el IQ150 asequible cumple con precisi\u00f3n las pretensiones de control de calidad de su prensa y pre impresi\u00f3n. Calcula r\u00e1pida y de forma f\u00e1cil las principales funcionalidades densito m\u00e9tricas: densidad , diferencia de densidad , \u00e1rea de puntos y ganancia de puntos. El Densit\u00f3metro IQ150 ha demostrado ser un caballo de guerra importante para impresoras. Ning\u00fan otro densit\u00f3metro port\u00e1til libre hoy puede ofrecer tanto, tan consistentemente, en un precio tan razonable.  Funciones disponibles : Consistencia , Diferencia de Densidad , \u00c1rea de Puntos y Ganancia de Puntos. Visualizaci\u00f3n simult\u00e1nea de todas las densidades de filtro: Muestra el valor del filtro principal en caracteres grandes ; Los tres valores inferiores se muestran mucho m\u00e1s peque\u00f1os. Plainly worded, self-guiding prompts: Direcciones simples aparecen en la pantalla; No hay normas complicadas de operaci\u00f3n o manuales de entrenamiento para estudiar. \u00c1rea de visualizaci\u00f3n grande y de alto contraste: La pantalla de f\u00e1cil lectura se puede ver pr\u00e1cticamente desde cualquier \u00e1ngulo.","og_url":"https:\/\/abaa.mx\/tienda\/densitometro-iq150-tobbias\/","og_site_name":"Abaa tienda online","article_modified_time":"2024-01-30T17:39:52+00:00","og_image":[{"width":435,"height":470,"url":"https:\/\/abaa.mx\/tienda\/wp-content\/uploads\/2023\/10\/3NH-IQ150-1.jpg","type":"image\/jpeg"}],"twitter_card":"summary_large_image","twitter_misc":{"Tiempo de lectura":"1 minuto"},"schema":{"@context":"https:\/\/schema.org","@graph":[{"@type":"WebPage","@id":"https:\/\/abaa.mx\/tienda\/densitometro-iq150-tobbias\/","url":"https:\/\/abaa.mx\/tienda\/densitometro-iq150-tobbias\/","name":"Densit\u00f3metro IQ150, Tobbias - Abaa tienda online","isPartOf":{"@id":"https:\/\/abaa.mx\/tienda\/#website"},"primaryImageOfPage":{"@id":"https:\/\/abaa.mx\/tienda\/densitometro-iq150-tobbias\/#primaryimage"},"image":{"@id":"https:\/\/abaa.mx\/tienda\/densitometro-iq150-tobbias\/#primaryimage"},"thumbnailUrl":"https:\/\/abaa.mx\/tienda\/wp-content\/uploads\/2023\/10\/3NH-IQ150-1.jpg","datePublished":"2023-10-31T21:05:45+00:00","dateModified":"2024-01-30T17:39:52+00:00","breadcrumb":{"@id":"https:\/\/abaa.mx\/tienda\/densitometro-iq150-tobbias\/#breadcrumb"},"inLanguage":"es","potentialAction":[{"@type":"ReadAction","target":["https:\/\/abaa.mx\/tienda\/densitometro-iq150-tobbias\/"]}]},{"@type":"ImageObject","inLanguage":"es","@id":"https:\/\/abaa.mx\/tienda\/densitometro-iq150-tobbias\/#primaryimage","url":"https:\/\/abaa.mx\/tienda\/wp-content\/uploads\/2023\/10\/3NH-IQ150-1.jpg","contentUrl":"https:\/\/abaa.mx\/tienda\/wp-content\/uploads\/2023\/10\/3NH-IQ150-1.jpg","width":435,"height":470,"caption":"3NH-IQ150"},{"@type":"BreadcrumbList","@id":"https:\/\/abaa.mx\/tienda\/densitometro-iq150-tobbias\/#breadcrumb","itemListElement":[{"@type":"ListItem","position":1,"name":"Inicio","item":"https:\/\/abaa.mx\/tienda\/"},{"@type":"ListItem","position":2,"name":"Tienda","item":"https:\/\/abaa.mx\/tienda\/"},{"@type":"ListItem","position":3,"name":"Densit\u00f3metro IQ150, Tobbias"}]},{"@type":"WebSite","@id":"https:\/\/abaa.mx\/tienda\/#website","url":"https:\/\/abaa.mx\/tienda\/","name":"Abaa tienda online","description":"Instrumentos de medici\u00f3n","publisher":{"@id":"https:\/\/abaa.mx\/tienda\/#organization"},"potentialAction":[{"@type":"SearchAction","target":{"@type":"EntryPoint","urlTemplate":"https:\/\/abaa.mx\/tienda\/?s={search_term_string}"},"query-input":{"@type":"PropertyValueSpecification","valueRequired":true,"valueName":"search_term_string"}}],"inLanguage":"es"},{"@type":"Organization","@id":"https:\/\/abaa.mx\/tienda\/#organization","name":"Abaa tienda online","url":"https:\/\/abaa.mx\/tienda\/","logo":{"@type":"ImageObject","inLanguage":"es","@id":"https:\/\/abaa.mx\/tienda\/#\/schema\/logo\/image\/","url":"https:\/\/abaa.mx\/tienda\/wp-content\/uploads\/2024\/01\/abaa-metrologia-tienda.png","contentUrl":"https:\/\/abaa.mx\/tienda\/wp-content\/uploads\/2024\/01\/abaa-metrologia-tienda.png","width":300,"height":141,"caption":"Abaa tienda online"},"image":{"@id":"https:\/\/abaa.mx\/tienda\/#\/schema\/logo\/image\/"}}]}},"_links":{"self":[{"href":"https:\/\/abaa.mx\/tienda\/wp-json\/wp\/v2\/product\/8339","targetHints":{"allow":["GET"]}}],"collection":[{"href":"https:\/\/abaa.mx\/tienda\/wp-json\/wp\/v2\/product"}],"about":[{"href":"https:\/\/abaa.mx\/tienda\/wp-json\/wp\/v2\/types\/product"}],"replies":[{"embeddable":true,"href":"https:\/\/abaa.mx\/tienda\/wp-json\/wp\/v2\/comments?post=8339"}],"wp:featuredmedia":[{"embeddable":true,"href":"https:\/\/abaa.mx\/tienda\/wp-json\/wp\/v2\/media\/10380"}],"wp:attachment":[{"href":"https:\/\/abaa.mx\/tienda\/wp-json\/wp\/v2\/media?parent=8339"}],"wp:term":[{"taxonomy":"product_brand","embeddable":true,"href":"https:\/\/abaa.mx\/tienda\/wp-json\/wp\/v2\/product_brand?post=8339"},{"taxonomy":"product_cat","embeddable":true,"href":"https:\/\/abaa.mx\/tienda\/wp-json\/wp\/v2\/product_cat?post=8339"},{"taxonomy":"product_tag","embeddable":true,"href":"https:\/\/abaa.mx\/tienda\/wp-json\/wp\/v2\/product_tag?post=8339"}],"curies":[{"name":"wp","href":"https:\/\/api.w.org\/{rel}","templated":true}]}}