{"id":8317,"date":"2023-10-31T20:01:28","date_gmt":"2023-10-31T20:01:28","guid":{"rendered":"https:\/\/abaa.mx\/tienda\/?post_type=product&#038;p=8317"},"modified":"2023-10-31T20:01:29","modified_gmt":"2023-10-31T20:01:29","slug":"esclerometro-digital-modelo-ht225v-con-impresora","status":"publish","type":"product","link":"https:\/\/abaa.mx\/tienda\/esclerometro-digital-modelo-ht225v-con-impresora\/","title":{"rendered":"Esclerometro digital Modelo HT225V con impresora"},"content":{"rendered":"<p>Esclerometro digital Modelo HT225V con impresora<\/p>\n","protected":false},"excerpt":{"rendered":"<p>Instrumento port\u00e1til de ensayos no desctructivos para probar la resistencia a la compresi\u00f3n de estructuras de hormig\u00f3n o piedra en el campo.La pantalla LCD muestra lecturas del valor de choque , el valor medio estimado, la desviaci\u00f3n est\u00e1ndar y la resistencia del preciso.<\/p>\n<h3>caracter\u00edsticas:<\/h3>\n<ul>\n<li>Extensi\u00f3n del resorte: 75m m<\/li>\n<li>Interfaz de comunicaciones: USB2.0 full-speed.<\/li>\n<li>Los valores medios del rebote en el yunque de acero: 80\u00b12<\/li>\n<li>Consumo de energ\u00eda: Contraluz m\u00e1ximo situation?100mA (voz apagado)<\/li>\n<li>Energ\u00eda: bater\u00eda de litio 3.6V\/1300mAH, adaptador 5V\/2A de la energ\u00eda de carga. El contraluz m\u00e1ximo, apaga los casos del discurso, trabajo continuo por 13 horas.<\/li>\n<li>Almacenaje de datos: los resultados de la prueba 300*100*16=480000, 20 curvas especiales de la fuerza de la prueba se pod\u00edan tambi\u00e9n pedir para agregar sus los propios.<\/li>\n<li>Constante del resorte: los 785N\/cm<\/li>\n<li>Rango de medici\u00f3n: 10-60MPa<\/li>\n<li>Energ\u00eda del impacto: 2.207J<\/li>\n<li>La consistencia de la muestra que demuestra valores: ?\u00b10.5 (diferencia del valor del muestreo de la salida de Digitaces con las lecturas del cursor)<\/li>\n<li>Exhibici\u00f3n: color verdadero de 16 bits, 176 * 220 resoluciones, ajuste del contraluz de 5 grados<\/li>\n<li>Cumple con norma ASTM C-805 y otras normas internacionales<\/li>\n<\/ul>\n","protected":false},"featured_media":8321,"comment_status":"open","ping_status":"closed","template":"","meta":{"_joinchat":[]},"product_brand":[],"product_cat":[96],"product_tag":[],"class_list":{"0":"post-8317","1":"product","2":"type-product","3":"status-publish","4":"has-post-thumbnail","6":"product_cat-acelerometros","8":"first","9":"instock","10":"shipping-taxable","11":"product-type-simple"},"yoast_head":"<!-- This site is optimized with the Yoast SEO plugin v26.4 - https:\/\/yoast.com\/wordpress\/plugins\/seo\/ -->\n<title>Esclerometro digital Modelo HT225V con impresora - Abaa tienda online<\/title>\n<meta name=\"robots\" content=\"index, follow, max-snippet:-1, max-image-preview:large, max-video-preview:-1\" \/>\n<link rel=\"canonical\" href=\"https:\/\/abaa.mx\/tienda\/esclerometro-digital-modelo-ht225v-con-impresora\/\" \/>\n<meta property=\"og:locale\" content=\"es_MX\" \/>\n<meta property=\"og:type\" content=\"article\" \/>\n<meta property=\"og:title\" content=\"Esclerometro digital Modelo HT225V con impresora - Abaa tienda online\" \/>\n<meta property=\"og:description\" content=\"Instrumento port\u00e1til de ensayos no desctructivos para probar la resistencia a la compresi\u00f3n de estructuras de hormig\u00f3n o piedra en el campo.La pantalla LCD muestra lecturas del valor de choque , el valor medio estimado, la desviaci\u00f3n est\u00e1ndar y la resistencia del preciso. caracter\u00edsticas:   Extensi\u00f3n del resorte: 75m m  Interfaz de comunicaciones: USB2.0 full-speed.  Los valores medios del rebote en el yunque de acero: 80\u00b12  Consumo de energ\u00eda: Contraluz m\u00e1ximo situation?100mA (voz apagado)  Energ\u00eda: bater\u00eda de litio 3.6V\/1300mAH, adaptador 5V\/2A de la energ\u00eda de carga. El contraluz m\u00e1ximo, apaga los casos del discurso, trabajo continuo por 13 horas.  Almacenaje de datos: los resultados de la prueba 300*100*16=480000, 20 curvas especiales de la fuerza de la prueba se pod\u00edan tambi\u00e9n pedir para agregar sus los propios.  Constante del resorte: los 785N\/cm  Rango de medici\u00f3n: 10-60MPa  Energ\u00eda del impacto: 2.207J  La consistencia de la muestra que demuestra valores: ?\u00b10.5 (diferencia del valor del muestreo de la salida de Digitaces con las lecturas del cursor)  Exhibici\u00f3n: color verdadero de 16 bits, 176 * 220 resoluciones, ajuste del contraluz de 5 grados  Cumple con norma ASTM C-805 y otras normas internacionales\" \/>\n<meta property=\"og:url\" content=\"https:\/\/abaa.mx\/tienda\/esclerometro-digital-modelo-ht225v-con-impresora\/\" \/>\n<meta property=\"og:site_name\" content=\"Abaa tienda online\" \/>\n<meta property=\"article:modified_time\" content=\"2023-10-31T20:01:29+00:00\" \/>\n<meta property=\"og:image\" content=\"https:\/\/abaa.mx\/tienda\/wp-content\/uploads\/2023\/10\/SGS-HT225V.jpg\" \/>\n\t<meta property=\"og:image:width\" content=\"395\" \/>\n\t<meta property=\"og:image:height\" content=\"469\" \/>\n\t<meta property=\"og:image:type\" content=\"image\/jpeg\" \/>\n<meta name=\"twitter:card\" content=\"summary_large_image\" \/>\n<meta name=\"twitter:label1\" content=\"Tiempo de lectura\" \/>\n\t<meta name=\"twitter:data1\" content=\"1 minuto\" \/>\n<script type=\"application\/ld+json\" class=\"yoast-schema-graph\">{\"@context\":\"https:\/\/schema.org\",\"@graph\":[{\"@type\":\"WebPage\",\"@id\":\"https:\/\/abaa.mx\/tienda\/esclerometro-digital-modelo-ht225v-con-impresora\/\",\"url\":\"https:\/\/abaa.mx\/tienda\/esclerometro-digital-modelo-ht225v-con-impresora\/\",\"name\":\"Esclerometro digital Modelo HT225V con impresora - Abaa tienda online\",\"isPartOf\":{\"@id\":\"https:\/\/abaa.mx\/tienda\/#website\"},\"primaryImageOfPage\":{\"@id\":\"https:\/\/abaa.mx\/tienda\/esclerometro-digital-modelo-ht225v-con-impresora\/#primaryimage\"},\"image\":{\"@id\":\"https:\/\/abaa.mx\/tienda\/esclerometro-digital-modelo-ht225v-con-impresora\/#primaryimage\"},\"thumbnailUrl\":\"https:\/\/abaa.mx\/tienda\/wp-content\/uploads\/2023\/10\/SGS-HT225V.jpg\",\"datePublished\":\"2023-10-31T20:01:28+00:00\",\"dateModified\":\"2023-10-31T20:01:29+00:00\",\"breadcrumb\":{\"@id\":\"https:\/\/abaa.mx\/tienda\/esclerometro-digital-modelo-ht225v-con-impresora\/#breadcrumb\"},\"inLanguage\":\"es\",\"potentialAction\":[{\"@type\":\"ReadAction\",\"target\":[\"https:\/\/abaa.mx\/tienda\/esclerometro-digital-modelo-ht225v-con-impresora\/\"]}]},{\"@type\":\"ImageObject\",\"inLanguage\":\"es\",\"@id\":\"https:\/\/abaa.mx\/tienda\/esclerometro-digital-modelo-ht225v-con-impresora\/#primaryimage\",\"url\":\"https:\/\/abaa.mx\/tienda\/wp-content\/uploads\/2023\/10\/SGS-HT225V.jpg\",\"contentUrl\":\"https:\/\/abaa.mx\/tienda\/wp-content\/uploads\/2023\/10\/SGS-HT225V.jpg\",\"width\":395,\"height\":469,\"caption\":\"SGS HT225V\"},{\"@type\":\"BreadcrumbList\",\"@id\":\"https:\/\/abaa.mx\/tienda\/esclerometro-digital-modelo-ht225v-con-impresora\/#breadcrumb\",\"itemListElement\":[{\"@type\":\"ListItem\",\"position\":1,\"name\":\"Inicio\",\"item\":\"https:\/\/abaa.mx\/tienda\/\"},{\"@type\":\"ListItem\",\"position\":2,\"name\":\"Tienda\",\"item\":\"https:\/\/abaa.mx\/tienda\/\"},{\"@type\":\"ListItem\",\"position\":3,\"name\":\"Esclerometro digital Modelo HT225V con impresora\"}]},{\"@type\":\"WebSite\",\"@id\":\"https:\/\/abaa.mx\/tienda\/#website\",\"url\":\"https:\/\/abaa.mx\/tienda\/\",\"name\":\"Abaa tienda online\",\"description\":\"Instrumentos de medici\u00f3n\",\"publisher\":{\"@id\":\"https:\/\/abaa.mx\/tienda\/#organization\"},\"potentialAction\":[{\"@type\":\"SearchAction\",\"target\":{\"@type\":\"EntryPoint\",\"urlTemplate\":\"https:\/\/abaa.mx\/tienda\/?s={search_term_string}\"},\"query-input\":{\"@type\":\"PropertyValueSpecification\",\"valueRequired\":true,\"valueName\":\"search_term_string\"}}],\"inLanguage\":\"es\"},{\"@type\":\"Organization\",\"@id\":\"https:\/\/abaa.mx\/tienda\/#organization\",\"name\":\"Abaa tienda online\",\"url\":\"https:\/\/abaa.mx\/tienda\/\",\"logo\":{\"@type\":\"ImageObject\",\"inLanguage\":\"es\",\"@id\":\"https:\/\/abaa.mx\/tienda\/#\/schema\/logo\/image\/\",\"url\":\"https:\/\/abaa.mx\/tienda\/wp-content\/uploads\/2024\/01\/abaa-metrologia-tienda.png\",\"contentUrl\":\"https:\/\/abaa.mx\/tienda\/wp-content\/uploads\/2024\/01\/abaa-metrologia-tienda.png\",\"width\":300,\"height\":141,\"caption\":\"Abaa tienda online\"},\"image\":{\"@id\":\"https:\/\/abaa.mx\/tienda\/#\/schema\/logo\/image\/\"}}]}<\/script>\n<!-- \/ Yoast SEO plugin. -->","yoast_head_json":{"title":"Esclerometro digital Modelo HT225V con impresora - Abaa tienda online","robots":{"index":"index","follow":"follow","max-snippet":"max-snippet:-1","max-image-preview":"max-image-preview:large","max-video-preview":"max-video-preview:-1"},"canonical":"https:\/\/abaa.mx\/tienda\/esclerometro-digital-modelo-ht225v-con-impresora\/","og_locale":"es_MX","og_type":"article","og_title":"Esclerometro digital Modelo HT225V con impresora - Abaa tienda online","og_description":"Instrumento port\u00e1til de ensayos no desctructivos para probar la resistencia a la compresi\u00f3n de estructuras de hormig\u00f3n o piedra en el campo.La pantalla LCD muestra lecturas del valor de choque , el valor medio estimado, la desviaci\u00f3n est\u00e1ndar y la resistencia del preciso. caracter\u00edsticas:   Extensi\u00f3n del resorte: 75m m  Interfaz de comunicaciones: USB2.0 full-speed.  Los valores medios del rebote en el yunque de acero: 80\u00b12  Consumo de energ\u00eda: Contraluz m\u00e1ximo situation?100mA (voz apagado)  Energ\u00eda: bater\u00eda de litio 3.6V\/1300mAH, adaptador 5V\/2A de la energ\u00eda de carga. El contraluz m\u00e1ximo, apaga los casos del discurso, trabajo continuo por 13 horas.  Almacenaje de datos: los resultados de la prueba 300*100*16=480000, 20 curvas especiales de la fuerza de la prueba se pod\u00edan tambi\u00e9n pedir para agregar sus los propios.  Constante del resorte: los 785N\/cm  Rango de medici\u00f3n: 10-60MPa  Energ\u00eda del impacto: 2.207J  La consistencia de la muestra que demuestra valores: ?\u00b10.5 (diferencia del valor del muestreo de la salida de Digitaces con las lecturas del cursor)  Exhibici\u00f3n: color verdadero de 16 bits, 176 * 220 resoluciones, ajuste del contraluz de 5 grados  Cumple con norma ASTM C-805 y otras normas internacionales","og_url":"https:\/\/abaa.mx\/tienda\/esclerometro-digital-modelo-ht225v-con-impresora\/","og_site_name":"Abaa tienda online","article_modified_time":"2023-10-31T20:01:29+00:00","og_image":[{"width":395,"height":469,"url":"https:\/\/abaa.mx\/tienda\/wp-content\/uploads\/2023\/10\/SGS-HT225V.jpg","type":"image\/jpeg"}],"twitter_card":"summary_large_image","twitter_misc":{"Tiempo de lectura":"1 minuto"},"schema":{"@context":"https:\/\/schema.org","@graph":[{"@type":"WebPage","@id":"https:\/\/abaa.mx\/tienda\/esclerometro-digital-modelo-ht225v-con-impresora\/","url":"https:\/\/abaa.mx\/tienda\/esclerometro-digital-modelo-ht225v-con-impresora\/","name":"Esclerometro digital Modelo HT225V con impresora - Abaa tienda online","isPartOf":{"@id":"https:\/\/abaa.mx\/tienda\/#website"},"primaryImageOfPage":{"@id":"https:\/\/abaa.mx\/tienda\/esclerometro-digital-modelo-ht225v-con-impresora\/#primaryimage"},"image":{"@id":"https:\/\/abaa.mx\/tienda\/esclerometro-digital-modelo-ht225v-con-impresora\/#primaryimage"},"thumbnailUrl":"https:\/\/abaa.mx\/tienda\/wp-content\/uploads\/2023\/10\/SGS-HT225V.jpg","datePublished":"2023-10-31T20:01:28+00:00","dateModified":"2023-10-31T20:01:29+00:00","breadcrumb":{"@id":"https:\/\/abaa.mx\/tienda\/esclerometro-digital-modelo-ht225v-con-impresora\/#breadcrumb"},"inLanguage":"es","potentialAction":[{"@type":"ReadAction","target":["https:\/\/abaa.mx\/tienda\/esclerometro-digital-modelo-ht225v-con-impresora\/"]}]},{"@type":"ImageObject","inLanguage":"es","@id":"https:\/\/abaa.mx\/tienda\/esclerometro-digital-modelo-ht225v-con-impresora\/#primaryimage","url":"https:\/\/abaa.mx\/tienda\/wp-content\/uploads\/2023\/10\/SGS-HT225V.jpg","contentUrl":"https:\/\/abaa.mx\/tienda\/wp-content\/uploads\/2023\/10\/SGS-HT225V.jpg","width":395,"height":469,"caption":"SGS HT225V"},{"@type":"BreadcrumbList","@id":"https:\/\/abaa.mx\/tienda\/esclerometro-digital-modelo-ht225v-con-impresora\/#breadcrumb","itemListElement":[{"@type":"ListItem","position":1,"name":"Inicio","item":"https:\/\/abaa.mx\/tienda\/"},{"@type":"ListItem","position":2,"name":"Tienda","item":"https:\/\/abaa.mx\/tienda\/"},{"@type":"ListItem","position":3,"name":"Esclerometro digital Modelo HT225V con impresora"}]},{"@type":"WebSite","@id":"https:\/\/abaa.mx\/tienda\/#website","url":"https:\/\/abaa.mx\/tienda\/","name":"Abaa tienda online","description":"Instrumentos de medici\u00f3n","publisher":{"@id":"https:\/\/abaa.mx\/tienda\/#organization"},"potentialAction":[{"@type":"SearchAction","target":{"@type":"EntryPoint","urlTemplate":"https:\/\/abaa.mx\/tienda\/?s={search_term_string}"},"query-input":{"@type":"PropertyValueSpecification","valueRequired":true,"valueName":"search_term_string"}}],"inLanguage":"es"},{"@type":"Organization","@id":"https:\/\/abaa.mx\/tienda\/#organization","name":"Abaa tienda online","url":"https:\/\/abaa.mx\/tienda\/","logo":{"@type":"ImageObject","inLanguage":"es","@id":"https:\/\/abaa.mx\/tienda\/#\/schema\/logo\/image\/","url":"https:\/\/abaa.mx\/tienda\/wp-content\/uploads\/2024\/01\/abaa-metrologia-tienda.png","contentUrl":"https:\/\/abaa.mx\/tienda\/wp-content\/uploads\/2024\/01\/abaa-metrologia-tienda.png","width":300,"height":141,"caption":"Abaa tienda online"},"image":{"@id":"https:\/\/abaa.mx\/tienda\/#\/schema\/logo\/image\/"}}]}},"_links":{"self":[{"href":"https:\/\/abaa.mx\/tienda\/wp-json\/wp\/v2\/product\/8317","targetHints":{"allow":["GET"]}}],"collection":[{"href":"https:\/\/abaa.mx\/tienda\/wp-json\/wp\/v2\/product"}],"about":[{"href":"https:\/\/abaa.mx\/tienda\/wp-json\/wp\/v2\/types\/product"}],"replies":[{"embeddable":true,"href":"https:\/\/abaa.mx\/tienda\/wp-json\/wp\/v2\/comments?post=8317"}],"wp:featuredmedia":[{"embeddable":true,"href":"https:\/\/abaa.mx\/tienda\/wp-json\/wp\/v2\/media\/8321"}],"wp:attachment":[{"href":"https:\/\/abaa.mx\/tienda\/wp-json\/wp\/v2\/media?parent=8317"}],"wp:term":[{"taxonomy":"product_brand","embeddable":true,"href":"https:\/\/abaa.mx\/tienda\/wp-json\/wp\/v2\/product_brand?post=8317"},{"taxonomy":"product_cat","embeddable":true,"href":"https:\/\/abaa.mx\/tienda\/wp-json\/wp\/v2\/product_cat?post=8317"},{"taxonomy":"product_tag","embeddable":true,"href":"https:\/\/abaa.mx\/tienda\/wp-json\/wp\/v2\/product_tag?post=8317"}],"curies":[{"name":"wp","href":"https:\/\/api.w.org\/{rel}","templated":true}]}}