{"id":8316,"date":"2023-10-31T20:00:43","date_gmt":"2023-10-31T20:00:43","guid":{"rendered":"https:\/\/abaa.mx\/tienda\/?post_type=product&#038;p=8316"},"modified":"2023-11-13T17:00:20","modified_gmt":"2023-11-13T17:00:20","slug":"elitech-tlog-100ec-series-registrador-de-datos-de-temperatura-y-humedad-ultra-baja","status":"publish","type":"product","link":"https:\/\/abaa.mx\/tienda\/elitech-tlog-100ec-series-registrador-de-datos-de-temperatura-y-humedad-ultra-baja\/","title":{"rendered":"Elitech tlog 100ec series registrador de datos de temperatura y humedad ultra baja"},"content":{"rendered":"<p>El registrador se utiliza para proporcionar un monitoreo continuo de la temperatura y registrar la temperatura de alimentos, productos farmac\u00e9uticos, hielo seco y otros productos durante su almacenamiento y transporte, y en cada etapa de la log\u00edstica de la cadena de fr\u00edo, como contenedores \/ camiones refrigerados, bolsas de enfriamiento, gabinetes de enfriamiento, gabinetes m\u00e9dicos, congeladores y laboratorios. Elitech Tlog 100EC que viene con un puerto USB incorporado es un mini registrador de datos port\u00e1til ultrafr\u00edo perfectamente adecuado para el uso en cadena de fr\u00edo.<\/p>\n<p>&nbsp;<\/p>\n<p><strong>Especificaciones:\u00a0<\/strong><\/p>\n<ul>\n<li>Rango de medici\u00f3n: -85 \u00e6 ~ 150 \/ -121 \u0308H ~ 302 \u0308H. Resoluci\u00f3n:0.1\u00a1\u00e6.<\/li>\n<li>Precisi\u00f3n: Temperatura: \u00a1\u00c00.3\u00a1\u00e6(-20\u00a1\u00e6~+40\u00a1\u00e6); \u00a1\u00c00.5\u00a1\u00e6(otros).<\/li>\n<li>Tipo de sensor: Sensores de temperatura externos.<\/li>\n<li>Memoria: 32000 puntos (MAX).<\/li>\n<li>Intervalo de registro: 10 segundos ~ 24 horas (10 minutos por defecto).<\/li>\n<li>Modo de inicio: Bot\u00f3n o software.<\/li>\n<li>Modo de parada: Bot\u00f3n, software o parada cuando est\u00e1 lleno.<\/li>\n<li>Umbrales de alarma: Temperatura: hasta 3 l\u00edmites altos y 2 l\u00edmites bajos.<\/li>\n<li>Dimensiones: 115,5 mm x 47 mm x 16,2 mm (largo x ancho x alto).<\/li>\n<li>Tipo de alarma: \u00danica\/Acumulativa.<\/li>\n<li>Transmisi\u00f3n de datos: puerto USB.<\/li>\n<li>Tipo de informe: Formato PDF.<\/li>\n<li>Bater\u00eda: Bater\u00eda de litio de un solo uso CR2450 de 3,0 V.<\/li>\n<li>Duraci\u00f3n de la bater\u00eda: 2 a\u00f1os (almacenada y utilizada en un entorno de temperatura normal).<\/li>\n<li>Grado de protecci\u00f3n: IP67.<\/li>\n<li>Peso: 70g.<\/li>\n<li>Longitud de la sonda: 107 cm (42&#8243;).<\/li>\n<\/ul>\n","protected":false},"excerpt":{"rendered":"<p>Elitech Tlog 100EC es una soluci\u00f3n ideal para monitorear las temperaturas de tr\u00e1nsito y almacenamiento de muestras biol\u00f3gicas (es decir, tejidos, sangre, etc.) y productos biom\u00e9dicos\/farmacol\u00f3gicos\/alimenticios sensibles a la temperatura que requieren temperaturas ultrabajas para mantener su estabilidad.<\/p>\n","protected":false},"featured_media":8320,"comment_status":"open","ping_status":"closed","template":"","meta":{"_joinchat":[]},"product_brand":[],"product_cat":[15],"product_tag":[],"class_list":{"0":"post-8316","1":"product","2":"type-product","3":"status-publish","4":"has-post-thumbnail","6":"product_cat-sin-categorizar","8":"first","9":"instock","10":"shipping-taxable","11":"product-type-simple"},"yoast_head":"<!-- This site is optimized with the Yoast SEO plugin v26.4 - https:\/\/yoast.com\/wordpress\/plugins\/seo\/ -->\n<title>Elitech tlog 100ec series registrador de datos de temperatura y humedad ultra baja - Abaa tienda online<\/title>\n<meta name=\"robots\" content=\"index, follow, max-snippet:-1, max-image-preview:large, max-video-preview:-1\" \/>\n<link rel=\"canonical\" href=\"https:\/\/abaa.mx\/tienda\/elitech-tlog-100ec-series-registrador-de-datos-de-temperatura-y-humedad-ultra-baja\/\" \/>\n<meta property=\"og:locale\" content=\"es_MX\" \/>\n<meta property=\"og:type\" content=\"article\" \/>\n<meta property=\"og:title\" content=\"Elitech tlog 100ec series registrador de datos de temperatura y humedad ultra baja - Abaa tienda online\" \/>\n<meta property=\"og:description\" content=\"Elitech Tlog 100EC es una soluci\u00f3n ideal para monitorear las temperaturas de tr\u00e1nsito y almacenamiento de muestras biol\u00f3gicas (es decir, tejidos, sangre, etc.) y productos biom\u00e9dicos\/farmacol\u00f3gicos\/alimenticios sensibles a la temperatura que requieren temperaturas ultrabajas para mantener su estabilidad.\" \/>\n<meta property=\"og:url\" content=\"https:\/\/abaa.mx\/tienda\/elitech-tlog-100ec-series-registrador-de-datos-de-temperatura-y-humedad-ultra-baja\/\" \/>\n<meta property=\"og:site_name\" content=\"Abaa tienda online\" \/>\n<meta property=\"article:modified_time\" content=\"2023-11-13T17:00:20+00:00\" \/>\n<meta property=\"og:image\" content=\"https:\/\/abaa.mx\/tienda\/wp-content\/uploads\/2023\/10\/Elitech-Tlog-100EC.jpg\" \/>\n\t<meta property=\"og:image:width\" content=\"474\" \/>\n\t<meta property=\"og:image:height\" content=\"474\" \/>\n\t<meta property=\"og:image:type\" content=\"image\/jpeg\" \/>\n<meta name=\"twitter:card\" content=\"summary_large_image\" \/>\n<meta name=\"twitter:label1\" content=\"Tiempo de lectura\" \/>\n\t<meta name=\"twitter:data1\" content=\"2 minutos\" \/>\n<script type=\"application\/ld+json\" class=\"yoast-schema-graph\">{\"@context\":\"https:\/\/schema.org\",\"@graph\":[{\"@type\":\"WebPage\",\"@id\":\"https:\/\/abaa.mx\/tienda\/elitech-tlog-100ec-series-registrador-de-datos-de-temperatura-y-humedad-ultra-baja\/\",\"url\":\"https:\/\/abaa.mx\/tienda\/elitech-tlog-100ec-series-registrador-de-datos-de-temperatura-y-humedad-ultra-baja\/\",\"name\":\"Elitech tlog 100ec series registrador de datos de temperatura y humedad ultra baja - Abaa tienda online\",\"isPartOf\":{\"@id\":\"https:\/\/abaa.mx\/tienda\/#website\"},\"primaryImageOfPage\":{\"@id\":\"https:\/\/abaa.mx\/tienda\/elitech-tlog-100ec-series-registrador-de-datos-de-temperatura-y-humedad-ultra-baja\/#primaryimage\"},\"image\":{\"@id\":\"https:\/\/abaa.mx\/tienda\/elitech-tlog-100ec-series-registrador-de-datos-de-temperatura-y-humedad-ultra-baja\/#primaryimage\"},\"thumbnailUrl\":\"https:\/\/abaa.mx\/tienda\/wp-content\/uploads\/2023\/10\/Elitech-Tlog-100EC.jpg\",\"datePublished\":\"2023-10-31T20:00:43+00:00\",\"dateModified\":\"2023-11-13T17:00:20+00:00\",\"breadcrumb\":{\"@id\":\"https:\/\/abaa.mx\/tienda\/elitech-tlog-100ec-series-registrador-de-datos-de-temperatura-y-humedad-ultra-baja\/#breadcrumb\"},\"inLanguage\":\"es\",\"potentialAction\":[{\"@type\":\"ReadAction\",\"target\":[\"https:\/\/abaa.mx\/tienda\/elitech-tlog-100ec-series-registrador-de-datos-de-temperatura-y-humedad-ultra-baja\/\"]}]},{\"@type\":\"ImageObject\",\"inLanguage\":\"es\",\"@id\":\"https:\/\/abaa.mx\/tienda\/elitech-tlog-100ec-series-registrador-de-datos-de-temperatura-y-humedad-ultra-baja\/#primaryimage\",\"url\":\"https:\/\/abaa.mx\/tienda\/wp-content\/uploads\/2023\/10\/Elitech-Tlog-100EC.jpg\",\"contentUrl\":\"https:\/\/abaa.mx\/tienda\/wp-content\/uploads\/2023\/10\/Elitech-Tlog-100EC.jpg\",\"width\":474,\"height\":474,\"caption\":\"Elitech Tlog 100EC\"},{\"@type\":\"BreadcrumbList\",\"@id\":\"https:\/\/abaa.mx\/tienda\/elitech-tlog-100ec-series-registrador-de-datos-de-temperatura-y-humedad-ultra-baja\/#breadcrumb\",\"itemListElement\":[{\"@type\":\"ListItem\",\"position\":1,\"name\":\"Inicio\",\"item\":\"https:\/\/abaa.mx\/tienda\/\"},{\"@type\":\"ListItem\",\"position\":2,\"name\":\"Tienda\",\"item\":\"https:\/\/abaa.mx\/tienda\/\"},{\"@type\":\"ListItem\",\"position\":3,\"name\":\"Elitech tlog 100ec series registrador de datos de temperatura y humedad ultra baja\"}]},{\"@type\":\"WebSite\",\"@id\":\"https:\/\/abaa.mx\/tienda\/#website\",\"url\":\"https:\/\/abaa.mx\/tienda\/\",\"name\":\"Abaa tienda online\",\"description\":\"Instrumentos de medici\u00f3n\",\"publisher\":{\"@id\":\"https:\/\/abaa.mx\/tienda\/#organization\"},\"potentialAction\":[{\"@type\":\"SearchAction\",\"target\":{\"@type\":\"EntryPoint\",\"urlTemplate\":\"https:\/\/abaa.mx\/tienda\/?s={search_term_string}\"},\"query-input\":{\"@type\":\"PropertyValueSpecification\",\"valueRequired\":true,\"valueName\":\"search_term_string\"}}],\"inLanguage\":\"es\"},{\"@type\":\"Organization\",\"@id\":\"https:\/\/abaa.mx\/tienda\/#organization\",\"name\":\"Abaa tienda online\",\"url\":\"https:\/\/abaa.mx\/tienda\/\",\"logo\":{\"@type\":\"ImageObject\",\"inLanguage\":\"es\",\"@id\":\"https:\/\/abaa.mx\/tienda\/#\/schema\/logo\/image\/\",\"url\":\"https:\/\/abaa.mx\/tienda\/wp-content\/uploads\/2024\/01\/abaa-metrologia-tienda.png\",\"contentUrl\":\"https:\/\/abaa.mx\/tienda\/wp-content\/uploads\/2024\/01\/abaa-metrologia-tienda.png\",\"width\":300,\"height\":141,\"caption\":\"Abaa tienda online\"},\"image\":{\"@id\":\"https:\/\/abaa.mx\/tienda\/#\/schema\/logo\/image\/\"}}]}<\/script>\n<!-- \/ Yoast SEO plugin. -->","yoast_head_json":{"title":"Elitech tlog 100ec series registrador de datos de temperatura y humedad ultra baja - Abaa tienda online","robots":{"index":"index","follow":"follow","max-snippet":"max-snippet:-1","max-image-preview":"max-image-preview:large","max-video-preview":"max-video-preview:-1"},"canonical":"https:\/\/abaa.mx\/tienda\/elitech-tlog-100ec-series-registrador-de-datos-de-temperatura-y-humedad-ultra-baja\/","og_locale":"es_MX","og_type":"article","og_title":"Elitech tlog 100ec series registrador de datos de temperatura y humedad ultra baja - Abaa tienda online","og_description":"Elitech Tlog 100EC es una soluci\u00f3n ideal para monitorear las temperaturas de tr\u00e1nsito y almacenamiento de muestras biol\u00f3gicas (es decir, tejidos, sangre, etc.) y productos biom\u00e9dicos\/farmacol\u00f3gicos\/alimenticios sensibles a la temperatura que requieren temperaturas ultrabajas para mantener su estabilidad.","og_url":"https:\/\/abaa.mx\/tienda\/elitech-tlog-100ec-series-registrador-de-datos-de-temperatura-y-humedad-ultra-baja\/","og_site_name":"Abaa tienda online","article_modified_time":"2023-11-13T17:00:20+00:00","og_image":[{"width":474,"height":474,"url":"https:\/\/abaa.mx\/tienda\/wp-content\/uploads\/2023\/10\/Elitech-Tlog-100EC.jpg","type":"image\/jpeg"}],"twitter_card":"summary_large_image","twitter_misc":{"Tiempo de lectura":"2 minutos"},"schema":{"@context":"https:\/\/schema.org","@graph":[{"@type":"WebPage","@id":"https:\/\/abaa.mx\/tienda\/elitech-tlog-100ec-series-registrador-de-datos-de-temperatura-y-humedad-ultra-baja\/","url":"https:\/\/abaa.mx\/tienda\/elitech-tlog-100ec-series-registrador-de-datos-de-temperatura-y-humedad-ultra-baja\/","name":"Elitech tlog 100ec series registrador de datos de temperatura y humedad ultra baja - Abaa tienda online","isPartOf":{"@id":"https:\/\/abaa.mx\/tienda\/#website"},"primaryImageOfPage":{"@id":"https:\/\/abaa.mx\/tienda\/elitech-tlog-100ec-series-registrador-de-datos-de-temperatura-y-humedad-ultra-baja\/#primaryimage"},"image":{"@id":"https:\/\/abaa.mx\/tienda\/elitech-tlog-100ec-series-registrador-de-datos-de-temperatura-y-humedad-ultra-baja\/#primaryimage"},"thumbnailUrl":"https:\/\/abaa.mx\/tienda\/wp-content\/uploads\/2023\/10\/Elitech-Tlog-100EC.jpg","datePublished":"2023-10-31T20:00:43+00:00","dateModified":"2023-11-13T17:00:20+00:00","breadcrumb":{"@id":"https:\/\/abaa.mx\/tienda\/elitech-tlog-100ec-series-registrador-de-datos-de-temperatura-y-humedad-ultra-baja\/#breadcrumb"},"inLanguage":"es","potentialAction":[{"@type":"ReadAction","target":["https:\/\/abaa.mx\/tienda\/elitech-tlog-100ec-series-registrador-de-datos-de-temperatura-y-humedad-ultra-baja\/"]}]},{"@type":"ImageObject","inLanguage":"es","@id":"https:\/\/abaa.mx\/tienda\/elitech-tlog-100ec-series-registrador-de-datos-de-temperatura-y-humedad-ultra-baja\/#primaryimage","url":"https:\/\/abaa.mx\/tienda\/wp-content\/uploads\/2023\/10\/Elitech-Tlog-100EC.jpg","contentUrl":"https:\/\/abaa.mx\/tienda\/wp-content\/uploads\/2023\/10\/Elitech-Tlog-100EC.jpg","width":474,"height":474,"caption":"Elitech Tlog 100EC"},{"@type":"BreadcrumbList","@id":"https:\/\/abaa.mx\/tienda\/elitech-tlog-100ec-series-registrador-de-datos-de-temperatura-y-humedad-ultra-baja\/#breadcrumb","itemListElement":[{"@type":"ListItem","position":1,"name":"Inicio","item":"https:\/\/abaa.mx\/tienda\/"},{"@type":"ListItem","position":2,"name":"Tienda","item":"https:\/\/abaa.mx\/tienda\/"},{"@type":"ListItem","position":3,"name":"Elitech tlog 100ec series registrador de datos de temperatura y humedad ultra baja"}]},{"@type":"WebSite","@id":"https:\/\/abaa.mx\/tienda\/#website","url":"https:\/\/abaa.mx\/tienda\/","name":"Abaa tienda online","description":"Instrumentos de medici\u00f3n","publisher":{"@id":"https:\/\/abaa.mx\/tienda\/#organization"},"potentialAction":[{"@type":"SearchAction","target":{"@type":"EntryPoint","urlTemplate":"https:\/\/abaa.mx\/tienda\/?s={search_term_string}"},"query-input":{"@type":"PropertyValueSpecification","valueRequired":true,"valueName":"search_term_string"}}],"inLanguage":"es"},{"@type":"Organization","@id":"https:\/\/abaa.mx\/tienda\/#organization","name":"Abaa tienda online","url":"https:\/\/abaa.mx\/tienda\/","logo":{"@type":"ImageObject","inLanguage":"es","@id":"https:\/\/abaa.mx\/tienda\/#\/schema\/logo\/image\/","url":"https:\/\/abaa.mx\/tienda\/wp-content\/uploads\/2024\/01\/abaa-metrologia-tienda.png","contentUrl":"https:\/\/abaa.mx\/tienda\/wp-content\/uploads\/2024\/01\/abaa-metrologia-tienda.png","width":300,"height":141,"caption":"Abaa tienda online"},"image":{"@id":"https:\/\/abaa.mx\/tienda\/#\/schema\/logo\/image\/"}}]}},"_links":{"self":[{"href":"https:\/\/abaa.mx\/tienda\/wp-json\/wp\/v2\/product\/8316","targetHints":{"allow":["GET"]}}],"collection":[{"href":"https:\/\/abaa.mx\/tienda\/wp-json\/wp\/v2\/product"}],"about":[{"href":"https:\/\/abaa.mx\/tienda\/wp-json\/wp\/v2\/types\/product"}],"replies":[{"embeddable":true,"href":"https:\/\/abaa.mx\/tienda\/wp-json\/wp\/v2\/comments?post=8316"}],"wp:featuredmedia":[{"embeddable":true,"href":"https:\/\/abaa.mx\/tienda\/wp-json\/wp\/v2\/media\/8320"}],"wp:attachment":[{"href":"https:\/\/abaa.mx\/tienda\/wp-json\/wp\/v2\/media?parent=8316"}],"wp:term":[{"taxonomy":"product_brand","embeddable":true,"href":"https:\/\/abaa.mx\/tienda\/wp-json\/wp\/v2\/product_brand?post=8316"},{"taxonomy":"product_cat","embeddable":true,"href":"https:\/\/abaa.mx\/tienda\/wp-json\/wp\/v2\/product_cat?post=8316"},{"taxonomy":"product_tag","embeddable":true,"href":"https:\/\/abaa.mx\/tienda\/wp-json\/wp\/v2\/product_tag?post=8316"}],"curies":[{"name":"wp","href":"https:\/\/api.w.org\/{rel}","templated":true}]}}