{"id":8294,"date":"2023-10-31T16:55:33","date_gmt":"2023-10-31T16:55:33","guid":{"rendered":"https:\/\/abaa.mx\/tienda\/?post_type=product&#038;p=8294"},"modified":"2023-10-31T16:56:13","modified_gmt":"2023-10-31T16:56:13","slug":"durometro-automatico-para-pastillas-yd1","status":"publish","type":"product","link":"https:\/\/abaa.mx\/tienda\/durometro-automatico-para-pastillas-yd1\/","title":{"rendered":"Dur\u00f3metro Autom\u00e1tico para Pastillas &#8211; YD1"},"content":{"rendered":"<p>Dur\u00f3metro Autom\u00e1tico para Pastillas &#8211; YD1<\/p>\n","protected":false},"excerpt":{"rendered":"<p><b>Especificaciones:<\/b><\/p>\n<ul>\n<li>Peso: 5 kg.<\/li>\n<li>Dimensiones: 320\u00d7200\u00d7100 mm.<\/li>\n<li>Horas de trabajo continuo: &gt;24 horas.<\/li>\n<li>Rango de di\u00e1metro de prueba: Pastillas de 3 a 20 mm.<\/li>\n<li>Precisi\u00f3n de dureza: +\/-0.5%.<\/li>\n<li>Rango de dureza: 2 a 199.9 N, 0.2 a 20 kgf.<\/li>\n<li>Suministro de energ\u00eda: 110 VCA\/60Hz, 220 VCA\/50HZ.<\/li>\n<li>Energ\u00eda: 10W.<\/li>\n<\/ul>\n","protected":false},"featured_media":8295,"comment_status":"open","ping_status":"closed","template":"","meta":{"_joinchat":[]},"product_brand":[],"product_cat":[95],"product_tag":[],"class_list":{"0":"post-8294","1":"product","2":"type-product","3":"status-publish","4":"has-post-thumbnail","6":"product_cat-durometro","8":"first","9":"instock","10":"shipping-taxable","11":"product-type-simple"},"yoast_head":"<!-- This site is optimized with the Yoast SEO plugin v26.4 - https:\/\/yoast.com\/wordpress\/plugins\/seo\/ -->\n<title>Dur\u00f3metro Autom\u00e1tico para Pastillas - YD1 - Abaa tienda online<\/title>\n<meta name=\"robots\" content=\"index, follow, max-snippet:-1, max-image-preview:large, max-video-preview:-1\" \/>\n<link rel=\"canonical\" href=\"https:\/\/abaa.mx\/tienda\/durometro-automatico-para-pastillas-yd1\/\" \/>\n<meta property=\"og:locale\" content=\"es_MX\" \/>\n<meta property=\"og:type\" content=\"article\" \/>\n<meta property=\"og:title\" content=\"Dur\u00f3metro Autom\u00e1tico para Pastillas - YD1 - Abaa tienda online\" \/>\n<meta property=\"og:description\" content=\"Especificaciones:   Peso: 5 kg.  Dimensiones: 320\u00d7200\u00d7100 mm.  Horas de trabajo continuo: &gt;24 horas.  Rango de di\u00e1metro de prueba: Pastillas de 3 a 20 mm.  Precisi\u00f3n de dureza: +\/-0.5%.  Rango de dureza: 2 a 199.9 N, 0.2 a 20 kgf.  Suministro de energ\u00eda: 110 VCA\/60Hz, 220 VCA\/50HZ.  Energ\u00eda: 10W.\" \/>\n<meta property=\"og:url\" content=\"https:\/\/abaa.mx\/tienda\/durometro-automatico-para-pastillas-yd1\/\" \/>\n<meta property=\"og:site_name\" content=\"Abaa tienda online\" \/>\n<meta property=\"article:modified_time\" content=\"2023-10-31T16:56:13+00:00\" \/>\n<meta property=\"og:image\" content=\"https:\/\/abaa.mx\/tienda\/wp-content\/uploads\/2023\/10\/FLIGTH-PHARMACEUTICAL-YD1.jpg\" \/>\n\t<meta property=\"og:image:width\" content=\"975\" \/>\n\t<meta property=\"og:image:height\" content=\"554\" \/>\n\t<meta property=\"og:image:type\" content=\"image\/jpeg\" \/>\n<meta name=\"twitter:card\" content=\"summary_large_image\" \/>\n<meta name=\"twitter:label1\" content=\"Tiempo de lectura\" \/>\n\t<meta name=\"twitter:data1\" content=\"1 minuto\" \/>\n<script type=\"application\/ld+json\" class=\"yoast-schema-graph\">{\"@context\":\"https:\/\/schema.org\",\"@graph\":[{\"@type\":\"WebPage\",\"@id\":\"https:\/\/abaa.mx\/tienda\/durometro-automatico-para-pastillas-yd1\/\",\"url\":\"https:\/\/abaa.mx\/tienda\/durometro-automatico-para-pastillas-yd1\/\",\"name\":\"Dur\u00f3metro Autom\u00e1tico para Pastillas - YD1 - Abaa tienda online\",\"isPartOf\":{\"@id\":\"https:\/\/abaa.mx\/tienda\/#website\"},\"primaryImageOfPage\":{\"@id\":\"https:\/\/abaa.mx\/tienda\/durometro-automatico-para-pastillas-yd1\/#primaryimage\"},\"image\":{\"@id\":\"https:\/\/abaa.mx\/tienda\/durometro-automatico-para-pastillas-yd1\/#primaryimage\"},\"thumbnailUrl\":\"https:\/\/abaa.mx\/tienda\/wp-content\/uploads\/2023\/10\/FLIGTH-PHARMACEUTICAL-YD1.jpg\",\"datePublished\":\"2023-10-31T16:55:33+00:00\",\"dateModified\":\"2023-10-31T16:56:13+00:00\",\"breadcrumb\":{\"@id\":\"https:\/\/abaa.mx\/tienda\/durometro-automatico-para-pastillas-yd1\/#breadcrumb\"},\"inLanguage\":\"es\",\"potentialAction\":[{\"@type\":\"ReadAction\",\"target\":[\"https:\/\/abaa.mx\/tienda\/durometro-automatico-para-pastillas-yd1\/\"]}]},{\"@type\":\"ImageObject\",\"inLanguage\":\"es\",\"@id\":\"https:\/\/abaa.mx\/tienda\/durometro-automatico-para-pastillas-yd1\/#primaryimage\",\"url\":\"https:\/\/abaa.mx\/tienda\/wp-content\/uploads\/2023\/10\/FLIGTH-PHARMACEUTICAL-YD1.jpg\",\"contentUrl\":\"https:\/\/abaa.mx\/tienda\/wp-content\/uploads\/2023\/10\/FLIGTH-PHARMACEUTICAL-YD1.jpg\",\"width\":975,\"height\":554,\"caption\":\"FLIGTH PHARMACEUTICAL-YD1\"},{\"@type\":\"BreadcrumbList\",\"@id\":\"https:\/\/abaa.mx\/tienda\/durometro-automatico-para-pastillas-yd1\/#breadcrumb\",\"itemListElement\":[{\"@type\":\"ListItem\",\"position\":1,\"name\":\"Inicio\",\"item\":\"https:\/\/abaa.mx\/tienda\/\"},{\"@type\":\"ListItem\",\"position\":2,\"name\":\"Tienda\",\"item\":\"https:\/\/abaa.mx\/tienda\/\"},{\"@type\":\"ListItem\",\"position\":3,\"name\":\"Dur\u00f3metro Autom\u00e1tico para Pastillas &#8211; YD1\"}]},{\"@type\":\"WebSite\",\"@id\":\"https:\/\/abaa.mx\/tienda\/#website\",\"url\":\"https:\/\/abaa.mx\/tienda\/\",\"name\":\"Abaa tienda online\",\"description\":\"Instrumentos de medici\u00f3n\",\"publisher\":{\"@id\":\"https:\/\/abaa.mx\/tienda\/#organization\"},\"potentialAction\":[{\"@type\":\"SearchAction\",\"target\":{\"@type\":\"EntryPoint\",\"urlTemplate\":\"https:\/\/abaa.mx\/tienda\/?s={search_term_string}\"},\"query-input\":{\"@type\":\"PropertyValueSpecification\",\"valueRequired\":true,\"valueName\":\"search_term_string\"}}],\"inLanguage\":\"es\"},{\"@type\":\"Organization\",\"@id\":\"https:\/\/abaa.mx\/tienda\/#organization\",\"name\":\"Abaa tienda online\",\"url\":\"https:\/\/abaa.mx\/tienda\/\",\"logo\":{\"@type\":\"ImageObject\",\"inLanguage\":\"es\",\"@id\":\"https:\/\/abaa.mx\/tienda\/#\/schema\/logo\/image\/\",\"url\":\"https:\/\/abaa.mx\/tienda\/wp-content\/uploads\/2024\/01\/abaa-metrologia-tienda.png\",\"contentUrl\":\"https:\/\/abaa.mx\/tienda\/wp-content\/uploads\/2024\/01\/abaa-metrologia-tienda.png\",\"width\":300,\"height\":141,\"caption\":\"Abaa tienda online\"},\"image\":{\"@id\":\"https:\/\/abaa.mx\/tienda\/#\/schema\/logo\/image\/\"}}]}<\/script>\n<!-- \/ Yoast SEO plugin. -->","yoast_head_json":{"title":"Dur\u00f3metro Autom\u00e1tico para Pastillas - YD1 - Abaa tienda online","robots":{"index":"index","follow":"follow","max-snippet":"max-snippet:-1","max-image-preview":"max-image-preview:large","max-video-preview":"max-video-preview:-1"},"canonical":"https:\/\/abaa.mx\/tienda\/durometro-automatico-para-pastillas-yd1\/","og_locale":"es_MX","og_type":"article","og_title":"Dur\u00f3metro Autom\u00e1tico para Pastillas - YD1 - Abaa tienda online","og_description":"Especificaciones:   Peso: 5 kg.  Dimensiones: 320\u00d7200\u00d7100 mm.  Horas de trabajo continuo: &gt;24 horas.  Rango de di\u00e1metro de prueba: Pastillas de 3 a 20 mm.  Precisi\u00f3n de dureza: +\/-0.5%.  Rango de dureza: 2 a 199.9 N, 0.2 a 20 kgf.  Suministro de energ\u00eda: 110 VCA\/60Hz, 220 VCA\/50HZ.  Energ\u00eda: 10W.","og_url":"https:\/\/abaa.mx\/tienda\/durometro-automatico-para-pastillas-yd1\/","og_site_name":"Abaa tienda online","article_modified_time":"2023-10-31T16:56:13+00:00","og_image":[{"width":975,"height":554,"url":"https:\/\/abaa.mx\/tienda\/wp-content\/uploads\/2023\/10\/FLIGTH-PHARMACEUTICAL-YD1.jpg","type":"image\/jpeg"}],"twitter_card":"summary_large_image","twitter_misc":{"Tiempo de lectura":"1 minuto"},"schema":{"@context":"https:\/\/schema.org","@graph":[{"@type":"WebPage","@id":"https:\/\/abaa.mx\/tienda\/durometro-automatico-para-pastillas-yd1\/","url":"https:\/\/abaa.mx\/tienda\/durometro-automatico-para-pastillas-yd1\/","name":"Dur\u00f3metro Autom\u00e1tico para Pastillas - YD1 - Abaa tienda online","isPartOf":{"@id":"https:\/\/abaa.mx\/tienda\/#website"},"primaryImageOfPage":{"@id":"https:\/\/abaa.mx\/tienda\/durometro-automatico-para-pastillas-yd1\/#primaryimage"},"image":{"@id":"https:\/\/abaa.mx\/tienda\/durometro-automatico-para-pastillas-yd1\/#primaryimage"},"thumbnailUrl":"https:\/\/abaa.mx\/tienda\/wp-content\/uploads\/2023\/10\/FLIGTH-PHARMACEUTICAL-YD1.jpg","datePublished":"2023-10-31T16:55:33+00:00","dateModified":"2023-10-31T16:56:13+00:00","breadcrumb":{"@id":"https:\/\/abaa.mx\/tienda\/durometro-automatico-para-pastillas-yd1\/#breadcrumb"},"inLanguage":"es","potentialAction":[{"@type":"ReadAction","target":["https:\/\/abaa.mx\/tienda\/durometro-automatico-para-pastillas-yd1\/"]}]},{"@type":"ImageObject","inLanguage":"es","@id":"https:\/\/abaa.mx\/tienda\/durometro-automatico-para-pastillas-yd1\/#primaryimage","url":"https:\/\/abaa.mx\/tienda\/wp-content\/uploads\/2023\/10\/FLIGTH-PHARMACEUTICAL-YD1.jpg","contentUrl":"https:\/\/abaa.mx\/tienda\/wp-content\/uploads\/2023\/10\/FLIGTH-PHARMACEUTICAL-YD1.jpg","width":975,"height":554,"caption":"FLIGTH PHARMACEUTICAL-YD1"},{"@type":"BreadcrumbList","@id":"https:\/\/abaa.mx\/tienda\/durometro-automatico-para-pastillas-yd1\/#breadcrumb","itemListElement":[{"@type":"ListItem","position":1,"name":"Inicio","item":"https:\/\/abaa.mx\/tienda\/"},{"@type":"ListItem","position":2,"name":"Tienda","item":"https:\/\/abaa.mx\/tienda\/"},{"@type":"ListItem","position":3,"name":"Dur\u00f3metro Autom\u00e1tico para Pastillas &#8211; YD1"}]},{"@type":"WebSite","@id":"https:\/\/abaa.mx\/tienda\/#website","url":"https:\/\/abaa.mx\/tienda\/","name":"Abaa tienda online","description":"Instrumentos de medici\u00f3n","publisher":{"@id":"https:\/\/abaa.mx\/tienda\/#organization"},"potentialAction":[{"@type":"SearchAction","target":{"@type":"EntryPoint","urlTemplate":"https:\/\/abaa.mx\/tienda\/?s={search_term_string}"},"query-input":{"@type":"PropertyValueSpecification","valueRequired":true,"valueName":"search_term_string"}}],"inLanguage":"es"},{"@type":"Organization","@id":"https:\/\/abaa.mx\/tienda\/#organization","name":"Abaa tienda online","url":"https:\/\/abaa.mx\/tienda\/","logo":{"@type":"ImageObject","inLanguage":"es","@id":"https:\/\/abaa.mx\/tienda\/#\/schema\/logo\/image\/","url":"https:\/\/abaa.mx\/tienda\/wp-content\/uploads\/2024\/01\/abaa-metrologia-tienda.png","contentUrl":"https:\/\/abaa.mx\/tienda\/wp-content\/uploads\/2024\/01\/abaa-metrologia-tienda.png","width":300,"height":141,"caption":"Abaa tienda online"},"image":{"@id":"https:\/\/abaa.mx\/tienda\/#\/schema\/logo\/image\/"}}]}},"_links":{"self":[{"href":"https:\/\/abaa.mx\/tienda\/wp-json\/wp\/v2\/product\/8294","targetHints":{"allow":["GET"]}}],"collection":[{"href":"https:\/\/abaa.mx\/tienda\/wp-json\/wp\/v2\/product"}],"about":[{"href":"https:\/\/abaa.mx\/tienda\/wp-json\/wp\/v2\/types\/product"}],"replies":[{"embeddable":true,"href":"https:\/\/abaa.mx\/tienda\/wp-json\/wp\/v2\/comments?post=8294"}],"wp:featuredmedia":[{"embeddable":true,"href":"https:\/\/abaa.mx\/tienda\/wp-json\/wp\/v2\/media\/8295"}],"wp:attachment":[{"href":"https:\/\/abaa.mx\/tienda\/wp-json\/wp\/v2\/media?parent=8294"}],"wp:term":[{"taxonomy":"product_brand","embeddable":true,"href":"https:\/\/abaa.mx\/tienda\/wp-json\/wp\/v2\/product_brand?post=8294"},{"taxonomy":"product_cat","embeddable":true,"href":"https:\/\/abaa.mx\/tienda\/wp-json\/wp\/v2\/product_cat?post=8294"},{"taxonomy":"product_tag","embeddable":true,"href":"https:\/\/abaa.mx\/tienda\/wp-json\/wp\/v2\/product_tag?post=8294"}],"curies":[{"name":"wp","href":"https:\/\/api.w.org\/{rel}","templated":true}]}}