{"id":8279,"date":"2023-10-31T16:37:28","date_gmt":"2023-10-31T16:37:28","guid":{"rendered":"https:\/\/abaa.mx\/tienda\/?post_type=product&#038;p=8279"},"modified":"2023-10-31T16:37:28","modified_gmt":"2023-10-31T16:37:28","slug":"durometro-leeb-pantalla-tactil-epx5500","status":"publish","type":"product","link":"https:\/\/abaa.mx\/tienda\/durometro-leeb-pantalla-tactil-epx5500\/","title":{"rendered":"Dur\u00f3metro Leeb Pantalla T\u00e1ctil &#8211; EPX5500"},"content":{"rendered":"<p><strong>P\u00e1rametros T\u00e9cnicos:\u00a0<\/strong><\/p>\n<div class=\"scrollable-wrapper\">\n<table border=\"1\">\n<tbody>\n<tr>\n<td>Rango :<\/td>\n<td>170 ~ 960HLD<\/td>\n<\/tr>\n<tr>\n<td>Precisi\u00f3n:<\/td>\n<td>+\/- 6 HLD<\/td>\n<\/tr>\n<tr>\n<td>Direcci\u00f3n de prueba:<\/td>\n<td>Cualquier direcci\u00f3n<\/td>\n<\/tr>\n<tr>\n<td>Ambiente de Operaci\u00f3n:<\/td>\n<td>Temperatura: -20 ~ +50\u00b0c<br \/>\nHumedad: 20% ~ 85%<\/td>\n<\/tr>\n<tr>\n<td>Ambiente de Almacenaje:<\/td>\n<td>Temperatura: -30 ~ +70\u00b0c<br \/>\nHumedad: 5% ~ 95%<\/td>\n<\/tr>\n<tr>\n<td>Pantalla:<\/td>\n<td>3.9 pulgadas, 240 x 320 (Pantalla T\u00e1ctil)<\/td>\n<\/tr>\n<tr>\n<td>Energ\u00eda:<\/td>\n<td>3.7V (Bater\u00eda recargable)<\/td>\n<\/tr>\n<tr>\n<td>Cargador:<\/td>\n<td>Convertidor CA\/CD de 5.5V y 1.0 ACD<\/td>\n<\/tr>\n<tr>\n<td>Impresora:<\/td>\n<td>Impresora t\u00e9rmica conexi\u00f3n por infrarrojos<\/td>\n<\/tr>\n<tr>\n<td>Dimensiones:<\/td>\n<td>135mm x 83mm x 24mm<\/td>\n<\/tr>\n<tr>\n<td>Peso:<\/td>\n<td>Peso Aprox. 350g<\/td>\n<\/tr>\n<tr>\n<td>Accesorios:<\/td>\n<td>Unidad Principal con pantalla t\u00e1ctil<\/p>\n<p>Dispositivo de impacto tipo \u201cD\u201d<\/p>\n<p>Bloque de Referencia de dureza<br \/>\nCargador AC\/DC, cepillo limpiador,<br \/>\nMini impresora<br \/>\nSoporte peque\u00f1o tipo anillo<\/td>\n<\/tr>\n<\/tbody>\n<\/table>\n<\/div>\n<p>Seg\u00fan la orientaci\u00f3n de la sonda. Cuenta con comunicaci\u00f3n con impresora por medio de un puerto IR (inal\u00e1mbrico) y se opera f\u00e1cilmente con pantalla t\u00e1ctil haciendo que los datos tambi\u00e9n puedan ser enviados a su PC.<\/p>\n<p>El EPX5500 se conforma al est\u00e1ndar ASTM A956-02 y el DIN 50156 (en proceso).<\/p>\n<p><strong>Escala:<\/strong><\/p>\n<div class=\"scrollable-wrapper\">\n<table border=\"1\">\n<tbody>\n<tr>\n<td>Materiales:<\/td>\n<td>HV<\/td>\n<td>HB<\/td>\n<td>HRC<\/td>\n<td>HRB<\/td>\n<td>HSD<\/td>\n<td>LIMITE DE RESISTENCIA (MPa)<\/td>\n<\/tr>\n<tr>\n<td>Acero &amp; acero fundido<\/td>\n<td>81 ~ 955<\/td>\n<td>81~ 654<\/td>\n<td>20.0 ~ 68.4<\/td>\n<td>38.4 ~ 99.5<\/td>\n<td>32.5 ~ 99.5<\/td>\n<td>375 ~ 2,639<\/td>\n<\/tr>\n<tr>\n<td>Herramienta de acero<\/td>\n<td>80 ~ 898<\/td>\n<td>140 ~ 651<\/td>\n<td>20.4 ~ 67.1<\/td>\n<td>59.6 ~ 99.6<\/td>\n<td>26.4 ~ 99.5<\/td>\n<td>375 ~ 2,639<\/td>\n<\/tr>\n<tr>\n<td>Acero inoxidable<\/td>\n<td>85 ~ 802<\/td>\n<td>85 ~ 655<\/td>\n<td>19.6 ~ 62.4<\/td>\n<td>46.5 ~ 101.7<\/td>\n<td>26.4 ~ 99.5<\/td>\n<td>740 ~ 1,725<\/td>\n<\/tr>\n<tr>\n<td>Fundici\u00f3n gris<\/td>\n<td>&nbsp;<\/td>\n<td>140 ~ 334<\/td>\n<td>&nbsp;<\/td>\n<td>&nbsp;<\/td>\n<td>&nbsp;<\/td>\n<td>&nbsp;<\/td>\n<\/tr>\n<tr>\n<td>Fusi\u00f3n d\u00factil<\/td>\n<td>&nbsp;<\/td>\n<td>140 ~ 387<\/td>\n<td>&nbsp;<\/td>\n<td>&nbsp;<\/td>\n<td>&nbsp;<\/td>\n<td>&nbsp;<\/td>\n<\/tr>\n<tr>\n<td>Aleaci\u00f3n colada<\/td>\n<td>&nbsp;<\/td>\n<td>19 ~ 164<\/td>\n<td>&nbsp;<\/td>\n<td>23.8 ~ 84.6<\/td>\n<td>&nbsp;<\/td>\n<td>&nbsp;<\/td>\n<\/tr>\n<tr>\n<td>Lat\u00f3n<\/td>\n<td>&nbsp;<\/td>\n<td>40 ~ 173<\/td>\n<td>&nbsp;<\/td>\n<td>13.5 ~ 95.3<\/td>\n<td>&nbsp;<\/td>\n<td>&nbsp;<\/td>\n<\/tr>\n<tr>\n<td>Bronce<\/td>\n<td>&nbsp;<\/td>\n<td>60 ~ 290<\/td>\n<td>&nbsp;<\/td>\n<td>&nbsp;<\/td>\n<td>&nbsp;<\/td>\n<td>&nbsp;<\/td>\n<\/tr>\n<tr>\n<td>Cobre<\/td>\n<td>&nbsp;<\/td>\n<td>45 ~ 315<\/td>\n<td>&nbsp;<\/td>\n<td>&nbsp;<\/td>\n<td>&nbsp;<\/td>\n<td>&nbsp;<\/td>\n<\/tr>\n<tr>\n<td>Acero forjado<\/td>\n<td>83 ~ 976<\/td>\n<td>142 ~ 651<\/td>\n<td>19.8 ~ 68.5<\/td>\n<td>59.6 ~ 99.3<\/td>\n<td>26.4 ~ 99.5<\/td>\n<td>&nbsp;<\/td>\n<\/tr>\n<\/tbody>\n<\/table>\n<\/div>\n","protected":false},"excerpt":{"rendered":"<p>Dur\u00f3metro por procedimiento Leeb EXP5500 probador de dureza r\u00e1pido y port\u00e1til, conveniente para hacer pruebas en partes pesadas, enormes o exteriores met\u00e1licas que no se puedan transportar a laboratorio. Capaz de medir en cualquier direcci\u00f3n; f\u00e1cil de utilizar y gran precisi\u00f3n al llevar a cabo pruebas sobre ciertas superficies curvas.<\/p>\n<p>El dur\u00f3metro EPX5500 puede compensar autom\u00e1ticamente el efecto gravitacional P\u00e1rametros T\u00e9cnicos:<\/p>\n<ul>\n<li>Ambiente de Almacenaje:<\/li>\n<li>Dimensiones:135mm x 83mm x 24mm<\/li>\n<li>Direcci\u00f3n de prueba:Cualquier direcci\u00f3n<\/li>\n<li>Precisi\u00f3n:+\/- 6 HLD<\/li>\n<li>Ambiente de Operaci\u00f3n:<\/li>\n<li>Humedad: 20% ~ 85%<\/li>\n<li>Pantalla:3.9 pulgadas, 240 x 320 (Pantalla T\u00e1ctil)<\/li>\n<li>Rango : 170 ~ 960HLD<\/li>\n<li>Cargador:Convertidor CA\/CD de 5.5V y 1.0 ACD<\/li>\n<li>Impresora:Impresora t\u00e9rmica conexi\u00f3n por infrarrojos<\/li>\n<li>Peso:Peso Aprox. 350g<\/li>\n<li>Humedad: 5% ~ 95%<\/li>\n<li>Energ\u00eda:3.7V (Bater\u00eda recargable)<\/li>\n<li>Temperatura: -30 ~ +70\u00b0c<\/li>\n<li>Temperatura: -20 ~ +50\u00b0c<\/li>\n<\/ul>\n","protected":false},"featured_media":8286,"comment_status":"open","ping_status":"closed","template":"","meta":{"_joinchat":[]},"product_brand":[],"product_cat":[95],"product_tag":[],"class_list":{"0":"post-8279","1":"product","2":"type-product","3":"status-publish","4":"has-post-thumbnail","6":"product_cat-durometro","8":"first","9":"instock","10":"shipping-taxable","11":"product-type-simple"},"yoast_head":"<!-- This site is optimized with the Yoast SEO plugin v26.4 - https:\/\/yoast.com\/wordpress\/plugins\/seo\/ -->\n<title>Dur\u00f3metro Leeb Pantalla T\u00e1ctil - EPX5500 - Abaa tienda online<\/title>\n<meta name=\"robots\" content=\"index, follow, max-snippet:-1, max-image-preview:large, max-video-preview:-1\" \/>\n<link rel=\"canonical\" href=\"https:\/\/abaa.mx\/tienda\/durometro-leeb-pantalla-tactil-epx5500\/\" \/>\n<meta property=\"og:locale\" content=\"es_MX\" \/>\n<meta property=\"og:type\" content=\"article\" \/>\n<meta property=\"og:title\" content=\"Dur\u00f3metro Leeb Pantalla T\u00e1ctil - EPX5500 - Abaa tienda online\" \/>\n<meta property=\"og:description\" content=\"Dur\u00f3metro por procedimiento Leeb EXP5500 probador de dureza r\u00e1pido y port\u00e1til, conveniente para hacer pruebas en partes pesadas, enormes o exteriores met\u00e1licas que no se puedan transportar a laboratorio. Capaz de medir en cualquier direcci\u00f3n; f\u00e1cil de utilizar y gran precisi\u00f3n al llevar a cabo pruebas sobre ciertas superficies curvas.  El dur\u00f3metro EPX5500 puede compensar autom\u00e1ticamente el efecto gravitacional P\u00e1rametros T\u00e9cnicos:   Ambiente de Almacenaje:  Dimensiones:135mm x 83mm x 24mm  Direcci\u00f3n de prueba:Cualquier direcci\u00f3n  Precisi\u00f3n:+\/- 6 HLD  Ambiente de Operaci\u00f3n:  Humedad: 20% ~ 85%  Pantalla:3.9 pulgadas, 240 x 320 (Pantalla T\u00e1ctil)  Rango : 170 ~ 960HLD  Cargador:Convertidor CA\/CD de 5.5V y 1.0 ACD  Impresora:Impresora t\u00e9rmica conexi\u00f3n por infrarrojos  Peso:Peso Aprox. 350g  Humedad: 5% ~ 95%  Energ\u00eda:3.7V (Bater\u00eda recargable)  Temperatura: -30 ~ +70\u00b0c  Temperatura: -20 ~ +50\u00b0c\" \/>\n<meta property=\"og:url\" content=\"https:\/\/abaa.mx\/tienda\/durometro-leeb-pantalla-tactil-epx5500\/\" \/>\n<meta property=\"og:site_name\" content=\"Abaa tienda online\" \/>\n<meta property=\"og:image\" content=\"https:\/\/abaa.mx\/tienda\/wp-content\/uploads\/2023\/10\/POLYGON-EPX5500.jpg\" \/>\n\t<meta property=\"og:image:width\" content=\"800\" \/>\n\t<meta property=\"og:image:height\" content=\"860\" \/>\n\t<meta property=\"og:image:type\" content=\"image\/jpeg\" \/>\n<meta name=\"twitter:card\" content=\"summary_large_image\" \/>\n<meta name=\"twitter:label1\" content=\"Tiempo de lectura\" \/>\n\t<meta name=\"twitter:data1\" content=\"2 minutos\" \/>\n<script type=\"application\/ld+json\" class=\"yoast-schema-graph\">{\"@context\":\"https:\/\/schema.org\",\"@graph\":[{\"@type\":\"WebPage\",\"@id\":\"https:\/\/abaa.mx\/tienda\/durometro-leeb-pantalla-tactil-epx5500\/\",\"url\":\"https:\/\/abaa.mx\/tienda\/durometro-leeb-pantalla-tactil-epx5500\/\",\"name\":\"Dur\u00f3metro Leeb Pantalla T\u00e1ctil - EPX5500 - Abaa tienda online\",\"isPartOf\":{\"@id\":\"https:\/\/abaa.mx\/tienda\/#website\"},\"primaryImageOfPage\":{\"@id\":\"https:\/\/abaa.mx\/tienda\/durometro-leeb-pantalla-tactil-epx5500\/#primaryimage\"},\"image\":{\"@id\":\"https:\/\/abaa.mx\/tienda\/durometro-leeb-pantalla-tactil-epx5500\/#primaryimage\"},\"thumbnailUrl\":\"https:\/\/abaa.mx\/tienda\/wp-content\/uploads\/2023\/10\/POLYGON-EPX5500.jpg\",\"datePublished\":\"2023-10-31T16:37:28+00:00\",\"breadcrumb\":{\"@id\":\"https:\/\/abaa.mx\/tienda\/durometro-leeb-pantalla-tactil-epx5500\/#breadcrumb\"},\"inLanguage\":\"es\",\"potentialAction\":[{\"@type\":\"ReadAction\",\"target\":[\"https:\/\/abaa.mx\/tienda\/durometro-leeb-pantalla-tactil-epx5500\/\"]}]},{\"@type\":\"ImageObject\",\"inLanguage\":\"es\",\"@id\":\"https:\/\/abaa.mx\/tienda\/durometro-leeb-pantalla-tactil-epx5500\/#primaryimage\",\"url\":\"https:\/\/abaa.mx\/tienda\/wp-content\/uploads\/2023\/10\/POLYGON-EPX5500.jpg\",\"contentUrl\":\"https:\/\/abaa.mx\/tienda\/wp-content\/uploads\/2023\/10\/POLYGON-EPX5500.jpg\",\"width\":800,\"height\":860,\"caption\":\"POLYGON EPX5500\"},{\"@type\":\"BreadcrumbList\",\"@id\":\"https:\/\/abaa.mx\/tienda\/durometro-leeb-pantalla-tactil-epx5500\/#breadcrumb\",\"itemListElement\":[{\"@type\":\"ListItem\",\"position\":1,\"name\":\"Inicio\",\"item\":\"https:\/\/abaa.mx\/tienda\/\"},{\"@type\":\"ListItem\",\"position\":2,\"name\":\"Tienda\",\"item\":\"https:\/\/abaa.mx\/tienda\/\"},{\"@type\":\"ListItem\",\"position\":3,\"name\":\"Dur\u00f3metro Leeb Pantalla T\u00e1ctil &#8211; EPX5500\"}]},{\"@type\":\"WebSite\",\"@id\":\"https:\/\/abaa.mx\/tienda\/#website\",\"url\":\"https:\/\/abaa.mx\/tienda\/\",\"name\":\"Abaa tienda online\",\"description\":\"Instrumentos de medici\u00f3n\",\"publisher\":{\"@id\":\"https:\/\/abaa.mx\/tienda\/#organization\"},\"potentialAction\":[{\"@type\":\"SearchAction\",\"target\":{\"@type\":\"EntryPoint\",\"urlTemplate\":\"https:\/\/abaa.mx\/tienda\/?s={search_term_string}\"},\"query-input\":{\"@type\":\"PropertyValueSpecification\",\"valueRequired\":true,\"valueName\":\"search_term_string\"}}],\"inLanguage\":\"es\"},{\"@type\":\"Organization\",\"@id\":\"https:\/\/abaa.mx\/tienda\/#organization\",\"name\":\"Abaa tienda online\",\"url\":\"https:\/\/abaa.mx\/tienda\/\",\"logo\":{\"@type\":\"ImageObject\",\"inLanguage\":\"es\",\"@id\":\"https:\/\/abaa.mx\/tienda\/#\/schema\/logo\/image\/\",\"url\":\"https:\/\/abaa.mx\/tienda\/wp-content\/uploads\/2024\/01\/abaa-metrologia-tienda.png\",\"contentUrl\":\"https:\/\/abaa.mx\/tienda\/wp-content\/uploads\/2024\/01\/abaa-metrologia-tienda.png\",\"width\":300,\"height\":141,\"caption\":\"Abaa tienda online\"},\"image\":{\"@id\":\"https:\/\/abaa.mx\/tienda\/#\/schema\/logo\/image\/\"}}]}<\/script>\n<!-- \/ Yoast SEO plugin. -->","yoast_head_json":{"title":"Dur\u00f3metro Leeb Pantalla T\u00e1ctil - EPX5500 - Abaa tienda online","robots":{"index":"index","follow":"follow","max-snippet":"max-snippet:-1","max-image-preview":"max-image-preview:large","max-video-preview":"max-video-preview:-1"},"canonical":"https:\/\/abaa.mx\/tienda\/durometro-leeb-pantalla-tactil-epx5500\/","og_locale":"es_MX","og_type":"article","og_title":"Dur\u00f3metro Leeb Pantalla T\u00e1ctil - EPX5500 - Abaa tienda online","og_description":"Dur\u00f3metro por procedimiento Leeb EXP5500 probador de dureza r\u00e1pido y port\u00e1til, conveniente para hacer pruebas en partes pesadas, enormes o exteriores met\u00e1licas que no se puedan transportar a laboratorio. Capaz de medir en cualquier direcci\u00f3n; f\u00e1cil de utilizar y gran precisi\u00f3n al llevar a cabo pruebas sobre ciertas superficies curvas.  El dur\u00f3metro EPX5500 puede compensar autom\u00e1ticamente el efecto gravitacional P\u00e1rametros T\u00e9cnicos:   Ambiente de Almacenaje:  Dimensiones:135mm x 83mm x 24mm  Direcci\u00f3n de prueba:Cualquier direcci\u00f3n  Precisi\u00f3n:+\/- 6 HLD  Ambiente de Operaci\u00f3n:  Humedad: 20% ~ 85%  Pantalla:3.9 pulgadas, 240 x 320 (Pantalla T\u00e1ctil)  Rango : 170 ~ 960HLD  Cargador:Convertidor CA\/CD de 5.5V y 1.0 ACD  Impresora:Impresora t\u00e9rmica conexi\u00f3n por infrarrojos  Peso:Peso Aprox. 350g  Humedad: 5% ~ 95%  Energ\u00eda:3.7V (Bater\u00eda recargable)  Temperatura: -30 ~ +70\u00b0c  Temperatura: -20 ~ +50\u00b0c","og_url":"https:\/\/abaa.mx\/tienda\/durometro-leeb-pantalla-tactil-epx5500\/","og_site_name":"Abaa tienda online","og_image":[{"width":800,"height":860,"url":"https:\/\/abaa.mx\/tienda\/wp-content\/uploads\/2023\/10\/POLYGON-EPX5500.jpg","type":"image\/jpeg"}],"twitter_card":"summary_large_image","twitter_misc":{"Tiempo de lectura":"2 minutos"},"schema":{"@context":"https:\/\/schema.org","@graph":[{"@type":"WebPage","@id":"https:\/\/abaa.mx\/tienda\/durometro-leeb-pantalla-tactil-epx5500\/","url":"https:\/\/abaa.mx\/tienda\/durometro-leeb-pantalla-tactil-epx5500\/","name":"Dur\u00f3metro Leeb Pantalla T\u00e1ctil - EPX5500 - Abaa tienda online","isPartOf":{"@id":"https:\/\/abaa.mx\/tienda\/#website"},"primaryImageOfPage":{"@id":"https:\/\/abaa.mx\/tienda\/durometro-leeb-pantalla-tactil-epx5500\/#primaryimage"},"image":{"@id":"https:\/\/abaa.mx\/tienda\/durometro-leeb-pantalla-tactil-epx5500\/#primaryimage"},"thumbnailUrl":"https:\/\/abaa.mx\/tienda\/wp-content\/uploads\/2023\/10\/POLYGON-EPX5500.jpg","datePublished":"2023-10-31T16:37:28+00:00","breadcrumb":{"@id":"https:\/\/abaa.mx\/tienda\/durometro-leeb-pantalla-tactil-epx5500\/#breadcrumb"},"inLanguage":"es","potentialAction":[{"@type":"ReadAction","target":["https:\/\/abaa.mx\/tienda\/durometro-leeb-pantalla-tactil-epx5500\/"]}]},{"@type":"ImageObject","inLanguage":"es","@id":"https:\/\/abaa.mx\/tienda\/durometro-leeb-pantalla-tactil-epx5500\/#primaryimage","url":"https:\/\/abaa.mx\/tienda\/wp-content\/uploads\/2023\/10\/POLYGON-EPX5500.jpg","contentUrl":"https:\/\/abaa.mx\/tienda\/wp-content\/uploads\/2023\/10\/POLYGON-EPX5500.jpg","width":800,"height":860,"caption":"POLYGON EPX5500"},{"@type":"BreadcrumbList","@id":"https:\/\/abaa.mx\/tienda\/durometro-leeb-pantalla-tactil-epx5500\/#breadcrumb","itemListElement":[{"@type":"ListItem","position":1,"name":"Inicio","item":"https:\/\/abaa.mx\/tienda\/"},{"@type":"ListItem","position":2,"name":"Tienda","item":"https:\/\/abaa.mx\/tienda\/"},{"@type":"ListItem","position":3,"name":"Dur\u00f3metro Leeb Pantalla T\u00e1ctil &#8211; EPX5500"}]},{"@type":"WebSite","@id":"https:\/\/abaa.mx\/tienda\/#website","url":"https:\/\/abaa.mx\/tienda\/","name":"Abaa tienda online","description":"Instrumentos de medici\u00f3n","publisher":{"@id":"https:\/\/abaa.mx\/tienda\/#organization"},"potentialAction":[{"@type":"SearchAction","target":{"@type":"EntryPoint","urlTemplate":"https:\/\/abaa.mx\/tienda\/?s={search_term_string}"},"query-input":{"@type":"PropertyValueSpecification","valueRequired":true,"valueName":"search_term_string"}}],"inLanguage":"es"},{"@type":"Organization","@id":"https:\/\/abaa.mx\/tienda\/#organization","name":"Abaa tienda online","url":"https:\/\/abaa.mx\/tienda\/","logo":{"@type":"ImageObject","inLanguage":"es","@id":"https:\/\/abaa.mx\/tienda\/#\/schema\/logo\/image\/","url":"https:\/\/abaa.mx\/tienda\/wp-content\/uploads\/2024\/01\/abaa-metrologia-tienda.png","contentUrl":"https:\/\/abaa.mx\/tienda\/wp-content\/uploads\/2024\/01\/abaa-metrologia-tienda.png","width":300,"height":141,"caption":"Abaa tienda online"},"image":{"@id":"https:\/\/abaa.mx\/tienda\/#\/schema\/logo\/image\/"}}]}},"_links":{"self":[{"href":"https:\/\/abaa.mx\/tienda\/wp-json\/wp\/v2\/product\/8279","targetHints":{"allow":["GET"]}}],"collection":[{"href":"https:\/\/abaa.mx\/tienda\/wp-json\/wp\/v2\/product"}],"about":[{"href":"https:\/\/abaa.mx\/tienda\/wp-json\/wp\/v2\/types\/product"}],"replies":[{"embeddable":true,"href":"https:\/\/abaa.mx\/tienda\/wp-json\/wp\/v2\/comments?post=8279"}],"wp:featuredmedia":[{"embeddable":true,"href":"https:\/\/abaa.mx\/tienda\/wp-json\/wp\/v2\/media\/8286"}],"wp:attachment":[{"href":"https:\/\/abaa.mx\/tienda\/wp-json\/wp\/v2\/media?parent=8279"}],"wp:term":[{"taxonomy":"product_brand","embeddable":true,"href":"https:\/\/abaa.mx\/tienda\/wp-json\/wp\/v2\/product_brand?post=8279"},{"taxonomy":"product_cat","embeddable":true,"href":"https:\/\/abaa.mx\/tienda\/wp-json\/wp\/v2\/product_cat?post=8279"},{"taxonomy":"product_tag","embeddable":true,"href":"https:\/\/abaa.mx\/tienda\/wp-json\/wp\/v2\/product_tag?post=8279"}],"curies":[{"name":"wp","href":"https:\/\/api.w.org\/{rel}","templated":true}]}}